12-10 11:03:17.385 D/STATUSBAR-NetworkController( 1133): onSignalStrengthsChanged signalStrength=SignalStrength: 99 99 -105 -110 -109 -85 1 99 2147483647 2147483647 2147483647 -1 2147483647 cdma 0x210 level=2
12-10 11:03:17.385 D/STATUSBAR-NetworkController( 1133): refreshSignalCluster: data=2 bt=false
12-10 11:03:17.405 D/STATUSBAR-IconMerger( 1133): checkOverflow(216), More:false, Req:false Child:2
12-10 11:03:17.415 D/STATUSBAR-NetworkController( 1133): refreshSignalCluster: data=2 bt=false
12-10 11:03:17.435 D/STATUSBAR-IconMerger( 1133): checkOverflow(216), More:false, Req:false Child:2
12-10 11:03:17.465 D/STATUSBAR-NetworkController( 1133): onSignalStrengthsChanged signalStrength=SignalStrength: 99 99 -96 -170 -109 -85 1 99 2147483647 2147483647 2147483647 -1 2147483647 cdma 0x210 level=2
12-10 11:03:17.465 I/Monitor ( 722): fileWriteInt : /sys/class/power_supply/battery/siop_level value : 70
12-10 11:03:17.515 D/PowerManagerService( 722): Excessive delay in nativeSetInteractive(true): 348ms
12-10 11:03:17.515 D/PowerManagerService( 722): Excessive delay in wakeUp() or wakeUpFromNative(): 165732ms
12-10 11:03:17.515 D/PowerManagerService( 722): SecHardwareInterface.setBatteryADC : true
12-10 11:03:17.605 E/Watchdog( 722): !@Sync 14611
12-10 11:03:17.605 D/LightsService( 722): [api] [SvcLED] turnOff:: id = 4 (uid: 10066 pid: 21255)
12-10 11:03:17.605 D/LightsService( 722): [SvcLED] setSvcLedStateLocked:: SvcLEDState : 0x4 -> 0x0 | SvcLED(id=4) set Off
12-10 11:03:17.615 D/LightsService( 722): [SvcLED] Lux failed to be updated in 700ms. -> handleForcedSvcLEDTasK
12-10 11:03:17.615 D/LightsService( 722): [SvcLED] setSvcLedLightLocked :: Current SvcLED(id=4) maintains its priority right
12-10 11:03:17.955 D/PowerManagerService( 722): [PWL] sb release: PowerManagerService.Broadcasts
12-10 11:03:18.305 D/STATUSBAR-NetworkController( 1133): onSignalStrengthsChanged signalStrength=SignalStrength: 99 99 -97 -210 -109 -85 1 99 2147483647 2147483647 2147483647 -1 2147483647 cdma 0x210 level=2
12-10 11:03:19.425 D/STATUSBAR-NetworkController( 1133): refreshSignalCluster: data=2 bt=false
12-10 11:03:19.435 D/STATUSBAR-IconMerger( 1133): checkOverflow(216), More:false, Req:false Child:2
12-10 11:03:19.485 V/AlarmManager( 722): waitForAlarm result :4
12-10 11:03:19.485 V/AlarmManager( 722): trigger ELAPSED_REALTIME_WAKEUP or RTC_WAKEUP
12-10 11:03:19.485 V/AlarmManager( 722): waitForAlarm result :8
12-10 11:03:19.875 D/ConnectivityService( 722): handleInetConditionHoldEnd: net=1, condition=0, published condition=0
12-10 11:03:19.875 D/ConnectivityService( 722): sendStickyBroadcast: action=android.net.conn.INET_CONDITION_ACTION
12-10 11:03:19.885 D/STATUSBAR-NetworkController( 1133): onReceive() - CONNECTIVITY_ACTION, INET_CONDITION_ACTION
12-10 11:03:19.885 D/STATUSBAR-NetworkController( 1133): isCdma(), !isCdmaEri(), mRoamingIconId = 0
12-10 11:03:19.885 D/STATUSBAR-NetworkController( 1133): isCdmaLTE - mSimStateUNKNOWN
12-10 11:03:20.435 D/STATUSBAR-NetworkController( 1133): onSignalStrengthsChanged signalStrength=SignalStrength: 99 99 -102 -110 -109 -95 1 99 2147483647 2147483647 2147483647 -1 2147483647 cdma 0x210 level=2
12-10 11:03:20.535 D/STATUSBAR-NetworkController( 1133): onSignalStrengthsChanged signalStrength=SignalStrength: 99 99 -102 -90 -109 -95 1 99 2147483647 2147483647 2147483647 -1 2147483647 cdma 0x210 level=2
12-10 11:03:20.865 D/STATUSBAR-NetworkController( 1133): onSignalStrengthsChanged signalStrength=SignalStrength: 99 99 -100 -120 -109 -95 1 99 2147483647 2147483647 2147483647 -1 2147483647 cdma 0x220 level=2
12-10 11:03:21.045 D/WifiNotificationController( 722): showOngoingWifiNotification id:17303681
12-10 11:03:21.335 D/STATUSBAR-NetworkController( 1133): onSignalStrengthsChanged signalStrength=SignalStrength: 99 99 -99 -110 -109 -95 1 99 2147483647 2147483647 2147483647 -1 2147483647 cdma 0x220 level=2
12-10 11:03:21.445 V/AlarmManager( 722): waitForAlarm result :4
12-10 11:03:21.445 V/AlarmManager( 722): trigger ELAPSED_REALTIME_WAKEUP or RTC_WAKEUP
12-10 11:03:21.485 W/ProcessStats( 722): Skipping unknown process pid 6525
12-10 11:03:21.485 W/ProcessStats( 722): Skipping unknown process pid 6526
12-10 11:03:21.485 W/ProcessStats( 722): Skipping unknown process pid 6529
12-10 11:03:21.495 W/ProcessStats( 722): Skipping unknown process pid 6530
12-10 11:03:21.495 W/ProcessStats( 722): Skipping unknown process pid 6532
12-10 11:03:21.495 W/ProcessStats( 722): Skipping unknown process pid 6533
12-10 11:03:21.495 W/ProcessStats( 722): Skipping unknown process pid 6534
12-10 11:03:21.495 W/ProcessStats( 722): Skipping unknown process pid 6537
12-10 11:03:22.115 D/PowerManagerService( 722): [api] release WakeLock flags=0x1000001a tag=show glance view uid=10066 pid=21255 (0x0)
12-10 11:03:22.155 D/PowerManagerService( 722): [api] [s] goToSleep: 0 (uid: 10066 pid: 21255)
12-10 11:03:22.155 I/PowerManagerService( 722): [ps] Screen__Off(0) : goToSleep: (uid: 10066 pid: 21255)
12-10 11:03:22.155 I/PowerManagerService( 722): Going to sleep by user request...
12-10 11:03:22.155 D/PowerManagerService( 722): [s] WAKEFULNESS_ASLEEP
12-10 11:03:22.155 D/PowerManagerService( 722): [s] UserActivityState : 1 -> 0
12-10 11:03:22.155 D/DisplayPowerController( 722): [DAB] setLightSensorEnabled : unregisterListener mLightSensor
12-10 11:03:22.175 I/DisplayPowerController( 722): [DAB] fileWriteInt : /sys/class/backlight/panel/auto_brightness value : 0
12-10 11:03:22.195 D/PowerManagerService( 722): [s] mDisplayPowerControllerCallbacks : onStateChanged()
12-10 11:03:22.195 D/PowerManagerService( 722): [PWL] sb acquire: PowerManagerService.Broadcasts
12-10 11:03:22.205 D/PowerManagerService( 722): [s] blankAllDisplays() : blankAllDisplaysFromPowerManage
12-10 11:03:22.255 V/SmartFaceService - 3rd party pause( 722): onReceive [android.intent.action.ACTIVITY_STATE/com.sec.android.app.GlanceView/pause]
12-10 11:03:22.275 D/KeyguardClockWidgetProvider(11126): onReceive action=com.sec.android.app.keyguard.shrinkWidget
12-10 11:03:22.345 D/KeyguardClockWidgetProvider(11126): onReceive action=android.appwidget.action.APPWIDGET_DELETED
12-10 11:03:22.385 D/KeyguardClockWidgetProvider(11126): onReceive action=android.appwidget.action.APPWIDGET_DISABLED
12-10 11:03:22.425 D/PowerManagerService( 722): Excessive delay in mDisplayManagerService.blankAllDisplaysFromPowerManager(): 221ms
12-10 11:03:22.425 D/PowerManagerService( 722): SecHardwareInterface.setBatteryADC : false
12-10 11:03:22.425 I/PowerManagerService( 722): [PWL] Off : 0s ago
12-10 11:03:22.425 I/PowerManagerService( 722): [PWL] PowerManagerService.WakeLocks: ref count=1
12-10 11:03:22.425 I/PowerManagerService( 722): [PWL] PowerManagerService.Broadcasts: ref count=1
12-10 11:03:22.425 I/PowerManagerService( 722): [PWL] mWakeLockSummary : 0x1
12-10 11:03:22.425 V/WindowManager( 722): rotationForOrientationLw(orient=-1, last=0); user=0 sensorRotation=-1 isCoverOpen=true mLidState=-1 mDockMode=0 mHdmiPlugged=false mAccelerometerDefault=false
12-10 11:03:22.425 I/PowerManagerService( 722): [PWL] PARTIAL_WAKE_LOCK 'android.media.MediaPlayer' (uid=10015, pid=22137, ws=null) (elapsedTime=45971)
12-10 11:03:22.425 V/WindowManager( 722): Application requested orientation -1, got rotation 0 which has compatible metrics
12-10 11:03:22.425 I/PowerManagerService( 722): [PWL] PARTIAL_WAKE_LOCK 'DirectTrack' (uid=1013, pid=311, ws=null) (elapsedTime=45932)
12-10 11:03:22.425 I/PowerManagerService( 722): [PWL] PARTIAL_WAKE_LOCK 'mResetWakelock' (uid=1000, pid=722, ws=null) (elapsedTime=144)
12-10 11:03:22.425 I/PowerManagerService( 722): [PWL] PARTIAL_WAKE_LOCK 'ActivityManager-Sleep' (uid=1000, pid=722, ws=null) (elapsedTime=61)
12-10 11:03:22.435 D/PowerManagerService( 722): [api] setUserActivityTimeoutOverrideFromWindowManagerInternal: timeoutMillis: 5000
12-10 11:03:22.435 D/PowerManagerService( 722): [api] setScreenDimDurationOverrideFromWindowManagerInternal: timeoutMillis: 0
12-10 11:03:22.435 D/PowerManagerService( 722): [api] setButtonTimeoutOverrideFromWindowManagerInternal: timeoutMillis: 5000
12-10 11:03:22.475 D/STATUSBAR-NetworkController( 1133): refreshSignalCluster: data=2 bt=false
12-10 11:03:22.475 D/KeyguardClockWidgetProvider(11126): onReceive action=android.appwidget.action.APPWIDGET_ENABLED
12-10 11:03:22.495 D/STATUSBAR-IconMerger( 1133): checkOverflow(216), More:false, Req:false Child:2
12-10 11:03:22.495 D/CustomFrequencyManagerService( 722): acquireDVFSLockLocked : type : DVFS_MIN_LIMIT frequency : 1958400 uid : 1000 pid : 722 pkgName : ACTIVITY_RESUME_BOOSTER@8
12-10 11:03:22.505 W/ActivityManager( 722): mDVFSHelper.acquire()
12-10 11:03:22.505 D/WindowManager( 722): computeScreenConfigurationLocked() set config.orientation=1 dw=1080 dh=1920 Callers=com.android.server.wm.WindowManagerService.updateOrientationFromAppTokensLocked:5138 com.android.server.wm.WindowManagerService.updateOrientationFromAppTokens:5109 com.android.server.am.ActivityStack.resumeTopActivityLocked:2747
12-10 11:03:22.505 D/PowerManagerService( 722): setKeyboardVisibility: false
12-10 11:03:22.525 V/WindowManager( 722): Window{43d87888 u0 Keyguard}mOrientationRequetedFromKeyguard=true
12-10 11:03:22.525 V/WindowManager( 722): rotationForOrientationLw(orient=1, last=0); user=0 sensorRotation=-1 isCoverOpen=true mLidState=-1 mDockMode=0 mHdmiPlugged=false mAccelerometerDefault=false
12-10 11:03:22.525 V/WindowManager( 722): Application requested orientation 1, got rotation 0 which has compatible metrics
12-10 11:03:22.525 V/WindowManager( 722): Window{43d87888 u0 Keyguard}mOrientationRequetedFromKeyguard=true
12-10 11:03:22.535 D/PowerManagerService( 722): [api] [s] goToSleep: 0 (uid: 10066 pid: 21255)
12-10 11:03:22.535 V/SmartFaceService - 3rd party pause( 722): onReceive [android.intent.action.ACTIVITY_STATE/com.amazon.mp3/resume]
12-10 11:03:22.535 V/SmartFaceService - 3rd party pause( 722): onReceive [android.intent.action.ACTIVITY_STATE/com.amazon.mp3/pause]
12-10 11:03:22.555 V/WindowManager( 722): Window{43d87888 u0 Keyguard}mOrientationRequetedFromKeyguard=true
12-10 11:03:22.565 D/STATUSBAR-NotificationService( 722): ACTION_SCREEN_OFF
12-10 11:03:22.565 D/LightsService( 722): [api] [SvcLED] turnOff:: id = 4 (uid: 1000 pid: 722)
12-10 11:03:22.565 D/LightsService( 722): [SvcLED] setSvcLedStateLocked:: SvcLEDState : 0x0 -> 0x0 | SvcLED(id=4) set Off
12-10 11:03:22.565 D/LightsService( 722): [SvcLED] Lux failed to be updated in 700ms. -> handleForcedSvcLEDTasK
12-10 11:03:22.565 D/LightsService( 722): [SvcLED] setSvcLedLightLocked :: Current SvcLED(id=4) maintains its priority right
12-10 11:03:22.565 D/KeyguardClockWidgetProvider(11126): onReceive action=android.appwidget.action.APPWIDGET_UPDATE
12-10 11:03:22.575 V/WindowManager( 722): Window{43d87888 u0 Keyguard}mOrientationRequetedFromKeyguard=true
12-10 11:03:22.575 D/KeyguardClockWidgetProvider(11126): refreshSingleClock :{Home} Hour = 11, Min = 03
12-10 11:03:22.575 V/WindowManager( 722): Window{43d87888 u0 Keyguard}mOrientationRequetedFromKeyguard=true
12-10 11:03:22.585 D/KeyguardClockWidgetProvider(11126): desc Message = It is 11:3 AM
12-10 11:03:22.585 D/STATUSBAR-StatusBarManagerService( 722): manageDisableList what=0x600000 pkg=WindowManager.LayoutParams
12-10 11:03:22.595 D/PhoneStatusBar( 1133): disable: < EXPAND icons alerts TICKER system_info BACK* HOME* RECENT clock search brightness
> 12-10 11:03:22.595 D/SViewCoverPagerNavigation( 722): Navigation visibility is no VISIBLE, will not update !
12-10 11:03:22.595 D/WifiDisplayAdapter( 722): onGetScreenState : 0
12-10 11:03:22.605 D/KeyguardClockWidgetProvider(11126): onReceive action=android.appwidget.action.APPWIDGET_UPDATE_OPTIONS
12-10 11:03:22.605 D/STATUSBAR-StatusBarManagerService( 722): manageDisableList what=0x1090000 pkg=android
12-10 11:03:22.605 D/STATUSBAR-PhoneStatusBar( 1133): makeExpandedInvisible
12-10 11:03:22.605 D/PhoneStatusBarView( 1133): marqueeStatusBar:18-2, mClearCover:0
12-10 11:03:22.605 D/KeyguardClockWidgetProvider(11126): refreshSingleClock :{Home} Hour = 11, Min = 03
12-10 11:03:22.615 D/KeyguardClockWidgetProvider(11126): desc Message = It is 11:3 AM
12-10 11:03:22.645 D/STATUSBAR-IconMerger( 1133): checkOverflow(216), More:false, Req:false Child:2
12-10 11:03:22.645 D/STATUSBAR-NetworkController( 1133): onSignalStrengthsChanged signalStrength=SignalStrength: 99 99 -99 -110 -109 -95 1 99 2147483647 2147483647 2147483647 -1 2147483647 cdma 0x220 level=2
12-10 11:03:22.655 V/WindowManager( 722): Window{43d87888 u0 Keyguard}mOrientationRequetedFromKeyguard=true
12-10 11:03:22.675 I/Monitor ( 722): fileWriteInt : /sys/class/power_supply/battery/siop_level value : 100
12-10 11:03:22.725 D/CustomFrequencyManagerService( 722): releaseDVFSLockLocked : Getting Lock type frm List : DVFS_MIN_LIMIT frequency : 1958400 uid : 1000 pid : 722 tag : ACTIVITY_RESUME_BOOSTER@8
12-10 11:03:22.725 W/ActivityManager( 722): mDVFSHelper.release()
12-10 11:03:22.725 D/CustomFrequencyManagerService( 722): acquireDVFSLockLocked : type : DVFS_MIN_LIMIT frequency : 1958400 uid : 1000 pid : 722 pkgName : ACTIVITY_RESUME_BOOSTER@11
12-10 11:03:22.735 V/AlarmManager( 722): waitForAlarm result :1
12-10 11:03:22.735 V/AlarmManager( 722): trigger ELAPSED_REALTIME_WAKEUP or RTC_WAKEUP
12-10 11:03:22.775 D/PowerManagerService( 722): [PWL] sb release: PowerManagerService.Broadcasts
12-10 11:03:23.025 D/CustomFrequencyManagerService( 722): releaseDVFSLockLocked : Getting Lock type frm List : DVFS_MIN_LIMIT frequency : 1958400 uid : 1000 pid : 722 tag : ACTIVITY_RESUME_BOOSTER@11
12-10 11:03:27.425 I/PowerManagerService( 722): [PWL] Off : 5s ago
12-10 11:03:27.425 I/PowerManagerService( 722): [PWL] PowerManagerService.WakeLocks: ref count=1
12-10 11:03:27.425 I/PowerManagerService( 722): [PWL] mWakeLockSummary : 0x1
12-10 11:03:27.435 I/PowerManagerService( 722): [PWL] PARTIAL_WAKE_LOCK 'android.media.MediaPlayer' (uid=10015, pid=22137, ws=null) (elapsedTime=50976)
12-10 11:03:27.435 I/PowerManagerService( 722): [PWL] PARTIAL_WAKE_LOCK 'DirectTrack' (uid=1013, pid=311, ws=null) (elapsedTime=50936)
12-10 11:03:28.975 V/AlarmManager( 722): waitForAlarm result :4
12-10 11:03:28.995 V/AlarmManager( 722): trigger ELAPSED_REALTIME_WAKEUP or RTC_WAKEUP
12-10 11:03:29.025 V/AlarmManager( 722): waitForAlarm result :4
12-10 11:03:29.025 V/AlarmManager( 722): trigger ELAPSED_REALTIME_WAKEUP or RTC_WAKEUP
12-10 11:03:31.515 V/AlarmManager( 722): waitForAlarm result :4
12-10 11:03:31.535 V/AlarmManager( 722): trigger ELAPSED_REALTIME_WAKEUP or RTC_WAKEUP
12-10 11:03:37.435 I/PowerManagerService( 722): [PWL] Off : 15s ago
12-10 11:03:37.435 I/PowerManagerService( 722): [PWL] PowerManagerService.WakeLocks: ref count=1
12-10 11:03:37.435 I/PowerManagerService( 722): [PWL] mWakeLockSummary : 0x1
12-10 11:03:37.435 I/PowerManagerService( 722): [PWL] PARTIAL_WAKE_LOCK 'android.media.MediaPlayer' (uid=10015, pid=22137, ws=null) (elapsedTime=60980)
12-10 11:03:37.435 I/PowerManagerService( 722): [PWL] PARTIAL_WAKE_LOCK 'DirectTrack' (uid=1013, pid=311, ws=null) (elapsedTime=60941)
12-10 11:03:37.485 V/AlarmManager( 722): waitForAlarm result :4
12-10 11:03:37.505 V/AlarmManager( 722): trigger ELAPSED_REALTIME_WAKEUP or RTC_WAKEUP
12-10 11:03:45.225 V/AlarmManager( 722): waitForAlarm result :4
12-10 11:03:45.235 V/AlarmManager( 722): trigger ELAPSED_REALTIME_WAKEUP or RTC_WAKEUP
12-10 11:03:46.935 D/BatteryService( 722): update start
12-10 11:03:46.935 D/BatteryService( 722): level:85, scale:100, status:3, health:2, present:true, voltage: 4082, temperature: 287, technology: Li-ion, AC powered:false, USB powered:false, Wireless powered:false, icon:17303549, invalid charger:0, online:1, charge type:0, current avg:450
12-10 11:03:46.945 D/BatteryService( 722): Sending ACTION_BATTERY_CHANGED.
12-10 11:03:46.955 D/STATUSBAR-BatteryController( 1133): onReceive() - ACTION_BATTERY_CHANGED
12-10 11:03:46.955 D/STATUSBAR-BatteryController( 1133): onReceive() - BATTERY_STATUS_DISCHARGING: tw_stat_sys_battery
12-10 11:03:46.975 D/STATUSBAR-IconMerger( 1133): checkOverflow(216), More:false, Req:false Child:2
12-10 11:03:46.975 D/STATUSBAR-PhoneStatusBar( 1133): mBrightnessEnablebySettings = true mBrightnessEnablebyBattery = true mBrightnessEnablebyDisableFlag = true
12-10 11:03:47.605 E/Watchdog( 722): !@Sync 14612
12-10 11:03:48.325 D/ConnectivityService( 722): handleInetConditionHoldEnd: net=1, condition=0, published condition=0
12-10 11:03:48.325 D/ConnectivityService( 722): sendStickyBroadcast: action=android.net.conn.INET_CONDITION_ACTION
12-10 11:03:48.325 D/STATUSBAR-NetworkController( 1133): onReceive() - CONNECTIVITY_ACTION, INET_CONDITION_ACTION
12-10 11:03:48.335 D/STATUSBAR-NetworkController( 1133): isCdma(), !isCdmaEri(), mRoamingIconId = 0
12-10 11:03:48.345 D/STATUSBAR-NetworkController( 1133): isCdmaLTE - mSimStateUNKNOWN
12-10 11:03:52.445 I/PowerManagerService( 722): [PWL] Off : 30s ago
12-10 11:03:52.445 I/PowerManagerService( 722): [PWL] PowerManagerService.WakeLocks: ref count=1
12-10 11:03:52.445 I/PowerManagerService( 722): [PWL] mWakeLockSummary : 0x1
12-10 11:03:52.445 I/PowerManagerService( 722): [PWL] PARTIAL_WAKE_LOCK 'android.media.MediaPlayer' (uid=10015, pid=22137, ws=null) (elapsedTime=75987)
12-10 11:03:52.445 I/PowerManagerService( 722): [PWL] PARTIAL_WAKE_LOCK 'DirectTrack' (uid=1013, pid=311, ws=null) (elapsedTime=75947)
12-10 11:03:59.985 V/AlarmManager( 722): waitForAlarm result :8
12-10 11:04:00.005 D/KeyguardClockWidgetService(11126): onReceive action=android.intent.action.TIME_TICK
12-10 11:04:00.025 V/AlarmManager( 722): ClockReceiver onReceive() ACTION_TIME_TICK
12-10 11:04:00.095 D/STATUSBAR-IconMerger( 1133): checkOverflow(216), More:false, Req:false Child:2
12-10 11:04:02.745 V/AlarmManager( 722): waitForAlarm result :2
12-10 11:04:12.445 I/PowerManagerService( 722): [PWL] Off : 50s ago
12-10 11:04:12.445 I/PowerManagerService( 722): [PWL] PowerManagerService.WakeLocks: ref count=1
12-10 11:04:12.445 I/PowerManagerService( 722): [PWL] mWakeLockSummary : 0x1
12-10 11:04:12.455 I/PowerManagerService( 722): [PWL] PARTIAL_WAKE_LOCK 'android.media.MediaPlayer' (uid=10015, pid=22137, ws=null) (elapsedTime=95995)
12-10 11:04:12.455 I/PowerManagerService( 722): [PWL] PARTIAL_WAKE_LOCK 'DirectTrack' (uid=1013, pid=311, ws=null) (elapsedTime=95956)
12-10 11:04:16.865 V/AlarmManager( 722): waitForAlarm result :2
12-10 11:04:16.995 D/BatteryService( 722): update start
12-10 11:04:17.005 D/BatteryService( 722): level:85, scale:100, status:3, health:2, present:true, voltage: 4082, temperature: 285, technology: Li-ion, AC powered:false, USB powered:false, Wireless powered:false, icon:17303549, invalid charger:0, online:1, charge type:0, current avg:450
12-10 11:04:17.005 D/BatteryService( 722): Sending ACTION_BATTERY_CHANGED.
12-10 11:04:17.035 D/STATUSBAR-BatteryController( 1133): onReceive() - ACTION_BATTERY_CHANGED
12-10 11:04:17.035 D/STATUSBAR-BatteryController( 1133): onReceive() - BATTERY_STATUS_DISCHARGING: tw_stat_sys_battery
12-10 11:04:17.065 D/STATUSBAR-IconMerger( 1133): checkOverflow(216), More:false, Req:false Child:2
12-10 11:04:17.065 D/STATUSBAR-PhoneStatusBar( 1133): mBrightnessEnablebySettings = true mBrightnessEnablebyBattery = true mBrightnessEnablebyDisableFlag = true
12-10 11:04:17.605 E/Watchdog( 722): !@Sync 14613
12-10 11:04:31.215 D/PowerManagerService( 722): [api] [s] wakeUp (uid: 1000 pid: 722)
12-10 11:04:31.215 I/PowerManagerService( 722): [ps] Screen__On : wakeUp: (uid: 1000 pid: 722)
12-10 11:04:31.215 I/PowerManagerService( 722): Waking up from sleep...
12-10 11:04:31.215 D/PowerManagerService( 722): Screen on blocked: mNestCount=1
12-10 11:04:31.215 D/PowerManagerService( 722): [PWL] sb acquire: PowerManagerService.Broadcasts
12-10 11:04:31.215 D/PowerManagerService( 722): [s] WAKEFULNESS_AWAKE
12-10 11:04:31.215 D/PowerManagerService( 722): [s] getScreenOffTimeoutLocked: 60000 -> 5000
12-10 11:04:31.215 D/PowerManagerService( 722): [s] UserActivityState : 0 -> 1
12-10 11:04:31.225 D/DisplayPowerController( 722): [DAB] setLightSensorEnabled : registerListener mLightSensor
12-10 11:04:31.245 I/DisplayPowerController( 722): [DAB] fileWriteInt : /sys/class/backlight/panel/auto_brightness value : 3
12-10 11:04:31.245 D/DisplayPowerController( 722): [DAB] no lux value from sensor manager
12-10 11:04:31.245 D/DisplayPowerController( 722): animation target = 141 (PSM:false, AB limit:(-1 ~ -1) MB Limit:(-1 ~ -1) MAdj:(0, (0, 255)))
12-10 11:04:31.245 D/PowerManagerService( 722): [s] unblankAllDisplays() : unblankAllDisplaysFromPowerManager
12-10 11:04:31.305 D/PowerManagerService( 722): [api] [s] userActivity : event: 3 flags: 0 (uid: 1000 pid: 722)
12-10 11:04:31.325 D/KeyguardClockWidgetService(11126): onReceive action=android.intent.action.SCREEN_ON
12-10 11:04:31.325 D/KeyguardClockWidgetProvider(11126): refreshSingleClock :{Home} Hour = 11, Min = 04
12-10 11:04:31.335 D/DisplayPowerController( 722): [api] [DAB] onSensorChanged : 1st lux : 284.7416
12-10 11:04:31.335 D/DisplayPowerController( 722): [DAB] updateAutoBrightnessSEC : 141(141.0) 27.0 < 284.7416 < 831.0 (0.0)
12-10 11:04:31.335 D/KeyguardClockWidgetProvider(11126): desc Message = It is 11:4 AM
12-10 11:04:31.335 I/WindowManager( 722): Lock screen displayed!
12-10 11:04:31.335 D/PowerManagerNotifier( 722): [api] WindowManagerPolicy.ScreenOnListener : Received onScreenOn().
12-10 11:04:31.355 D/PowerManagerService( 722): Screen on unblocked: mNestCount=0
12-10 11:04:31.355 D/DisplayPowerController( 722): animation target = 141 (PSM:false, AB limit:(-1 ~ -1) MB Limit:(-1 ~ -1) MAdj:(0, (0, 255)))
12-10 11:04:31.355 D/PowerManagerService( 722): [s] mDisplayPowerControllerCallbacks : onStateChanged()
12-10 11:04:31.475 D/STATUSBAR-NotificationService( 722): ACTION_SCREEN_ON
12-10 11:04:31.475 D/LightsService( 722): [api] [SvcLED] turnOff:: id = 4 (uid: 1000 pid: 722)
12-10 11:04:31.475 D/LightsService( 722): [SvcLED] setSvcLedStateLocked:: SvcLEDState : 0x0 -> 0x0 | SvcLED(id=4) set Off
12-10 11:04:31.475 D/LightsService( 722): [SvcLED] Lux failed to be updated in 700ms. -> handleForcedSvcLEDTasK
12-10 11:04:31.475 D/LightsService( 722): [SvcLED] setSvcLedLightLocked :: Current SvcLED(id=4) maintains its priority right
12-10 11:04:31.485 D/WifiDisplayAdapter( 722): onGetScreenState : 1
12-10 11:04:31.495 D/PowerManagerService( 722): Excessive delay in mDisplayManagerService.unblankAllDisplaysFromPowerManager(): 245ms
12-10 11:04:31.525 D/STATUSBAR-IconMerger( 1133): checkOverflow(216), More:false, Req:false Child:2
12-10 11:04:31.535 D/STATUSBAR-NetworkController( 1133): onSignalStrengthsChanged signalStrength=SignalStrength: 99 99 -105 -140 -109 -50 3 99 2147483647 2147483647 2147483647 -1 2147483647 cdma 0x210 level=2
12-10 11:04:31.565 I/Monitor ( 722): fileWriteInt : /sys/class/power_supply/battery/siop_level value : 70
12-10 11:04:31.645 D/PowerManagerService( 722): [PWL] sb release: PowerManagerService.Broadcasts
12-10 11:04:31.815 D/STATUSBAR-NetworkController( 1133): refreshSignalCluster: data=2 bt=false
12-10 11:04:31.835 D/STATUSBAR-IconMerger( 1133): checkOverflow(216), More:false, Req:false Child:2
12-10 11:04:31.845 D/PowerManagerService( 722): Excessive delay in nativeSetInteractive(true): 348ms
12-10 11:04:31.845 D/PowerManagerService( 722): SecHardwareInterface.setBatteryADC : true
12-10 11:04:32.015 D/STATUSBAR-NetworkController( 1133): onSignalStrengthsChanged signalStrength=SignalStrength: 99 99 -105 -140 -109 -50 3 99 2147483647 2147483647 2147483647 -1 2147483647 cdma 0x210 level=2
12-10 11:04:32.245 D/STATUSBAR-NetworkController( 1133): onSignalStrengthsChanged signalStrength=SignalStrength: 99 99 -105 -140 -108 -60 3 99 2147483647 2147483647 2147483647 -1 2147483647 cdma 0x210 level=2
12-10 11:04:32.325 D/PowerManagerService( 722): [api] [s] userActivity : event: 3 flags: 0 (uid: 1000 pid: 722)
12-10 11:04:32.335 V/VibratorService( 722): useVibetonz: true
12-10 11:04:32.335 V/VibratorService( 722): vibrateImmVibeMagnitudeType - package: android, type: 9, magnitudeType: TouchMagnitude
12-10 11:04:32.435 D/STATUSBAR-NetworkController( 1133): onSignalStrengthsChanged signalStrength=SignalStrength: 99 99 -120 -160 -108 -60 3 99 2147483647 2147483647 2147483647 -1 2147483647 cdma 0x200 level=2
12-10 11:04:32.485 D/KeyguardClockWidgetService(11126): onReceive action=android.intent.action.TIMEZONE_CHANGED
12-10 11:04:32.495 D/STATUSBAR-IconMerger( 1133): checkOverflow(216), More:false, Req:false Child:2
12-10 11:04:32.515 D/STATUSBAR-NetworkController( 1133): onServiceStateChanged state=0
12-10 11:04:32.515 D/StatusBar.NetworkController( 1133): getDataServiceState : dataServiceState = 0
12-10 11:04:32.515 D/STATUSBAR-NetworkController( 1133): isCdma(), !isCdmaEri(), mRoamingIconId = 0
12-10 11:04:32.535 D/STATUSBAR-NetworkController( 1133): isCdmaLTE - mSimStateUNKNOWN
12-10 11:04:32.535 D/KeyguardClockWidgetProvider(11126): refreshSingleClock :{Home} Hour = 11, Min = 04
12-10 11:04:32.545 D/STATUSBAR-AirplaneModeQuickSettingButton( 1133): mPhoneStateListener - inAirplaneMode: false
12-10 11:04:32.545 D/STATUSBAR-NetworkController( 1133): onReceive() - SPN_STRINGS_UPDATED_ACTION
12-10 11:04:32.545 D/STATUSBAR-NetworkController( 1133): onSignalStrengthsChanged signalStrength=SignalStrength: 99 99 -120 -160 -108 -60 3 99 2147483647 2147483647 2147483647 -1 2147483647 cdma 0x200 level=2
12-10 11:04:32.555 D/STATUSBAR-NetworkController( 1133): onSignalStrengthsChanged signalStrength=SignalStrength: 99 99 -120 -160 -108 -60 3 99 2147483647 2147483647 2147483647 -1 2147483647 cdma 0x200 level=2
12-10 11:04:32.575 D/KeyguardClockWidgetProvider(11126): desc Message = It is 11:4 AM
12-10 11:04:32.675 D/PowerManagerService( 722): [api] [s] userActivity : event: 3 flags: 0 (uid: 1000 pid: 722)
12-10 11:04:32.675 V/VibratorService( 722): useVibetonz: true
12-10 11:04:32.675 V/VibratorService( 722): vibrateImmVibeMagnitudeType - package: android, type: 9, magnitudeType: TouchMagnitude
12-10 11:04:32.955 D/PowerManagerService( 722): [api] [s] userActivity : event: 3 flags: 0 (uid: 1000 pid: 722)
12-10 11:04:32.955 V/VibratorService( 722): useVibetonz: true
12-10 11:04:32.955 V/VibratorService( 722): vibrateImmVibeMagnitudeType - package: android, type: 9, magnitudeType: TouchMagnitude
12-10 11:04:33.135 D/PowerManagerService( 722): [api] [s] userActivity : event: 3 flags: 0 (uid: 1000 pid: 722)
12-10 11:04:33.135 V/VibratorService( 722): useVibetonz: true
12-10 11:04:33.135 V/VibratorService( 722): vibrateImmVibeMagnitudeType - package: android, type: 9, magnitudeType: TouchMagnitude
12-10 11:04:33.365 V/WindowManager( 722): Window{43d87888 u0 Keyguard}mOrientationRequetedFromKeyguard=true
12-10 11:04:33.365 D/WindowManager( 722): computeScreenConfigurationLocked() set config.orientation=1 dw=1080 dh=1920 Callers=com.android.server.wm.WindowManagerService.updateOrientationFromAppTokensLocked:5138 com.android.server.wm.WindowManagerService.updateOrientationFromAppTokens:5109 com.android.server.am.ActivityStack.resumeTopActivityLocked:2747
12-10 11:04:33.365 D/PowerManagerService( 722): setKeyboardVisibility: false
12-10 11:04:33.365 V/WindowManager( 722): Window{43d87888 u0 Keyguard}mOrientationRequetedFromKeyguard=true
12-10 11:04:33.365 V/SmartFaceService - 3rd party pause( 722): onReceive [android.intent.action.ACTIVITY_STATE/com.amazon.mp3/resume]
12-10 11:04:33.375 D/STATUSBAR-StatusBarManagerService( 722): manageDisableList what=0x0 pkg=android
12-10 11:04:33.375 D/PhoneStatusBar( 1133): disable: < expand* icons alerts ticker* system_info BACK HOME recent* clock search brightness
> 12-10 11:04:33.375 D/PowerManagerService( 722): [api] [s] userActivity : event: 0 flags: 0 (uid: 1000 pid: 722)
12-10 11:04:33.375 D/PowerManagerService( 722): [api] [s] wakeUp (uid: 1000 pid: 722)
12-10 11:04:33.385 V/WindowManager( 722): Window{43d87888 u0 Keyguard EXITING}mOrientationRequetedFromKeyguard=false
12-10 11:04:33.385 V/WindowManager( 722): rotationForOrientationLw(orient=-1, last=0); user=0 sensorRotation=-1 isCoverOpen=true mLidState=-1 mDockMode=0 mHdmiPlugged=false mAccelerometerDefault=false
12-10 11:04:33.385 V/WindowManager( 722): Application requested orientation -1, got rotation 0 which has compatible metrics
12-10 11:04:33.385 D/PowerManagerService( 722): [api] setUserActivityTimeoutOverrideFromWindowManagerInternal: timeoutMillis: -1
12-10 11:04:33.385 D/PowerManagerService( 722): [s] getScreenOffTimeoutLocked: 5000 -> 60000
12-10 11:04:33.385 D/PowerManagerService( 722): [api] setScreenDimDurationOverrideFromWindowManagerInternal: timeoutMillis: -1
12-10 11:04:33.385 D/PowerManagerService( 722): [api] setButtonTimeoutOverrideFromWindowManagerInternal: timeoutMillis: -1
12-10 11:04:33.395 D/STATUSBAR-IconMerger( 1133): checkOverflow(144), More:false, Req:false Child:2
12-10 11:04:33.395 D/STATUSBAR-StatusBarManagerService( 722): manageDisableList what=0x0 pkg=WindowManager.LayoutParams
12-10 11:04:33.415 D/LightsService( 722): [api] [SvcLED] turnOff:: id = 4 (uid: 1000 pid: 722)
12-10 11:04:33.415 D/LightsService( 722): [SvcLED] setSvcLedStateLocked:: SvcLEDState : 0x0 -> 0x0 | SvcLED(id=4) set Off
12-10 11:04:33.415 E/MotionRecognitionService( 722): mReceiver.onReceive : ACTION_USER_PRESENT :: UNLOCK SCREEN
12-10 11:04:33.415 D/LightsService( 722): [SvcLED] Lux failed to be updated in 700ms. -> handleForcedSvcLEDTasK
12-10 11:04:33.415 D/LightsService( 722): [SvcLED] setSvcLedLightLocked :: Current SvcLED(id=4) maintains its priority right
12-10 11:04:33.415 D/PhoneStatusBar( 1133): disable: < expand icons alerts ticker system_info back* home* recent clock search brightness
> 12-10 11:04:33.565 D/KeyguardClockWidgetProvider(11126): onReceive action=android.intent.action.TIMEZONE_CHANGED
12-10 11:04:33.575 D/KeyguardClockWidgetProvider(11126): refreshSingleClock :{Home} Hour = 11, Min = 04
12-10 11:04:33.575 D/KeyguardClockWidgetProvider(11126): desc Message = It is 11:4 AM
12-10 11:04:33.615 V/WindowManager( 722): Window{43d87888 u0 Keyguard}mOrientationRequetedFromKeyguard=false
12-10 11:04:33.855 V/WindowManager( 722): Window{43d87888 u0 Keyguard}mOrientationRequetedFromKeyguard=false
12-10 11:04:33.865 V/WindowManager( 722): Window{43d87888 u0 Keyguard}mOrientationRequetedFromKeyguard=false
12-10 11:04:34.035 I/ActivityManager( 722): Killing proc 7421:com.sec.android.SimpleWidget/u0a10177: force stop com.sec.android.SimpleWidget
12-10 11:04:34.045 D/KeyguardClockWidgetProvider(11126): onReceive action=com.sec.android.app.keyguard.shrinkWidget
12-10 11:04:34.055 D/KeyguardClockWidgetProvider(11126): onReceive action=com.sec.android.widgetapp.SPlannerAppWidget.APPWIDGET_UPDATE
12-10 11:04:34.085 D/KeyguardClockWidgetProvider(11126): onReceive action=com.sec.android.widgetapp.SPlannerAppWidget.APPWIDGET_UPDATE
12-10 11:04:34.325 D/STATUSBAR-RecentTasksLoader( 1133): loadTasksInBackground() mstate:CANCELLED
12-10 11:04:34.325 D/STATUSBAR-RecentTasksLoader( 1133): loadThumbnailsAndIconsInBackground()
12-10 11:04:34.325 D/STATUSBAR-RecentTasksLoader( 1133): loadTasksInBackground -doInBackground()
12-10 11:04:34.325 D/STATUSBAR-RecentTasksLoader( 1133): loadThumbnailsAndIconsInBackground-doInBackground()
12-10 11:04:34.335 D/STATUSBAR-RecentTasksLoader( 1133): recentTasks.size():8
12-10 11:04:34.385 D/STATUSBAR-RecentTasksLoader( 1133): loadThumbnailsAndIconsInBackground-onProgressUpdate()
12-10 11:04:34.385 D/STATUSBAR-RecentTasksLoader( 1133): !isCancelled()
12-10 11:04:34.465 D/STATUSBAR-NetworkController( 1133): onSignalStrengthsChanged signalStrength=SignalStrength: 99 99 -120 -160 -109 -110 2 99 2147483647 2147483647 2147483647 -1 2147483647 cdma 0x200 level=2
12-10 11:04:34.475 D/VoIPInterfaceManager( 722): isVoIPRinging()...
12-10 11:04:34.475 D/VoIPInterfaceManager( 722): Not exist call session
12-10 11:04:34.475 D/PowerManagerService( 722): [api] [s] userActivity : event: 0 flags: 0 (uid: 1000 pid: 722)
12-10 11:04:34.475 V/Scroll/Pause Worker( 722): onReceive: android.intent.action.CLOSE_SYSTEM_DIALOGS
12-10 11:04:34.475 D/STATUSBAR-PhoneStatusBar( 1133): animateCollapsePanels
12-10 11:04:34.475 D/STATUSBAR-AirplaneModeQuickSettingButton( 1133): onReceive : android.intent.action.CLOSE_SYSTEM_DIALOGS
12-10 11:04:34.485 D/CustomFrequencyManagerService( 722): acquireDVFSLockLocked : type : DVFS_MIN_LIMIT frequency : 1958400 uid : 1000 pid : 722 pkgName : ACTIVITY_RESUME_BOOSTER@8
12-10 11:04:34.485 W/ActivityManager( 722): mDVFSHelper.acquire()
12-10 11:04:34.485 V/WindowManager( 722): Thread ID Thread[InputDispatcher,10,main]
12-10 11:04:34.495 V/SmartFaceService - 3rd party pause( 722): onReceive [android.intent.action.ACTIVITY_STATE/com.amazon.mp3/pause]
12-10 11:04:34.495 D/STATUSBAR-RecentTasksLoader( 1133): cancelLoadingThumbnailsAndIcons()
12-10 11:04:34.495 D/STATUSBAR-RecentTasksLoader( 1133): mTaskLoader.cancel()
12-10 11:04:34.495 D/STATUSBAR-RecentTasksLoader( 1133): mThumbnailLoader.cancel()
12-10 11:04:34.495 D/STATUSBAR-RecentTasksLoader( 1133): loadThumbnailsAndIconsInBackground-onProgressUpdate()
12-10 11:04:34.535 D/STATUSBAR-RecentTasksLoader( 1133): isCancelled - break
12-10 11:04:34.545 V/WindowManager( 722): rotationForOrientationLw(orient=1, last=0); user=0 sensorRotation=-1 isCoverOpen=true mLidState=-1 mDockMode=0 mHdmiPlugged=false mAccelerometerDefault=false
12-10 11:04:34.545 V/WindowManager( 722): Application requested orientation 1, got rotation 0 which has compatible metrics
12-10 11:04:34.545 D/WindowManager( 722): computeScreenConfigurationLocked() set config.orientation=1 dw=1080 dh=1920 Callers=com.android.server.wm.WindowManagerService.updateOrientationFromAppTokensLocked:5138 com.android.server.wm.WindowManagerService.updateOrientationFromAppTokens:5109 com.android.server.am.ActivityStack.resumeTopActivityLocked:2747
12-10 11:04:34.545 D/PowerManagerService( 722): setKeyboardVisibility: false
12-10 11:04:34.555 V/SmartFaceService - 3rd party pause( 722): onReceive [android.intent.action.ACTIVITY_STATE/com.sec.android.app.launcher/resume]
12-10 11:04:34.635 D/STATUSBAR-StatusBarManagerService( 722): manageDisableList what=0x0 pkg=WindowManager.LayoutParams
12-10 11:04:34.705 V/WindowManager( 722): Window{43d87888 u0 Keyguard}mOrientationRequetedFromKeyguard=false
12-10 11:04:34.725 V/WindowManager( 722): Window{43d87888 u0 Keyguard}mOrientationRequetedFromKeyguard=false
12-10 11:04:34.905 W/ActivityManager( 722): Permission denied: checkComponentPermission() owningUid=10177
12-10 11:04:34.915 D/KeyguardClockWidgetProvider(11126): onReceive action=android.intent.action.PROVIDER_CHANGED
12-10 11:04:34.925 D/STATUSBAR-NetworkController( 1133): onSignalStrengthsChanged signalStrength=SignalStrength: 99 99 -120 -160 -109 -110 2 99 2147483647 2147483647 2147483647 -1 2147483647 cdma 0x200 level=2
12-10 11:04:34.985 D/CustomFrequencyManagerService( 722): releaseDVFSLockLocked : Getting Lock type frm List : DVFS_MIN_LIMIT frequency : 1958400 uid : 1000 pid : 722 tag : ACTIVITY_RESUME_BOOSTER@8
12-10 11:04:34.985 W/ActivityManager( 722): mDVFSHelper.release()
12-10 11:04:34.985 D/CustomFrequencyManagerService( 722): acquireDVFSLockLocked : type : DVFS_MIN_LIMIT frequency : 1958400 uid : 1000 pid : 722 pkgName : ACTIVITY_RESUME_BOOSTER@11
12-10 11:04:35.115 D/KeyguardClockWidgetProvider(11126): refreshSingleClock :{Home} Hour = 11, Min = 04
12-10 11:04:35.115 D/KeyguardClockWidgetProvider(11126): desc Message = It is 11:4 AM
12-10 11:04:35.155 D/WifiNotificationController( 722): showOngoingWifiNotification id:17303681
12-10 11:04:35.285 D/CustomFrequencyManagerService( 722): releaseDVFSLockLocked : Getting Lock type frm List : DVFS_MIN_LIMIT frequency : 1958400 uid : 1000 pid : 722 tag : ACTIVITY_RESUME_BOOSTER@11
12-10 11:04:36.215 D/STATUSBAR-NetworkController( 1133): onSignalStrengthsChanged signalStrength=SignalStrength: 99 99 -120 -160 -110 -80 2 99 2147483647 2147483647 2147483647 -1 2147483647 cdma 0x200 level=2
12-10 11:04:36.225 D/STATUSBAR-NetworkController( 1133): onSignalStrengthsChanged signalStrength=SignalStrength: 99 99 -120 -160 -110 -80 2 99 2147483647 2147483647 2147483647 -1 2147483647 cdma 0x200 level=2
12-10 11:04:36.235 D/STATUSBAR-NetworkController( 1133): onSignalStrengthsChanged signalStrength=SignalStrength: 99 99 -103 -150 -110 -80 2 99 2147483647 2147483647 2147483647 -1 2147483647 cdma 0x210 level=2
12-10 11:04:36.255 D/STATUSBAR-NetworkController( 1133): onSignalStrengthsChanged signalStrength=SignalStrength: 99 99 -103 -150 -110 -80 2 99 2147483647 2147483647 2147483647 -1 2147483647 cdma 0x210 level=2
12-10 11:04:36.305 D/STATUSBAR-NetworkController( 1133): onSignalStrengthsChanged signalStrength=SignalStrength: 99 99 -103 -150 -110 -80 2 99 2147483647 2147483647 2147483647 -1 2147483647 cdma 0x210 level=2
12-10 11:04:36.335 D/KeyguardClockWidgetService(11126): onReceive action=android.intent.action.TIMEZONE_CHANGED
12-10 11:04:36.345 D/KeyguardClockWidgetProvider(11126): refreshSingleClock :{Home} Hour = 11, Min = 04
12-10 11:04:36.345 D/KeyguardClockWidgetProvider(11126): desc Message = It is 11:4 AM
12-10 11:04:36.345 D/STATUSBAR-IconMerger( 1133): checkOverflow(144), More:false, Req:false Child:2
12-10 11:04:36.355 D/STATUSBAR-NetworkController( 1133): onServiceStateChanged state=0
12-10 11:04:36.355 D/StatusBar.NetworkController( 1133): getDataServiceState : dataServiceState = 0
12-10 11:04:36.355 D/STATUSBAR-NetworkController( 1133): isCdma(), !isCdmaEri(), mRoamingIconId = 0
12-10 11:04:36.365 D/STATUSBAR-NetworkController( 1133): isCdmaLTE - mSimStateUNKNOWN
12-10 11:04:36.375 D/STATUSBAR-NetworkController( 1133): onReceive() - SPN_STRINGS_UPDATED_ACTION
12-10 11:04:36.375 D/STATUSBAR-AirplaneModeQuickSettingButton( 1133): mPhoneStateListener - inAirplaneMode: false
12-10 11:04:36.505 D/KeyguardClockWidgetProvider(11126): onReceive action=android.intent.action.TIMEZONE_CHANGED
12-10 11:04:36.505 D/KeyguardClockWidgetProvider(11126): refreshSingleClock :{Home} Hour = 11, Min = 04
12-10 11:04:36.505 D/KeyguardClockWidgetProvider(11126): desc Message = It is 11:4 AM
12-10 11:04:36.665 D/CustomFrequencyManagerService( 722): acquireDVFSLockLocked : type : DVFS_MIN_LIMIT frequency : 1958400 uid : 10052 pid : 1284 pkgName : com.sec.android.app.launcher@1
12-10 11:04:36.695 D/STATUSBAR-NetworkController( 1133): onSignalStrengthsChanged signalStrength=SignalStrength: 99 99 -101 -140 -110 -80 2 99 2147483647 2147483647 2147483647 -1 2147483647 cdma 0x210 level=2
12-10 11:04:36.735 D/CustomFrequencyManagerService( 722): releaseDVFSLockLocked : Getting Lock type frm List : DVFS_MIN_LIMIT frequency : 1958400 uid : 10052 pid : 1284 tag : com.sec.android.app.launcher@1
12-10 11:04:36.735 W/ActivityManager( 722): Permission Denial: get/set setting for user asks to run as user -2 but is calling from user 0; this requires android.permission.INTERACT_ACROSS_USERS_FULL
12-10 11:04:36.735 D/CustomFrequencyManagerService( 722): acquireDVFSLockLocked : type : DVFS_MIN_LIMIT frequency : 2265600 uid : 10052 pid : 1284 pkgName : LAUNCHER_APP_BOOSTER_CPU@11
12-10 11:04:36.735 D/CustomFrequencyManagerService( 722): acquireDVFSLockLocked : type : DVFS_MIN_LIMIT frequency : 1958400 uid : 1000 pid : 722 pkgName : ACTIVITY_RESUME_BOOSTER@8
12-10 11:04:36.735 W/ActivityManager( 722): mDVFSHelper.acquire()
12-10 11:04:36.735 V/WindowManager( 722): Thread ID Thread[Binder_10,5,main]
12-10 11:04:36.745 V/SmartFaceService - 3rd party pause( 722): onReceive [android.intent.action.ACTIVITY_STATE/com.sec.android.app.launcher/pause]
12-10 11:04:36.765 V/WindowManager( 722): rotationForOrientationLw(orient=-1, last=0); user=0 sensorRotation=-1 isCoverOpen=true mLidState=-1 mDockMode=0 mHdmiPlugged=false mAccelerometerDefault=false
12-10 11:04:36.765 V/WindowManager( 722): Application requested orientation -1, got rotation 0 which has compatible metrics
12-10 11:04:36.765 D/WindowManager( 722): computeScreenConfigurationLocked() set config.orientation=1 dw=1080 dh=1920 Callers=com.android.server.wm.WindowManagerService.updateOrientationFromAppTokensLocked:5138 com.android.server.wm.WindowManagerService.updateOrientationFromAppTokens:5109 com.android.server.am.ActivityStack.resumeTopActivityLocked:2747
12-10 11:04:36.765 D/PowerManagerService( 722): setKeyboardVisibility: false
12-10 11:04:36.775 D/STATUSBAR-NetworkController( 1133): onSignalStrengthsChanged signalStrength=SignalStrength: 99 99 -100 -140 -110 -80 2 99 2147483647 2147483647 2147483647 -1 2147483647 cdma 0x220 level=2
12-10 11:04:36.795 V/SmartFaceService - 3rd party pause( 722): onReceive [android.intent.action.ACTIVITY_STATE/com.android.chrome/resume]
12-10 11:04:36.905 D/STATUSBAR-StatusBarManagerService( 722): manageDisableList what=0x0 pkg=WindowManager.LayoutParams
12-10 11:04:36.975 V/WindowManager( 722): Window{43d87888 u0 Keyguard}mOrientationRequetedFromKeyguard=false
12-10 11:04:37.015 V/WindowManager( 722): Window{43d87888 u0 Keyguard}mOrientationRequetedFromKeyguard=false
12-10 11:04:37.025 V/WindowManager( 722): Window{43d87888 u0 Keyguard}mOrientationRequetedFromKeyguard=false
12-10 11:04:37.235 D/CustomFrequencyManagerService( 722): releaseDVFSLockLocked : Getting Lock type frm List : DVFS_MIN_LIMIT frequency : 2265600 uid : 10052 pid : 1284 tag : LAUNCHER_APP_BOOSTER_CPU@11
12-10 11:04:37.235 D/CustomFrequencyManagerService( 722): FrequencyrequestList.getNextMaxCPUCoreRequest, index: 0
12-10 11:04:37.315 D/CustomFrequencyManagerService( 722): releaseDVFSLockLocked : Getting Lock type frm List : DVFS_MIN_LIMIT frequency : 1958400 uid : 1000 pid : 722 tag : ACTIVITY_RESUME_BOOSTER@8
12-10 11:04:37.315 W/ActivityManager( 722): mDVFSHelper.release()
12-10 11:04:37.315 D/CustomFrequencyManagerService( 722): acquireDVFSLockLocked : type : DVFS_MIN_LIMIT frequency : 1958400 uid : 1000 pid : 722 pkgName : ACTIVITY_RESUME_BOOSTER@11
12-10 11:04:37.615 D/CustomFrequencyManagerService( 722): releaseDVFSLockLocked : Getting Lock type frm List : DVFS_MIN_LIMIT frequency : 1958400 uid : 1000 pid : 722 tag : ACTIVITY_RESUME_BOOSTER@11
12-10 11:04:37.655 D/MotionRecognitionService( 722): ssp status : true
12-10 11:04:37.825 D/STATUSBAR-NetworkController( 1133): refreshSignalCluster: data=2 bt=false
12-10 11:04:37.845 D/STATUSBAR-IconMerger( 1133): checkOverflow(144), More:false, Req:false Child:2
12-10 11:04:38.455 D/STATUSBAR-NetworkController( 1133): onSignalStrengthsChanged signalStrength=SignalStrength: 99 99 -100 -150 -109 -95 2 99 2147483647 2147483647 2147483647 -1 2147483647 cdma 0x220 level=2
12-10 11:04:38.835 D/STATUSBAR-NetworkController( 1133): refreshSignalCluster: data=2 bt=false
12-10 11:04:38.845 D/STATUSBAR-IconMerger( 1133): checkOverflow(144), More:false, Req:false Child:2
12-10 11:04:38.935 D/STATUSBAR-NetworkController( 1133): onSignalStrengthsChanged signalStrength=SignalStrength: 99 99 -100 -150 -109 -95 2 99 2147483647 2147483647 2147483647 -1 2147483647 cdma 0x220 level=2
12-10 11:04:39.115 V/AlarmManager( 722): waitForAlarm result :2
12-10 11:04:39.565 V/AlarmManager( 722): waitForAlarm result :2
12-10 11:04:39.835 D/STATUSBAR-NetworkController( 1133): refreshSignalCluster: data=2 bt=false
12-10 11:04:39.845 D/STATUSBAR-IconMerger( 1133): checkOverflow(144), More:false, Req:false Child:2
12-10 11:04:40.105 V/WindowManager( 722): Window{43d87888 u0 Keyguard}mOrientationRequetedFromKeyguard=false
12-10 11:04:40.265 D/STATUSBAR-StatusBarManagerService( 722): sendNotification(1) - 17041110
12-10 11:04:40.265 D/STATUSBAR-StatusBarManagerService( 722): sendNotification(2) - 17041110
12-10 11:04:40.275 V/WindowManager( 722): Window{43d87888 u0 Keyguard}mOrientationRequetedFromKeyguard=false
12-10 11:04:40.325 D/STATUSBAR-IconMerger( 1133): checkOverflow(144), More:false, Req:true Child:3
12-10 11:04:40.335 D/STATUSBAR-IconMerger( 1133): checkOverflow(72), More:true, Req:true Child:2
12-10 11:04:40.625 V/AlarmManager( 722): waitForAlarm result :2
12-10 11:04:41.175 D/STATUSBAR-NetworkController( 1133): onSignalStrengthsChanged signalStrength=SignalStrength: 99 99 -100 -150 -109 -95 2 99 2147483647 2147483647 2147483647 -1 2147483647 cdma 0x220 level=2
12-10 11:04:41.265 V/VibratorService( 722): vibrateImmVibePatternMagnitudeType - package: com.sec.android.inputmethod, magnitudeType: TouchMagnitude
12-10 11:04:41.265 V/WindowManager( 722): Window{43d87888 u0 Keyguard}mOrientationRequetedFromKeyguard=false
12-10 11:04:41.365 V/AlarmManager( 722): waitForAlarm result :4
12-10 11:04:41.365 V/AlarmManager( 722): trigger ELAPSED_REALTIME_WAKEUP or RTC_WAKEUP
12-10 11:04:41.405 V/WindowManager( 722): Window{43d87888 u0 Keyguard}mOrientationRequetedFromKeyguard=false
12-10 11:04:41.445 D/STATUSBAR-NetworkController( 1133): onSignalStrengthsChanged signalStrength=SignalStrength: 99 99 -120 -160 -109 -95 2 99 2147483647 2147483647 2147483647 -1 2147483647 cdma 0x200 level=2
12-10 11:04:41.515 D/STATUSBAR-NetworkController( 1133): onServiceStateChanged state=0
12-10 11:04:41.515 D/StatusBar.NetworkController( 1133): getDataServiceState : dataServiceState = 0
12-10 11:04:41.515 D/STATUSBAR-NetworkController( 1133): isCdma(), !isCdmaEri(), mRoamingIconId = 0
12-10 11:04:41.515 D/STATUSBAR-NetworkController( 1133): isCdmaLTE - mSimStateUNKNOWN
12-10 11:04:41.515 D/STATUSBAR-AirplaneModeQuickSettingButton( 1133): mPhoneStateListener - inAirplaneMode: false
12-10 11:04:41.535 D/STATUSBAR-NetworkController( 1133): onReceive() - SPN_STRINGS_UPDATED_ACTION
12-10 11:04:41.545 D/KeyguardClockWidgetService(11126): onReceive action=android.intent.action.TIMEZONE_CHANGED
12-10 11:04:41.555 D/KeyguardClockWidgetProvider(11126): refreshSingleClock :{Home} Hour = 11, Min = 04
12-10 11:04:41.565 V/WindowManager( 722): Window{43d87888 u0 Keyguard}mOrientationRequetedFromKeyguard=false
12-10 11:04:41.565 D/STATUSBAR-IconMerger( 1133): checkOverflow(72), More:true, Req:true Child:2
12-10 11:04:41.585 D/KeyguardClockWidgetProvider(11126): desc Message = It is 11:4 AM
12-10 11:04:41.595 V/WindowManager( 722): Window{43d87888 u0 Keyguard}mOrientationRequetedFromKeyguard=false
12-10 11:04:41.695 D/KeyguardClockWidgetProvider(11126): onReceive action=android.intent.action.TIMEZONE_CHANGED
12-10 11:04:41.705 D/KeyguardClockWidgetProvider(11126): refreshSingleClock :{Home} Hour = 11, Min = 04
12-10 11:04:41.705 D/KeyguardClockWidgetProvider(11126): desc Message = It is 11:4 AM
12-10 11:04:41.725 D/STATUSBAR-NetworkController( 1133): onSignalStrengthsChanged signalStrength=SignalStrength: 99 99 -120 -160 -109 -95 2 99 2147483647 2147483647 2147483647 -1 2147483647 cdma 0x200 level=2
12-10 11:04:41.755 W/BackupManagerService( 722): dataChanged but no participant pkg='com.android.providers.settings' uid=10120
12-10 11:04:41.755 D/STATUSBAR-NetworkController( 1133): onSignalStrengthsChanged signalStrength=SignalStrength: 99 99 -120 -160 -109 -95 2 99 2147483647 2147483647 2147483647 -1 2147483647 cdma 0x200 level=2
12-10 11:04:41.765 W/BackupManagerService( 722): dataChanged but no participant pkg='com.android.providers.settings' uid=10120
12-10 11:04:41.765 D/STATUSBAR-NetworkController( 1133): onSignalStrengthsChanged signalStrength=SignalStrength: 99 99 -96 -160 -109 -95 2 99 2147483647 2147483647 2147483647 -1 2147483647 cdma 0x210 level=2
12-10 11:04:41.765 W/BackupManagerService( 722): dataChanged but no participant pkg='com.android.providers.settings' uid=10120
12-10 11:04:41.825 D/STATUSBAR-NetworkController( 1133): onSignalStrengthsChanged signalStrength=SignalStrength: 99 99 -96 -160 -109 -95 2 99 2147483647 2147483647 2147483647 -1 2147483647 cdma 0x210 level=2
12-10 11:04:41.845 D/STATUSBAR-NetworkController( 1133): refreshSignalCluster: data=2 bt=false
12-10 11:04:41.855 D/STATUSBAR-IconMerger( 1133): checkOverflow(72), More:true, Req:true Child:2
12-10 11:04:41.865 D/STATUSBAR-NetworkController( 1133): onSignalStrengthsChanged signalStrength=SignalStrength: 99 99 -96 -160 -109 -95 2 99 2147483647 2147483647 2147483647 -1 2147483647 cdma 0x210 level=2
12-10 11:04:41.915 W/BackupManagerService( 722): dataChanged but no participant pkg='com.android.providers.settings' uid=10220
12-10 11:04:41.925 W/BackupManagerService( 722): dataChanged but no participant pkg='com.android.providers.settings' uid=10220
12-10 11:04:41.925 W/BackupManagerService( 722): dataChanged but no participant pkg='com.android.providers.settings' uid=10220
12-10 11:04:41.965 D/KeyguardClockWidgetService(11126): onReceive action=android.intent.action.TIMEZONE_CHANGED
12-10 11:04:41.975 D/KeyguardClockWidgetProvider(11126): refreshSingleClock :{Home} Hour = 11, Min = 04
12-10 11:04:41.975 D/KeyguardClockWidgetProvider(11126): desc Message = It is 11:4 AM
12-10 11:04:41.985 D/STATUSBAR-IconMerger( 1133): checkOverflow(72), More:true, Req:true Child:2
12-10 11:04:41.995 D/STATUSBAR-NetworkController( 1133): onReceive() - SPN_STRINGS_UPDATED_ACTION
12-10 11:04:41.995 D/STATUSBAR-NetworkController( 1133): onServiceStateChanged state=0
12-10 11:04:41.995 D/StatusBar.NetworkController( 1133): getDataServiceState : dataServiceState = 0
12-10 11:04:41.995 D/STATUSBAR-NetworkController( 1133): isCdma(), !isCdmaEri(), mRoamingIconId = 0
12-10 11:04:41.995 D/STATUSBAR-NetworkController( 1133): isCdmaLTE - mSimStateUNKNOWN
12-10 11:04:42.005 D/STATUSBAR-AirplaneModeQuickSettingButton( 1133): mPhoneStateListener - inAirplaneMode: false
12-10 11:04:42.025 V/AlarmManager( 722): waitForAlarm result :4
12-10 11:04:42.025 V/AlarmManager( 722): trigger ELAPSED_REALTIME_WAKEUP or RTC_WAKEUP
12-10 11:04:42.195 D/KeyguardClockWidgetProvider(11126): onReceive action=android.intent.action.TIMEZONE_CHANGED
12-10 11:04:42.205 D/KeyguardClockWidgetProvider(11126): refreshSingleClock :{Home} Hour = 11, Min = 04
12-10 11:04:42.205 D/KeyguardClockWidgetProvider(11126): desc Message = It is 11:4 AM
12-10 11:04:42.355 W/BackupManagerService( 722): dataChanged but no participant pkg='com.android.providers.settings' uid=10220
