12-10 11:08:17.875 I/PowerManagerService( 722): [PWL] PowerManagerService.WakeLocks: ref count=1
12-10 11:08:17.875 I/PowerManagerService( 722): [PWL] mWakeLockSummary : 0x1
12-10 11:08:17.875 I/PowerManagerService( 722): [PWL] PARTIAL_WAKE_LOCK 'android.media.MediaPlayer' (uid=10015, pid=22137, ws=null) (elapsedTime=105216)
12-10 11:08:17.875 I/PowerManagerService( 722): [PWL] PARTIAL_WAKE_LOCK 'DirectTrack' (uid=1013, pid=311, ws=null) (elapsedTime=105138)
12-10 11:08:18.465 D/BatteryService( 722): update start
12-10 11:08:18.475 D/BatteryService( 722): level:84, scale:100, status:3, health:2, present:true, voltage: 4088, temperature: 272, technology: Li-ion, AC powered:false, USB powered:false, Wireless powered:false, icon:17303549, invalid charger:0, online:1, charge type:0, current avg:450
12-10 11:08:18.475 D/BatteryService( 722): Sending ACTION_BATTERY_CHANGED.
12-10 11:08:18.485 D/STATUSBAR-BatteryController( 1133): onReceive() - ACTION_BATTERY_CHANGED
12-10 11:08:18.485 D/STATUSBAR-BatteryController( 1133): onReceive() - BATTERY_STATUS_DISCHARGING: tw_stat_sys_battery
12-10 11:08:18.505 D/STATUSBAR-IconMerger( 1133): checkOverflow(216), More:false, Req:false Child:3
12-10 11:08:18.515 D/STATUSBAR-PhoneStatusBar( 1133): mBrightnessEnablebySettings = true mBrightnessEnablebyBattery = true mBrightnessEnablebyDisableFlag = true
12-10 11:08:18.625 E/Watchdog( 722): !@Sync 14621
12-10 11:08:33.165 V/AlarmManager( 722): waitForAlarm result :4
12-10 11:08:33.175 V/AlarmManager( 722): trigger ELAPSED_REALTIME_WAKEUP or RTC_WAKEUP
12-10 11:08:48.515 D/BatteryService( 722): update start
12-10 11:08:48.525 D/BatteryService( 722): level:84, scale:100, status:3, health:2, present:true, voltage: 4087, temperature: 270, technology: Li-ion, AC powered:false, USB powered:false, Wireless powered:false, icon:17303549, invalid charger:0, online:1, charge type:0, current avg:450
12-10 11:08:48.525 D/BatteryService( 722): Sending ACTION_BATTERY_CHANGED.
12-10 11:08:48.535 D/STATUSBAR-BatteryController( 1133): onReceive() - ACTION_BATTERY_CHANGED
12-10 11:08:48.535 D/STATUSBAR-BatteryController( 1133): onReceive() - BATTERY_STATUS_DISCHARGING: tw_stat_sys_battery
12-10 11:08:48.555 D/STATUSBAR-IconMerger( 1133): checkOverflow(216), More:false, Req:false Child:3
12-10 11:08:48.565 D/STATUSBAR-PhoneStatusBar( 1133): mBrightnessEnablebySettings = true mBrightnessEnablebyBattery = true mBrightnessEnablebyDisableFlag = true
12-10 11:08:48.625 E/Watchdog( 722): !@Sync 14622
12-10 11:08:52.875 I/PowerManagerService( 722): [PWL] Off : 140s ago
12-10 11:08:52.875 I/PowerManagerService( 722): [PWL] PowerManagerService.WakeLocks: ref count=1
12-10 11:08:52.875 I/PowerManagerService( 722): [PWL] mWakeLockSummary : 0x1
12-10 11:08:52.875 I/PowerManagerService( 722): [PWL] PARTIAL_WAKE_LOCK 'android.media.MediaPlayer' (uid=10015, pid=22137, ws=null) (elapsedTime=140221)
12-10 11:08:52.875 I/PowerManagerService( 722): [PWL] PARTIAL_WAKE_LOCK 'DirectTrack' (uid=1013, pid=311, ws=null) (elapsedTime=140143)
12-10 11:08:59.985 V/AlarmManager( 722): waitForAlarm result :8
12-10 11:09:00.015 D/KeyguardClockWidgetService(11126): onReceive action=android.intent.action.TIME_TICK
12-10 11:09:00.025 V/AlarmManager( 722): ClockReceiver onReceive() ACTION_TIME_TICK
12-10 11:09:00.115 D/STATUSBAR-IconMerger( 1133): checkOverflow(216), More:false, Req:false Child:3
12-10 11:09:03.145 V/AlarmManager( 722): waitForAlarm result :2
12-10 11:09:05.115 V/AlarmManager( 722): waitForAlarm result :12
12-10 11:09:05.145 V/AlarmManager( 722): trigger ELAPSED_REALTIME_WAKEUP or RTC_WAKEUP
12-10 11:09:05.795 D/MobileDataStateTracker( 722): default: setPolicyDataEnable(enabled=true)
12-10 11:09:18.565 D/BatteryService( 722): update start
12-10 11:09:18.575 D/BatteryService( 722): level:84, scale:100, status:3, health:2, present:true, voltage: 4087, temperature: 268, technology: Li-ion, AC powered:false, USB powered:false, Wireless powered:false, icon:17303549, invalid charger:0, online:1, charge type:0, current avg:450
12-10 11:09:18.575 D/BatteryService( 722): Sending ACTION_BATTERY_CHANGED.
12-10 11:09:18.585 D/STATUSBAR-BatteryController( 1133): onReceive() - ACTION_BATTERY_CHANGED
12-10 11:09:18.585 D/STATUSBAR-BatteryController( 1133): onReceive() - BATTERY_STATUS_DISCHARGING: tw_stat_sys_battery
12-10 11:09:18.615 D/STATUSBAR-IconMerger( 1133): checkOverflow(216), More:false, Req:false Child:3
12-10 11:09:18.615 D/STATUSBAR-PhoneStatusBar( 1133): mBrightnessEnablebySettings = true mBrightnessEnablebyBattery = true mBrightnessEnablebyDisableFlag = true
12-10 11:09:18.625 E/Watchdog( 722): !@Sync 14623
12-10 11:09:32.885 I/PowerManagerService( 722): [PWL] Off : 180s ago
12-10 11:09:32.885 I/PowerManagerService( 722): [PWL] PowerManagerService.WakeLocks: ref count=1
12-10 11:09:32.885 I/PowerManagerService( 722): [PWL] mWakeLockSummary : 0x1
12-10 11:09:32.885 I/PowerManagerService( 722): [PWL] PARTIAL_WAKE_LOCK 'android.media.MediaPlayer' (uid=10015, pid=22137, ws=null) (elapsedTime=180226)
12-10 11:09:32.885 I/PowerManagerService( 722): [PWL] PARTIAL_WAKE_LOCK 'DirectTrack' (uid=1013, pid=311, ws=null) (elapsedTime=180148)
12-10 11:09:48.625 E/Watchdog( 722): !@Sync 14624
12-10 11:09:48.735 V/AlarmManager( 722): waitForAlarm result :4
12-10 11:09:48.785 D/BatteryService( 722): update start
12-10 11:09:48.785 D/BatteryService( 722): level:84, scale:100, status:3, health:2, present:true, voltage: 4088, temperature: 266, technology: Li-ion, AC powered:false, USB powered:false, Wireless powered:false, icon:17303549, invalid charger:0, online:1, charge type:0, current avg:450
12-10 11:09:48.785 D/BatteryService( 722): Sending ACTION_BATTERY_CHANGED.
12-10 11:09:48.805 V/AlarmManager( 722): trigger ELAPSED_REALTIME_WAKEUP or RTC_WAKEUP
12-10 11:09:48.855 D/STATUSBAR-BatteryController( 1133): onReceive() - ACTION_BATTERY_CHANGED
12-10 11:09:48.855 D/STATUSBAR-BatteryController( 1133): onReceive() - BATTERY_STATUS_DISCHARGING: tw_stat_sys_battery
12-10 11:09:48.855 D/STATUSBAR-PhoneStatusBar( 1133): mBrightnessEnablebySettings = true mBrightnessEnablebyBattery = true mBrightnessEnablebyDisableFlag = true
12-10 11:09:48.895 D/STATUSBAR-IconMerger( 1133): checkOverflow(216), More:false, Req:false Child:3
12-10 11:09:59.995 V/AlarmManager( 722): waitForAlarm result :8
12-10 11:10:00.005 D/KeyguardClockWidgetService(11126): onReceive action=android.intent.action.TIME_TICK
12-10 11:10:00.015 V/AlarmManager( 722): ClockReceiver onReceive() ACTION_TIME_TICK
12-10 11:10:00.115 D/STATUSBAR-IconMerger( 1133): checkOverflow(216), More:false, Req:false Child:3
12-10 11:10:03.255 V/AlarmManager( 722): waitForAlarm result :2
12-10 11:10:17.895 I/PowerManagerService( 722): [PWL] Off : 225s ago
12-10 11:10:17.895 I/PowerManagerService( 722): [PWL] PowerManagerService.WakeLocks: ref count=1
12-10 11:10:17.895 I/PowerManagerService( 722): [PWL] mWakeLockSummary : 0x1
12-10 11:10:17.895 I/PowerManagerService( 722): [PWL] PARTIAL_WAKE_LOCK 'android.media.MediaPlayer' (uid=10015, pid=22137, ws=null) (elapsedTime=225241)
12-10 11:10:17.895 I/PowerManagerService( 722): [PWL] PARTIAL_WAKE_LOCK 'DirectTrack' (uid=1013, pid=311, ws=null) (elapsedTime=225163)
12-10 11:10:18.625 E/Watchdog( 722): !@Sync 14625
12-10 11:10:23.825 V/AlarmManager( 722): waitForAlarm result :4
12-10 11:10:23.835 V/AlarmManager( 722): trigger ELAPSED_REALTIME_WAKEUP or RTC_WAKEUP
12-10 11:10:23.865 D/BatteryService( 722): update start
12-10 11:10:23.885 D/BatteryService( 722): level:84, scale:100, status:3, health:2, present:true, voltage: 4086, temperature: 264, technology: Li-ion, AC powered:false, USB powered:false, Wireless powered:false, icon:17303549, invalid charger:0, online:1, charge type:0, current avg:450
12-10 11:10:23.885 D/BatteryService( 722): Sending ACTION_BATTERY_CHANGED.
12-10 11:10:23.905 D/STATUSBAR-BatteryController( 1133): onReceive() - ACTION_BATTERY_CHANGED
12-10 11:10:23.905 D/STATUSBAR-BatteryController( 1133): onReceive() - BATTERY_STATUS_DISCHARGING: tw_stat_sys_battery
12-10 11:10:23.925 D/STATUSBAR-IconMerger( 1133): checkOverflow(216), More:false, Req:false Child:3
12-10 11:10:23.925 D/STATUSBAR-PhoneStatusBar( 1133): mBrightnessEnablebySettings = true mBrightnessEnablebyBattery = true mBrightnessEnablebyDisableFlag = true
12-10 11:10:27.035 D/ConnectivityService( 722): handleInetConditionHoldEnd: net=1, condition=0, published condition=0
12-10 11:10:27.035 D/ConnectivityService( 722): sendStickyBroadcast: action=android.net.conn.INET_CONDITION_ACTION
12-10 11:10:27.035 D/STATUSBAR-NetworkController( 1133): onReceive() - CONNECTIVITY_ACTION, INET_CONDITION_ACTION
12-10 11:10:27.045 D/STATUSBAR-NetworkController( 1133): isCdma(), !isCdmaEri(), mRoamingIconId = 0
12-10 11:10:27.045 D/STATUSBAR-NetworkController( 1133): isCdmaLTE - mSimStateUNKNOWN
12-10 11:10:28.615 V/AlarmManager( 722): waitForAlarm result :1
12-10 11:10:28.625 V/AlarmManager( 722): trigger ELAPSED_REALTIME_WAKEUP or RTC_WAKEUP
12-10 11:10:34.625 V/AlarmManager( 722): waitForAlarm result :4
12-10 11:10:34.695 V/AlarmManager( 722): trigger ELAPSED_REALTIME_WAKEUP or RTC_WAKEUP
12-10 11:10:40.315 W/ActivityManager( 722): Unable to start service Intent { act=com.google.android.gms.analytics.service.START cmp=com.google.android.gms/.analytics.service.AnalyticsService (has extras) } U=0: not found
12-10 11:10:40.425 V/AlarmManager( 722): waitForAlarm result :4
12-10 11:10:40.445 V/AlarmManager( 722): trigger ELAPSED_REALTIME_WAKEUP or RTC_WAKEUP
12-10 11:10:45.325 W/ActivityManager( 722): Unable to start service Intent { act=com.google.android.gms.analytics.service.START cmp=com.google.android.gms/.analytics.service.AnalyticsService (has extras) } U=0: not found
12-10 11:10:48.625 E/Watchdog( 722): !@Sync 14626
12-10 11:10:53.915 D/BatteryService( 722): update start
12-10 11:10:53.925 D/BatteryService( 722): level:84, scale:100, status:3, health:2, present:true, voltage: 4083, temperature: 262, technology: Li-ion, AC powered:false, USB powered:false, Wireless powered:false, icon:17303549, invalid charger:0, online:1, charge type:0, current avg:450
12-10 11:10:53.925 D/BatteryService( 722): Sending ACTION_BATTERY_CHANGED.
12-10 11:10:53.935 D/STATUSBAR-BatteryController( 1133): onReceive() - ACTION_BATTERY_CHANGED
12-10 11:10:53.935 D/STATUSBAR-BatteryController( 1133): onReceive() - BATTERY_STATUS_DISCHARGING: tw_stat_sys_battery
12-10 11:10:53.955 D/STATUSBAR-IconMerger( 1133): checkOverflow(216), More:false, Req:false Child:3
12-10 11:10:53.965 D/STATUSBAR-PhoneStatusBar( 1133): mBrightnessEnablebySettings = true mBrightnessEnablebyBattery = true mBrightnessEnablebyDisableFlag = true
12-10 11:10:59.995 V/AlarmManager( 722): waitForAlarm result :8
12-10 11:11:00.005 D/KeyguardClockWidgetService(11126): onReceive action=android.intent.action.TIME_TICK
12-10 11:11:00.025 V/AlarmManager( 722): ClockReceiver onReceive() ACTION_TIME_TICK
12-10 11:11:00.095 D/STATUSBAR-IconMerger( 1133): checkOverflow(216), More:false, Req:false Child:3
12-10 11:11:01.005 D/STATUSBAR-StatusBarManagerService( 722): sendNotification(2) - 1337
12-10 11:11:01.175 D/STATUSBAR-StatusBarManagerService( 722): sendNotification(2) - 1337
12-10 11:11:02.065 D/STATUSBAR-StatusBarManagerService( 722): sendNotification(2) - 1337
12-10 11:11:02.145 D/STATUSBAR-StatusBarManagerService( 722): sendNotification(2) - 1337
12-10 11:11:03.385 V/AlarmManager( 722): waitForAlarm result :2
12-10 11:11:07.895 I/PowerManagerService( 722): [PWL] Off : 275s ago
12-10 11:11:07.895 I/PowerManagerService( 722): [PWL] PowerManagerService.WakeLocks: ref count=1
12-10 11:11:07.895 I/PowerManagerService( 722): [PWL] mWakeLockSummary : 0x1
12-10 11:11:07.895 I/PowerManagerService( 722): [PWL] PARTIAL_WAKE_LOCK 'WakeLockWrapper' (uid=10015, pid=22137, ws=null) (elapsedTime=7150)
12-10 11:11:07.895 I/PowerManagerService( 722): [PWL] PARTIAL_WAKE_LOCK 'android.media.MediaPlayer' (uid=10015, pid=22137, ws=null) (elapsedTime=6459)
12-10 11:11:07.895 I/PowerManagerService( 722): [PWL] PARTIAL_WAKE_LOCK 'DirectTrack' (uid=1013, pid=311, ws=null) (elapsedTime=6274)
12-10 11:11:09.385 D/MobileDataStateTracker( 722): default: setPolicyDataEnable(enabled=true)
12-10 11:11:09.885 D/CustomFrequencyManagerService( 722): acquireDVFSLockLocked : type : DVFS_MIN_LIMIT frequency : 883200 uid : 1000 pid : 722 pkgName : android@2
12-10 11:11:10.655 D/MobileDataStateTracker( 722): default: setPolicyDataEnable(enabled=true)
12-10 11:11:10.885 D/CustomFrequencyManagerService( 722): releaseDVFSLockLocked : Getting Lock type frm List : DVFS_MIN_LIMIT frequency : 883200 uid : 1000 pid : 722 tag : android@2
12-10 11:11:10.885 D/CustomFrequencyManagerService( 722): acquireDVFSLockLocked : type : DVFS_MIN_LIMIT frequency : 883200 uid : 1000 pid : 722 pkgName : android@2
12-10 11:11:11.875 D/MobileDataStateTracker( 722): default: setPolicyDataEnable(enabled=true)
12-10 11:11:11.895 D/CustomFrequencyManagerService( 722): releaseDVFSLockLocked : Getting Lock type frm List : DVFS_MIN_LIMIT frequency : 883200 uid : 1000 pid : 722 tag : android@2
12-10 11:11:11.895 D/CustomFrequencyManagerService( 722): acquireDVFSLockLocked : type : DVFS_MIN_LIMIT frequency : 883200 uid : 1000 pid : 722 pkgName : android@2
12-10 11:11:12.895 D/CustomFrequencyManagerService( 722): releaseDVFSLockLocked : Getting Lock type frm List : DVFS_MIN_LIMIT frequency : 883200 uid : 1000 pid : 722 tag : android@2
12-10 11:11:12.895 D/CustomFrequencyManagerService( 722): acquireDVFSLockLocked : type : DVFS_MIN_LIMIT frequency : 883200 uid : 1000 pid : 722 pkgName : android@2
12-10 11:11:14.905 D/CustomFrequencyManagerService( 722): releaseDVFSLockLocked : Getting Lock type frm List : DVFS_MIN_LIMIT frequency : 883200 uid : 1000 pid : 722 tag : android@2
12-10 11:11:18.625 E/Watchdog( 722): !@Sync 14627
12-10 11:11:23.995 D/BatteryService( 722): update start
12-10 11:11:24.005 D/BatteryService( 722): level:84, scale:100, status:3, health:2, present:true, voltage: 4083, temperature: 261, technology: Li-ion, AC powered:false, USB powered:false, Wireless powered:false, icon:17303549, invalid charger:0, online:1, charge type:0, current avg:450
12-10 11:11:24.005 D/BatteryService( 722): Sending ACTION_BATTERY_CHANGED.
12-10 11:11:24.015 D/STATUSBAR-BatteryController( 1133): onReceive() - ACTION_BATTERY_CHANGED
12-10 11:11:24.015 D/STATUSBAR-BatteryController( 1133): onReceive() - BATTERY_STATUS_DISCHARGING: tw_stat_sys_battery
12-10 11:11:24.035 D/STATUSBAR-IconMerger( 1133): checkOverflow(216), More:false, Req:false Child:3
12-10 11:11:24.045 D/STATUSBAR-PhoneStatusBar( 1133): mBrightnessEnablebySettings = true mBrightnessEnablebyBattery = true mBrightnessEnablebyDisableFlag = true
12-10 11:11:34.375 V/AlarmManager( 722): waitForAlarm result :4
12-10 11:11:34.385 V/AlarmManager( 722): trigger ELAPSED_REALTIME_WAKEUP or RTC_WAKEUP
12-10 11:11:48.625 E/Watchdog( 722): !@Sync 14628
12-10 11:11:54.065 D/BatteryService( 722): update start
12-10 11:11:54.075 D/BatteryService( 722): level:84, scale:100, status:3, health:2, present:true, voltage: 4087, temperature: 259, technology: Li-ion, AC powered:false, USB powered:false, Wireless powered:false, icon:17303549, invalid charger:0, online:1, charge type:0, current avg:450
12-10 11:11:54.075 D/BatteryService( 722): Sending ACTION_BATTERY_CHANGED.
12-10 11:11:54.085 D/STATUSBAR-BatteryController( 1133): onReceive() - ACTION_BATTERY_CHANGED
12-10 11:11:54.085 D/STATUSBAR-BatteryController( 1133): onReceive() - BATTERY_STATUS_DISCHARGING: tw_stat_sys_battery
12-10 11:11:54.115 D/STATUSBAR-IconMerger( 1133): checkOverflow(216), More:false, Req:false Child:3
12-10 11:11:54.115 D/STATUSBAR-PhoneStatusBar( 1133): mBrightnessEnablebySettings = true mBrightnessEnablebyBattery = true mBrightnessEnablebyDisableFlag = true
12-10 11:11:59.985 V/AlarmManager( 722): waitForAlarm result :8
12-10 11:12:00.005 D/KeyguardClockWidgetService(11126): onReceive action=android.intent.action.TIME_TICK
12-10 11:12:00.015 V/AlarmManager( 722): ClockReceiver onReceive() ACTION_TIME_TICK
12-10 11:12:00.095 D/STATUSBAR-IconMerger( 1133): checkOverflow(216), More:false, Req:false Child:3
12-10 11:12:02.905 I/PowerManagerService( 722): [PWL] Off : 330s ago
12-10 11:12:02.905 I/PowerManagerService( 722): [PWL] PowerManagerService.WakeLocks: ref count=1
12-10 11:12:02.905 I/PowerManagerService( 722): [PWL] mWakeLockSummary : 0x1
12-10 11:12:02.905 I/PowerManagerService( 722): [PWL] PARTIAL_WAKE_LOCK 'android.media.MediaPlayer' (uid=10015, pid=22137, ws=null) (elapsedTime=61463)
12-10 11:12:02.905 I/PowerManagerService( 722): [PWL] PARTIAL_WAKE_LOCK 'DirectTrack' (uid=1013, pid=311, ws=null) (elapsedTime=61279)
12-10 11:12:03.495 V/AlarmManager( 722): waitForAlarm result :2
12-10 11:12:17.155 D/TimaService( 722): TIMA: TimaService scheduler is intialized.
12-10 11:12:17.155 D/TimaService( 722): TIMA: checkEvent, operation: 50000 subject: 10000
12-10 11:12:17.155 D/TimaService( 722): TimaServiceHandler.handleMessage what =1
12-10 11:12:18.495 D/TimaService( 722): TIMA MEASUREMENT Result: TIMA_STATUS=0;MSG=Kernel Verification Success;
12-10 11:12:18.505 D/TimaService( 722): TIMA MEASUREMENT success status: TIMA_STATUS=0;MSG=Kernel Verification Success;
12-10 11:12:18.625 E/Watchdog( 722): !@Sync 14629
12-10 11:12:24.145 D/BatteryService( 722): update start
12-10 11:12:24.155 D/BatteryService( 722): level:84, scale:100, status:3, health:2, present:true, voltage: 4086, temperature: 258, technology: Li-ion, AC powered:false, USB powered:false, Wireless powered:false, icon:17303549, invalid charger:0, online:1, charge type:0, current avg:450
12-10 11:12:24.155 D/BatteryService( 722): Sending ACTION_BATTERY_CHANGED.
12-10 11:12:24.165 D/STATUSBAR-BatteryController( 1133): onReceive() - ACTION_BATTERY_CHANGED
12-10 11:12:24.165 D/STATUSBAR-BatteryController( 1133): onReceive() - BATTERY_STATUS_DISCHARGING: tw_stat_sys_battery
12-10 11:12:24.185 D/STATUSBAR-IconMerger( 1133): checkOverflow(216), More:false, Req:false Child:3
12-10 11:12:24.195 D/STATUSBAR-PhoneStatusBar( 1133): mBrightnessEnablebySettings = true mBrightnessEnablebyBattery = true mBrightnessEnablebyDisableFlag = true
12-10 11:12:33.465 V/AlarmManager( 722): waitForAlarm result :8
12-10 11:12:48.625 E/Watchdog( 722): !@Sync 14630
12-10 11:12:58.335 V/AlarmManager( 722): waitForAlarm result :4
12-10 11:12:58.345 V/AlarmManager( 722): trigger ELAPSED_REALTIME_WAKEUP or RTC_WAKEUP
12-10 11:12:58.375 D/BatteryService( 722): update start
12-10 11:12:58.395 D/BatteryService( 722): level:84, scale:100, status:3, health:2, present:true, voltage: 4082, temperature: 257, technology: Li-ion, AC powered:false, USB powered:false, Wireless powered:false, icon:17303549, invalid charger:0, online:1, charge type:0, current avg:450
12-10 11:12:58.395 D/BatteryService( 722): Sending ACTION_BATTERY_CHANGED.
12-10 11:12:58.425 D/STATUSBAR-BatteryController( 1133): onReceive() - ACTION_BATTERY_CHANGED
12-10 11:12:58.425 D/STATUSBAR-BatteryController( 1133): onReceive() - BATTERY_STATUS_DISCHARGING: tw_stat_sys_battery
12-10 11:12:58.425 D/STATUSBAR-PhoneStatusBar( 1133): mBrightnessEnablebySettings = true mBrightnessEnablebyBattery = true mBrightnessEnablebyDisableFlag = true
12-10 11:12:58.445 D/STATUSBAR-IconMerger( 1133): checkOverflow(216), More:false, Req:false Child:3
12-10 11:12:59.985 V/AlarmManager( 722): waitForAlarm result :8
12-10 11:13:00.005 D/KeyguardClockWidgetService(11126): onReceive action=android.intent.action.TIME_TICK
12-10 11:13:00.015 V/AlarmManager( 722): ClockReceiver onReceive() ACTION_TIME_TICK
12-10 11:13:00.095 D/STATUSBAR-IconMerger( 1133): checkOverflow(216), More:false, Req:false Child:3
12-10 11:13:02.915 I/PowerManagerService( 722): [PWL] Off : 390s ago
12-10 11:13:02.915 I/PowerManagerService( 722): [PWL] PowerManagerService.WakeLocks: ref count=1
12-10 11:13:02.915 I/PowerManagerService( 722): [PWL] mWakeLockSummary : 0x1
12-10 11:13:02.915 I/PowerManagerService( 722): [PWL] PARTIAL_WAKE_LOCK 'android.media.MediaPlayer' (uid=10015, pid=22137, ws=null) (elapsedTime=121468)
12-10 11:13:02.915 I/PowerManagerService( 722): [PWL] PARTIAL_WAKE_LOCK 'DirectTrack' (uid=1013, pid=311, ws=null) (elapsedTime=121284)
12-10 11:13:03.605 V/AlarmManager( 722): waitForAlarm result :2
12-10 11:13:09.745 V/AlarmManager( 722): waitForAlarm result :1
12-10 11:13:09.755 V/AlarmManager( 722): trigger ELAPSED_REALTIME_WAKEUP or RTC_WAKEUP
12-10 11:13:09.755 V/BackupManagerService( 722): Running a backup pass
12-10 11:13:09.805 V/BackupManagerService( 722): clearing pending backups
12-10 11:13:09.805 V/PerformBackupTask( 722): Beginning backup of 2 targets
12-10 11:13:09.985 D/PerformBackupTask( 722): invokeAgentForBackup on @pm@
12-10 11:13:10.035 I/PerformBackupTask( 722): no backup data written; not calling transport
12-10 11:13:10.045 D/PerformBackupTask( 722): starting agent for backup of BackupRequest{pkg=android}
12-10 11:13:10.045 D/BackupManagerService( 722): awaiting agent for ApplicationInfo{43959300 android}
12-10 11:13:10.045 D/BackupManagerService( 722): agentConnected pkg=android agent=android.app.backup.BackupAgent$BackupServiceBinder@47758420
12-10 11:13:10.045 I/BackupManagerService( 722): got agent android.app.backup.BackupAgent$BackupServiceBinder@47758420
12-10 11:13:10.055 D/PerformBackupTask( 722): invokeAgentForBackup on android
12-10 11:13:10.085 I/PerformBackupTask( 722): no backup data written; not calling transport
12-10 11:13:10.085 D/PerformBackupTask( 722): starting agent for backup of BackupRequest{pkg=com.android.providers.settings}
12-10 11:13:10.085 D/BackupManagerService( 722): awaiting agent for ApplicationInfo{43995750 com.android.providers.settings}
12-10 11:13:10.095 D/BackupManagerService( 722): agentConnected pkg=com.android.providers.settings agent=android.app.backup.BackupAgent$BackupServiceBinder@47474150
12-10 11:13:10.095 I/BackupManagerService( 722): got agent android.app.backup.BackupAgent$BackupServiceBinder@47474150
12-10 11:13:10.095 D/PerformBackupTask( 722): invokeAgentForBackup on com.android.providers.settings
12-10 11:13:11.365 I/PerformBackupTask( 722): Backup pass finished.
12-10 11:13:18.315 V/AlarmManager( 722): waitForAlarm result :4
12-10 11:13:18.325 D/LightsService( 722): [api] onReceive : SvcLEDReceiver re-enables LightSenor and sends MSG_FORCEDSVCLEDTASK
12-10 11:13:18.325 V/AlarmManager( 722): trigger ELAPSED_REALTIME_WAKEUP or RTC_WAKEUP
12-10 11:13:18.625 E/Watchdog( 722): !@Sync 14631
12-10 11:13:19.025 D/LightsService( 722): [SvcLED] Lux failed to be updated in 700ms. -> handleForcedSvcLEDTasK
12-10 11:13:19.025 D/LightsService( 722): [SvcLED] setSvcLedLightLocked :: Current SvcLED(id=4) maintains its priority right
12-10 11:13:28.475 D/BatteryService( 722): update start
12-10 11:13:28.475 D/BatteryService( 722): level:84, scale:100, status:3, health:2, present:true, voltage: 4088, temperature: 255, technology: Li-ion, AC powered:false, USB powered:false, Wireless powered:false, icon:17303549, invalid charger:0, online:1, charge type:0, current avg:450
12-10 11:13:28.475 D/BatteryService( 722): Sending ACTION_BATTERY_CHANGED.
12-10 11:13:28.485 D/STATUSBAR-BatteryController( 1133): onReceive() - ACTION_BATTERY_CHANGED
12-10 11:13:28.495 D/STATUSBAR-BatteryController( 1133): onReceive() - BATTERY_STATUS_DISCHARGING: tw_stat_sys_battery
12-10 11:13:28.565 D/STATUSBAR-IconMerger( 1133): checkOverflow(216), More:false, Req:false Child:3
12-10 11:13:28.565 D/STATUSBAR-PhoneStatusBar( 1133): mBrightnessEnablebySettings = true mBrightnessEnablebyBattery = true mBrightnessEnablebyDisableFlag = true
12-10 11:13:48.625 E/Watchdog( 722): !@Sync 14632
12-10 11:13:58.525 D/BatteryService( 722): update start
12-10 11:13:58.535 D/BatteryService( 722): level:84, scale:100, status:3, health:2, present:true, voltage: 4088, temperature: 254, technology: Li-ion, AC powered:false, USB powered:false, Wireless powered:false, icon:17303549, invalid charger:0, online:1, charge type:0, current avg:450
12-10 11:13:58.535 D/BatteryService( 722): Sending ACTION_BATTERY_CHANGED.
12-10 11:13:58.545 D/STATUSBAR-BatteryController( 1133): onReceive() - ACTION_BATTERY_CHANGED
12-10 11:13:58.545 D/STATUSBAR-BatteryController( 1133): onReceive() - BATTERY_STATUS_DISCHARGING: tw_stat_sys_battery
12-10 11:13:58.575 D/STATUSBAR-IconMerger( 1133): checkOverflow(216), More:false, Req:false Child:3
12-10 11:13:58.575 D/STATUSBAR-PhoneStatusBar( 1133): mBrightnessEnablebySettings = true mBrightnessEnablebyBattery = true mBrightnessEnablebyDisableFlag = true
12-10 11:13:59.995 V/AlarmManager( 722): waitForAlarm result :8
12-10 11:14:00.005 D/KeyguardClockWidgetService(11126): onReceive action=android.intent.action.TIME_TICK
12-10 11:14:00.025 V/AlarmManager( 722): ClockReceiver onReceive() ACTION_TIME_TICK
12-10 11:14:00.095 D/STATUSBAR-IconMerger( 1133): checkOverflow(216), More:false, Req:false Child:3
12-10 11:14:03.725 V/AlarmManager( 722): waitForAlarm result :2
12-10 11:14:07.915 I/PowerManagerService( 722): [PWL] Off : 455s ago
12-10 11:14:07.915 I/PowerManagerService( 722): [PWL] PowerManagerService.WakeLocks: ref count=1
12-10 11:14:07.915 I/PowerManagerService( 722): [PWL] mWakeLockSummary : 0x1
12-10 11:14:07.915 I/PowerManagerService( 722): [PWL] PARTIAL_WAKE_LOCK 'android.media.MediaPlayer' (uid=10015, pid=22137, ws=null) (elapsedTime=186473)
12-10 11:14:07.915 I/PowerManagerService( 722): [PWL] PARTIAL_WAKE_LOCK 'DirectTrack' (uid=1013, pid=311, ws=null) (elapsedTime=186288)
12-10 11:14:18.635 E/Watchdog( 722): !@Sync 14633
12-10 11:14:28.605 D/BatteryService( 722): update start
12-10 11:14:28.605 D/BatteryService( 722): level:84, scale:100, status:3, health:2, present:true, voltage: 4087, temperature: 253, technology: Li-ion, AC powered:false, USB powered:false, Wireless powered:false, icon:17303549, invalid charger:0, online:1, charge type:0, current avg:450
12-10 11:14:28.605 D/BatteryService( 722): Sending ACTION_BATTERY_CHANGED.
12-10 11:14:28.615 D/STATUSBAR-BatteryController( 1133): onReceive() - ACTION_BATTERY_CHANGED
12-10 11:14:28.625 D/STATUSBAR-BatteryController( 1133): onReceive() - BATTERY_STATUS_DISCHARGING: tw_stat_sys_battery
12-10 11:14:28.645 D/STATUSBAR-IconMerger( 1133): checkOverflow(216), More:false, Req:false Child:3
12-10 11:14:28.645 D/STATUSBAR-PhoneStatusBar( 1133): mBrightnessEnablebySettings = true mBrightnessEnablebyBattery = true mBrightnessEnablebyDisableFlag = true
12-10 11:14:48.635 E/Watchdog( 722): !@Sync 14634
12-10 11:15:00.005 V/AlarmManager( 722): waitForAlarm result :8
12-10 11:15:00.025 D/KeyguardClockWidgetService(11126): onReceive action=android.intent.action.TIME_TICK
12-10 11:15:00.045 D/BatteryService( 722): update start
12-10 11:15:00.045 D/BatteryService( 722): level:84, scale:100, status:3, health:2, present:true, voltage: 4087, temperature: 252, technology: Li-ion, AC powered:false, USB powered:false, Wireless powered:false, icon:17303549, invalid charger:0, online:1, charge type:0, current avg:450
12-10 11:15:00.045 D/BatteryService( 722): Sending ACTION_BATTERY_CHANGED.
12-10 11:15:00.065 V/AlarmManager( 722): ClockReceiver onReceive() ACTION_TIME_TICK
12-10 11:15:00.075 D/STATUSBAR-BatteryController( 1133): onReceive() - ACTION_BATTERY_CHANGED
12-10 11:15:00.075 D/STATUSBAR-BatteryController( 1133): onReceive() - BATTERY_STATUS_DISCHARGING: tw_stat_sys_battery
12-10 11:15:00.085 D/STATUSBAR-PhoneStatusBar( 1133): mBrightnessEnablebySettings = true mBrightnessEnablebyBattery = true mBrightnessEnablebyDisableFlag = true
12-10 11:15:00.125 D/STATUSBAR-IconMerger( 1133): checkOverflow(216), More:false, Req:false Child:3
12-10 11:15:00.185 D/STATUSBAR-IconMerger( 1133): checkOverflow(216), More:false, Req:false Child:3
12-10 11:15:03.835 V/AlarmManager( 722): waitForAlarm result :2
12-10 11:15:16.135 V/AlarmManager( 722): waitForAlarm result :8
12-10 11:15:17.915 I/PowerManagerService( 722): [PWL] Off : 525s ago
12-10 11:15:17.915 I/PowerManagerService( 722): [PWL] PowerManagerService.WakeLocks: ref count=1
12-10 11:15:17.915 I/PowerManagerService( 722): [PWL] mWakeLockSummary : 0x1
12-10 11:15:17.915 I/PowerManagerService( 722): [PWL] PARTIAL_WAKE_LOCK 'android.media.MediaPlayer' (uid=10015, pid=22137, ws=null) (elapsedTime=256476)
12-10 11:15:17.915 I/PowerManagerService( 722): [PWL] PARTIAL_WAKE_LOCK 'DirectTrack' (uid=1013, pid=311, ws=null) (elapsedTime=256291)
12-10 11:15:18.635 E/Watchdog( 722): !@Sync 14635
12-10 11:15:24.045 V/AlarmManager( 722): waitForAlarm result :4
12-10 11:15:24.055 V/AlarmManager( 722): trigger ELAPSED_REALTIME_WAKEUP or RTC_WAKEUP
12-10 11:15:27.165 D/ConnectivityService( 722): handleInetConditionHoldEnd: net=1, condition=0, published condition=0
12-10 11:15:27.165 D/ConnectivityService( 722): sendStickyBroadcast: action=android.net.conn.INET_CONDITION_ACTION
12-10 11:15:27.165 D/STATUSBAR-NetworkController( 1133): onReceive() - CONNECTIVITY_ACTION, INET_CONDITION_ACTION
12-10 11:15:27.175 D/STATUSBAR-NetworkController( 1133): isCdma(), !isCdmaEri(), mRoamingIconId = 0
12-10 11:15:27.175 D/STATUSBAR-NetworkController( 1133): isCdmaLTE - mSimStateUNKNOWN
12-10 11:15:30.095 D/BatteryService( 722): update start
12-10 11:15:30.105 D/BatteryService( 722): level:84, scale:100, status:3, health:2, present:true, voltage: 4087, temperature: 251, technology: Li-ion, AC powered:false, USB powered:false, Wireless powered:false, icon:17303549, invalid charger:0, online:1, charge type:0, current avg:450
12-10 11:15:30.105 D/BatteryService( 722): Sending ACTION_BATTERY_CHANGED.
12-10 11:15:30.115 D/STATUSBAR-BatteryController( 1133): onReceive() - ACTION_BATTERY_CHANGED
12-10 11:15:30.115 D/STATUSBAR-BatteryController( 1133): onReceive() - BATTERY_STATUS_DISCHARGING: tw_stat_sys_battery
12-10 11:15:30.135 D/STATUSBAR-IconMerger( 1133): checkOverflow(216), More:false, Req:false Child:3
12-10 11:15:30.145 D/STATUSBAR-PhoneStatusBar( 1133): mBrightnessEnablebySettings = true mBrightnessEnablebyBattery = true mBrightnessEnablebyDisableFlag = true
12-10 11:15:45.545 V/AlarmManager( 722): waitForAlarm result :4
12-10 11:15:47.165 D/STATUSBAR-StatusBarManagerService( 722): sendNotification(2) - 1337
12-10 11:15:47.315 D/STATUSBAR-StatusBarManagerService( 722): sendNotification(2) - 1337
12-10 11:15:47.875 D/STATUSBAR-StatusBarManagerService( 722): sendNotification(2) - 1337
12-10 11:15:47.905 D/STATUSBAR-StatusBarManagerService( 722): sendNotification(2) - 1337
12-10 11:15:48.425 D/MobileDataStateTracker( 722): default: setPolicyDataEnable(enabled=true)
12-10 11:15:48.635 E/Watchdog( 722): !@Sync 14636
12-10 11:15:55.015 D/MobileDataStateTracker( 722): default: setPolicyDataEnable(enabled=true)
12-10 11:15:57.925 D/MobileDataStateTracker( 722): default: setPolicyDataEnable(enabled=true)
12-10 11:15:58.465 D/CustomFrequencyManagerService( 722): acquireDVFSLockLocked : type : DVFS_MIN_LIMIT frequency : 883200 uid : 1000 pid : 722 pkgName : android@2
12-10 11:15:58.745 D/MobileDataStateTracker( 722): default: setPolicyDataEnable(enabled=true)
12-10 11:15:59.465 D/CustomFrequencyManagerService( 722): releaseDVFSLockLocked : Getting Lock type frm List : DVFS_MIN_LIMIT frequency : 883200 uid : 1000 pid : 722 tag : android@2
12-10 11:15:59.465 D/CustomFrequencyManagerService( 722): acquireDVFSLockLocked : type : DVFS_MIN_LIMIT frequency : 883200 uid : 1000 pid : 722 pkgName : android@2
12-10 11:15:59.475 D/MobileDataStateTracker( 722): default: setPolicyDataEnable(enabled=true)
12-10 11:15:59.985 V/AlarmManager( 722): waitForAlarm result :8
12-10 11:15:59.995 D/KeyguardClockWidgetService(11126): onReceive action=android.intent.action.TIME_TICK
12-10 11:16:00.005 V/AlarmManager( 722): ClockReceiver onReceive() ACTION_TIME_TICK
12-10 11:16:00.045 D/STATUSBAR-IconMerger( 1133): checkOverflow(216), More:false, Req:false Child:3
12-10 11:16:00.145 D/BatteryService( 722): update start
12-10 11:16:00.155 D/BatteryService( 722): level:84, scale:100, status:3, health:2, present:true, voltage: 4075, temperature: 251, technology: Li-ion, AC powered:false, USB powered:false, Wireless powered:false, icon:17303549, invalid charger:0, online:1, charge type:0, current avg:450
12-10 11:16:00.155 D/BatteryService( 722): Sending ACTION_BATTERY_CHANGED.
12-10 11:16:00.165 D/STATUSBAR-BatteryController( 1133): onReceive() - ACTION_BATTERY_CHANGED
12-10 11:16:00.165 D/STATUSBAR-BatteryController( 1133): onReceive() - BATTERY_STATUS_DISCHARGING: tw_stat_sys_battery
12-10 11:16:00.165 D/STATUSBAR-PhoneStatusBar( 1133): mBrightnessEnablebySettings = true mBrightnessEnablebyBattery = true mBrightnessEnablebyDisableFlag = true
12-10 11:16:00.185 D/STATUSBAR-IconMerger( 1133): checkOverflow(216), More:false, Req:false Child:3
12-10 11:16:01.465 D/CustomFrequencyManagerService( 722): releaseDVFSLockLocked : Getting Lock type frm List : DVFS_MIN_LIMIT frequency : 883200 uid : 1000 pid : 722 tag : android@2
12-10 11:16:03.965 V/AlarmManager( 722): waitForAlarm result :2
12-10 11:16:18.635 E/Watchdog( 722): !@Sync 14637
12-10 11:16:30.195 D/BatteryService( 722): update start
12-10 11:16:30.205 D/BatteryService( 722): level:84, scale:100, status:3, health:2, present:true, voltage: 4085, temperature: 250, technology: Li-ion, AC powered:false, USB powered:false, Wireless powered:false, icon:17303549, invalid charger:0, online:1, charge type:0, current avg:450
12-10 11:16:30.205 D/BatteryService( 722): Sending ACTION_BATTERY_CHANGED.
12-10 11:16:30.215 D/STATUSBAR-BatteryController( 1133): onReceive() - ACTION_BATTERY_CHANGED
12-10 11:16:30.215 D/STATUSBAR-BatteryController( 1133): onReceive() - BATTERY_STATUS_DISCHARGING: tw_stat_sys_battery
12-10 11:16:30.235 D/STATUSBAR-IconMerger( 1133): checkOverflow(216), More:false, Req:false Child:3
12-10 11:16:30.235 D/STATUSBAR-PhoneStatusBar( 1133): mBrightnessEnablebySettings = true mBrightnessEnablebyBattery = true mBrightnessEnablebyDisableFlag = true
12-10 11:16:32.925 I/PowerManagerService( 722): [PWL] Off : 600s ago
12-10 11:16:32.925 I/PowerManagerService( 722): [PWL] PowerManagerService.WakeLocks: ref count=1
12-10 11:16:32.925 I/PowerManagerService( 722): [PWL] mWakeLockSummary : 0x1
12-10 11:16:32.925 I/PowerManagerService( 722): [PWL] PARTIAL_WAKE_LOCK 'android.media.MediaPlayer' (uid=10015, pid=22137, ws=null) (elapsedTime=45317)
12-10 11:16:32.925 I/PowerManagerService( 722): [PWL] PARTIAL_WAKE_LOCK 'DirectTrack' (uid=1013, pid=311, ws=null) (elapsedTime=45161)
12-10 11:16:48.635 E/Watchdog( 722): !@Sync 14638
12-10 11:16:59.985 V/AlarmManager( 722): waitForAlarm result :8
12-10 11:17:00.005 D/KeyguardClockWidgetService(11126): onReceive action=android.intent.action.TIME_TICK
12-10 11:17:00.015 V/AlarmManager( 722): ClockReceiver onReceive() ACTION_TIME_TICK
12-10 11:17:00.095 D/STATUSBAR-IconMerger( 1133): checkOverflow(216), More:false, Req:false Child:3
12-10 11:17:00.245 D/BatteryService( 722): update start
12-10 11:17:00.265 D/BatteryService( 722): level:84, scale:100, status:3, health:2, present:true, voltage: 4085, temperature: 249, technology: Li-ion, AC powered:false, USB powered:false, Wireless powered:false, icon:17303549, invalid charger:0, online:1, charge type:0, current avg:450
12-10 11:17:00.265 D/BatteryService( 722): Sending ACTION_BATTERY_CHANGED.
12-10 11:17:00.325 D/STATUSBAR-BatteryController( 1133): onReceive() - ACTION_BATTERY_CHANGED
12-10 11:17:00.325 D/STATUSBAR-BatteryController( 1133): onReceive() - BATTERY_STATUS_DISCHARGING: tw_stat_sys_battery
12-10 11:17:00.335 D/STATUSBAR-PhoneStatusBar( 1133): mBrightnessEnablebySettings = true mBrightnessEnablebyBattery = true mBrightnessEnablebyDisableFlag = true
12-10 11:17:00.355 D/STATUSBAR-IconMerger( 1133): checkOverflow(216), More:false, Req:false Child:3
12-10 11:17:04.085 V/AlarmManager( 722): waitForAlarm result :2
12-10 11:17:17.145 D/TimaService( 722): TIMA: TimaService scheduler is intialized.
12-10 11:17:17.155 D/TimaService( 722): TIMA: checkEvent, operation: 50000 subject: 10000
12-10 11:17:17.155 D/TimaService( 722): TimaServiceHandler.handleMessage what =1
12-10 11:17:18.635 E/Watchdog( 722): !@Sync 14639
12-10 11:17:19.375 D/TimaService( 722): TIMA MEASUREMENT Result: TIMA_STATUS=0;MSG=Kernel Verification Success;
12-10 11:17:19.385 D/TimaService( 722): TIMA MEASUREMENT success status: TIMA_STATUS=0;MSG=Kernel Verification Success;
12-10 11:17:30.305 D/BatteryService( 722): update start
12-10 11:17:48.635 E/Watchdog( 722): !@Sync 14640
12-10 11:17:52.955 I/PowerManagerService( 722): [PWL] Off : 680s ago
12-10 11:17:52.955 I/PowerManagerService( 722): [PWL] PowerManagerService.WakeLocks: ref count=1
12-10 11:17:52.955 I/PowerManagerService( 722): [PWL] mWakeLockSummary : 0x1
12-10 11:17:52.955 I/PowerManagerService( 722): [PWL] PARTIAL_WAKE_LOCK 'android.media.MediaPlayer' (uid=10015, pid=22137, ws=null) (elapsedTime=125345)
12-10 11:17:52.955 I/PowerManagerService( 722): [PWL] PARTIAL_WAKE_LOCK 'DirectTrack' (uid=1013, pid=311, ws=null) (elapsedTime=125189)
12-10 11:17:59.985 V/AlarmManager( 722): waitForAlarm result :8
12-10 11:18:00.005 D/KeyguardClockWidgetService(11126): onReceive action=android.intent.action.TIME_TICK
12-10 11:18:00.015 V/AlarmManager( 722): ClockReceiver onReceive() ACTION_TIME_TICK
12-10 11:18:00.115 D/STATUSBAR-IconMerger( 1133): checkOverflow(216), More:false, Req:false Child:3
12-10 11:18:00.365 D/BatteryService( 722): update start
12-10 11:18:00.375 D/BatteryService( 722): level:84, scale:100, status:3, health:2, present:true, voltage: 4081, temperature: 248, technology: Li-ion, AC powered:false, USB powered:false, Wireless powered:false, icon:17303549, invalid charger:0, online:1, charge type:0, current avg:450
12-10 11:18:00.375 D/BatteryService( 722): Sending ACTION_BATTERY_CHANGED.
12-10 11:18:00.385 D/STATUSBAR-BatteryController( 1133): onReceive() - ACTION_BATTERY_CHANGED
12-10 11:18:00.385 D/STATUSBAR-BatteryController( 1133): onReceive() - BATTERY_STATUS_DISCHARGING: tw_stat_sys_battery
12-10 11:18:00.405 D/STATUSBAR-IconMerger( 1133): checkOverflow(216), More:false, Req:false Child:3
12-10 11:18:00.405 D/STATUSBAR-PhoneStatusBar( 1133): mBrightnessEnablebySettings = true mBrightnessEnablebyBattery = true mBrightnessEnablebyDisableFlag = true
12-10 11:18:04.205 V/AlarmManager( 722): waitForAlarm result :2
12-10 11:18:08.705 V/AlarmManager( 722): waitForAlarm result :2
12-10 11:18:18.635 E/Watchdog( 722): !@Sync 14641
12-10 11:18:30.475 D/BatteryService( 722): update start
12-10 11:18:30.475 D/BatteryService( 722): level:84, scale:100, status:3, health:2, present:true, voltage: 4088, temperature: 247, technology: Li-ion, AC powered:false, USB powered:false, Wireless powered:false, icon:17303549, invalid charger:0, online:1, charge type:0, current avg:450
12-10 11:18:30.475 D/BatteryService( 722): Sending ACTION_BATTERY_CHANGED.
12-10 11:18:30.485 D/STATUSBAR-BatteryController( 1133): onReceive() - ACTION_BATTERY_CHANGED
12-10 11:18:30.495 D/STATUSBAR-BatteryController( 1133): onReceive() - BATTERY_STATUS_DISCHARGING: tw_stat_sys_battery
12-10 11:18:30.515 D/STATUSBAR-IconMerger( 1133): checkOverflow(216), More:false, Req:false Child:3
12-10 11:18:30.515 D/STATUSBAR-PhoneStatusBar( 1133): mBrightnessEnablebySettings = true mBrightnessEnablebyBattery = true mBrightnessEnablebyDisableFlag = true
12-10 11:18:33.525 V/AlarmManager( 722): waitForAlarm result :8
12-10 11:18:41.023 V/AlarmManager( 722): waitForAlarm result :65536
12-10 11:18:41.063 D/KeyguardClockWidgetService(11126): onReceive action=android.intent.action.TIME_SET
12-10 11:18:41.103 D/STATUSBAR-StatusBarManagerService( 722): manageDisableList what=0x0 pkg=com.android.systemui
12-10 11:18:41.153 D/STATUSBAR-IconMerger( 1133): checkOverflow(216), More:false, Req:false Child:3
12-10 11:18:41.163 D/STATUSBAR-NotificationService( 722): received android.intent.action.DORMANT_MODE_OFF
12-10 11:18:41.163 D/LightsService( 722): [api] [SvcLED] turnOff:: id = 4 (uid: 1000 pid: 722)
12-10 11:18:41.163 D/LightsService( 722): [SvcLED] setSvcLedStateLocked:: SvcLEDState : 0x0 -> 0x0 | SvcLED(id=4) set Off
12-10 11:18:41.163 D/LightsService( 722): [SvcLED] Lux failed to be updated in 700ms. -> handleForcedSvcLEDTasK
12-10 11:18:41.163 D/LightsService( 722): [SvcLED] setSvcLedLightLocked :: Current SvcLED(id=4) maintains its priority right
12-10 11:18:41.603 D/KeyguardClockWidgetProvider(11126): refreshSingleClock :{Home} Hour = 11, Min = 18
12-10 11:18:41.693 D/KeyguardClockWidgetProvider(11126): desc Message = It is 11:18 AM
12-10 11:18:42.113 D/KeyguardClockWidgetProvider(11126): onReceive action=android.intent.action.TIME_SET
12-10 11:18:42.123 D/KeyguardClockWidgetProvider(11126): refreshSingleClock :{Home} Hour = 11, Min = 18
12-10 11:18:42.133 D/KeyguardClockWidgetProvider(11126): desc Message = It is 11:18 AM
12-10 11:18:42.163 W/BackupManagerService( 722): dataChanged but no participant pkg='com.android.providers.settings' uid=10120
12-10 11:18:42.173 W/BackupManagerService( 722): dataChanged but no participant pkg='com.android.providers.settings' uid=10120
12-10 11:18:42.183 W/BackupManagerService( 722): dataChanged but no participant pkg='com.android.providers.settings' uid=10120
12-10 11:18:46.362 V/AlarmManager( 722): waitForAlarm result :4
12-10 11:18:46.382 V/AlarmManager( 722): trigger ELAPSED_REALTIME_WAKEUP or RTC_WAKEUP
12-10 11:18:49.082 E/Watchdog( 722): !@Sync 14642
12-10 11:18:59.992 V/AlarmManager( 722): waitForAlarm result :8
12-10 11:19:00.002 D/KeyguardClockWidgetService(11126): onReceive action=android.intent.action.TIME_TICK
12-10 11:19:00.022 V/AlarmManager( 722): ClockReceiver onReceive() ACTION_TIME_TICK
12-10 11:19:00.092 D/STATUSBAR-IconMerger( 1133): checkOverflow(216), More:false, Req:false Child:3
12-10 11:19:00.972 D/BatteryService( 722): update start
12-10 11:19:00.982 D/BatteryService( 722): level:84, scale:100, status:3, health:2, present:true, voltage: 4078, temperature: 247, technology: Li-ion, AC powered:false, USB powered:false, Wireless powered:false, icon:17303549, invalid charger:0, online:1, charge type:0, current avg:450
12-10 11:19:00.982 D/BatteryService( 722): Sending ACTION_BATTERY_CHANGED.
12-10 11:19:00.992 D/STATUSBAR-BatteryController( 1133): onReceive() - ACTION_BATTERY_CHANGED
12-10 11:19:00.992 D/STATUSBAR-BatteryController( 1133): onReceive() - BATTERY_STATUS_DISCHARGING: tw_stat_sys_battery
12-10 11:19:01.022 D/STATUSBAR-IconMerger( 1133): checkOverflow(216), More:false, Req:false Child:3
12-10 11:19:01.022 D/STATUSBAR-PhoneStatusBar( 1133): mBrightnessEnablebySettings = true mBrightnessEnablebyBattery = true mBrightnessEnablebyDisableFlag = true
12-10 11:19:04.472 V/AlarmManager( 722): waitForAlarm result :2
12-10 11:19:18.412 I/PowerManagerService( 722): [PWL] Off : 765s ago
12-10 11:19:18.412 I/PowerManagerService( 722): [PWL] PowerManagerService.WakeLocks: ref count=1
12-10 11:19:18.412 I/PowerManagerService( 722): [PWL] mWakeLockSummary : 0x1
12-10 11:19:18.412 I/PowerManagerService( 722): [PWL] PARTIAL_WAKE_LOCK 'android.media.MediaPlayer' (uid=10015, pid=22137, ws=null) (elapsedTime=210360)
12-10 11:19:18.412 I/PowerManagerService( 722): [PWL] PARTIAL_WAKE_LOCK 'DirectTrack' (uid=1013, pid=311, ws=null) (elapsedTime=210203)
12-10 11:19:19.082 E/Watchdog( 722): !@Sync 14643
12-10 11:19:27.332 D/STATUSBAR-StatusBarManagerService( 722): sendNotification(2) - 1337
12-10 11:19:27.532 D/STATUSBAR-StatusBarManagerService( 722): sendNotification(2) - 1337
12-10 11:19:28.342 D/STATUSBAR-StatusBarManagerService( 722): sendNotification(2) - 1337
12-10 11:19:28.432 D/STATUSBAR-StatusBarManagerService( 722): sendNotification(2) - 1337
12-10 11:19:31.022 D/BatteryService( 722): update start
12-10 11:19:31.032 D/BatteryService( 722): level:84, scale:100, status:3, health:2, present:true, voltage: 4073, temperature: 247, technology: Li-ion, AC powered:false, USB powered:false, Wireless powered:false, icon:17303549, invalid charger:0, online:1, charge type:0, current avg:450
12-10 11:19:31.032 D/BatteryService( 722): Sending ACTION_BATTERY_CHANGED.
12-10 11:19:31.052 D/STATUSBAR-BatteryController( 1133): onReceive() - ACTION_BATTERY_CHANGED
12-10 11:19:31.052 D/STATUSBAR-BatteryController( 1133): onReceive() - BATTERY_STATUS_DISCHARGING: tw_stat_sys_battery
12-10 11:19:31.072 D/STATUSBAR-IconMerger( 1133): checkOverflow(216), More:false, Req:false Child:3
12-10 11:19:31.072 D/STATUSBAR-PhoneStatusBar( 1133): mBrightnessEnablebySettings = true mBrightnessEnablebyBattery = true mBrightnessEnablebyDisableFlag = true
12-10 11:19:33.372 D/MobileDataStateTracker( 722): default: setPolicyDataEnable(enabled=true)
12-10 11:19:33.942 D/CustomFrequencyManagerService( 722): acquireDVFSLockLocked : type : DVFS_MIN_LIMIT frequency : 883200 uid : 1000 pid : 722 pkgName : android@2
12-10 11:19:34.002 D/MobileDataStateTracker( 722): default: setPolicyDataEnable(enabled=true)
12-10 11:19:34.652 D/MobileDataStateTracker( 722): default: setPolicyDataEnable(enabled=true)
12-10 11:19:34.952 D/CustomFrequencyManagerService( 722): releaseDVFSLockLocked : Getting Lock type frm List : DVFS_MIN_LIMIT frequency : 883200 uid : 1000 pid : 722 tag : android@2
12-10 11:19:34.952 D/CustomFrequencyManagerService( 722): acquireDVFSLockLocked : type : DVFS_MIN_LIMIT frequency : 883200 uid : 1000 pid : 722 pkgName : android@2
12-10 11:19:35.952 D/CustomFrequencyManagerService( 722): releaseDVFSLockLocked : Getting Lock type frm List : DVFS_MIN_LIMIT frequency : 883200 uid : 1000 pid : 722 tag : android@2
12-10 11:19:35.952 D/CustomFrequencyManagerService( 722): acquireDVFSLockLocked : type : DVFS_MIN_LIMIT frequency : 883200 uid : 1000 pid : 722 pkgName : android@2
12-10 11:19:37.962 D/CustomFrequencyManagerService( 722): releaseDVFSLockLocked : Getting Lock type frm List : DVFS_MIN_LIMIT frequency : 883200 uid : 1000 pid : 722 tag : android@2
12-10 11:19:49.082 E/Watchdog( 722): !@Sync 14644
12-10 11:19:59.992 V/AlarmManager( 722): waitForAlarm result :8
12-10 11:20:00.002 D/KeyguardClockWidgetService(11126): onReceive action=android.intent.action.TIME_TICK
12-10 11:20:00.022 V/AlarmManager( 722): ClockReceiver onReceive() ACTION_TIME_TICK
12-10 11:20:00.092 D/STATUSBAR-IconMerger( 1133): checkOverflow(216), More:false, Req:false Child:3
12-10 11:20:01.102 D/BatteryService( 722): update start
12-10 11:20:01.112 D/BatteryService( 722): level:84, scale:100, status:3, health:2, present:true, voltage: 4082, temperature: 246, technology: Li-ion, AC powered:false, USB powered:false, Wireless powered:false, icon:17303549, invalid charger:0, online:1, charge type:0, current avg:450
12-10 11:20:01.112 D/BatteryService( 722): Sending ACTION_BATTERY_CHANGED.
12-10 11:20:01.122 D/STATUSBAR-BatteryController( 1133): onReceive() - ACTION_BATTERY_CHANGED
12-10 11:20:01.132 D/STATUSBAR-BatteryController( 1133): onReceive() - BATTERY_STATUS_DISCHARGING: tw_stat_sys_battery
12-10 11:20:01.152 D/STATUSBAR-IconMerger( 1133): checkOverflow(216), More:false, Req:false Child:3
12-10 11:20:01.152 D/STATUSBAR-PhoneStatusBar( 1133): mBrightnessEnablebySettings = true mBrightnessEnablebyBattery = true mBrightnessEnablebyDisableFlag = true
12-10 11:20:04.612 V/AlarmManager( 722): waitForAlarm result :2
12-10 11:20:19.082 E/Watchdog( 722): !@Sync 14645
12-10 11:20:24.612 V/AlarmManager( 722): waitForAlarm result :4
12-10 11:20:24.622 V/AlarmManager( 722): trigger ELAPSED_REALTIME_WAKEUP or RTC_WAKEUP
12-10 11:20:27.702 D/ConnectivityService( 722): handleInetConditionHoldEnd: net=1, condition=0, published condition=0
12-10 11:20:27.702 D/ConnectivityService( 722): sendStickyBroadcast: action=android.net.conn.INET_CONDITION_ACTION
12-10 11:20:27.712 D/STATUSBAR-NetworkController( 1133): onReceive() - CONNECTIVITY_ACTION, INET_CONDITION_ACTION
12-10 11:20:27.712 D/STATUSBAR-NetworkController( 1133): isCdma(), !isCdmaEri(), mRoamingIconId = 0
12-10 11:20:27.722 D/STATUSBAR-NetworkController( 1133): isCdmaLTE - mSimStateUNKNOWN
12-10 11:20:31.162 D/BatteryService( 722): update start
12-10 11:20:31.162 D/BatteryService( 722): level:84, scale:100, status:3, health:2, present:true, voltage: 4085, temperature: 246, technology: Li-ion, AC powered:false, USB powered:false, Wireless powered:false, icon:17303549, invalid charger:0, online:1, charge type:0, current avg:450
12-10 11:20:31.172 D/BatteryService( 722): Sending ACTION_BATTERY_CHANGED.
12-10 11:20:31.182 D/STATUSBAR-BatteryController( 1133): onReceive() - ACTION_BATTERY_CHANGED
12-10 11:20:31.182 D/STATUSBAR-BatteryController( 1133): onReceive() - BATTERY_STATUS_DISCHARGING: tw_stat_sys_battery
12-10 11:20:31.202 D/STATUSBAR-IconMerger( 1133): checkOverflow(216), More:false, Req:false Child:3
12-10 11:20:31.202 D/STATUSBAR-PhoneStatusBar( 1133): mBrightnessEnablebySettings = true mBrightnessEnablebyBattery = true mBrightnessEnablebyDisableFlag = true
12-10 11:20:48.422 I/PowerManagerService( 722): [PWL] Off : 855s ago
12-10 11:20:48.422 I/PowerManagerService( 722): [PWL] PowerManagerService.WakeLocks: ref count=1
12-10 11:20:48.422 I/PowerManagerService( 722): [PWL] mWakeLockSummary : 0x1
12-10 11:20:48.422 I/PowerManagerService( 722): [PWL] PARTIAL_WAKE_LOCK 'android.media.MediaPlayer' (uid=10015, pid=22137, ws=null) (elapsedTime=80670)
12-10 11:20:48.422 I/PowerManagerService( 722): [PWL] PARTIAL_WAKE_LOCK 'DirectTrack' (uid=1013, pid=311, ws=null) (elapsedTime=80476)
12-10 11:20:49.082 E/Watchdog( 722): !@Sync 14646
12-10 11:20:59.992 V/AlarmManager( 722): waitForAlarm result :8
12-10 11:21:00.002 D/KeyguardClockWidgetService(11126): onReceive action=android.intent.action.TIME_TICK
12-10 11:21:00.012 V/AlarmManager( 722): ClockReceiver onReceive() ACTION_TIME_TICK
12-10 11:21:00.092 D/STATUSBAR-IconMerger( 1133): checkOverflow(216), More:false, Req:false Child:3
12-10 11:21:01.262 D/BatteryService( 722): update start
