12-10 11:34:21.693 D/ProgressBar(22137): setProgress = 367
12-10 11:34:21.693 D/ProgressBar(22137): setProgress = 367, fromUser = false
12-10 11:34:21.693 D/ProgressBar(22137): mProgress = 366mIndeterminate = false, mMin = 0, mMax = 2750
12-10 11:34:21.693 V/StagefrightPlayer( 311): getCurrentPosition
12-10 11:34:21.703 V/AudioSessionOutALSA( 311): Timestamp returned = 36749666
12-10 11:34:21.703 V/MediaPlayer-JNI(22137): getCurrentPosition: 36750 (msec)
12-10 11:34:21.793 V/StagefrightPlayer( 311): getCurrentPosition
12-10 11:34:21.803 V/AudioSessionOutALSA( 311): Timestamp returned = 36845666
12-10 11:34:21.803 V/MediaPlayer-JNI(22137): getCurrentPosition: 36846 (msec)
12-10 11:34:21.803 D/ProgressBar(22137): setProgress = 368
12-10 11:34:21.803 D/ProgressBar(22137): setProgress = 368, fromUser = false
12-10 11:34:21.803 D/ProgressBar(22137): mProgress = 367mIndeterminate = false, mMin = 0, mMax = 2750
12-10 11:34:21.803 V/StagefrightPlayer( 311): getCurrentPosition
12-10 11:34:21.823 V/AudioSessionOutALSA( 311): Timestamp returned = 36856333
12-10 11:34:21.823 V/MediaPlayer-JNI(22137): getCurrentPosition: 36856 (msec)
12-10 11:34:21.903 V/StagefrightPlayer( 311): getCurrentPosition
12-10 11:34:21.923 V/AudioSessionOutALSA( 311): Timestamp returned = 36952333
12-10 11:34:21.923 V/MediaPlayer-JNI(22137): getCurrentPosition: 36952 (msec)
12-10 11:34:21.923 D/ProgressBar(22137): setProgress = 369
12-10 11:34:21.923 D/ProgressBar(22137): setProgress = 369, fromUser = false
12-10 11:34:21.923 D/ProgressBar(22137): mProgress = 368mIndeterminate = false, mMin = 0, mMax = 2750
12-10 11:34:21.923 V/StagefrightPlayer( 311): getCurrentPosition
12-10 11:34:21.933 V/AudioSessionOutALSA( 311): Timestamp returned = 36973666
12-10 11:34:21.933 V/MediaPlayer-JNI(22137): getCurrentPosition: 36974 (msec)
12-10 11:34:22.023 V/StagefrightPlayer( 311): getCurrentPosition
12-10 11:34:22.033 V/AudioSessionOutALSA( 311): Timestamp returned = 37080333
12-10 11:34:22.033 V/MediaPlayer-JNI(22137): getCurrentPosition: 37080 (msec)
12-10 11:34:22.033 D/ProgressBar(22137): setProgress = 370
12-10 11:34:22.033 D/ProgressBar(22137): setProgress = 370, fromUser = false
12-10 11:34:22.033 D/ProgressBar(22137): mProgress = 369mIndeterminate = false, mMin = 0, mMax = 2750
12-10 11:34:22.033 V/StagefrightPlayer( 311): getCurrentPosition
12-10 11:34:22.043 V/AudioSessionOutALSA( 311): Timestamp returned = 37091000
12-10 11:34:22.043 V/MediaPlayer-JNI(22137): getCurrentPosition: 37091 (msec)
12-10 11:34:22.133 V/StagefrightPlayer( 311): getCurrentPosition
12-10 11:34:22.143 V/AudioSessionOutALSA( 311): Timestamp returned = 37187000
12-10 11:34:22.143 V/MediaPlayer-JNI(22137): getCurrentPosition: 37187 (msec)
12-10 11:34:22.143 D/ProgressBar(22137): setProgress = 371
12-10 11:34:22.143 D/ProgressBar(22137): setProgress = 371, fromUser = false
12-10 11:34:22.143 D/ProgressBar(22137): mProgress = 370mIndeterminate = false, mMin = 0, mMax = 2750
12-10 11:34:22.153 V/StagefrightPlayer( 311): getCurrentPosition
12-10 11:34:22.163 V/AudioSessionOutALSA( 311): Timestamp returned = 37208333
12-10 11:34:22.163 V/MediaPlayer-JNI(22137): getCurrentPosition: 37208 (msec)
12-10 11:34:22.183 I/Monitor ( 722): SIOP:: Current AP = 260, CP = 0
12-10 11:34:22.183 I/AmoledAdjustTimer( 722): prevTemp = 244, currTemp = 243, prevStep = 4, currStep = 4
12-10 11:34:22.253 V/StagefrightPlayer( 311): getCurrentPosition
12-10 11:34:22.263 V/AudioSessionOutALSA( 311): Timestamp returned = 37304333
12-10 11:34:22.263 V/MediaPlayer-JNI(22137): getCurrentPosition: 37304 (msec)
12-10 11:34:22.263 D/ProgressBar(22137): setProgress = 373
12-10 11:34:22.263 D/ProgressBar(22137): setProgress = 373, fromUser = false
12-10 11:34:22.263 D/ProgressBar(22137): mProgress = 371mIndeterminate = false, mMin = 0, mMax = 2750
12-10 11:34:22.263 V/StagefrightPlayer( 311): getCurrentPosition
12-10 11:34:22.283 V/AudioSessionOutALSA( 311): Timestamp returned = 37315000
12-10 11:34:22.283 V/MediaPlayer-JNI(22137): getCurrentPosition: 37315 (msec)
12-10 11:34:22.363 V/StagefrightPlayer( 311): getCurrentPosition
12-10 11:34:22.373 V/AudioSessionOutALSA( 311): Timestamp returned = 37411000
12-10 11:34:22.373 V/MediaPlayer-JNI(22137): getCurrentPosition: 37411 (msec)
12-10 11:34:22.373 D/ProgressBar(22137): setProgress = 374
12-10 11:34:22.373 D/ProgressBar(22137): setProgress = 374, fromUser = false
12-10 11:34:22.373 D/ProgressBar(22137): mProgress = 373mIndeterminate = false, mMin = 0, mMax = 2750
12-10 11:34:22.383 V/StagefrightPlayer( 311): getCurrentPosition
12-10 11:34:22.393 V/AudioSessionOutALSA( 311): Timestamp returned = 37432333
12-10 11:34:22.393 V/MediaPlayer-JNI(22137): getCurrentPosition: 37432 (msec)
12-10 11:34:22.483 V/StagefrightPlayer( 311): getCurrentPosition
12-10 11:34:22.493 V/AudioSessionOutALSA( 311): Timestamp returned = 37539000
12-10 11:34:22.493 V/MediaPlayer-JNI(22137): getCurrentPosition: 37539 (msec)
12-10 11:34:22.493 D/ProgressBar(22137): setProgress = 375
12-10 11:34:22.493 D/ProgressBar(22137): setProgress = 375, fromUser = false
12-10 11:34:22.493 D/ProgressBar(22137): mProgress = 374mIndeterminate = false, mMin = 0, mMax = 2750
12-10 11:34:22.493 V/StagefrightPlayer( 311): getCurrentPosition
12-10 11:34:22.513 V/AudioSessionOutALSA( 311): Timestamp returned = 37549666
12-10 11:34:22.513 V/MediaPlayer-JNI(22137): getCurrentPosition: 37550 (msec)
12-10 11:34:22.563 V/StagefrightPlayer( 311): getCurrentPosition
12-10 11:34:22.573 V/AudioSessionOutALSA( 311): Timestamp returned = 37613666
12-10 11:34:22.573 V/MediaPlayer-JNI(22137): getCurrentPosition: 37614 (msec)
12-10 11:34:22.593 V/StagefrightPlayer( 311): getCurrentPosition
12-10 11:34:22.603 V/AudioSessionOutALSA( 311): Timestamp returned = 37645666
12-10 11:34:22.603 V/MediaPlayer-JNI(22137): getCurrentPosition: 37646 (msec)
12-10 11:34:22.603 D/ProgressBar(22137): setProgress = 376
12-10 11:34:22.603 D/ProgressBar(22137): setProgress = 376, fromUser = false
12-10 11:34:22.613 D/ProgressBar(22137): mProgress = 375mIndeterminate = false, mMin = 0, mMax = 2750
12-10 11:34:22.613 V/StagefrightPlayer( 311): getCurrentPosition
12-10 11:34:22.623 V/AudioSessionOutALSA( 311): Timestamp returned = 37667000
12-10 11:34:22.623 V/MediaPlayer-JNI(22137): getCurrentPosition: 37667 (msec)
12-10 11:34:22.683 V/StagefrightPlayer( 311): getCurrentPosition
12-10 11:34:22.693 V/AudioSessionOutALSA( 311): Timestamp returned = 37731000
12-10 11:34:22.693 V/MediaPlayer-JNI(22137): getCurrentPosition: 37731 (msec)
12-10 11:34:22.723 V/StagefrightPlayer( 311): getCurrentPosition
12-10 11:34:22.733 V/AudioSessionOutALSA( 311): Timestamp returned = 37763000
12-10 11:34:22.733 V/MediaPlayer-JNI(22137): getCurrentPosition: 37763 (msec)
12-10 11:34:22.733 D/ProgressBar(22137): setProgress = 377
12-10 11:34:22.733 D/ProgressBar(22137): setProgress = 377, fromUser = false
12-10 11:34:22.733 D/ProgressBar(22137): mProgress = 376mIndeterminate = false, mMin = 0, mMax = 2750
12-10 11:34:22.733 V/StagefrightPlayer( 311): getCurrentPosition
12-10 11:34:22.743 V/AudioSessionOutALSA( 311): Timestamp returned = 37784333
12-10 11:34:22.743 V/MediaPlayer-JNI(22137): getCurrentPosition: 37784 (msec)
12-10 11:34:22.833 V/StagefrightPlayer( 311): getCurrentPosition
12-10 11:34:22.843 V/AudioSessionOutALSA( 311): Timestamp returned = 37891000
12-10 11:34:22.843 V/MediaPlayer-JNI(22137): getCurrentPosition: 37891 (msec)
12-10 11:34:22.843 D/ProgressBar(22137): setProgress = 378
12-10 11:34:22.843 D/ProgressBar(22137): setProgress = 378, fromUser = false
12-10 11:34:22.843 D/ProgressBar(22137): mProgress = 377mIndeterminate = false, mMin = 0, mMax = 2750
12-10 11:34:22.853 V/StagefrightPlayer( 311): getCurrentPosition
12-10 11:34:22.863 V/AudioSessionOutALSA( 311): Timestamp returned = 37901666
12-10 11:34:22.863 V/MediaPlayer-JNI(22137): getCurrentPosition: 37902 (msec)
12-10 11:34:22.953 V/StagefrightPlayer( 311): getCurrentPosition
12-10 11:34:22.963 V/AudioSessionOutALSA( 311): Timestamp returned = 38008333
12-10 11:34:22.963 V/MediaPlayer-JNI(22137): getCurrentPosition: 38008 (msec)
12-10 11:34:22.963 D/ProgressBar(22137): setProgress = 380
12-10 11:34:22.963 D/ProgressBar(22137): setProgress = 380, fromUser = false
12-10 11:34:22.963 D/ProgressBar(22137): mProgress = 378mIndeterminate = false, mMin = 0, mMax = 2750
12-10 11:34:22.963 V/StagefrightPlayer( 311): getCurrentPosition
12-10 11:34:22.983 V/AudioSessionOutALSA( 311): Timestamp returned = 38019000
12-10 11:34:22.983 V/MediaPlayer-JNI(22137): getCurrentPosition: 38019 (msec)
12-10 11:34:23.063 V/StagefrightPlayer( 311): getCurrentPosition
12-10 11:34:23.083 V/AudioSessionOutALSA( 311): Timestamp returned = 38115000
12-10 11:34:23.083 V/MediaPlayer-JNI(22137): getCurrentPosition: 38115 (msec)
12-10 11:34:23.083 D/ProgressBar(22137): setProgress = 381
12-10 11:34:23.083 D/ProgressBar(22137): setProgress = 381, fromUser = false
12-10 11:34:23.083 D/ProgressBar(22137): mProgress = 380mIndeterminate = false, mMin = 0, mMax = 2750
12-10 11:34:23.083 V/StagefrightPlayer( 311): getCurrentPosition
12-10 11:34:23.093 V/AudioSessionOutALSA( 311): Timestamp returned = 38136333
12-10 11:34:23.093 V/MediaPlayer-JNI(22137): getCurrentPosition: 38136 (msec)
12-10 11:34:23.183 V/StagefrightPlayer( 311): getCurrentPosition
12-10 11:34:23.193 V/AudioSessionOutALSA( 311): Timestamp returned = 38232333
12-10 11:34:23.193 V/MediaPlayer-JNI(22137): getCurrentPosition: 38232 (msec)
12-10 11:34:23.193 D/ProgressBar(22137): setProgress = 382
12-10 11:34:23.193 D/ProgressBar(22137): setProgress = 382, fromUser = false
12-10 11:34:23.193 D/ProgressBar(22137): mProgress = 381mIndeterminate = false, mMin = 0, mMax = 2750
12-10 11:34:23.193 V/StagefrightPlayer( 311): getCurrentPosition
12-10 11:34:23.213 V/AudioSessionOutALSA( 311): Timestamp returned = 38243000
12-10 11:34:23.213 V/MediaPlayer-JNI(22137): getCurrentPosition: 38243 (msec)
12-10 11:34:23.293 V/StagefrightPlayer( 311): getCurrentPosition
12-10 11:34:23.313 V/AudioSessionOutALSA( 311): Timestamp returned = 38349666
12-10 11:34:23.313 V/MediaPlayer-JNI(22137): getCurrentPosition: 38350 (msec)
12-10 11:34:23.313 D/ProgressBar(22137): setProgress = 383
12-10 11:34:23.313 D/ProgressBar(22137): setProgress = 383, fromUser = false
12-10 11:34:23.313 D/ProgressBar(22137): mProgress = 382mIndeterminate = false, mMin = 0, mMax = 2750
12-10 11:34:23.313 V/StagefrightPlayer( 311): getCurrentPosition
12-10 11:34:23.323 V/AudioSessionOutALSA( 311): Timestamp returned = 38371000
12-10 11:34:23.323 V/MediaPlayer-JNI(22137): getCurrentPosition: 38371 (msec)
12-10 11:34:23.413 V/StagefrightPlayer( 311): getCurrentPosition
12-10 11:34:23.423 V/AudioSessionOutALSA( 311): Timestamp returned = 38467000
12-10 11:34:23.423 V/MediaPlayer-JNI(22137): getCurrentPosition: 38467 (msec)
12-10 11:34:23.423 D/ProgressBar(22137): setProgress = 384
12-10 11:34:23.423 D/ProgressBar(22137): setProgress = 384, fromUser = false
12-10 11:34:23.423 D/ProgressBar(22137): mProgress = 383mIndeterminate = false, mMin = 0, mMax = 2750
12-10 11:34:23.423 V/StagefrightPlayer( 311): getCurrentPosition
12-10 11:34:23.443 V/AudioSessionOutALSA( 311): Timestamp returned = 38477666
12-10 11:34:23.443 V/MediaPlayer-JNI(22137): getCurrentPosition: 38478 (msec)
12-10 11:34:23.523 V/StagefrightPlayer( 311): getCurrentPosition
12-10 11:34:23.533 V/AudioSessionOutALSA( 311): Timestamp returned = 38573666
12-10 11:34:23.543 V/MediaPlayer-JNI(22137): getCurrentPosition: 38574 (msec)
12-10 11:34:23.543 D/ProgressBar(22137): setProgress = 385
12-10 11:34:23.543 D/ProgressBar(22137): setProgress = 385, fromUser = false
12-10 11:34:23.543 D/ProgressBar(22137): mProgress = 384mIndeterminate = false, mMin = 0, mMax = 2750
12-10 11:34:23.573 V/StagefrightPlayer( 311): getCurrentPosition
12-10 11:34:23.583 V/AudioSessionOutALSA( 311): Timestamp returned = 38627000
12-10 11:34:23.583 V/MediaPlayer-JNI(22137): getCurrentPosition: 38627 (msec)
12-10 11:34:23.583 V/StagefrightPlayer( 311): getCurrentPosition
12-10 11:34:23.593 V/AudioSessionOutALSA( 311): Timestamp returned = 38637666
12-10 11:34:23.603 V/MediaPlayer-JNI(22137): getCurrentPosition: 38638 (msec)
12-10 11:34:23.673 V/StagefrightPlayer( 311): getCurrentPosition
12-10 11:34:23.683 V/AudioSessionOutALSA( 311): Timestamp returned = 38723000
12-10 11:34:23.683 V/MediaPlayer-JNI(22137): getCurrentPosition: 38723 (msec)
12-10 11:34:23.683 D/ProgressBar(22137): setProgress = 387
12-10 11:34:23.683 D/ProgressBar(22137): setProgress = 387, fromUser = false
12-10 11:34:23.683 D/ProgressBar(22137): mProgress = 385mIndeterminate = false, mMin = 0, mMax = 2750
12-10 11:34:23.693 V/StagefrightPlayer( 311): getCurrentPosition
12-10 11:34:23.703 V/AudioSessionOutALSA( 311): Timestamp returned = 38733666
12-10 11:34:23.703 V/MediaPlayer-JNI(22137): getCurrentPosition: 38734 (msec)
12-10 11:34:23.703 V/StagefrightPlayer( 311): getCurrentPosition
12-10 11:34:23.713 V/AudioSessionOutALSA( 311): Timestamp returned = 38755000
12-10 11:34:23.713 V/MediaPlayer-JNI(22137): getCurrentPosition: 38755 (msec)
12-10 11:34:23.793 V/StagefrightPlayer( 311): getCurrentPosition
12-10 11:34:23.813 V/AudioSessionOutALSA( 311): Timestamp returned = 38851000
12-10 11:34:23.813 V/MediaPlayer-JNI(22137): getCurrentPosition: 38851 (msec)
12-10 11:34:23.813 D/ProgressBar(22137): setProgress = 388
12-10 11:34:23.813 D/ProgressBar(22137): setProgress = 388, fromUser = false
12-10 11:34:23.813 D/ProgressBar(22137): mProgress = 387mIndeterminate = false, mMin = 0, mMax = 2750
12-10 11:34:23.813 V/StagefrightPlayer( 311): getCurrentPosition
12-10 11:34:23.823 V/AudioSessionOutALSA( 311): Timestamp returned = 38861666
12-10 11:34:23.823 V/MediaPlayer-JNI(22137): getCurrentPosition: 38862 (msec)
12-10 11:34:23.913 V/StagefrightPlayer( 311): getCurrentPosition
12-10 11:34:23.923 V/AudioSessionOutALSA( 311): Timestamp returned = 38968333
12-10 11:34:23.923 V/MediaPlayer-JNI(22137): getCurrentPosition: 38968 (msec)
12-10 11:34:23.923 D/ProgressBar(22137): setProgress = 389
12-10 11:34:23.923 D/ProgressBar(22137): setProgress = 389, fromUser = false
12-10 11:34:23.923 D/ProgressBar(22137): mProgress = 388mIndeterminate = false, mMin = 0, mMax = 2750
12-10 11:34:23.923 V/StagefrightPlayer( 311): getCurrentPosition
12-10 11:34:23.933 V/AudioSessionOutALSA( 311): Timestamp returned = 38979000
12-10 11:34:23.933 V/MediaPlayer-JNI(22137): getCurrentPosition: 38979 (msec)
12-10 11:34:24.023 V/StagefrightPlayer( 311): getCurrentPosition
12-10 11:34:24.033 V/AudioSessionOutALSA( 311): Timestamp returned = 39075000
12-10 11:34:24.033 V/MediaPlayer-JNI(22137): getCurrentPosition: 39075 (msec)
12-10 11:34:24.033 D/ProgressBar(22137): setProgress = 390
12-10 11:34:24.033 D/ProgressBar(22137): setProgress = 390, fromUser = false
12-10 11:34:24.033 D/ProgressBar(22137): mProgress = 389mIndeterminate = false, mMin = 0, mMax = 2750
12-10 11:34:24.043 V/StagefrightPlayer( 311): getCurrentPosition
12-10 11:34:24.053 V/AudioSessionOutALSA( 311): Timestamp returned = 39085666
12-10 11:34:24.053 V/MediaPlayer-JNI(22137): getCurrentPosition: 39086 (msec)
12-10 11:34:24.143 V/StagefrightPlayer( 311): getCurrentPosition
12-10 11:34:24.153 V/AudioSessionOutALSA( 311): Timestamp returned = 39181666
12-10 11:34:24.153 V/MediaPlayer-JNI(22137): getCurrentPosition: 39182 (msec)
12-10 11:34:24.153 D/ProgressBar(22137): setProgress = 391
12-10 11:34:24.153 D/ProgressBar(22137): setProgress = 391, fromUser = false
12-10 11:34:24.153 D/ProgressBar(22137): mProgress = 390mIndeterminate = false, mMin = 0, mMax = 2750
12-10 11:34:24.153 V/StagefrightPlayer( 311): getCurrentPosition
12-10 11:34:24.163 V/AudioSessionOutALSA( 311): Timestamp returned = 39203000
12-10 11:34:24.163 V/MediaPlayer-JNI(22137): getCurrentPosition: 39203 (msec)
12-10 11:34:24.253 V/StagefrightPlayer( 311): getCurrentPosition
12-10 11:34:24.263 V/AudioSessionOutALSA( 311): Timestamp returned = 39309666
12-10 11:34:24.273 V/MediaPlayer-JNI(22137): getCurrentPosition: 39310 (msec)
12-10 11:34:24.273 D/ProgressBar(22137): setProgress = 393
12-10 11:34:24.273 D/ProgressBar(22137): setProgress = 393, fromUser = false
12-10 11:34:24.273 D/ProgressBar(22137): mProgress = 391mIndeterminate = false, mMin = 0, mMax = 2750
12-10 11:34:24.273 V/StagefrightPlayer( 311): getCurrentPosition
12-10 11:34:24.283 V/AudioSessionOutALSA( 311): Timestamp returned = 39331000
12-10 11:34:24.293 V/MediaPlayer-JNI(22137): getCurrentPosition: 39331 (msec)
12-10 11:34:24.373 V/StagefrightPlayer( 311): getCurrentPosition
12-10 11:34:24.383 V/AudioSessionOutALSA( 311): Timestamp returned = 39427000
12-10 11:34:24.383 V/MediaPlayer-JNI(22137): getCurrentPosition: 39427 (msec)
12-10 11:34:24.383 D/ProgressBar(22137): setProgress = 394
12-10 11:34:24.383 D/ProgressBar(22137): setProgress = 394, fromUser = false
12-10 11:34:24.383 D/ProgressBar(22137): mProgress = 393mIndeterminate = false, mMin = 0, mMax = 2750
12-10 11:34:24.393 V/StagefrightPlayer( 311): getCurrentPosition
12-10 11:34:24.403 V/AudioSessionOutALSA( 311): Timestamp returned = 39437666
12-10 11:34:24.403 V/MediaPlayer-JNI(22137): getCurrentPosition: 39438 (msec)
12-10 11:34:24.493 V/StagefrightPlayer( 311): getCurrentPosition
12-10 11:34:24.503 V/AudioSessionOutALSA( 311): Timestamp returned = 39544333
12-10 11:34:24.503 V/MediaPlayer-JNI(22137): getCurrentPosition: 39544 (msec)
12-10 11:34:24.503 D/ProgressBar(22137): setProgress = 395
12-10 11:34:24.503 D/ProgressBar(22137): setProgress = 395, fromUser = false
12-10 11:34:24.503 D/ProgressBar(22137): mProgress = 394mIndeterminate = false, mMin = 0, mMax = 2750
12-10 11:34:24.503 V/StagefrightPlayer( 311): getCurrentPosition
12-10 11:34:24.513 V/AudioSessionOutALSA( 311): Timestamp returned = 39555000
12-10 11:34:24.513 V/MediaPlayer-JNI(22137): getCurrentPosition: 39555 (msec)
12-10 11:34:24.583 V/StagefrightPlayer( 311): getCurrentPosition
12-10 11:34:24.603 V/AudioSessionOutALSA( 311): Timestamp returned = 39640333
12-10 11:34:24.603 V/MediaPlayer-JNI(22137): getCurrentPosition: 39640 (msec)
12-10 11:34:24.603 V/StagefrightPlayer( 311): getCurrentPosition
12-10 11:34:24.613 V/AudioSessionOutALSA( 311): Timestamp returned = 39651000
12-10 11:34:24.613 V/MediaPlayer-JNI(22137): getCurrentPosition: 39651 (msec)
12-10 11:34:24.613 D/ProgressBar(22137): setProgress = 396
12-10 11:34:24.613 D/ProgressBar(22137): setProgress = 396, fromUser = false
12-10 11:34:24.613 D/ProgressBar(22137): mProgress = 395mIndeterminate = false, mMin = 0, mMax = 2750
12-10 11:34:24.623 V/StagefrightPlayer( 311): getCurrentPosition
12-10 11:34:24.633 V/AudioSessionOutALSA( 311): Timestamp returned = 39661666
12-10 11:34:24.633 V/MediaPlayer-JNI(22137): getCurrentPosition: 39662 (msec)
12-10 11:34:24.713 V/StagefrightPlayer( 311): getCurrentPosition
12-10 11:34:24.723 V/AudioSessionOutALSA( 311): Timestamp returned = 39768333
12-10 11:34:24.723 V/MediaPlayer-JNI(22137): getCurrentPosition: 39768 (msec)
12-10 11:34:24.723 V/StagefrightPlayer( 311): getCurrentPosition
12-10 11:34:24.733 V/AudioSessionOutALSA( 311): Timestamp returned = 39779000
12-10 11:34:24.733 V/MediaPlayer-JNI(22137): getCurrentPosition: 39779 (msec)
12-10 11:34:24.733 D/ProgressBar(22137): setProgress = 397
12-10 11:34:24.733 D/ProgressBar(22137): setProgress = 397, fromUser = false
12-10 11:34:24.743 D/ProgressBar(22137): mProgress = 396mIndeterminate = false, mMin = 0, mMax = 2750
12-10 11:34:24.743 V/StagefrightPlayer( 311): getCurrentPosition
12-10 11:34:24.753 V/AudioSessionOutALSA( 311): Timestamp returned = 39800333
12-10 11:34:24.753 V/MediaPlayer-JNI(22137): getCurrentPosition: 39800 (msec)
12-10 11:34:24.843 V/StagefrightPlayer( 311): getCurrentPosition
12-10 11:34:24.853 V/AudioSessionOutALSA( 311): Timestamp returned = 39896333
12-10 11:34:24.853 V/MediaPlayer-JNI(22137): getCurrentPosition: 39896 (msec)
12-10 11:34:24.853 D/ProgressBar(22137): setProgress = 398
12-10 11:34:24.853 D/ProgressBar(22137): setProgress = 398, fromUser = false
12-10 11:34:24.853 D/ProgressBar(22137): mProgress = 397mIndeterminate = false, mMin = 0, mMax = 2750
12-10 11:34:24.853 V/StagefrightPlayer( 311): getCurrentPosition
12-10 11:34:24.873 V/AudioSessionOutALSA( 311): Timestamp returned = 39907000
12-10 11:34:24.873 V/MediaPlayer-JNI(22137): getCurrentPosition: 39907 (msec)
12-10 11:34:24.953 V/StagefrightPlayer( 311): getCurrentPosition
12-10 11:34:24.963 V/AudioSessionOutALSA( 311): Timestamp returned = 40003000
12-10 11:34:24.963 V/MediaPlayer-JNI(22137): getCurrentPosition: 40003 (msec)
12-10 11:34:24.963 D/ProgressBar(22137): setProgress = 400
12-10 11:34:24.963 D/ProgressBar(22137): setProgress = 400, fromUser = false
12-10 11:34:24.963 D/ProgressBar(22137): mProgress = 398mIndeterminate = false, mMin = 0, mMax = 2750
12-10 11:34:24.973 V/StagefrightPlayer( 311): getCurrentPosition
12-10 11:34:24.983 V/AudioSessionOutALSA( 311): Timestamp returned = 40024333
12-10 11:34:24.983 V/MediaPlayer-JNI(22137): getCurrentPosition: 40024 (msec)
12-10 11:34:25.073 V/StagefrightPlayer( 311): getCurrentPosition
12-10 11:34:25.083 V/AudioSessionOutALSA( 311): Timestamp returned = 40131000
12-10 11:34:25.083 V/MediaPlayer-JNI(22137): getCurrentPosition: 40131 (msec)
12-10 11:34:25.083 D/ProgressBar(22137): setProgress = 401
12-10 11:34:25.083 D/ProgressBar(22137): setProgress = 401, fromUser = false
12-10 11:34:25.083 D/ProgressBar(22137): mProgress = 400mIndeterminate = false, mMin = 0, mMax = 2750
12-10 11:34:25.083 V/StagefrightPlayer( 311): getCurrentPosition
12-10 11:34:25.103 V/AudioSessionOutALSA( 311): Timestamp returned = 40131000
12-10 11:34:25.103 V/MediaPlayer-JNI(22137): getCurrentPosition: 40131 (msec)
12-10 11:34:25.183 V/StagefrightPlayer( 311): getCurrentPosition
12-10 11:34:25.203 V/AudioSessionOutALSA( 311): Timestamp returned = 40237666
12-10 11:34:25.203 V/MediaPlayer-JNI(22137): getCurrentPosition: 40238 (msec)
12-10 11:34:25.203 D/ProgressBar(22137): setProgress = 402
12-10 11:34:25.203 D/ProgressBar(22137): setProgress = 402, fromUser = false
12-10 11:34:25.203 D/ProgressBar(22137): mProgress = 401mIndeterminate = false, mMin = 0, mMax = 2750
12-10 11:34:25.203 V/StagefrightPlayer( 311): getCurrentPosition
12-10 11:34:25.213 V/AudioSessionOutALSA( 311): Timestamp returned = 40259000
12-10 11:34:25.213 V/MediaPlayer-JNI(22137): getCurrentPosition: 40259 (msec)
12-10 11:34:25.283 V/AudioSessionOutALSA( 311): pfd[0].revents =1
12-10 11:34:25.283 V/AudioSessionOutALSA( 311): pfd[1].revents =0
12-10 11:34:25.283 V/AudioSessionOutALSA( 311): mAlsaHandle->handle = 0xb77af230
12-10 11:34:25.283 V/AudioSessionOutALSA( 311): After an event occurs
12-10 11:34:25.283 V/AudioSessionOutALSA( 311): mFilledQueue 3
12-10 11:34:25.283 V/AudioSessionOutALSA( 311): Reset mSkipwrite in eventthread entry
12-10 11:34:25.283 V/AudioSessionOutALSA( 311): isBufferAvailable: received a signal to wake up
12-10 11:34:25.283 V/AudioSessionOutALSA( 311): write Empty Queue size() = 1, Filled Queue size() = 3 mReached EOS 0, mEosEventReceived 0 bytes 262080
12-10 11:34:25.283 V/AudioSessionOutALSA( 311): not skipping buffer in write since mSkipWrite = 0, mEmptyQueuesize 1, skip flag -166066003
12-10 11:34:25.283 D/AudioSessionOutALSA( 311): bytes = 262080 , mAlsaHandle->handle->period_size = 262144
12-10 11:34:25.283 D/AudioSessionOutALSA( 311): Copy Metadata = 64, bytes = 262080
12-10 11:34:25.283 V/AudioSessionOutALSA( 311): PCM write before memcpy start
12-10 11:34:25.283 V/AudioSessionOutALSA( 311): PCM write start
12-10 11:34:25.283 V/AudioSessionOutALSA( 311): PCM write complete
12-10 11:34:25.283 D/TunnelPlayer( 311): Fillbuffer after write and seek flag 0
12-10 11:34:25.283 D/TunnelPlayer( 311): FillBuffer: MemBuffer size 262080
12-10 11:34:25.333 V/StagefrightPlayer( 311): getCurrentPosition
12-10 11:34:25.343 V/AudioSessionOutALSA( 311): Timestamp returned = 40376333
12-10 11:34:25.363 V/MediaPlayer-JNI(22137): getCurrentPosition: 40376 (msec)
12-10 11:34:25.363 D/ProgressBar(22137): setProgress = 403
12-10 11:34:25.363 D/ProgressBar(22137): setProgress = 403, fromUser = false
12-10 11:34:25.363 D/ProgressBar(22137): mProgress = 402mIndeterminate = false, mMin = 0, mMax = 2750
12-10 11:34:25.363 D/TunnelPlayer( 311): FillBuffer completed bytesToWrite 262080
12-10 11:34:25.363 V/AudioSessionOutALSA( 311): acquiring mDecoderLock in isBufferAvailable()
12-10 11:34:25.363 V/AudioSessionOutALSA( 311): isBufferAvailable Empty Queue size() = 0, Filled Queue size() = 4
12-10 11:34:25.363 V/AudioSessionOutALSA( 311): Write: waiting on mWriteCv
12-10 11:34:25.363 V/StagefrightPlayer( 311): getCurrentPosition
12-10 11:34:25.373 V/AudioSessionOutALSA( 311): Timestamp returned = 40419000
12-10 11:34:25.373 V/MediaPlayer-JNI(22137): getCurrentPosition: 40419 (msec)
12-10 11:34:25.463 V/StagefrightPlayer( 311): getCurrentPosition
12-10 11:34:25.473 V/AudioSessionOutALSA( 311): Timestamp returned = 40515000
12-10 11:34:25.473 V/MediaPlayer-JNI(22137): getCurrentPosition: 40515 (msec)
12-10 11:34:25.473 D/ProgressBar(22137): setProgress = 405
12-10 11:34:25.473 D/ProgressBar(22137): setProgress = 405, fromUser = false
12-10 11:34:25.473 D/ProgressBar(22137): mProgress = 403mIndeterminate = false, mMin = 0, mMax = 2750
12-10 11:34:25.473 V/StagefrightPlayer( 311): getCurrentPosition
12-10 11:34:25.493 V/AudioSessionOutALSA( 311): Timestamp returned = 40525666
12-10 11:34:25.493 V/MediaPlayer-JNI(22137): getCurrentPosition: 40526 (msec)
12-10 11:34:25.593 V/StagefrightPlayer( 311): getCurrentPosition
12-10 11:34:25.603 V/AudioSessionOutALSA( 311): Timestamp returned = 40632333
12-10 11:34:25.603 V/MediaPlayer-JNI(22137): getCurrentPosition: 40632 (msec)
12-10 11:34:25.603 D/ProgressBar(22137): setProgress = 406
12-10 11:34:25.603 D/ProgressBar(22137): setProgress = 406, fromUser = false
12-10 11:34:25.603 D/ProgressBar(22137): mProgress = 405mIndeterminate = false, mMin = 0, mMax = 2750
12-10 11:34:25.603 V/StagefrightPlayer( 311): getCurrentPosition
12-10 11:34:25.613 V/AudioSessionOutALSA( 311): Timestamp returned = 40653666
12-10 11:34:25.613 V/MediaPlayer-JNI(22137): getCurrentPosition: 40654 (msec)
12-10 11:34:25.613 V/StagefrightPlayer( 311): getCurrentPosition
12-10 11:34:25.633 V/AudioSessionOutALSA( 311): Timestamp returned = 40664333
12-10 11:34:25.633 V/MediaPlayer-JNI(22137): getCurrentPosition: 40664 (msec)
12-10 11:34:25.703 V/StagefrightPlayer( 311): getCurrentPosition
12-10 11:34:25.713 V/AudioSessionOutALSA( 311): Timestamp returned = 40760333
12-10 11:34:25.713 V/MediaPlayer-JNI(22137): getCurrentPosition: 40760 (msec)
12-10 11:34:25.713 D/ProgressBar(22137): setProgress = 407
12-10 11:34:25.713 D/ProgressBar(22137): setProgress = 407, fromUser = false
12-10 11:34:25.713 D/ProgressBar(22137): mProgress = 406mIndeterminate = false, mMin = 0, mMax = 2750
12-10 11:34:25.713 V/StagefrightPlayer( 311): getCurrentPosition
12-10 11:34:25.723 V/AudioSessionOutALSA( 311): Timestamp returned = 40771000
12-10 11:34:25.733 V/StagefrightPlayer( 311): getCurrentPosition
12-10 11:34:25.733 V/MediaPlayer-JNI(22137): getCurrentPosition: 40771 (msec)
12-10 11:34:25.743 V/AudioSessionOutALSA( 311): Timestamp returned = 40771000
12-10 11:34:25.743 V/MediaPlayer-JNI(22137): getCurrentPosition: 40771 (msec)
12-10 11:34:25.823 V/StagefrightPlayer( 311): getCurrentPosition
12-10 11:34:25.833 V/AudioSessionOutALSA( 311): Timestamp returned = 40867000
12-10 11:34:25.833 V/MediaPlayer-JNI(22137): getCurrentPosition: 40867 (msec)
12-10 11:34:25.833 D/ProgressBar(22137): setProgress = 408
12-10 11:34:25.833 D/ProgressBar(22137): setProgress = 408, fromUser = false
12-10 11:34:25.833 D/ProgressBar(22137): mProgress = 407mIndeterminate = false, mMin = 0, mMax = 2750
12-10 11:34:25.833 V/StagefrightPlayer( 311): getCurrentPosition
12-10 11:34:25.843 V/AudioSessionOutALSA( 311): Timestamp returned = 40888333
12-10 11:34:25.843 V/MediaPlayer-JNI(22137): getCurrentPosition: 40888 (msec)
12-10 11:34:25.933 V/StagefrightPlayer( 311): getCurrentPosition
12-10 11:34:25.943 V/AudioSessionOutALSA( 311): Timestamp returned = 40984333
12-10 11:34:25.943 V/MediaPlayer-JNI(22137): getCurrentPosition: 40984 (msec)
12-10 11:34:25.943 D/ProgressBar(22137): setProgress = 409
12-10 11:34:25.943 D/ProgressBar(22137): setProgress = 409, fromUser = false
12-10 11:34:25.943 D/ProgressBar(22137): mProgress = 408mIndeterminate = false, mMin = 0, mMax = 2750
12-10 11:34:25.943 V/StagefrightPlayer( 311): getCurrentPosition
12-10 11:34:25.963 V/AudioSessionOutALSA( 311): Timestamp returned = 40995000
12-10 11:34:25.963 V/MediaPlayer-JNI(22137): getCurrentPosition: 40995 (msec)
12-10 11:34:26.043 V/StagefrightPlayer( 311): getCurrentPosition
12-10 11:34:26.063 V/AudioSessionOutALSA( 311): Timestamp returned = 41091000
12-10 11:34:26.063 V/MediaPlayer-JNI(22137): getCurrentPosition: 41091 (msec)
12-10 11:34:26.063 D/ProgressBar(22137): setProgress = 410
12-10 11:34:26.063 D/ProgressBar(22137): setProgress = 410, fromUser = false
12-10 11:34:26.063 D/ProgressBar(22137): mProgress = 409mIndeterminate = false, mMin = 0, mMax = 2750
12-10 11:34:26.063 V/StagefrightPlayer( 311): getCurrentPosition
12-10 11:34:26.073 V/AudioSessionOutALSA( 311): Timestamp returned = 41112333
12-10 11:34:26.073 V/MediaPlayer-JNI(22137): getCurrentPosition: 41112 (msec)
12-10 11:34:26.163 V/StagefrightPlayer( 311): getCurrentPosition
12-10 11:34:26.173 V/AudioSessionOutALSA( 311): Timestamp returned = 41219000
12-10 11:34:26.173 V/MediaPlayer-JNI(22137): getCurrentPosition: 41219 (msec)
12-10 11:34:26.173 D/ProgressBar(22137): setProgress = 412
12-10 11:34:26.173 D/ProgressBar(22137): setProgress = 412, fromUser = false
12-10 11:34:26.173 D/ProgressBar(22137): mProgress = 410mIndeterminate = false, mMin = 0, mMax = 2750
12-10 11:34:26.173 V/StagefrightPlayer( 311): getCurrentPosition
12-10 11:34:26.193 V/AudioSessionOutALSA( 311): Timestamp returned = 41229666
12-10 11:34:26.193 V/MediaPlayer-JNI(22137): getCurrentPosition: 41230 (msec)
12-10 11:34:26.283 V/StagefrightPlayer( 311): getCurrentPosition
12-10 11:34:26.293 V/AudioSessionOutALSA( 311): Timestamp returned = 41325666
12-10 11:34:26.293 V/MediaPlayer-JNI(22137): getCurrentPosition: 41326 (msec)
12-10 11:34:26.293 D/ProgressBar(22137): setProgress = 413
12-10 11:34:26.293 D/ProgressBar(22137): setProgress = 413, fromUser = false
12-10 11:34:26.293 D/ProgressBar(22137): mProgress = 412mIndeterminate = false, mMin = 0, mMax = 2750
12-10 11:34:26.293 V/StagefrightPlayer( 311): getCurrentPosition
12-10 11:34:26.303 V/AudioSessionOutALSA( 311): Timestamp returned = 41347000
12-10 11:34:26.303 V/MediaPlayer-JNI(22137): getCurrentPosition: 41347 (msec)
12-10 11:34:26.393 V/StagefrightPlayer( 311): getCurrentPosition
12-10 11:34:26.403 V/AudioSessionOutALSA( 311): Timestamp returned = 41443000
12-10 11:34:26.403 V/MediaPlayer-JNI(22137): getCurrentPosition: 41443 (msec)
12-10 11:34:26.403 D/ProgressBar(22137): setProgress = 414
12-10 11:34:26.403 D/ProgressBar(22137): setProgress = 414, fromUser = false
12-10 11:34:26.403 D/ProgressBar(22137): mProgress = 413mIndeterminate = false, mMin = 0, mMax = 2750
12-10 11:34:26.403 V/StagefrightPlayer( 311): getCurrentPosition
12-10 11:34:26.423 V/AudioSessionOutALSA( 311): Timestamp returned = 41453666
12-10 11:34:26.423 V/MediaPlayer-JNI(22137): getCurrentPosition: 41454 (msec)
12-10 11:34:26.513 V/StagefrightPlayer( 311): getCurrentPosition
12-10 11:34:26.523 V/AudioSessionOutALSA( 311): Timestamp returned = 41560333
12-10 11:34:26.523 V/MediaPlayer-JNI(22137): getCurrentPosition: 41560 (msec)
12-10 11:34:26.523 D/ProgressBar(22137): setProgress = 415
12-10 11:34:26.523 D/ProgressBar(22137): setProgress = 415, fromUser = false
12-10 11:34:26.523 D/ProgressBar(22137): mProgress = 414mIndeterminate = false, mMin = 0, mMax = 2750
12-10 11:34:26.523 V/StagefrightPlayer( 311): getCurrentPosition
12-10 11:34:26.533 V/AudioSessionOutALSA( 311): Timestamp returned = 41571000
12-10 11:34:26.533 V/MediaPlayer-JNI(22137): getCurrentPosition: 41571 (msec)
12-10 11:34:26.613 V/StagefrightPlayer( 311): getCurrentPosition
12-10 11:34:26.633 V/AudioSessionOutALSA( 311): Timestamp returned = 41667000
12-10 11:34:26.633 V/MediaPlayer-JNI(22137): getCurrentPosition: 41667 (msec)
12-10 11:34:26.633 V/StagefrightPlayer( 311): getCurrentPosition
12-10 11:34:26.643 V/AudioSessionOutALSA( 311): Timestamp returned = 41677666
12-10 11:34:26.643 V/MediaPlayer-JNI(22137): getCurrentPosition: 41678 (msec)
12-10 11:34:26.643 D/ProgressBar(22137): setProgress = 416
12-10 11:34:26.643 D/ProgressBar(22137): setProgress = 416, fromUser = false
12-10 11:34:26.643 D/ProgressBar(22137): mProgress = 415mIndeterminate = false, mMin = 0, mMax = 2750
12-10 11:34:26.643 V/StagefrightPlayer( 311): getCurrentPosition
12-10 11:34:26.653 V/AudioSessionOutALSA( 311): Timestamp returned = 41699000
12-10 11:34:26.653 V/MediaPlayer-JNI(22137): getCurrentPosition: 41699 (msec)
12-10 11:34:26.743 V/StagefrightPlayer( 311): getCurrentPosition
12-10 11:34:26.753 V/AudioSessionOutALSA( 311): Timestamp returned = 41795000
12-10 11:34:26.753 V/MediaPlayer-JNI(22137): getCurrentPosition: 41795 (msec)
12-10 11:34:26.753 V/StagefrightPlayer( 311): getCurrentPosition
12-10 11:34:26.763 V/AudioSessionOutALSA( 311): Timestamp returned = 41805666
12-10 11:34:26.763 V/MediaPlayer-JNI(22137): getCurrentPosition: 41806 (msec)
12-10 11:34:26.763 D/ProgressBar(22137): setProgress = 418
12-10 11:34:26.763 D/ProgressBar(22137): setProgress = 418, fromUser = false
12-10 11:34:26.763 D/ProgressBar(22137): mProgress = 416mIndeterminate = false, mMin = 0, mMax = 2750
12-10 11:34:26.763 V/StagefrightPlayer( 311): getCurrentPosition
12-10 11:34:26.783 V/AudioSessionOutALSA( 311): Timestamp returned = 41816333
12-10 11:34:26.783 V/MediaPlayer-JNI(22137): getCurrentPosition: 41816 (msec)
12-10 11:34:26.873 V/StagefrightPlayer( 311): getCurrentPosition
12-10 11:34:26.883 V/AudioSessionOutALSA( 311): Timestamp returned = 41912333
12-10 11:34:26.883 V/MediaPlayer-JNI(22137): getCurrentPosition: 41912 (msec)
12-10 11:34:26.883 D/ProgressBar(22137): setProgress = 419
12-10 11:34:26.883 D/ProgressBar(22137): setProgress = 419, fromUser = false
12-10 11:34:26.883 D/ProgressBar(22137): mProgress = 418mIndeterminate = false, mMin = 0, mMax = 2750
12-10 11:34:26.883 V/StagefrightPlayer( 311): getCurrentPosition
12-10 11:34:26.893 V/AudioSessionOutALSA( 311): Timestamp returned = 41933666
12-10 11:34:26.893 V/MediaPlayer-JNI(22137): getCurrentPosition: 41934 (msec)
12-10 11:34:26.983 V/StagefrightPlayer( 311): getCurrentPosition
12-10 11:34:26.993 V/AudioSessionOutALSA( 311): Timestamp returned = 42040333
12-10 11:34:26.993 V/MediaPlayer-JNI(22137): getCurrentPosition: 42040 (msec)
12-10 11:34:26.993 D/ProgressBar(22137): setProgress = 420
12-10 11:34:26.993 D/ProgressBar(22137): setProgress = 420, fromUser = false
12-10 11:34:26.993 D/ProgressBar(22137): mProgress = 419mIndeterminate = false, mMin = 0, mMax = 2750
12-10 11:34:26.993 V/StagefrightPlayer( 311): getCurrentPosition
12-10 11:34:27.013 V/AudioSessionOutALSA( 311): Timestamp returned = 42051000
12-10 11:34:27.013 V/MediaPlayer-JNI(22137): getCurrentPosition: 42051 (msec)
12-10 11:34:27.093 V/StagefrightPlayer( 311): getCurrentPosition
12-10 11:34:27.113 V/AudioSessionOutALSA( 311): Timestamp returned = 42147000
12-10 11:34:27.113 V/MediaPlayer-JNI(22137): getCurrentPosition: 42147 (msec)
12-10 11:34:27.113 D/ProgressBar(22137): setProgress = 421
12-10 11:34:27.113 D/ProgressBar(22137): setProgress = 421, fromUser = false
12-10 11:34:27.113 D/ProgressBar(22137): mProgress = 420mIndeterminate = false, mMin = 0, mMax = 2750
12-10 11:34:27.113 V/StagefrightPlayer( 311): getCurrentPosition
12-10 11:34:27.123 V/AudioSessionOutALSA( 311): Timestamp returned = 42168333
12-10 11:34:27.123 V/MediaPlayer-JNI(22137): getCurrentPosition: 42168 (msec)
12-10 11:34:27.213 V/StagefrightPlayer( 311): getCurrentPosition
12-10 11:34:27.223 V/AudioSessionOutALSA( 311): Timestamp returned = 42264333
12-10 11:34:27.223 V/MediaPlayer-JNI(22137): getCurrentPosition: 42264 (msec)
12-10 11:34:27.223 D/ProgressBar(22137): setProgress = 422
12-10 11:34:27.223 D/ProgressBar(22137): setProgress = 422, fromUser = false
12-10 11:34:27.223 D/ProgressBar(22137): mProgress = 421mIndeterminate = false, mMin = 0, mMax = 2750
12-10 11:34:27.223 V/StagefrightPlayer( 311): getCurrentPosition
12-10 11:34:27.243 V/AudioSessionOutALSA( 311): Timestamp returned = 42275000
12-10 11:34:27.243 V/MediaPlayer-JNI(22137): getCurrentPosition: 42275 (msec)
12-10 11:34:27.333 V/StagefrightPlayer( 311): getCurrentPosition
12-10 11:34:27.343 V/AudioSessionOutALSA( 311): Timestamp returned = 42371000
12-10 11:34:27.343 V/MediaPlayer-JNI(22137): getCurrentPosition: 42371 (msec)
12-10 11:34:27.343 D/ProgressBar(22137): setProgress = 423
12-10 11:34:27.343 D/ProgressBar(22137): setProgress = 423, fromUser = false
12-10 11:34:27.343 D/ProgressBar(22137): mProgress = 422mIndeterminate = false, mMin = 0, mMax = 2750
12-10 11:34:27.343 V/StagefrightPlayer( 311): getCurrentPosition
12-10 11:34:27.353 V/AudioSessionOutALSA( 311): Timestamp returned = 42392333
12-10 11:34:27.353 V/MediaPlayer-JNI(22137): getCurrentPosition: 42392 (msec)
12-10 11:34:27.443 V/StagefrightPlayer( 311): getCurrentPosition
12-10 11:34:27.453 V/AudioSessionOutALSA( 311): Timestamp returned = 42499000
12-10 11:34:27.453 V/MediaPlayer-JNI(22137): getCurrentPosition: 42499 (msec)
12-10 11:34:27.453 D/ProgressBar(22137): setProgress = 424
12-10 11:34:27.453 D/ProgressBar(22137): setProgress = 424, fromUser = false
12-10 11:34:27.453 D/ProgressBar(22137): mProgress = 423mIndeterminate = false, mMin = 0, mMax = 2750
12-10 11:34:27.453 V/StagefrightPlayer( 311): getCurrentPosition
12-10 11:34:27.473 V/AudioSessionOutALSA( 311): Timestamp returned = 42509666
12-10 11:34:27.473 V/MediaPlayer-JNI(22137): getCurrentPosition: 42510 (msec)
12-10 11:34:27.553 V/StagefrightPlayer( 311): getCurrentPosition
12-10 11:34:27.573 V/AudioSessionOutALSA( 311): Timestamp returned = 42605666
12-10 11:34:27.573 V/MediaPlayer-JNI(22137): getCurrentPosition: 42606 (msec)
12-10 11:34:27.573 D/ProgressBar(22137): setProgress = 426
12-10 11:34:27.573 D/ProgressBar(22137): setProgress = 426, fromUser = false
12-10 11:34:27.573 D/ProgressBar(22137): mProgress = 424mIndeterminate = false, mMin = 0, mMax = 2750
12-10 11:34:27.573 V/StagefrightPlayer( 311): getCurrentPosition
12-10 11:34:27.583 V/AudioSessionOutALSA( 311): Timestamp returned = 42627000
12-10 11:34:27.583 V/MediaPlayer-JNI(22137): getCurrentPosition: 42627 (msec)
12-10 11:34:27.633 V/StagefrightPlayer( 311): getCurrentPosition
12-10 11:34:27.643 V/AudioSessionOutALSA( 311): Timestamp returned = 42691000
12-10 11:34:27.643 V/MediaPlayer-JNI(22137): getCurrentPosition: 42691 (msec)
12-10 11:34:27.673 V/StagefrightPlayer( 311): getCurrentPosition
12-10 11:34:27.683 V/AudioSessionOutALSA( 311): Timestamp returned = 42723000
12-10 11:34:27.683 V/MediaPlayer-JNI(22137): getCurrentPosition: 42723 (msec)
12-10 11:34:27.683 D/ProgressBar(22137): setProgress = 427
12-10 11:34:27.683 D/ProgressBar(22137): setProgress = 427, fromUser = false
12-10 11:34:27.683 D/ProgressBar(22137): mProgress = 426mIndeterminate = false, mMin = 0, mMax = 2750
12-10 11:34:27.683 V/StagefrightPlayer( 311): getCurrentPosition
12-10 11:34:27.703 V/AudioSessionOutALSA( 311): Timestamp returned = 42733666
12-10 11:34:27.703 V/MediaPlayer-JNI(22137): getCurrentPosition: 42734 (msec)
12-10 11:34:27.753 V/StagefrightPlayer( 311): getCurrentPosition
12-10 11:34:27.763 V/AudioSessionOutALSA( 311): Timestamp returned = 42808333
12-10 11:34:27.763 V/MediaPlayer-JNI(22137): getCurrentPosition: 42808 (msec)
12-10 11:34:27.783 V/StagefrightPlayer( 311): getCurrentPosition
12-10 11:34:27.803 V/AudioSessionOutALSA( 311): Timestamp returned = 42840333
12-10 11:34:27.803 V/MediaPlayer-JNI(22137): getCurrentPosition: 42840 (msec)
12-10 11:34:27.803 D/ProgressBar(22137): setProgress = 428
12-10 11:34:27.803 D/ProgressBar(22137): setProgress = 428, fromUser = false
12-10 11:34:27.803 D/ProgressBar(22137): mProgress = 427mIndeterminate = false, mMin = 0, mMax = 2750
12-10 11:34:27.803 V/StagefrightPlayer( 311): getCurrentPosition
12-10 11:34:27.813 V/AudioSessionOutALSA( 311): Timestamp returned = 42851000
12-10 11:34:27.813 V/MediaPlayer-JNI(22137): getCurrentPosition: 42851 (msec)
12-10 11:34:27.903 V/StagefrightPlayer( 311): getCurrentPosition
12-10 11:34:27.913 V/AudioSessionOutALSA( 311): Timestamp returned = 42957666
12-10 11:34:27.913 V/MediaPlayer-JNI(22137): getCurrentPosition: 42958 (msec)
12-10 11:34:27.913 D/ProgressBar(22137): setProgress = 429
12-10 11:34:27.913 D/ProgressBar(22137): setProgress = 429, fromUser = false
12-10 11:34:27.913 D/ProgressBar(22137): mProgress = 428mIndeterminate = false, mMin = 0, mMax = 2750
12-10 11:34:27.913 V/StagefrightPlayer( 311): getCurrentPosition
12-10 11:34:27.933 V/AudioSessionOutALSA( 311): Timestamp returned = 42968333
12-10 11:34:27.933 V/MediaPlayer-JNI(22137): getCurrentPosition: 42968 (msec)
12-10 11:34:28.013 V/StagefrightPlayer( 311): getCurrentPosition
12-10 11:34:28.033 V/AudioSessionOutALSA( 311): Timestamp returned = 43064333
12-10 11:34:28.033 V/MediaPlayer-JNI(22137): getCurrentPosition: 43064 (msec)
12-10 11:34:28.033 D/ProgressBar(22137): setProgress = 430
12-10 11:34:28.033 D/ProgressBar(22137): setProgress = 430, fromUser = false
12-10 11:34:28.033 D/ProgressBar(22137): mProgress = 429mIndeterminate = false, mMin = 0, mMax = 2750
12-10 11:34:28.033 V/StagefrightPlayer( 311): getCurrentPosition
12-10 11:34:28.043 V/AudioSessionOutALSA( 311): Timestamp returned = 43085666
12-10 11:34:28.043 V/MediaPlayer-JNI(22137): getCurrentPosition: 43086 (msec)
12-10 11:34:28.133 V/StagefrightPlayer( 311): getCurrentPosition
12-10 11:34:28.143 V/AudioSessionOutALSA( 311): Timestamp returned = 43181666
12-10 11:34:28.143 V/MediaPlayer-JNI(22137): getCurrentPosition: 43182 (msec)
12-10 11:34:28.143 D/ProgressBar(22137): setProgress = 431
12-10 11:34:28.143 D/ProgressBar(22137): setProgress = 431, fromUser = false
12-10 11:34:28.143 D/ProgressBar(22137): mProgress = 430mIndeterminate = false, mMin = 0, mMax = 2750
12-10 11:34:28.143 V/StagefrightPlayer( 311): getCurrentPosition
12-10 11:34:28.163 V/AudioSessionOutALSA( 311): Timestamp returned = 43192333
12-10 11:34:28.163 V/MediaPlayer-JNI(22137): getCurrentPosition: 43192 (msec)
12-10 11:34:28.243 V/StagefrightPlayer( 311): getCurrentPosition
12-10 11:34:28.263 V/AudioSessionOutALSA( 311): Timestamp returned = 43299000
12-10 11:34:28.263 V/MediaPlayer-JNI(22137): getCurrentPosition: 43299 (msec)
12-10 11:34:28.263 D/ProgressBar(22137): setProgress = 432
12-10 11:34:28.263 D/ProgressBar(22137): setProgress = 432, fromUser = false
12-10 11:34:28.263 D/ProgressBar(22137): mProgress = 431mIndeterminate = false, mMin = 0, mMax = 2750
12-10 11:34:28.263 V/StagefrightPlayer( 311): getCurrentPosition
12-10 11:34:28.273 V/AudioSessionOutALSA( 311): Timestamp returned = 43320333
12-10 11:34:28.273 V/MediaPlayer-JNI(22137): getCurrentPosition: 43320 (msec)
12-10 11:34:28.363 V/StagefrightPlayer( 311): getCurrentPosition
12-10 11:34:28.373 V/AudioSessionOutALSA( 311): Timestamp returned = 43416333
12-10 11:34:28.373 V/MediaPlayer-JNI(22137): getCurrentPosition: 43416 (msec)
12-10 11:34:28.373 D/ProgressBar(22137): setProgress = 434
12-10 11:34:28.373 D/ProgressBar(22137): setProgress = 434, fromUser = false
12-10 11:34:28.373 D/ProgressBar(22137): mProgress = 432mIndeterminate = false, mMin = 0, mMax = 2750
12-10 11:34:28.373 V/StagefrightPlayer( 311): getCurrentPosition
12-10 11:34:28.393 V/AudioSessionOutALSA( 311): Timestamp returned = 43427000
12-10 11:34:28.393 V/MediaPlayer-JNI(22137): getCurrentPosition: 43427 (msec)
12-10 11:34:28.473 V/StagefrightPlayer( 311): getCurrentPosition
12-10 11:34:28.493 V/AudioSessionOutALSA( 311): Timestamp returned = 43523000
12-10 11:34:28.493 V/MediaPlayer-JNI(22137): getCurrentPosition: 43523 (msec)
12-10 11:34:28.493 D/ProgressBar(22137): setProgress = 435
12-10 11:34:28.493 D/ProgressBar(22137): setProgress = 435, fromUser = false
12-10 11:34:28.493 D/ProgressBar(22137): mProgress = 434mIndeterminate = false, mMin = 0, mMax = 2750
12-10 11:34:28.493 V/StagefrightPlayer( 311): getCurrentPosition
12-10 11:34:28.503 V/AudioSessionOutALSA( 311): Timestamp returned = 43544333
12-10 11:34:28.503 V/MediaPlayer-JNI(22137): getCurrentPosition: 43544 (msec)
12-10 11:34:28.573 E/SELinux (26906): selinux_android_seapp_context_reload: seapp_contexts file is loaded from /seapp_contexts
12-10 11:34:28.593 V/StagefrightPlayer( 311): getCurrentPosition
12-10 11:34:28.603 V/AudioSessionOutALSA( 311): Timestamp returned = 43651000
12-10 11:34:28.603 V/MediaPlayer-JNI(22137): getCurrentPosition: 43651 (msec)
12-10 11:34:28.603 D/ProgressBar(22137): setProgress = 436
12-10 11:34:28.603 D/ProgressBar(22137): setProgress = 436, fromUser = false
12-10 11:34:28.603 D/ProgressBar(22137): mProgress = 435mIndeterminate = false, mMin = 0, mMax = 2750
12-10 11:34:28.623 V/StagefrightPlayer( 311): getCurrentPosition
12-10 11:34:28.633 V/AudioSessionOutALSA( 311): Timestamp returned = 43672333
12-10 11:34:28.633 V/MediaPlayer-JNI(22137): getCurrentPosition: 43672 (msec)
12-10 11:34:28.643 V/StagefrightPlayer( 311): getCurrentPosition
12-10 11:34:28.653 V/AudioSessionOutALSA( 311): Timestamp returned = 43693666
12-10 11:34:28.653 V/MediaPlayer-JNI(22137): getCurrentPosition: 43694 (msec)
12-10 11:34:28.723 V/StagefrightPlayer( 311): getCurrentPosition
12-10 11:34:28.743 V/AudioSessionOutALSA( 311): Timestamp returned = 43779000
12-10 11:34:28.743 V/MediaPlayer-JNI(22137): getCurrentPosition: 43779 (msec)
12-10 11:34:28.743 D/ProgressBar(22137): setProgress = 437
12-10 11:34:28.743 D/ProgressBar(22137): setProgress = 437, fromUser = false
12-10 11:34:28.743 D/ProgressBar(22137): mProgress = 436mIndeterminate = false, mMin = 0, mMax = 2750
12-10 11:34:28.753 V/StagefrightPlayer( 311): getCurrentPosition
12-10 11:34:28.763 V/AudioSessionOutALSA( 311): Timestamp returned = 43811000
12-10 11:34:28.763 V/MediaPlayer-JNI(22137): getCurrentPosition: 43811 (msec)
12-10 11:34:28.773 V/StagefrightPlayer( 311): getCurrentPosition
12-10 11:34:28.773 D/StrokeSearch_IndexationService(26906): onCreate()
12-10 11:34:28.783 V/AudioSessionOutALSA( 311): Timestamp returned = 43811000
12-10 11:34:28.783 D/StrokeSearch_IndexerThread(26906): Queue size: 0
12-10 11:34:28.783 D/StrokeSearch_IndexerThread(26906): loop wait
12-10 11:34:28.783 V/MediaPlayer-JNI(22137): getCurrentPosition: 43811 (msec)
12-10 11:34:28.853 V/StagefrightPlayer( 311): getCurrentPosition
12-10 11:34:28.863 V/AudioSessionOutALSA( 311): Timestamp returned = 43907000
12-10 11:34:28.863 V/MediaPlayer-JNI(22137): getCurrentPosition: 43907 (msec)
12-10 11:34:28.863 D/ProgressBar(22137): setProgress = 439
12-10 11:34:28.863 D/ProgressBar(22137): setProgress = 439, fromUser = false
12-10 11:34:28.863 D/ProgressBar(22137): mProgress = 437mIndeterminate = false, mMin = 0, mMax = 2750
12-10 11:34:28.863 V/StagefrightPlayer( 311): getCurrentPosition
12-10 11:34:28.883 V/AudioSessionOutALSA( 311): Timestamp returned = 43917666
12-10 11:34:28.883 V/MediaPlayer-JNI(22137): getCurrentPosition: 43918 (msec)
12-10 11:34:28.963 V/StagefrightPlayer( 311): getCurrentPosition
12-10 11:34:28.983 V/AudioSessionOutALSA( 311): Timestamp returned = 44013666
12-10 11:34:28.983 V/MediaPlayer-JNI(22137): getCurrentPosition: 44014 (msec)
12-10 11:34:28.983 D/ProgressBar(22137): setProgress = 440
12-10 11:34:28.983 D/ProgressBar(22137): setProgress = 440, fromUser = false
12-10 11:34:28.983 D/ProgressBar(22137): mProgress = 439mIndeterminate = false, mMin = 0, mMax = 2750
12-10 11:34:28.983 V/StagefrightPlayer( 311): getCurrentPosition
12-10 11:34:28.993 V/AudioSessionOutALSA( 311): Timestamp returned = 44035000
12-10 11:34:28.993 V/MediaPlayer-JNI(22137): getCurrentPosition: 44035 (msec)
12-10 11:34:29.083 V/StagefrightPlayer( 311): getCurrentPosition
12-10 11:34:29.093 V/AudioSessionOutALSA( 311): Timestamp returned = 44131000
12-10 11:34:29.093 V/MediaPlayer-JNI(22137): getCurrentPosition: 44131 (msec)
12-10 11:34:29.093 D/ProgressBar(22137): setProgress = 441
12-10 11:34:29.093 D/ProgressBar(22137): setProgress = 441, fromUser = false
12-10 11:34:29.093 D/ProgressBar(22137): mProgress = 440mIndeterminate = false, mMin = 0, mMax = 2750
12-10 11:34:29.093 V/StagefrightPlayer( 311): getCurrentPosition
12-10 11:34:29.113 V/AudioSessionOutALSA( 311): Timestamp returned = 44141666
12-10 11:34:29.113 V/MediaPlayer-JNI(22137): getCurrentPosition: 44142 (msec)
12-10 11:34:29.193 V/StagefrightPlayer( 311): getCurrentPosition
12-10 11:34:29.213 V/AudioSessionOutALSA( 311): Timestamp returned = 44248333
12-10 11:34:29.213 V/MediaPlayer-JNI(22137): getCurrentPosition: 44248 (msec)
12-10 11:34:29.213 D/ProgressBar(22137): setProgress = 442
12-10 11:34:29.213 D/ProgressBar(22137): setProgress = 442, fromUser = false
12-10 11:34:29.213 D/ProgressBar(22137): mProgress = 441mIndeterminate = false, mMin = 0, mMax = 2750
12-10 11:34:29.213 V/StagefrightPlayer( 311): getCurrentPosition
12-10 11:34:29.223 V/AudioSessionOutALSA( 311): Timestamp returned = 44269666
12-10 11:34:29.223 V/MediaPlayer-JNI(22137): getCurrentPosition: 44270 (msec)
12-10 11:34:29.313 V/StagefrightPlayer( 311): getCurrentPosition
12-10 11:34:29.323 V/AudioSessionOutALSA( 311): Timestamp returned = 44365666
12-10 11:34:29.323 V/MediaPlayer-JNI(22137): getCurrentPosition: 44366 (msec)
12-10 11:34:29.323 D/ProgressBar(22137): setProgress = 443
12-10 11:34:29.323 D/ProgressBar(22137): setProgress = 443, fromUser = false
12-10 11:34:29.323 D/ProgressBar(22137): mProgress = 442mIndeterminate = false, mMin = 0, mMax = 2750
12-10 11:34:29.323 V/StagefrightPlayer( 311): getCurrentPosition
12-10 11:34:29.343 V/AudioSessionOutALSA( 311): Timestamp returned = 44376333
12-10 11:34:29.343 V/MediaPlayer-JNI(22137): getCurrentPosition: 44376 (msec)
