12-10 11:35:21.253 V/AudioSessionOutALSA( 311): Timestamp returned = 96291000
12-10 11:35:21.253 V/MediaPlayer-JNI(22137): getCurrentPosition: 96291 (msec)
12-10 11:35:21.343 V/StagefrightPlayer( 311): getCurrentPosition
12-10 11:35:21.363 V/AudioSessionOutALSA( 311): Timestamp returned = 96397666
12-10 11:35:21.363 V/MediaPlayer-JNI(22137): getCurrentPosition: 96398 (msec)
12-10 11:35:21.363 D/ProgressBar(22137): setProgress = 963
12-10 11:35:21.363 D/ProgressBar(22137): setProgress = 963, fromUser = false
12-10 11:35:21.363 D/ProgressBar(22137): mProgress = 962mIndeterminate = false, mMin = 0, mMax = 2750
12-10 11:35:21.363 V/StagefrightPlayer( 311): getCurrentPosition
12-10 11:35:21.373 V/AudioSessionOutALSA( 311): Timestamp returned = 96419000
12-10 11:35:21.373 V/MediaPlayer-JNI(22137): getCurrentPosition: 96419 (msec)
12-10 11:35:21.423 V/StagefrightPlayer( 311): getCurrentPosition
12-10 11:35:21.433 V/AudioSessionOutALSA( 311): Timestamp returned = 96472333
12-10 11:35:21.433 V/MediaPlayer-JNI(22137): getCurrentPosition: 96472 (msec)
12-10 11:35:21.463 V/StagefrightPlayer( 311): getCurrentPosition
12-10 11:35:21.473 V/AudioSessionOutALSA( 311): Timestamp returned = 96515000
12-10 11:35:21.473 V/MediaPlayer-JNI(22137): getCurrentPosition: 96515 (msec)
12-10 11:35:21.473 D/ProgressBar(22137): setProgress = 965
12-10 11:35:21.473 D/ProgressBar(22137): setProgress = 965, fromUser = false
12-10 11:35:21.473 D/ProgressBar(22137): mProgress = 963mIndeterminate = false, mMin = 0, mMax = 2750
12-10 11:35:21.473 V/StagefrightPlayer( 311): getCurrentPosition
12-10 11:35:21.493 V/AudioSessionOutALSA( 311): Timestamp returned = 96525666
12-10 11:35:21.493 V/MediaPlayer-JNI(22137): getCurrentPosition: 96526 (msec)
12-10 11:35:21.533 V/StagefrightPlayer( 311): getCurrentPosition
12-10 11:35:21.553 V/AudioSessionOutALSA( 311): Timestamp returned = 96589666
12-10 11:35:21.553 V/MediaPlayer-JNI(22137): getCurrentPosition: 96590 (msec)
12-10 11:35:21.573 V/StagefrightPlayer( 311): getCurrentPosition
12-10 11:35:21.593 V/AudioSessionOutALSA( 311): Timestamp returned = 96621666
12-10 11:35:21.593 V/MediaPlayer-JNI(22137): getCurrentPosition: 96622 (msec)
12-10 11:35:21.603 D/ProgressBar(22137): setProgress = 966
12-10 11:35:21.603 D/ProgressBar(22137): setProgress = 966, fromUser = false
12-10 11:35:21.603 D/ProgressBar(22137): mProgress = 965mIndeterminate = false, mMin = 0, mMax = 2750
12-10 11:35:21.613 V/StagefrightPlayer( 311): getCurrentPosition
12-10 11:35:21.623 V/AudioSessionOutALSA( 311): Timestamp returned = 96664333
12-10 11:35:21.623 V/MediaPlayer-JNI(22137): getCurrentPosition: 96664 (msec)
12-10 11:35:21.713 V/StagefrightPlayer( 311): getCurrentPosition
12-10 11:35:21.723 V/AudioSessionOutALSA( 311): Timestamp returned = 96771000
12-10 11:35:21.723 V/MediaPlayer-JNI(22137): getCurrentPosition: 96771 (msec)
12-10 11:35:21.723 D/ProgressBar(22137): setProgress = 967
12-10 11:35:21.723 D/ProgressBar(22137): setProgress = 967, fromUser = false
12-10 11:35:21.723 D/ProgressBar(22137): mProgress = 966mIndeterminate = false, mMin = 0, mMax = 2750
12-10 11:35:21.723 V/StagefrightPlayer( 311): getCurrentPosition
12-10 11:35:21.733 V/AudioSessionOutALSA( 311): Timestamp returned = 96771000
12-10 11:35:21.733 V/MediaPlayer-JNI(22137): getCurrentPosition: 96771 (msec)
12-10 11:35:21.823 V/StagefrightPlayer( 311): getCurrentPosition
12-10 11:35:21.833 V/AudioSessionOutALSA( 311): Timestamp returned = 96877666
12-10 11:35:21.833 V/MediaPlayer-JNI(22137): getCurrentPosition: 96878 (msec)
12-10 11:35:21.833 D/ProgressBar(22137): setProgress = 968
12-10 11:35:21.833 D/ProgressBar(22137): setProgress = 968, fromUser = false
12-10 11:35:21.833 D/ProgressBar(22137): mProgress = 967mIndeterminate = false, mMin = 0, mMax = 2750
12-10 11:35:21.843 V/StagefrightPlayer( 311): getCurrentPosition
12-10 11:35:21.853 V/AudioSessionOutALSA( 311): Timestamp returned = 96899000
12-10 11:35:21.853 V/MediaPlayer-JNI(22137): getCurrentPosition: 96899 (msec)
12-10 11:35:21.943 V/StagefrightPlayer( 311): getCurrentPosition
12-10 11:35:21.953 V/AudioSessionOutALSA( 311): Timestamp returned = 96995000
12-10 11:35:21.953 V/MediaPlayer-JNI(22137): getCurrentPosition: 96995 (msec)
12-10 11:35:21.953 D/ProgressBar(22137): setProgress = 969
12-10 11:35:21.953 D/ProgressBar(22137): setProgress = 969, fromUser = false
12-10 11:35:21.953 D/ProgressBar(22137): mProgress = 968mIndeterminate = false, mMin = 0, mMax = 2750
12-10 11:35:21.953 V/StagefrightPlayer( 311): getCurrentPosition
12-10 11:35:21.963 V/AudioSessionOutALSA( 311): Timestamp returned = 97005666
12-10 11:35:21.963 V/MediaPlayer-JNI(22137): getCurrentPosition: 97006 (msec)
12-10 11:35:22.053 V/StagefrightPlayer( 311): getCurrentPosition
12-10 11:35:22.063 V/AudioSessionOutALSA( 311): Timestamp returned = 97101666
12-10 11:35:22.063 V/MediaPlayer-JNI(22137): getCurrentPosition: 97102 (msec)
12-10 11:35:22.063 D/ProgressBar(22137): setProgress = 971
12-10 11:35:22.063 D/ProgressBar(22137): setProgress = 971, fromUser = false
12-10 11:35:22.063 D/ProgressBar(22137): mProgress = 969mIndeterminate = false, mMin = 0, mMax = 2750
12-10 11:35:22.073 V/StagefrightPlayer( 311): getCurrentPosition
12-10 11:35:22.083 V/AudioSessionOutALSA( 311): Timestamp returned = 97123000
12-10 11:35:22.083 V/MediaPlayer-JNI(22137): getCurrentPosition: 97123 (msec)
12-10 11:35:22.173 V/StagefrightPlayer( 311): getCurrentPosition
12-10 11:35:22.183 V/AudioSessionOutALSA( 311): Timestamp returned = 97219000
12-10 11:35:22.183 V/MediaPlayer-JNI(22137): getCurrentPosition: 97219 (msec)
12-10 11:35:22.183 D/ProgressBar(22137): setProgress = 972
12-10 11:35:22.183 D/ProgressBar(22137): setProgress = 972, fromUser = false
12-10 11:35:22.183 D/ProgressBar(22137): mProgress = 971mIndeterminate = false, mMin = 0, mMax = 2750
12-10 11:35:22.183 V/StagefrightPlayer( 311): getCurrentPosition
12-10 11:35:22.193 I/Monitor ( 722): SIOP:: Current AP = 260, CP = 0
12-10 11:35:22.193 V/AudioSessionOutALSA( 311): Timestamp returned = 97240333
12-10 11:35:22.193 V/MediaPlayer-JNI(22137): getCurrentPosition: 97240 (msec)
12-10 11:35:22.283 V/StagefrightPlayer( 311): getCurrentPosition
12-10 11:35:22.293 V/AudioSessionOutALSA( 311): Timestamp returned = 97336333
12-10 11:35:22.293 V/MediaPlayer-JNI(22137): getCurrentPosition: 97336 (msec)
12-10 11:35:22.293 D/ProgressBar(22137): setProgress = 973
12-10 11:35:22.293 D/ProgressBar(22137): setProgress = 973, fromUser = false
12-10 11:35:22.293 D/ProgressBar(22137): mProgress = 972mIndeterminate = false, mMin = 0, mMax = 2750
12-10 11:35:22.303 V/StagefrightPlayer( 311): getCurrentPosition
12-10 11:35:22.313 V/AudioSessionOutALSA( 311): Timestamp returned = 97347000
12-10 11:35:22.313 V/MediaPlayer-JNI(22137): getCurrentPosition: 97347 (msec)
12-10 11:35:22.403 V/StagefrightPlayer( 311): getCurrentPosition
12-10 11:35:22.413 V/AudioSessionOutALSA( 311): Timestamp returned = 97453666
12-10 11:35:22.413 V/MediaPlayer-JNI(22137): getCurrentPosition: 97454 (msec)
12-10 11:35:22.413 D/ProgressBar(22137): setProgress = 974
12-10 11:35:22.413 D/ProgressBar(22137): setProgress = 974, fromUser = false
12-10 11:35:22.413 D/ProgressBar(22137): mProgress = 973mIndeterminate = false, mMin = 0, mMax = 2750
12-10 11:35:22.413 V/StagefrightPlayer( 311): getCurrentPosition
12-10 11:35:22.423 V/AudioSessionOutALSA( 311): Timestamp returned = 97464333
12-10 11:35:22.423 V/MediaPlayer-JNI(22137): getCurrentPosition: 97464 (msec)
12-10 11:35:22.433 V/StagefrightPlayer( 311): getCurrentPosition
12-10 11:35:22.453 V/AudioSessionOutALSA( 311): Timestamp returned = 97485666
12-10 11:35:22.453 V/MediaPlayer-JNI(22137): getCurrentPosition: 97486 (msec)
12-10 11:35:22.513 V/StagefrightPlayer( 311): getCurrentPosition
12-10 11:35:22.523 V/AudioSessionOutALSA( 311): Timestamp returned = 97571000
12-10 11:35:22.523 V/MediaPlayer-JNI(22137): getCurrentPosition: 97571 (msec)
12-10 11:35:22.523 D/ProgressBar(22137): setProgress = 975
12-10 11:35:22.523 D/ProgressBar(22137): setProgress = 975, fromUser = false
12-10 11:35:22.533 D/ProgressBar(22137): mProgress = 974mIndeterminate = false, mMin = 0, mMax = 2750
12-10 11:35:22.533 V/StagefrightPlayer( 311): getCurrentPosition
12-10 11:35:22.543 V/AudioSessionOutALSA( 311): Timestamp returned = 97581666
12-10 11:35:22.543 V/MediaPlayer-JNI(22137): getCurrentPosition: 97582 (msec)
12-10 11:35:22.553 V/StagefrightPlayer( 311): getCurrentPosition
12-10 11:35:22.563 V/AudioSessionOutALSA( 311): Timestamp returned = 97592333
12-10 11:35:22.563 V/MediaPlayer-JNI(22137): getCurrentPosition: 97592 (msec)
12-10 11:35:22.623 V/AudioSessionOutALSA( 311): pfd[0].revents =1
12-10 11:35:22.623 V/AudioSessionOutALSA( 311): pfd[1].revents =0
12-10 11:35:22.623 V/AudioSessionOutALSA( 311): mAlsaHandle->handle = 0xb77af230
12-10 11:35:22.623 V/AudioSessionOutALSA( 311): After an event occurs
12-10 11:35:22.623 V/AudioSessionOutALSA( 311): mFilledQueue 3
12-10 11:35:22.623 V/AudioSessionOutALSA( 311): Reset mSkipwrite in eventthread entry
12-10 11:35:22.623 V/AudioSessionOutALSA( 311): isBufferAvailable: received a signal to wake up
12-10 11:35:22.623 V/AudioSessionOutALSA( 311): write Empty Queue size() = 1, Filled Queue size() = 3 mReached EOS 0, mEosEventReceived 0 bytes 262080
12-10 11:35:22.623 V/AudioSessionOutALSA( 311): not skipping buffer in write since mSkipWrite = 0, mEmptyQueuesize 1, skip flag -166066003
12-10 11:35:22.623 D/AudioSessionOutALSA( 311): bytes = 262080 , mAlsaHandle->handle->period_size = 262144
12-10 11:35:22.623 D/AudioSessionOutALSA( 311): Copy Metadata = 64, bytes = 262080
12-10 11:35:22.623 V/AudioSessionOutALSA( 311): PCM write before memcpy start
12-10 11:35:22.623 V/AudioSessionOutALSA( 311): PCM write start
12-10 11:35:22.623 V/AudioSessionOutALSA( 311): PCM write complete
12-10 11:35:22.623 D/TunnelPlayer( 311): Fillbuffer after write and seek flag 0
12-10 11:35:22.623 D/TunnelPlayer( 311): FillBuffer: MemBuffer size 262080
12-10 11:35:22.663 V/StagefrightPlayer( 311): getCurrentPosition
12-10 11:35:22.673 V/AudioSessionOutALSA( 311): Timestamp returned = 97709666
12-10 11:35:22.683 V/MediaPlayer-JNI(22137): getCurrentPosition: 97710 (msec)
12-10 11:35:22.683 D/ProgressBar(22137): setProgress = 977
12-10 11:35:22.683 D/ProgressBar(22137): setProgress = 977, fromUser = false
12-10 11:35:22.683 D/ProgressBar(22137): mProgress = 975mIndeterminate = false, mMin = 0, mMax = 2750
12-10 11:35:22.683 D/TunnelPlayer( 311): FillBuffer completed bytesToWrite 262080
12-10 11:35:22.683 V/AudioSessionOutALSA( 311): acquiring mDecoderLock in isBufferAvailable()
12-10 11:35:22.683 V/AudioSessionOutALSA( 311): isBufferAvailable Empty Queue size() = 0, Filled Queue size() = 4
12-10 11:35:22.683 V/AudioSessionOutALSA( 311): Write: waiting on mWriteCv
12-10 11:35:22.683 V/StagefrightPlayer( 311): getCurrentPosition
12-10 11:35:22.703 V/AudioSessionOutALSA( 311): Timestamp returned = 97731000
12-10 11:35:22.703 V/MediaPlayer-JNI(22137): getCurrentPosition: 97731 (msec)
12-10 11:35:22.783 V/StagefrightPlayer( 311): getCurrentPosition
12-10 11:35:22.803 V/AudioSessionOutALSA( 311): Timestamp returned = 97837666
12-10 11:35:22.803 V/MediaPlayer-JNI(22137): getCurrentPosition: 97838 (msec)
12-10 11:35:22.803 D/ProgressBar(22137): setProgress = 978
12-10 11:35:22.803 D/ProgressBar(22137): setProgress = 978, fromUser = false
12-10 11:35:22.803 D/ProgressBar(22137): mProgress = 977mIndeterminate = false, mMin = 0, mMax = 2750
12-10 11:35:22.803 V/StagefrightPlayer( 311): getCurrentPosition
12-10 11:35:22.813 V/AudioSessionOutALSA( 311): Timestamp returned = 97859000
12-10 11:35:22.813 V/MediaPlayer-JNI(22137): getCurrentPosition: 97859 (msec)
12-10 11:35:22.903 V/StagefrightPlayer( 311): getCurrentPosition
12-10 11:35:22.913 V/AudioSessionOutALSA( 311): Timestamp returned = 97955000
12-10 11:35:22.913 V/MediaPlayer-JNI(22137): getCurrentPosition: 97955 (msec)
12-10 11:35:22.913 D/ProgressBar(22137): setProgress = 979
12-10 11:35:22.913 D/ProgressBar(22137): setProgress = 979, fromUser = false
12-10 11:35:22.913 D/ProgressBar(22137): mProgress = 978mIndeterminate = false, mMin = 0, mMax = 2750
12-10 11:35:22.923 V/StagefrightPlayer( 311): getCurrentPosition
12-10 11:35:22.933 V/AudioSessionOutALSA( 311): Timestamp returned = 97965666
12-10 11:35:22.933 V/MediaPlayer-JNI(22137): getCurrentPosition: 97966 (msec)
12-10 11:35:23.023 V/StagefrightPlayer( 311): getCurrentPosition
12-10 11:35:23.033 V/AudioSessionOutALSA( 311): Timestamp returned = 98061666
12-10 11:35:23.033 V/MediaPlayer-JNI(22137): getCurrentPosition: 98062 (msec)
12-10 11:35:23.033 D/ProgressBar(22137): setProgress = 980
12-10 11:35:23.033 D/ProgressBar(22137): setProgress = 980, fromUser = false
12-10 11:35:23.033 D/ProgressBar(22137): mProgress = 979mIndeterminate = false, mMin = 0, mMax = 2750
12-10 11:35:23.033 V/StagefrightPlayer( 311): getCurrentPosition
12-10 11:35:23.043 V/AudioSessionOutALSA( 311): Timestamp returned = 98083000
12-10 11:35:23.043 V/MediaPlayer-JNI(22137): getCurrentPosition: 98083 (msec)
12-10 11:35:23.133 V/StagefrightPlayer( 311): getCurrentPosition
12-10 11:35:23.143 V/AudioSessionOutALSA( 311): Timestamp returned = 98189666
12-10 11:35:23.143 V/MediaPlayer-JNI(22137): getCurrentPosition: 98190 (msec)
12-10 11:35:23.143 D/ProgressBar(22137): setProgress = 981
12-10 11:35:23.143 D/ProgressBar(22137): setProgress = 981, fromUser = false
12-10 11:35:23.143 D/ProgressBar(22137): mProgress = 980mIndeterminate = false, mMin = 0, mMax = 2750
12-10 11:35:23.153 V/StagefrightPlayer( 311): getCurrentPosition
12-10 11:35:23.163 V/AudioSessionOutALSA( 311): Timestamp returned = 98200333
12-10 11:35:23.163 V/MediaPlayer-JNI(22137): getCurrentPosition: 98200 (msec)
12-10 11:35:23.253 V/StagefrightPlayer( 311): getCurrentPosition
12-10 11:35:23.263 V/AudioSessionOutALSA( 311): Timestamp returned = 98307000
12-10 11:35:23.263 V/MediaPlayer-JNI(22137): getCurrentPosition: 98307 (msec)
12-10 11:35:23.263 D/ProgressBar(22137): setProgress = 983
12-10 11:35:23.263 D/ProgressBar(22137): setProgress = 983, fromUser = false
12-10 11:35:23.263 D/ProgressBar(22137): mProgress = 981mIndeterminate = false, mMin = 0, mMax = 2750
12-10 11:35:23.263 V/StagefrightPlayer( 311): getCurrentPosition
12-10 11:35:23.283 V/AudioSessionOutALSA( 311): Timestamp returned = 98317666
12-10 11:35:23.283 V/MediaPlayer-JNI(22137): getCurrentPosition: 98318 (msec)
12-10 11:35:23.363 V/StagefrightPlayer( 311): getCurrentPosition
12-10 11:35:23.383 V/AudioSessionOutALSA( 311): Timestamp returned = 98413666
12-10 11:35:23.383 V/MediaPlayer-JNI(22137): getCurrentPosition: 98414 (msec)
12-10 11:35:23.383 D/ProgressBar(22137): setProgress = 984
12-10 11:35:23.383 D/ProgressBar(22137): setProgress = 984, fromUser = false
12-10 11:35:23.383 D/ProgressBar(22137): mProgress = 983mIndeterminate = false, mMin = 0, mMax = 2750
12-10 11:35:23.383 V/StagefrightPlayer( 311): getCurrentPosition
12-10 11:35:23.393 V/AudioSessionOutALSA( 311): Timestamp returned = 98435000
12-10 11:35:23.393 V/MediaPlayer-JNI(22137): getCurrentPosition: 98435 (msec)
12-10 11:35:23.453 V/StagefrightPlayer( 311): getCurrentPosition
12-10 11:35:23.463 V/AudioSessionOutALSA( 311): Timestamp returned = 98509666
12-10 11:35:23.463 V/MediaPlayer-JNI(22137): getCurrentPosition: 98510 (msec)
12-10 11:35:23.483 V/StagefrightPlayer( 311): getCurrentPosition
12-10 11:35:23.503 V/AudioSessionOutALSA( 311): Timestamp returned = 98531000
12-10 11:35:23.503 V/MediaPlayer-JNI(22137): getCurrentPosition: 98531 (msec)
12-10 11:35:23.503 D/ProgressBar(22137): setProgress = 985
12-10 11:35:23.503 D/ProgressBar(22137): setProgress = 985, fromUser = false
12-10 11:35:23.503 D/ProgressBar(22137): mProgress = 984mIndeterminate = false, mMin = 0, mMax = 2750
12-10 11:35:23.503 V/StagefrightPlayer( 311): getCurrentPosition
12-10 11:35:23.513 V/AudioSessionOutALSA( 311): Timestamp returned = 98552333
12-10 11:35:23.513 V/MediaPlayer-JNI(22137): getCurrentPosition: 98552 (msec)
12-10 11:35:23.563 V/StagefrightPlayer( 311): getCurrentPosition
12-10 11:35:23.573 V/AudioSessionOutALSA( 311): Timestamp returned = 98616333
12-10 11:35:23.573 V/MediaPlayer-JNI(22137): getCurrentPosition: 98616 (msec)
12-10 11:35:23.603 V/StagefrightPlayer( 311): getCurrentPosition
12-10 11:35:23.613 V/AudioSessionOutALSA( 311): Timestamp returned = 98659000
12-10 11:35:23.613 V/MediaPlayer-JNI(22137): getCurrentPosition: 98659 (msec)
12-10 11:35:23.613 D/ProgressBar(22137): setProgress = 986
12-10 11:35:23.613 D/ProgressBar(22137): setProgress = 986, fromUser = false
12-10 11:35:23.613 D/ProgressBar(22137): mProgress = 985mIndeterminate = false, mMin = 0, mMax = 2750
12-10 11:35:23.613 V/StagefrightPlayer( 311): getCurrentPosition
12-10 11:35:23.633 V/AudioSessionOutALSA( 311): Timestamp returned = 98669666
12-10 11:35:23.633 V/MediaPlayer-JNI(22137): getCurrentPosition: 98670 (msec)
12-10 11:35:23.713 V/StagefrightPlayer( 311): getCurrentPosition
12-10 11:35:23.733 V/AudioSessionOutALSA( 311): Timestamp returned = 98765666
12-10 11:35:23.733 V/MediaPlayer-JNI(22137): getCurrentPosition: 98766 (msec)
12-10 11:35:23.733 D/ProgressBar(22137): setProgress = 987
12-10 11:35:23.733 D/ProgressBar(22137): setProgress = 987, fromUser = false
12-10 11:35:23.733 D/ProgressBar(22137): mProgress = 986mIndeterminate = false, mMin = 0, mMax = 2750
12-10 11:35:23.733 V/StagefrightPlayer( 311): getCurrentPosition
12-10 11:35:23.743 V/AudioSessionOutALSA( 311): Timestamp returned = 98787000
12-10 11:35:23.743 V/MediaPlayer-JNI(22137): getCurrentPosition: 98787 (msec)
12-10 11:35:23.833 V/StagefrightPlayer( 311): getCurrentPosition
12-10 11:35:23.843 V/AudioSessionOutALSA( 311): Timestamp returned = 98883000
12-10 11:35:23.843 V/MediaPlayer-JNI(22137): getCurrentPosition: 98883 (msec)
12-10 11:35:23.843 D/ProgressBar(22137): setProgress = 988
12-10 11:35:23.843 D/ProgressBar(22137): setProgress = 988, fromUser = false
12-10 11:35:23.843 D/ProgressBar(22137): mProgress = 987mIndeterminate = false, mMin = 0, mMax = 2750
12-10 11:35:23.843 V/StagefrightPlayer( 311): getCurrentPosition
12-10 11:35:23.863 V/AudioSessionOutALSA( 311): Timestamp returned = 98893666
12-10 11:35:23.863 V/MediaPlayer-JNI(22137): getCurrentPosition: 98894 (msec)
12-10 11:35:23.943 V/StagefrightPlayer( 311): getCurrentPosition
12-10 11:35:23.963 V/AudioSessionOutALSA( 311): Timestamp returned = 99000333
12-10 11:35:23.963 V/MediaPlayer-JNI(22137): getCurrentPosition: 99000 (msec)
12-10 11:35:23.963 D/ProgressBar(22137): setProgress = 990
12-10 11:35:23.963 D/ProgressBar(22137): setProgress = 990, fromUser = false
12-10 11:35:23.963 D/ProgressBar(22137): mProgress = 988mIndeterminate = false, mMin = 0, mMax = 2750
12-10 11:35:23.963 V/StagefrightPlayer( 311): getCurrentPosition
12-10 11:35:23.973 V/AudioSessionOutALSA( 311): Timestamp returned = 99011000
12-10 11:35:23.973 V/MediaPlayer-JNI(22137): getCurrentPosition: 99011 (msec)
12-10 11:35:24.063 V/StagefrightPlayer( 311): getCurrentPosition
12-10 11:35:24.073 V/AudioSessionOutALSA( 311): Timestamp returned = 99117666
12-10 11:35:24.073 V/MediaPlayer-JNI(22137): getCurrentPosition: 99118 (msec)
12-10 11:35:24.073 D/ProgressBar(22137): setProgress = 991
12-10 11:35:24.073 D/ProgressBar(22137): setProgress = 991, fromUser = false
12-10 11:35:24.073 D/ProgressBar(22137): mProgress = 990mIndeterminate = false, mMin = 0, mMax = 2750
12-10 11:35:24.083 V/StagefrightPlayer( 311): getCurrentPosition
12-10 11:35:24.093 V/AudioSessionOutALSA( 311): Timestamp returned = 99128333
12-10 11:35:24.093 V/MediaPlayer-JNI(22137): getCurrentPosition: 99128 (msec)
12-10 11:35:24.183 V/StagefrightPlayer( 311): getCurrentPosition
12-10 11:35:24.193 V/AudioSessionOutALSA( 311): Timestamp returned = 99235000
12-10 11:35:24.193 V/MediaPlayer-JNI(22137): getCurrentPosition: 99235 (msec)
12-10 11:35:24.193 D/ProgressBar(22137): setProgress = 992
12-10 11:35:24.193 D/ProgressBar(22137): setProgress = 992, fromUser = false
12-10 11:35:24.193 D/ProgressBar(22137): mProgress = 991mIndeterminate = false, mMin = 0, mMax = 2750
12-10 11:35:24.193 V/StagefrightPlayer( 311): getCurrentPosition
12-10 11:35:24.213 V/AudioSessionOutALSA( 311): Timestamp returned = 99245666
12-10 11:35:24.213 V/MediaPlayer-JNI(22137): getCurrentPosition: 99246 (msec)
12-10 11:35:24.323 V/StagefrightPlayer( 311): getCurrentPosition
12-10 11:35:24.333 V/AudioSessionOutALSA( 311): Timestamp returned = 99373666
12-10 11:35:24.333 V/MediaPlayer-JNI(22137): getCurrentPosition: 99374 (msec)
12-10 11:35:24.333 D/ProgressBar(22137): setProgress = 993
12-10 11:35:24.333 D/ProgressBar(22137): setProgress = 993, fromUser = false
12-10 11:35:24.333 D/ProgressBar(22137): mProgress = 992mIndeterminate = false, mMin = 0, mMax = 2750
12-10 11:35:24.343 V/StagefrightPlayer( 311): getCurrentPosition
12-10 11:35:24.353 V/AudioSessionOutALSA( 311): Timestamp returned = 99395000
12-10 11:35:24.353 V/MediaPlayer-JNI(22137): getCurrentPosition: 99395 (msec)
12-10 11:35:24.433 V/StagefrightPlayer( 311): getCurrentPosition
12-10 11:35:24.453 V/AudioSessionOutALSA( 311): Timestamp returned = 99491000
12-10 11:35:24.453 V/MediaPlayer-JNI(22137): getCurrentPosition: 99491 (msec)
12-10 11:35:24.453 D/ProgressBar(22137): setProgress = 994
12-10 11:35:24.453 D/ProgressBar(22137): setProgress = 994, fromUser = false
12-10 11:35:24.453 D/ProgressBar(22137): mProgress = 993mIndeterminate = false, mMin = 0, mMax = 2750
12-10 11:35:24.453 V/StagefrightPlayer( 311): getCurrentPosition
12-10 11:35:24.463 V/AudioSessionOutALSA( 311): Timestamp returned = 99501666
12-10 11:35:24.463 V/StagefrightPlayer( 311): getCurrentPosition
12-10 11:35:24.463 V/MediaPlayer-JNI(22137): getCurrentPosition: 99502 (msec)
12-10 11:35:24.473 V/AudioSessionOutALSA( 311): Timestamp returned = 99512333
12-10 11:35:24.473 V/MediaPlayer-JNI(22137): getCurrentPosition: 99512 (msec)
12-10 11:35:24.563 V/StagefrightPlayer( 311): getCurrentPosition
12-10 11:35:24.573 V/AudioSessionOutALSA( 311): Timestamp returned = 99619000
12-10 11:35:24.573 V/MediaPlayer-JNI(22137): getCurrentPosition: 99619 (msec)
12-10 11:35:24.573 D/ProgressBar(22137): setProgress = 996
12-10 11:35:24.573 D/ProgressBar(22137): setProgress = 996, fromUser = false
12-10 11:35:24.573 D/ProgressBar(22137): mProgress = 994mIndeterminate = false, mMin = 0, mMax = 2750
12-10 11:35:24.593 V/StagefrightPlayer( 311): getCurrentPosition
12-10 11:35:24.603 V/AudioSessionOutALSA( 311): Timestamp returned = 99640333
12-10 11:35:24.603 V/MediaPlayer-JNI(22137): getCurrentPosition: 99640 (msec)
12-10 11:35:24.603 V/StagefrightPlayer( 311): getCurrentPosition
12-10 11:35:24.613 V/AudioSessionOutALSA( 311): Timestamp returned = 99651000
12-10 11:35:24.613 V/MediaPlayer-JNI(22137): getCurrentPosition: 99651 (msec)
12-10 11:35:24.693 V/StagefrightPlayer( 311): getCurrentPosition
12-10 11:35:24.703 V/AudioSessionOutALSA( 311): Timestamp returned = 99736333
12-10 11:35:24.703 V/MediaPlayer-JNI(22137): getCurrentPosition: 99736 (msec)
12-10 11:35:24.703 D/ProgressBar(22137): setProgress = 997
12-10 11:35:24.703 D/ProgressBar(22137): setProgress = 997, fromUser = false
12-10 11:35:24.703 D/ProgressBar(22137): mProgress = 996mIndeterminate = false, mMin = 0, mMax = 2750
12-10 11:35:24.703 V/StagefrightPlayer( 311): getCurrentPosition
12-10 11:35:24.713 V/AudioSessionOutALSA( 311): Timestamp returned = 99757666
12-10 11:35:24.713 V/MediaPlayer-JNI(22137): getCurrentPosition: 99758 (msec)
12-10 11:35:24.803 V/StagefrightPlayer( 311): getCurrentPosition
12-10 11:35:24.813 V/AudioSessionOutALSA( 311): Timestamp returned = 99853666
12-10 11:35:24.813 V/MediaPlayer-JNI(22137): getCurrentPosition: 99854 (msec)
12-10 11:35:24.813 D/ProgressBar(22137): setProgress = 998
12-10 11:35:24.813 D/ProgressBar(22137): setProgress = 998, fromUser = false
12-10 11:35:24.813 D/ProgressBar(22137): mProgress = 997mIndeterminate = false, mMin = 0, mMax = 2750
12-10 11:35:24.823 V/StagefrightPlayer( 311): getCurrentPosition
12-10 11:35:24.833 V/AudioSessionOutALSA( 311): Timestamp returned = 99864333
12-10 11:35:24.833 V/MediaPlayer-JNI(22137): getCurrentPosition: 99864 (msec)
12-10 11:35:24.923 V/StagefrightPlayer( 311): getCurrentPosition
12-10 11:35:24.933 V/AudioSessionOutALSA( 311): Timestamp returned = 99971000
12-10 11:35:24.933 V/MediaPlayer-JNI(22137): getCurrentPosition: 99971 (msec)
12-10 11:35:24.933 D/ProgressBar(22137): setProgress = 999
12-10 11:35:24.933 D/ProgressBar(22137): setProgress = 999, fromUser = false
12-10 11:35:24.933 D/ProgressBar(22137): mProgress = 998mIndeterminate = false, mMin = 0, mMax = 2750
12-10 11:35:24.933 V/StagefrightPlayer( 311): getCurrentPosition
12-10 11:35:24.943 V/AudioSessionOutALSA( 311): Timestamp returned = 99981666
12-10 11:35:24.943 V/MediaPlayer-JNI(22137): getCurrentPosition: 99982 (msec)
12-10 11:35:25.033 V/StagefrightPlayer( 311): getCurrentPosition
12-10 11:35:25.043 V/AudioSessionOutALSA( 311): Timestamp returned = 100088333
12-10 11:35:25.043 V/MediaPlayer-JNI(22137): getCurrentPosition: 100088 (msec)
12-10 11:35:25.043 D/ProgressBar(22137): setProgress = 1000
12-10 11:35:25.043 D/ProgressBar(22137): setProgress = 1000, fromUser = false
12-10 11:35:25.043 D/ProgressBar(22137): mProgress = 999mIndeterminate = false, mMin = 0, mMax = 2750
12-10 11:35:25.043 V/StagefrightPlayer( 311): getCurrentPosition
12-10 11:35:25.063 V/AudioSessionOutALSA( 311): Timestamp returned = 100099000
12-10 11:35:25.063 V/MediaPlayer-JNI(22137): getCurrentPosition: 100099 (msec)
12-10 11:35:25.153 V/StagefrightPlayer( 311): getCurrentPosition
12-10 11:35:25.163 V/AudioSessionOutALSA( 311): Timestamp returned = 100195000
12-10 11:35:25.163 V/MediaPlayer-JNI(22137): getCurrentPosition: 100195 (msec)
12-10 11:35:25.163 D/ProgressBar(22137): setProgress = 1001
12-10 11:35:25.163 D/ProgressBar(22137): setProgress = 1001, fromUser = false
12-10 11:35:25.163 D/ProgressBar(22137): mProgress = 1000mIndeterminate = false, mMin = 0, mMax = 2750
12-10 11:35:25.163 V/StagefrightPlayer( 311): getCurrentPosition
12-10 11:35:25.173 V/AudioSessionOutALSA( 311): Timestamp returned = 100216333
12-10 11:35:25.173 V/MediaPlayer-JNI(22137): getCurrentPosition: 100216 (msec)
12-10 11:35:25.273 V/StagefrightPlayer( 311): getCurrentPosition
12-10 11:35:25.293 V/AudioSessionOutALSA( 311): Timestamp returned = 100323000
12-10 11:35:25.293 V/MediaPlayer-JNI(22137): getCurrentPosition: 100323 (msec)
12-10 11:35:25.293 D/ProgressBar(22137): setProgress = 1003
12-10 11:35:25.293 D/ProgressBar(22137): setProgress = 1003, fromUser = false
12-10 11:35:25.293 D/ProgressBar(22137): mProgress = 1001mIndeterminate = false, mMin = 0, mMax = 2750
12-10 11:35:25.293 V/StagefrightPlayer( 311): getCurrentPosition
12-10 11:35:25.303 V/AudioSessionOutALSA( 311): Timestamp returned = 100344333
12-10 11:35:25.303 V/MediaPlayer-JNI(22137): getCurrentPosition: 100344 (msec)
12-10 11:35:25.393 V/StagefrightPlayer( 311): getCurrentPosition
12-10 11:35:25.403 V/AudioSessionOutALSA( 311): Timestamp returned = 100451000
12-10 11:35:25.403 V/MediaPlayer-JNI(22137): getCurrentPosition: 100451 (msec)
12-10 11:35:25.403 D/ProgressBar(22137): setProgress = 1004
12-10 11:35:25.403 D/ProgressBar(22137): setProgress = 1004, fromUser = false
12-10 11:35:25.403 D/ProgressBar(22137): mProgress = 1003mIndeterminate = false, mMin = 0, mMax = 2750
12-10 11:35:25.403 V/StagefrightPlayer( 311): getCurrentPosition
12-10 11:35:25.413 V/AudioSessionOutALSA( 311): Timestamp returned = 100451000
12-10 11:35:25.413 V/MediaPlayer-JNI(22137): getCurrentPosition: 100451 (msec)
12-10 11:35:25.473 V/StagefrightPlayer( 311): getCurrentPosition
12-10 11:35:25.483 V/AudioSessionOutALSA( 311): Timestamp returned = 100525666
12-10 11:35:25.483 V/MediaPlayer-JNI(22137): getCurrentPosition: 100526 (msec)
12-10 11:35:25.503 V/StagefrightPlayer( 311): getCurrentPosition
12-10 11:35:25.513 V/AudioSessionOutALSA( 311): Timestamp returned = 100557666
12-10 11:35:25.513 V/MediaPlayer-JNI(22137): getCurrentPosition: 100558 (msec)
12-10 11:35:25.513 D/ProgressBar(22137): setProgress = 1005
12-10 11:35:25.513 D/ProgressBar(22137): setProgress = 1005, fromUser = false
12-10 11:35:25.513 D/ProgressBar(22137): mProgress = 1004mIndeterminate = false, mMin = 0, mMax = 2750
12-10 11:35:25.523 V/StagefrightPlayer( 311): getCurrentPosition
12-10 11:35:25.533 V/AudioSessionOutALSA( 311): Timestamp returned = 100568333
12-10 11:35:25.533 V/MediaPlayer-JNI(22137): getCurrentPosition: 100568 (msec)
12-10 11:35:25.603 V/StagefrightPlayer( 311): getCurrentPosition
12-10 11:35:25.613 V/AudioSessionOutALSA( 311): Timestamp returned = 100653666
12-10 11:35:25.613 V/MediaPlayer-JNI(22137): getCurrentPosition: 100654 (msec)
12-10 11:35:25.623 V/StagefrightPlayer( 311): getCurrentPosition
12-10 11:35:25.633 V/AudioSessionOutALSA( 311): Timestamp returned = 100664333
12-10 11:35:25.633 V/MediaPlayer-JNI(22137): getCurrentPosition: 100664 (msec)
12-10 11:35:25.633 D/ProgressBar(22137): setProgress = 1006
12-10 11:35:25.633 D/ProgressBar(22137): setProgress = 1006, fromUser = false
12-10 11:35:25.633 D/ProgressBar(22137): mProgress = 1005mIndeterminate = false, mMin = 0, mMax = 2750
12-10 11:35:25.633 V/StagefrightPlayer( 311): getCurrentPosition
12-10 11:35:25.643 V/AudioSessionOutALSA( 311): Timestamp returned = 100685666
12-10 11:35:25.643 V/MediaPlayer-JNI(22137): getCurrentPosition: 100686 (msec)
12-10 11:35:25.733 V/StagefrightPlayer( 311): getCurrentPosition
12-10 11:35:25.743 V/AudioSessionOutALSA( 311): Timestamp returned = 100781666
12-10 11:35:25.743 V/MediaPlayer-JNI(22137): getCurrentPosition: 100782 (msec)
12-10 11:35:25.743 D/ProgressBar(22137): setProgress = 1007
12-10 11:35:25.743 D/ProgressBar(22137): setProgress = 1007, fromUser = false
12-10 11:35:25.743 D/ProgressBar(22137): mProgress = 1006mIndeterminate = false, mMin = 0, mMax = 2750
12-10 11:35:25.743 V/StagefrightPlayer( 311): getCurrentPosition
12-10 11:35:25.763 V/AudioSessionOutALSA( 311): Timestamp returned = 100792333
12-10 11:35:25.763 V/MediaPlayer-JNI(22137): getCurrentPosition: 100792 (msec)
12-10 11:35:25.853 V/StagefrightPlayer( 311): getCurrentPosition
12-10 11:35:25.863 V/AudioSessionOutALSA( 311): Timestamp returned = 100899000
12-10 11:35:25.863 V/MediaPlayer-JNI(22137): getCurrentPosition: 100899 (msec)
12-10 11:35:25.863 D/ProgressBar(22137): setProgress = 1008
12-10 11:35:25.863 D/ProgressBar(22137): setProgress = 1008, fromUser = false
12-10 11:35:25.863 D/ProgressBar(22137): mProgress = 1007mIndeterminate = false, mMin = 0, mMax = 2750
12-10 11:35:25.863 V/StagefrightPlayer( 311): getCurrentPosition
12-10 11:35:25.873 V/AudioSessionOutALSA( 311): Timestamp returned = 100920333
12-10 11:35:25.873 V/MediaPlayer-JNI(22137): getCurrentPosition: 100920 (msec)
12-10 11:35:25.973 V/StagefrightPlayer( 311): getCurrentPosition
12-10 11:35:25.983 V/AudioSessionOutALSA( 311): Timestamp returned = 101016333
12-10 11:35:25.983 V/MediaPlayer-JNI(22137): getCurrentPosition: 101016 (msec)
12-10 11:35:25.983 D/ProgressBar(22137): setProgress = 1010
12-10 11:35:25.983 D/ProgressBar(22137): setProgress = 1010, fromUser = false
12-10 11:35:25.983 D/ProgressBar(22137): mProgress = 1008mIndeterminate = false, mMin = 0, mMax = 2750
12-10 11:35:25.983 V/StagefrightPlayer( 311): getCurrentPosition
12-10 11:35:25.993 V/AudioSessionOutALSA( 311): Timestamp returned = 101037666
12-10 11:35:25.993 V/MediaPlayer-JNI(22137): getCurrentPosition: 101038 (msec)
12-10 11:35:26.083 V/StagefrightPlayer( 311): getCurrentPosition
12-10 11:35:26.093 V/AudioSessionOutALSA( 311): Timestamp returned = 101133666
12-10 11:35:26.093 V/MediaPlayer-JNI(22137): getCurrentPosition: 101134 (msec)
12-10 11:35:26.093 D/ProgressBar(22137): setProgress = 1011
12-10 11:35:26.093 D/ProgressBar(22137): setProgress = 1011, fromUser = false
12-10 11:35:26.093 D/ProgressBar(22137): mProgress = 1010mIndeterminate = false, mMin = 0, mMax = 2750
12-10 11:35:26.103 V/StagefrightPlayer( 311): getCurrentPosition
12-10 11:35:26.113 V/AudioSessionOutALSA( 311): Timestamp returned = 101144333
12-10 11:35:26.113 V/MediaPlayer-JNI(22137): getCurrentPosition: 101144 (msec)
12-10 11:35:26.203 V/StagefrightPlayer( 311): getCurrentPosition
12-10 11:35:26.213 V/AudioSessionOutALSA( 311): Timestamp returned = 101251000
12-10 11:35:26.213 V/MediaPlayer-JNI(22137): getCurrentPosition: 101251 (msec)
12-10 11:35:26.213 D/ProgressBar(22137): setProgress = 1012
12-10 11:35:26.213 D/ProgressBar(22137): setProgress = 1012, fromUser = false
12-10 11:35:26.213 D/ProgressBar(22137): mProgress = 1011mIndeterminate = false, mMin = 0, mMax = 2750
12-10 11:35:26.213 V/StagefrightPlayer( 311): getCurrentPosition
12-10 11:35:26.223 V/AudioSessionOutALSA( 311): Timestamp returned = 101261666
12-10 11:35:26.223 V/MediaPlayer-JNI(22137): getCurrentPosition: 101262 (msec)
12-10 11:35:26.313 V/StagefrightPlayer( 311): getCurrentPosition
12-10 11:35:26.323 V/AudioSessionOutALSA( 311): Timestamp returned = 101368333
12-10 11:35:26.323 V/MediaPlayer-JNI(22137): getCurrentPosition: 101368 (msec)
12-10 11:35:26.323 D/ProgressBar(22137): setProgress = 1013
12-10 11:35:26.323 D/ProgressBar(22137): setProgress = 1013, fromUser = false
12-10 11:35:26.323 D/ProgressBar(22137): mProgress = 1012mIndeterminate = false, mMin = 0, mMax = 2750
12-10 11:35:26.333 V/StagefrightPlayer( 311): getCurrentPosition
12-10 11:35:26.343 V/AudioSessionOutALSA( 311): Timestamp returned = 101379000
12-10 11:35:26.343 V/MediaPlayer-JNI(22137): getCurrentPosition: 101379 (msec)
12-10 11:35:26.433 V/StagefrightPlayer( 311): getCurrentPosition
12-10 11:35:26.443 V/AudioSessionOutALSA( 311): Timestamp returned = 101485666
12-10 11:35:26.443 V/MediaPlayer-JNI(22137): getCurrentPosition: 101486 (msec)
12-10 11:35:26.443 D/ProgressBar(22137): setProgress = 1014
12-10 11:35:26.443 D/ProgressBar(22137): setProgress = 1014, fromUser = false
12-10 11:35:26.443 D/ProgressBar(22137): mProgress = 1013mIndeterminate = false, mMin = 0, mMax = 2750
12-10 11:35:26.443 V/StagefrightPlayer( 311): getCurrentPosition
12-10 11:35:26.463 V/AudioSessionOutALSA( 311): Timestamp returned = 101496333
12-10 11:35:26.463 V/MediaPlayer-JNI(22137): getCurrentPosition: 101496 (msec)
12-10 11:35:26.483 V/StagefrightPlayer( 311): getCurrentPosition
12-10 11:35:26.503 V/AudioSessionOutALSA( 311): Timestamp returned = 101539000
12-10 11:35:26.503 V/MediaPlayer-JNI(22137): getCurrentPosition: 101539 (msec)
12-10 11:35:26.543 V/StagefrightPlayer( 311): getCurrentPosition
12-10 11:35:26.563 V/AudioSessionOutALSA( 311): Timestamp returned = 101592333
12-10 11:35:26.563 V/MediaPlayer-JNI(22137): getCurrentPosition: 101592 (msec)
12-10 11:35:26.563 D/ProgressBar(22137): setProgress = 1015
12-10 11:35:26.563 D/ProgressBar(22137): setProgress = 1015, fromUser = false
12-10 11:35:26.563 D/ProgressBar(22137): mProgress = 1014mIndeterminate = false, mMin = 0, mMax = 2750
12-10 11:35:26.563 V/StagefrightPlayer( 311): getCurrentPosition
12-10 11:35:26.573 V/AudioSessionOutALSA( 311): Timestamp returned = 101613666
12-10 11:35:26.573 V/MediaPlayer-JNI(22137): getCurrentPosition: 101614 (msec)
12-10 11:35:26.613 V/StagefrightPlayer( 311): getCurrentPosition
12-10 11:35:26.623 V/AudioSessionOutALSA( 311): Timestamp returned = 101667000
12-10 11:35:26.623 V/MediaPlayer-JNI(22137): getCurrentPosition: 101667 (msec)
12-10 11:35:26.663 V/StagefrightPlayer( 311): getCurrentPosition
12-10 11:35:26.673 V/AudioSessionOutALSA( 311): Timestamp returned = 101720333
12-10 11:35:26.673 V/MediaPlayer-JNI(22137): getCurrentPosition: 101720 (msec)
12-10 11:35:26.673 D/ProgressBar(22137): setProgress = 1017
12-10 11:35:26.673 D/ProgressBar(22137): setProgress = 1017, fromUser = false
12-10 11:35:26.673 D/ProgressBar(22137): mProgress = 1015mIndeterminate = false, mMin = 0, mMax = 2750
12-10 11:35:26.673 V/StagefrightPlayer( 311): getCurrentPosition
12-10 11:35:26.683 V/AudioSessionOutALSA( 311): Timestamp returned = 101731000
12-10 11:35:26.683 V/MediaPlayer-JNI(22137): getCurrentPosition: 101731 (msec)
12-10 11:35:26.773 V/StagefrightPlayer( 311): getCurrentPosition
12-10 11:35:26.793 V/AudioSessionOutALSA( 311): Timestamp returned = 101827000
12-10 11:35:26.793 V/MediaPlayer-JNI(22137): getCurrentPosition: 101827 (msec)
12-10 11:35:26.793 D/ProgressBar(22137): setProgress = 1018
12-10 11:35:26.793 D/ProgressBar(22137): setProgress = 1018, fromUser = false
12-10 11:35:26.793 D/ProgressBar(22137): mProgress = 1017mIndeterminate = false, mMin = 0, mMax = 2750
12-10 11:35:26.793 V/StagefrightPlayer( 311): getCurrentPosition
12-10 11:35:26.803 V/AudioSessionOutALSA( 311): Timestamp returned = 101848333
12-10 11:35:26.803 V/MediaPlayer-JNI(22137): getCurrentPosition: 101848 (msec)
12-10 11:35:26.893 V/StagefrightPlayer( 311): getCurrentPosition
12-10 11:35:26.903 V/AudioSessionOutALSA( 311): Timestamp returned = 101944333
12-10 11:35:26.903 V/MediaPlayer-JNI(22137): getCurrentPosition: 101944 (msec)
12-10 11:35:26.903 D/ProgressBar(22137): setProgress = 1019
12-10 11:35:26.903 D/ProgressBar(22137): setProgress = 1019, fromUser = false
12-10 11:35:26.903 D/ProgressBar(22137): mProgress = 1018mIndeterminate = false, mMin = 0, mMax = 2750
12-10 11:35:26.903 V/StagefrightPlayer( 311): getCurrentPosition
12-10 11:35:26.923 V/AudioSessionOutALSA( 311): Timestamp returned = 101955000
12-10 11:35:26.923 V/MediaPlayer-JNI(22137): getCurrentPosition: 101955 (msec)
12-10 11:35:27.003 V/StagefrightPlayer( 311): getCurrentPosition
12-10 11:35:27.023 V/AudioSessionOutALSA( 311): Timestamp returned = 102051000
12-10 11:35:27.023 V/MediaPlayer-JNI(22137): getCurrentPosition: 102051 (msec)
12-10 11:35:27.023 D/ProgressBar(22137): setProgress = 1020
12-10 11:35:27.023 D/ProgressBar(22137): setProgress = 1020, fromUser = false
12-10 11:35:27.023 D/ProgressBar(22137): mProgress = 1019mIndeterminate = false, mMin = 0, mMax = 2750
12-10 11:35:27.023 V/StagefrightPlayer( 311): getCurrentPosition
12-10 11:35:27.033 V/AudioSessionOutALSA( 311): Timestamp returned = 102072333
12-10 11:35:27.033 V/MediaPlayer-JNI(22137): getCurrentPosition: 102072 (msec)
12-10 11:35:27.123 V/StagefrightPlayer( 311): getCurrentPosition
12-10 11:35:27.133 V/AudioSessionOutALSA( 311): Timestamp returned = 102179000
12-10 11:35:27.133 V/MediaPlayer-JNI(22137): getCurrentPosition: 102179 (msec)
12-10 11:35:27.133 D/ProgressBar(22137): setProgress = 1021
12-10 11:35:27.133 D/ProgressBar(22137): setProgress = 1021, fromUser = false
12-10 11:35:27.133 D/ProgressBar(22137): mProgress = 1020mIndeterminate = false, mMin = 0, mMax = 2750
12-10 11:35:27.133 V/StagefrightPlayer( 311): getCurrentPosition
12-10 11:35:27.153 V/AudioSessionOutALSA( 311): Timestamp returned = 102189666
12-10 11:35:27.153 V/MediaPlayer-JNI(22137): getCurrentPosition: 102190 (msec)
12-10 11:35:27.233 V/StagefrightPlayer( 311): getCurrentPosition
12-10 11:35:27.253 V/AudioSessionOutALSA( 311): Timestamp returned = 102285666
12-10 11:35:27.253 V/MediaPlayer-JNI(22137): getCurrentPosition: 102286 (msec)
12-10 11:35:27.253 D/ProgressBar(22137): setProgress = 1022
12-10 11:35:27.253 D/ProgressBar(22137): setProgress = 1022, fromUser = false
12-10 11:35:27.253 D/ProgressBar(22137): mProgress = 1021mIndeterminate = false, mMin = 0, mMax = 2750
12-10 11:35:27.253 V/StagefrightPlayer( 311): getCurrentPosition
12-10 11:35:27.263 V/AudioSessionOutALSA( 311): Timestamp returned = 102307000
12-10 11:35:27.263 V/MediaPlayer-JNI(22137): getCurrentPosition: 102307 (msec)
12-10 11:35:27.353 V/StagefrightPlayer( 311): getCurrentPosition
12-10 11:35:27.363 V/AudioSessionOutALSA( 311): Timestamp returned = 102403000
12-10 11:35:27.363 V/MediaPlayer-JNI(22137): getCurrentPosition: 102403 (msec)
12-10 11:35:27.363 D/ProgressBar(22137): setProgress = 1024
12-10 11:35:27.363 D/ProgressBar(22137): setProgress = 1024, fromUser = false
12-10 11:35:27.363 D/ProgressBar(22137): mProgress = 1022mIndeterminate = false, mMin = 0, mMax = 2750
12-10 11:35:27.363 V/StagefrightPlayer( 311): getCurrentPosition
12-10 11:35:27.383 V/AudioSessionOutALSA( 311): Timestamp returned = 102413666
12-10 11:35:27.383 V/MediaPlayer-JNI(22137): getCurrentPosition: 102414 (msec)
12-10 11:35:27.463 V/StagefrightPlayer( 311): getCurrentPosition
12-10 11:35:27.483 V/AudioSessionOutALSA( 311): Timestamp returned = 102520333
12-10 11:35:27.483 V/MediaPlayer-JNI(22137): getCurrentPosition: 102520 (msec)
12-10 11:35:27.483 D/ProgressBar(22137): setProgress = 1025
12-10 11:35:27.483 D/ProgressBar(22137): setProgress = 1025, fromUser = false
12-10 11:35:27.483 D/ProgressBar(22137): mProgress = 1024mIndeterminate = false, mMin = 0, mMax = 2750
12-10 11:35:27.483 V/StagefrightPlayer( 311): getCurrentPosition
12-10 11:35:27.493 V/AudioSessionOutALSA( 311): Timestamp returned = 102531000
12-10 11:35:27.493 V/MediaPlayer-JNI(22137): getCurrentPosition: 102531 (msec)
12-10 11:35:27.503 V/StagefrightPlayer( 311): getCurrentPosition
12-10 11:35:27.513 V/AudioSessionOutALSA( 311): Timestamp returned = 102541666
12-10 11:35:27.513 V/MediaPlayer-JNI(22137): getCurrentPosition: 102542 (msec)
12-10 11:35:27.583 V/StagefrightPlayer( 311): getCurrentPosition
12-10 11:35:27.593 V/AudioSessionOutALSA( 311): Timestamp returned = 102637666
12-10 11:35:27.593 V/MediaPlayer-JNI(22137): getCurrentPosition: 102638 (msec)
12-10 11:35:27.593 D/ProgressBar(22137): setProgress = 1026
12-10 11:35:27.593 D/ProgressBar(22137): setProgress = 1026, fromUser = false
12-10 11:35:27.593 D/ProgressBar(22137): mProgress = 1025mIndeterminate = false, mMin = 0, mMax = 2750
12-10 11:35:27.593 V/StagefrightPlayer( 311): getCurrentPosition
12-10 11:35:27.613 V/AudioSessionOutALSA( 311): Timestamp returned = 102648333
12-10 11:35:27.613 V/MediaPlayer-JNI(22137): getCurrentPosition: 102648 (msec)
12-10 11:35:27.623 V/StagefrightPlayer( 311): getCurrentPosition
12-10 11:35:27.643 V/AudioSessionOutALSA( 311): Timestamp returned = 102680333
12-10 11:35:27.643 V/MediaPlayer-JNI(22137): getCurrentPosition: 102680 (msec)
12-10 11:35:27.693 V/StagefrightPlayer( 311): getCurrentPosition
12-10 11:35:27.713 V/AudioSessionOutALSA( 311): Timestamp returned = 102744333
12-10 11:35:27.713 V/MediaPlayer-JNI(22137): getCurrentPosition: 102744 (msec)
12-10 11:35:27.713 D/ProgressBar(22137): setProgress = 1027
12-10 11:35:27.713 D/ProgressBar(22137): setProgress = 1027, fromUser = false
12-10 11:35:27.713 D/ProgressBar(22137): mProgress = 1026mIndeterminate = false, mMin = 0, mMax = 2750
12-10 11:35:27.713 V/StagefrightPlayer( 311): getCurrentPosition
12-10 11:35:27.723 V/AudioSessionOutALSA( 311): Timestamp returned = 102765666
12-10 11:35:27.723 V/MediaPlayer-JNI(22137): getCurrentPosition: 102766 (msec)
12-10 11:35:27.813 V/StagefrightPlayer( 311): getCurrentPosition
12-10 11:35:27.823 V/AudioSessionOutALSA( 311): Timestamp returned = 102861666
12-10 11:35:27.823 V/MediaPlayer-JNI(22137): getCurrentPosition: 102862 (msec)
12-10 11:35:27.823 D/ProgressBar(22137): setProgress = 1028
12-10 11:35:27.823 D/ProgressBar(22137): setProgress = 1028, fromUser = false
12-10 11:35:27.823 D/ProgressBar(22137): mProgress = 1027mIndeterminate = false, mMin = 0, mMax = 2750
12-10 11:35:27.823 V/StagefrightPlayer( 311): getCurrentPosition
12-10 11:35:27.843 V/AudioSessionOutALSA( 311): Timestamp returned = 102872333
12-10 11:35:27.843 V/MediaPlayer-JNI(22137): getCurrentPosition: 102872 (msec)
12-10 11:35:27.923 V/StagefrightPlayer( 311): getCurrentPosition
12-10 11:35:27.943 V/AudioSessionOutALSA( 311): Timestamp returned = 102979000
12-10 11:35:27.943 V/MediaPlayer-JNI(22137): getCurrentPosition: 102979 (msec)
12-10 11:35:27.943 D/ProgressBar(22137): setProgress = 1029
12-10 11:35:27.943 D/ProgressBar(22137): setProgress = 1029, fromUser = false
12-10 11:35:27.943 D/ProgressBar(22137): mProgress = 1028mIndeterminate = false, mMin = 0, mMax = 2750
12-10 11:35:27.943 V/StagefrightPlayer( 311): getCurrentPosition
12-10 11:35:27.953 V/AudioSessionOutALSA( 311): Timestamp returned = 103000333
12-10 11:35:27.953 V/MediaPlayer-JNI(22137): getCurrentPosition: 103000 (msec)
12-10 11:35:28.043 V/StagefrightPlayer( 311): getCurrentPosition
12-10 11:35:28.053 V/AudioSessionOutALSA( 311): Timestamp returned = 103096333
12-10 11:35:28.053 V/MediaPlayer-JNI(22137): getCurrentPosition: 103096 (msec)
12-10 11:35:28.053 D/ProgressBar(22137): setProgress = 1030
12-10 11:35:28.053 D/ProgressBar(22137): setProgress = 1030, fromUser = false
12-10 11:35:28.053 D/ProgressBar(22137): mProgress = 1029mIndeterminate = false, mMin = 0, mMax = 2750
12-10 11:35:28.053 V/StagefrightPlayer( 311): getCurrentPosition
12-10 11:35:28.073 V/AudioSessionOutALSA( 311): Timestamp returned = 103107000
12-10 11:35:28.073 V/MediaPlayer-JNI(22137): getCurrentPosition: 103107 (msec)
12-10 11:35:28.153 V/StagefrightPlayer( 311): getCurrentPosition
12-10 11:35:28.173 V/AudioSessionOutALSA( 311): Timestamp returned = 103203000
12-10 11:35:28.173 V/MediaPlayer-JNI(22137): getCurrentPosition: 103203 (msec)
12-10 11:35:28.173 D/ProgressBar(22137): setProgress = 1032
12-10 11:35:28.173 D/ProgressBar(22137): setProgress = 1032, fromUser = false
12-10 11:35:28.173 D/ProgressBar(22137): mProgress = 1030mIndeterminate = false, mMin = 0, mMax = 2750
12-10 11:35:28.173 V/StagefrightPlayer( 311): getCurrentPosition
12-10 11:35:28.183 V/AudioSessionOutALSA( 311): Timestamp returned = 103224333
12-10 11:35:28.183 V/MediaPlayer-JNI(22137): getCurrentPosition: 103224 (msec)
12-10 11:35:28.273 V/StagefrightPlayer( 311): getCurrentPosition
12-10 11:35:28.283 V/AudioSessionOutALSA( 311): Timestamp returned = 103331000
12-10 11:35:28.283 V/MediaPlayer-JNI(22137): getCurrentPosition: 103331 (msec)
12-10 11:35:28.283 D/ProgressBar(22137): setProgress = 1033
12-10 11:35:28.283 D/ProgressBar(22137): setProgress = 1033, fromUser = false
12-10 11:35:28.283 D/ProgressBar(22137): mProgress = 1032mIndeterminate = false, mMin = 0, mMax = 2750
12-10 11:35:28.283 V/StagefrightPlayer( 311): getCurrentPosition
12-10 11:35:28.303 V/AudioSessionOutALSA( 311): Timestamp returned = 103331000
12-10 11:35:28.303 V/MediaPlayer-JNI(22137): getCurrentPosition: 103331 (msec)
12-10 11:35:28.383 V/StagefrightPlayer( 311): getCurrentPosition
12-10 11:35:28.403 V/AudioSessionOutALSA( 311): Timestamp returned = 103437666
12-10 11:35:28.403 V/MediaPlayer-JNI(22137): getCurrentPosition: 103438 (msec)
12-10 11:35:28.403 D/ProgressBar(22137): setProgress = 1034
12-10 11:35:28.403 D/ProgressBar(22137): setProgress = 1034, fromUser = false
12-10 11:35:28.403 D/ProgressBar(22137): mProgress = 1033mIndeterminate = false, mMin = 0, mMax = 2750
12-10 11:35:28.403 V/StagefrightPlayer( 311): getCurrentPosition
12-10 11:35:28.413 V/AudioSessionOutALSA( 311): Timestamp returned = 103459000
12-10 11:35:28.413 V/MediaPlayer-JNI(22137): getCurrentPosition: 103459 (msec)
12-10 11:35:28.503 V/StagefrightPlayer( 311): getCurrentPosition
12-10 11:35:28.513 V/AudioSessionOutALSA( 311): Timestamp returned = 103555000
12-10 11:35:28.513 V/MediaPlayer-JNI(22137): getCurrentPosition: 103555 (msec)
12-10 11:35:28.513 D/ProgressBar(22137): setProgress = 1035
12-10 11:35:28.513 D/ProgressBar(22137): setProgress = 1035, fromUser = false
12-10 11:35:28.513 D/ProgressBar(22137): mProgress = 1034mIndeterminate = false, mMin = 0, mMax = 2750
12-10 11:35:28.513 V/StagefrightPlayer( 311): getCurrentPosition
12-10 11:35:28.533 V/AudioSessionOutALSA( 311): Timestamp returned = 103565666
12-10 11:35:28.533 V/MediaPlayer-JNI(22137): getCurrentPosition: 103566 (msec)
12-10 11:35:28.533 V/StagefrightPlayer( 311): getCurrentPosition
12-10 11:35:28.543 V/AudioSessionOutALSA( 311): Timestamp returned = 103576333
12-10 11:35:28.543 V/MediaPlayer-JNI(22137): getCurrentPosition: 103576 (msec)
12-10 11:35:28.613 V/StagefrightPlayer( 311): getCurrentPosition
12-10 11:35:28.633 V/AudioSessionOutALSA( 311): Timestamp returned = 103661666
12-10 11:35:28.633 V/MediaPlayer-JNI(22137): getCurrentPosition: 103662 (msec)
12-10 11:35:28.633 D/ProgressBar(22137): setProgress = 1036
12-10 11:35:28.633 D/ProgressBar(22137): setProgress = 1036, fromUser = false
12-10 11:35:28.633 D/ProgressBar(22137): mProgress = 1035mIndeterminate = false, mMin = 0, mMax = 2750
12-10 11:35:28.633 V/StagefrightPlayer( 311): getCurrentPosition
12-10 11:35:28.643 V/AudioSessionOutALSA( 311): Timestamp returned = 103683000
12-10 11:35:28.643 V/StagefrightPlayer( 311): getCurrentPosition
12-10 11:35:28.643 V/MediaPlayer-JNI(22137): getCurrentPosition: 103683 (msec)
12-10 11:35:28.653 V/AudioSessionOutALSA( 311): Timestamp returned = 103693666
12-10 11:35:28.653 V/MediaPlayer-JNI(22137): getCurrentPosition: 103694 (msec)
12-10 11:35:28.733 V/StagefrightPlayer( 311): getCurrentPosition
12-10 11:35:28.743 V/AudioSessionOutALSA( 311): Timestamp returned = 103789666
12-10 11:35:28.743 V/MediaPlayer-JNI(22137): getCurrentPosition: 103790 (msec)
12-10 11:35:28.743 D/ProgressBar(22137): setProgress = 1037
12-10 11:35:28.743 D/ProgressBar(22137): setProgress = 1037, fromUser = false
12-10 11:35:28.743 D/ProgressBar(22137): mProgress = 1036mIndeterminate = false, mMin = 0, mMax = 2750
12-10 11:35:28.743 V/StagefrightPlayer( 311): getCurrentPosition
12-10 11:35:28.763 V/AudioSessionOutALSA( 311): Timestamp returned = 103800333
12-10 11:35:28.763 V/MediaPlayer-JNI(22137): getCurrentPosition: 103800 (msec)
12-10 11:35:28.843 V/StagefrightPlayer( 311): getCurrentPosition
12-10 11:35:28.863 V/AudioSessionOutALSA( 311): Timestamp returned = 103896333
12-10 11:35:28.863 V/MediaPlayer-JNI(22137): getCurrentPosition: 103896 (msec)
12-10 11:35:28.863 D/ProgressBar(22137): setProgress = 1038
12-10 11:35:28.863 D/ProgressBar(22137): setProgress = 1038, fromUser = false
12-10 11:35:28.863 D/ProgressBar(22137): mProgress = 1037mIndeterminate = false, mMin = 0, mMax = 2750
12-10 11:35:28.863 V/StagefrightPlayer( 311): getCurrentPosition
12-10 11:35:28.873 V/AudioSessionOutALSA( 311): Timestamp returned = 103917666
12-10 11:35:28.873 V/MediaPlayer-JNI(22137): getCurrentPosition: 103918 (msec)
