12-10 11:35:13.823 V/MediaPlayer-JNI(22137): getCurrentPosition: 88867 (msec)
12-10 11:35:13.823 D/ProgressBar(22137): setProgress = 888
12-10 11:35:13.823 D/ProgressBar(22137): setProgress = 888, fromUser = false
12-10 11:35:13.823 D/ProgressBar(22137): mProgress = 887mIndeterminate = false, mMin = 0, mMax = 2750
12-10 11:35:13.833 V/StagefrightPlayer( 311): getCurrentPosition
12-10 11:35:13.843 V/AudioSessionOutALSA( 311): Timestamp returned = 88877666
12-10 11:35:13.843 V/MediaPlayer-JNI(22137): getCurrentPosition: 88878 (msec)
12-10 11:35:13.933 V/StagefrightPlayer( 311): getCurrentPosition
12-10 11:35:13.943 V/AudioSessionOutALSA( 311): Timestamp returned = 88973666
12-10 11:35:13.943 V/MediaPlayer-JNI(22137): getCurrentPosition: 88974 (msec)
12-10 11:35:13.943 D/ProgressBar(22137): setProgress = 889
12-10 11:35:13.943 D/ProgressBar(22137): setProgress = 889, fromUser = false
12-10 11:35:13.943 D/ProgressBar(22137): mProgress = 888mIndeterminate = false, mMin = 0, mMax = 2750
12-10 11:35:13.943 V/StagefrightPlayer( 311): getCurrentPosition
12-10 11:35:13.953 V/AudioSessionOutALSA( 311): Timestamp returned = 88995000
12-10 11:35:13.953 V/MediaPlayer-JNI(22137): getCurrentPosition: 88995 (msec)
12-10 11:35:14.043 V/StagefrightPlayer( 311): getCurrentPosition
12-10 11:35:14.063 V/AudioSessionOutALSA( 311): Timestamp returned = 89091000
12-10 11:35:14.063 V/MediaPlayer-JNI(22137): getCurrentPosition: 89091 (msec)
12-10 11:35:14.063 D/ProgressBar(22137): setProgress = 890
12-10 11:35:14.063 D/ProgressBar(22137): setProgress = 890, fromUser = false
12-10 11:35:14.063 D/ProgressBar(22137): mProgress = 889mIndeterminate = false, mMin = 0, mMax = 2750
12-10 11:35:14.063 V/StagefrightPlayer( 311): getCurrentPosition
12-10 11:35:14.073 V/AudioSessionOutALSA( 311): Timestamp returned = 89112333
12-10 11:35:14.073 V/MediaPlayer-JNI(22137): getCurrentPosition: 89112 (msec)
12-10 11:35:14.163 V/StagefrightPlayer( 311): getCurrentPosition
12-10 11:35:14.173 V/AudioSessionOutALSA( 311): Timestamp returned = 89219000
12-10 11:35:14.173 V/MediaPlayer-JNI(22137): getCurrentPosition: 89219 (msec)
12-10 11:35:14.173 D/ProgressBar(22137): setProgress = 892
12-10 11:35:14.173 D/ProgressBar(22137): setProgress = 892, fromUser = false
12-10 11:35:14.173 D/ProgressBar(22137): mProgress = 890mIndeterminate = false, mMin = 0, mMax = 2750
12-10 11:35:14.173 V/StagefrightPlayer( 311): getCurrentPosition
12-10 11:35:14.193 V/AudioSessionOutALSA( 311): Timestamp returned = 89229666
12-10 11:35:14.193 V/MediaPlayer-JNI(22137): getCurrentPosition: 89230 (msec)
12-10 11:35:14.273 V/StagefrightPlayer( 311): getCurrentPosition
12-10 11:35:14.293 V/AudioSessionOutALSA( 311): Timestamp returned = 89325666
12-10 11:35:14.293 V/MediaPlayer-JNI(22137): getCurrentPosition: 89326 (msec)
12-10 11:35:14.293 D/ProgressBar(22137): setProgress = 893
12-10 11:35:14.293 D/ProgressBar(22137): setProgress = 893, fromUser = false
12-10 11:35:14.293 D/ProgressBar(22137): mProgress = 892mIndeterminate = false, mMin = 0, mMax = 2750
12-10 11:35:14.293 V/StagefrightPlayer( 311): getCurrentPosition
12-10 11:35:14.303 V/AudioSessionOutALSA( 311): Timestamp returned = 89347000
12-10 11:35:14.303 V/MediaPlayer-JNI(22137): getCurrentPosition: 89347 (msec)
12-10 11:35:14.333 V/StagefrightPlayer( 311): getCurrentPosition
12-10 11:35:14.343 V/AudioSessionOutALSA( 311): Timestamp returned = 89389666
12-10 11:35:14.343 V/MediaPlayer-JNI(22137): getCurrentPosition: 89390 (msec)
12-10 11:35:14.393 V/StagefrightPlayer( 311): getCurrentPosition
12-10 11:35:14.403 V/AudioSessionOutALSA( 311): Timestamp returned = 89443000
12-10 11:35:14.403 V/MediaPlayer-JNI(22137): getCurrentPosition: 89443 (msec)
12-10 11:35:14.403 D/ProgressBar(22137): setProgress = 894
12-10 11:35:14.403 D/ProgressBar(22137): setProgress = 894, fromUser = false
12-10 11:35:14.403 D/ProgressBar(22137): mProgress = 893mIndeterminate = false, mMin = 0, mMax = 2750
12-10 11:35:14.403 V/StagefrightPlayer( 311): getCurrentPosition
12-10 11:35:14.423 V/AudioSessionOutALSA( 311): Timestamp returned = 89453666
12-10 11:35:14.423 V/MediaPlayer-JNI(22137): getCurrentPosition: 89454 (msec)
12-10 11:35:14.423 V/AudioSessionOutALSA( 311): pfd[0].revents =1
12-10 11:35:14.423 V/AudioSessionOutALSA( 311): pfd[1].revents =0
12-10 11:35:14.423 V/AudioSessionOutALSA( 311): mAlsaHandle->handle = 0xb77af230
12-10 11:35:14.423 V/AudioSessionOutALSA( 311): After an event occurs
12-10 11:35:14.423 V/AudioSessionOutALSA( 311): mFilledQueue 3
12-10 11:35:14.423 V/AudioSessionOutALSA( 311): Reset mSkipwrite in eventthread entry
12-10 11:35:14.423 V/AudioSessionOutALSA( 311): isBufferAvailable: received a signal to wake up
12-10 11:35:14.423 V/AudioSessionOutALSA( 311): write Empty Queue size() = 1, Filled Queue size() = 3 mReached EOS 0, mEosEventReceived 0 bytes 262080
12-10 11:35:14.423 V/AudioSessionOutALSA( 311): not skipping buffer in write since mSkipWrite = 0, mEmptyQueuesize 1, skip flag -166066003
12-10 11:35:14.423 D/AudioSessionOutALSA( 311): bytes = 262080 , mAlsaHandle->handle->period_size = 262144
12-10 11:35:14.423 D/AudioSessionOutALSA( 311): Copy Metadata = 64, bytes = 262080
12-10 11:35:14.423 V/AudioSessionOutALSA( 311): PCM write before memcpy start
12-10 11:35:14.423 V/AudioSessionOutALSA( 311): PCM write start
12-10 11:35:14.423 V/AudioSessionOutALSA( 311): PCM write complete
12-10 11:35:14.423 D/TunnelPlayer( 311): Fillbuffer after write and seek flag 0
12-10 11:35:14.423 D/TunnelPlayer( 311): FillBuffer: MemBuffer size 262080
12-10 11:35:14.443 V/StagefrightPlayer( 311): getCurrentPosition
12-10 11:35:14.453 V/AudioSessionOutALSA( 311): Timestamp returned = 89485666
12-10 11:35:14.453 V/MediaPlayer-JNI(22137): getCurrentPosition: 89486 (msec)
12-10 11:35:14.493 D/TunnelPlayer( 311): FillBuffer completed bytesToWrite 262080
12-10 11:35:14.493 V/AudioSessionOutALSA( 311): acquiring mDecoderLock in isBufferAvailable()
12-10 11:35:14.493 V/AudioSessionOutALSA( 311): isBufferAvailable Empty Queue size() = 0, Filled Queue size() = 4
12-10 11:35:14.493 V/AudioSessionOutALSA( 311): Write: waiting on mWriteCv
12-10 11:35:14.503 V/StagefrightPlayer( 311): getCurrentPosition
12-10 11:35:14.523 V/AudioSessionOutALSA( 311): Timestamp returned = 89560333
12-10 11:35:14.523 V/MediaPlayer-JNI(22137): getCurrentPosition: 89560 (msec)
12-10 11:35:14.523 D/ProgressBar(22137): setProgress = 895
12-10 11:35:14.523 D/ProgressBar(22137): setProgress = 895, fromUser = false
12-10 11:35:14.523 D/ProgressBar(22137): mProgress = 894mIndeterminate = false, mMin = 0, mMax = 2750
12-10 11:35:14.523 V/StagefrightPlayer( 311): getCurrentPosition
12-10 11:35:14.533 V/AudioSessionOutALSA( 311): Timestamp returned = 89571000
12-10 11:35:14.533 V/MediaPlayer-JNI(22137): getCurrentPosition: 89571 (msec)
12-10 11:35:14.553 V/AlarmManager( 722): waitForAlarm result :2
12-10 11:35:14.623 V/StagefrightPlayer( 311): getCurrentPosition
12-10 11:35:14.633 V/AudioSessionOutALSA( 311): Timestamp returned = 89677666
12-10 11:35:14.633 V/MediaPlayer-JNI(22137): getCurrentPosition: 89678 (msec)
12-10 11:35:14.633 D/ProgressBar(22137): setProgress = 896
12-10 11:35:14.633 D/ProgressBar(22137): setProgress = 896, fromUser = false
12-10 11:35:14.633 D/ProgressBar(22137): mProgress = 895mIndeterminate = false, mMin = 0, mMax = 2750
12-10 11:35:14.653 V/StagefrightPlayer( 311): getCurrentPosition
12-10 11:35:14.663 V/AudioSessionOutALSA( 311): Timestamp returned = 89699000
12-10 11:35:14.663 V/MediaPlayer-JNI(22137): getCurrentPosition: 89699 (msec)
12-10 11:35:14.693 I/goggles ( 4975): k: Checking for images newer than 1386190819715
12-10 11:35:14.743 V/StagefrightPlayer( 311): getCurrentPosition
12-10 11:35:14.753 V/AudioSessionOutALSA( 311): Timestamp returned = 89784333
12-10 11:35:14.753 V/MediaPlayer-JNI(22137): getCurrentPosition: 89784 (msec)
12-10 11:35:14.753 D/ProgressBar(22137): setProgress = 897
12-10 11:35:14.753 D/ProgressBar(22137): setProgress = 897, fromUser = false
12-10 11:35:14.753 D/ProgressBar(22137): mProgress = 896mIndeterminate = false, mMin = 0, mMax = 2750
12-10 11:35:14.753 V/StagefrightPlayer( 311): getCurrentPosition
12-10 11:35:14.763 V/AudioSessionOutALSA( 311): Timestamp returned = 89805666
12-10 11:35:14.763 V/MediaPlayer-JNI(22137): getCurrentPosition: 89806 (msec)
12-10 11:35:14.853 V/StagefrightPlayer( 311): getCurrentPosition
12-10 11:35:14.863 V/AudioSessionOutALSA( 311): Timestamp returned = 89901666
12-10 11:35:14.863 V/MediaPlayer-JNI(22137): getCurrentPosition: 89902 (msec)
12-10 11:35:14.863 D/ProgressBar(22137): setProgress = 899
12-10 11:35:14.863 D/ProgressBar(22137): setProgress = 899, fromUser = false
12-10 11:35:14.863 D/ProgressBar(22137): mProgress = 897mIndeterminate = false, mMin = 0, mMax = 2750
12-10 11:35:14.873 V/StagefrightPlayer( 311): getCurrentPosition
12-10 11:35:14.883 V/AudioSessionOutALSA( 311): Timestamp returned = 89912333
12-10 11:35:14.883 V/MediaPlayer-JNI(22137): getCurrentPosition: 89912 (msec)
12-10 11:35:14.973 V/StagefrightPlayer( 311): getCurrentPosition
12-10 11:35:14.983 V/AudioSessionOutALSA( 311): Timestamp returned = 90029666
12-10 11:35:14.983 V/MediaPlayer-JNI(22137): getCurrentPosition: 90030 (msec)
12-10 11:35:14.983 D/ProgressBar(22137): setProgress = 900
12-10 11:35:14.983 D/ProgressBar(22137): setProgress = 900, fromUser = false
12-10 11:35:14.983 D/ProgressBar(22137): mProgress = 899mIndeterminate = false, mMin = 0, mMax = 2750
12-10 11:35:14.983 V/StagefrightPlayer( 311): getCurrentPosition
12-10 11:35:14.993 V/AudioSessionOutALSA( 311): Timestamp returned = 90040333
12-10 11:35:14.993 V/MediaPlayer-JNI(22137): getCurrentPosition: 90040 (msec)
12-10 11:35:15.083 V/StagefrightPlayer( 311): getCurrentPosition
12-10 11:35:15.103 V/AudioSessionOutALSA( 311): Timestamp returned = 90136333
12-10 11:35:15.103 V/MediaPlayer-JNI(22137): getCurrentPosition: 90136 (msec)
12-10 11:35:15.103 D/ProgressBar(22137): setProgress = 901
12-10 11:35:15.103 D/ProgressBar(22137): setProgress = 901, fromUser = false
12-10 11:35:15.103 D/ProgressBar(22137): mProgress = 900mIndeterminate = false, mMin = 0, mMax = 2750
12-10 11:35:15.103 V/StagefrightPlayer( 311): getCurrentPosition
12-10 11:35:15.113 V/AudioSessionOutALSA( 311): Timestamp returned = 90157666
12-10 11:35:15.113 V/MediaPlayer-JNI(22137): getCurrentPosition: 90158 (msec)
12-10 11:35:15.203 V/StagefrightPlayer( 311): getCurrentPosition
12-10 11:35:15.213 V/AudioSessionOutALSA( 311): Timestamp returned = 90253666
12-10 11:35:15.213 V/MediaPlayer-JNI(22137): getCurrentPosition: 90254 (msec)
12-10 11:35:15.213 D/ProgressBar(22137): setProgress = 902
12-10 11:35:15.213 D/ProgressBar(22137): setProgress = 902, fromUser = false
12-10 11:35:15.213 D/ProgressBar(22137): mProgress = 901mIndeterminate = false, mMin = 0, mMax = 2750
12-10 11:35:15.213 V/StagefrightPlayer( 311): getCurrentPosition
12-10 11:35:15.233 V/AudioSessionOutALSA( 311): Timestamp returned = 90264333
12-10 11:35:15.233 V/MediaPlayer-JNI(22137): getCurrentPosition: 90264 (msec)
12-10 11:35:15.263 E/SELinux (27355): selinux_android_seapp_context_reload: seapp_contexts file is loaded from /seapp_contexts
12-10 11:35:15.313 V/StagefrightPlayer( 311): getCurrentPosition
12-10 11:35:15.323 V/AudioSessionOutALSA( 311): Timestamp returned = 90371000
12-10 11:35:15.333 V/MediaPlayer-JNI(22137): getCurrentPosition: 90371 (msec)
12-10 11:35:15.333 D/ProgressBar(22137): setProgress = 903
12-10 11:35:15.333 D/ProgressBar(22137): setProgress = 903, fromUser = false
12-10 11:35:15.333 D/ProgressBar(22137): mProgress = 902mIndeterminate = false, mMin = 0, mMax = 2750
12-10 11:35:15.343 V/StagefrightPlayer( 311): getCurrentPosition
12-10 11:35:15.353 V/AudioSessionOutALSA( 311): Timestamp returned = 90392333
12-10 11:35:15.353 V/MediaPlayer-JNI(22137): getCurrentPosition: 90392 (msec)
12-10 11:35:15.353 V/StagefrightPlayer( 311): getCurrentPosition
12-10 11:35:15.373 V/AudioSessionOutALSA( 311): Timestamp returned = 90403000
12-10 11:35:15.373 V/MediaPlayer-JNI(22137): getCurrentPosition: 90403 (msec)
12-10 11:35:15.443 V/StagefrightPlayer( 311): getCurrentPosition
12-10 11:35:15.443 D/SPenKeeper(27355): received broadcast com.samsung.pen.INSERT : false
12-10 11:35:15.463 V/AudioSessionOutALSA( 311): Timestamp returned = 90499000
12-10 11:35:15.463 V/MediaPlayer-JNI(22137): getCurrentPosition: 90499 (msec)
12-10 11:35:15.463 D/ProgressBar(22137): setProgress = 904
12-10 11:35:15.463 D/ProgressBar(22137): setProgress = 904, fromUser = false
12-10 11:35:15.463 D/ProgressBar(22137): mProgress = 903mIndeterminate = false, mMin = 0, mMax = 2750
12-10 11:35:15.463 V/StagefrightPlayer( 311): getCurrentPosition
12-10 11:35:15.473 V/AudioSessionOutALSA( 311): Timestamp returned = 90520333
12-10 11:35:15.473 V/MediaPlayer-JNI(22137): getCurrentPosition: 90520 (msec)
12-10 11:35:15.473 V/StagefrightPlayer( 311): getCurrentPosition
12-10 11:35:15.483 V/AudioSessionOutALSA( 311): Timestamp returned = 90531000
12-10 11:35:15.483 V/MediaPlayer-JNI(22137): getCurrentPosition: 90531 (msec)
12-10 11:35:15.563 V/StagefrightPlayer( 311): getCurrentPosition
12-10 11:35:15.573 V/AudioSessionOutALSA( 311): Timestamp returned = 90616333
12-10 11:35:15.573 V/MediaPlayer-JNI(22137): getCurrentPosition: 90616 (msec)
12-10 11:35:15.573 D/ProgressBar(22137): setProgress = 906
12-10 11:35:15.573 D/ProgressBar(22137): setProgress = 906, fromUser = false
12-10 11:35:15.573 D/ProgressBar(22137): mProgress = 904mIndeterminate = false, mMin = 0, mMax = 2750
12-10 11:35:15.573 V/StagefrightPlayer( 311): getCurrentPosition
12-10 11:35:15.593 V/AudioSessionOutALSA( 311): Timestamp returned = 90627000
12-10 11:35:15.593 V/MediaPlayer-JNI(22137): getCurrentPosition: 90627 (msec)
12-10 11:35:15.673 V/StagefrightPlayer( 311): getCurrentPosition
12-10 11:35:15.693 V/AudioSessionOutALSA( 311): Timestamp returned = 90723000
12-10 11:35:15.693 V/MediaPlayer-JNI(22137): getCurrentPosition: 90723 (msec)
12-10 11:35:15.693 D/ProgressBar(22137): setProgress = 907
12-10 11:35:15.693 D/ProgressBar(22137): setProgress = 907, fromUser = false
12-10 11:35:15.693 D/ProgressBar(22137): mProgress = 906mIndeterminate = false, mMin = 0, mMax = 2750
12-10 11:35:15.693 V/StagefrightPlayer( 311): getCurrentPosition
12-10 11:35:15.703 V/AudioSessionOutALSA( 311): Timestamp returned = 90744333
12-10 11:35:15.703 V/MediaPlayer-JNI(22137): getCurrentPosition: 90744 (msec)
12-10 11:35:15.793 V/StagefrightPlayer( 311): getCurrentPosition
12-10 11:35:15.803 V/AudioSessionOutALSA( 311): Timestamp returned = 90851000
12-10 11:35:15.803 V/MediaPlayer-JNI(22137): getCurrentPosition: 90851 (msec)
12-10 11:35:15.803 D/ProgressBar(22137): setProgress = 908
12-10 11:35:15.803 D/ProgressBar(22137): setProgress = 908, fromUser = false
12-10 11:35:15.803 D/ProgressBar(22137): mProgress = 907mIndeterminate = false, mMin = 0, mMax = 2750
12-10 11:35:15.803 V/StagefrightPlayer( 311): getCurrentPosition
12-10 11:35:15.823 V/AudioSessionOutALSA( 311): Timestamp returned = 90851000
12-10 11:35:15.823 V/MediaPlayer-JNI(22137): getCurrentPosition: 90851 (msec)
12-10 11:35:15.913 V/StagefrightPlayer( 311): getCurrentPosition
12-10 11:35:15.933 V/AudioSessionOutALSA( 311): Timestamp returned = 90968333
12-10 11:35:15.933 V/MediaPlayer-JNI(22137): getCurrentPosition: 90968 (msec)
12-10 11:35:15.933 D/ProgressBar(22137): setProgress = 909
12-10 11:35:15.933 D/ProgressBar(22137): setProgress = 909, fromUser = false
12-10 11:35:15.933 D/ProgressBar(22137): mProgress = 908mIndeterminate = false, mMin = 0, mMax = 2750
12-10 11:35:15.933 V/StagefrightPlayer( 311): getCurrentPosition
12-10 11:35:15.943 V/AudioSessionOutALSA( 311): Timestamp returned = 90989666
12-10 11:35:15.943 V/MediaPlayer-JNI(22137): getCurrentPosition: 90990 (msec)
12-10 11:35:16.033 V/StagefrightPlayer( 311): getCurrentPosition
12-10 11:35:16.043 V/AudioSessionOutALSA( 311): Timestamp returned = 91085666
12-10 11:35:16.043 V/MediaPlayer-JNI(22137): getCurrentPosition: 91086 (msec)
12-10 11:35:16.043 D/ProgressBar(22137): setProgress = 910
12-10 11:35:16.043 D/ProgressBar(22137): setProgress = 910, fromUser = false
12-10 11:35:16.043 D/ProgressBar(22137): mProgress = 909mIndeterminate = false, mMin = 0, mMax = 2750
12-10 11:35:16.053 V/StagefrightPlayer( 311): getCurrentPosition
12-10 11:35:16.063 V/AudioSessionOutALSA( 311): Timestamp returned = 91096333
12-10 11:35:16.063 V/MediaPlayer-JNI(22137): getCurrentPosition: 91096 (msec)
12-10 11:35:16.153 V/StagefrightPlayer( 311): getCurrentPosition
12-10 11:35:16.163 V/AudioSessionOutALSA( 311): Timestamp returned = 91192333
12-10 11:35:16.163 V/MediaPlayer-JNI(22137): getCurrentPosition: 91192 (msec)
12-10 11:35:16.163 D/ProgressBar(22137): setProgress = 911
12-10 11:35:16.163 D/ProgressBar(22137): setProgress = 911, fromUser = false
12-10 11:35:16.163 D/ProgressBar(22137): mProgress = 910mIndeterminate = false, mMin = 0, mMax = 2750
12-10 11:35:16.163 V/StagefrightPlayer( 311): getCurrentPosition
12-10 11:35:16.173 V/AudioSessionOutALSA( 311): Timestamp returned = 91213666
12-10 11:35:16.173 V/MediaPlayer-JNI(22137): getCurrentPosition: 91214 (msec)
12-10 11:35:16.263 V/StagefrightPlayer( 311): getCurrentPosition
12-10 11:35:16.273 V/AudioSessionOutALSA( 311): Timestamp returned = 91320333
12-10 11:35:16.273 V/MediaPlayer-JNI(22137): getCurrentPosition: 91320 (msec)
12-10 11:35:16.273 D/ProgressBar(22137): setProgress = 913
12-10 11:35:16.273 D/ProgressBar(22137): setProgress = 913, fromUser = false
12-10 11:35:16.273 D/ProgressBar(22137): mProgress = 911mIndeterminate = false, mMin = 0, mMax = 2750
12-10 11:35:16.293 V/StagefrightPlayer( 311): getCurrentPosition
12-10 11:35:16.303 V/AudioSessionOutALSA( 311): Timestamp returned = 91331000
12-10 11:35:16.303 V/MediaPlayer-JNI(22137): getCurrentPosition: 91331 (msec)
12-10 11:35:16.363 V/StagefrightPlayer( 311): getCurrentPosition
12-10 11:35:16.373 V/AudioSessionOutALSA( 311): Timestamp returned = 91405666
12-10 11:35:16.373 V/MediaPlayer-JNI(22137): getCurrentPosition: 91406 (msec)
12-10 11:35:16.393 V/StagefrightPlayer( 311): getCurrentPosition
12-10 11:35:16.403 V/AudioSessionOutALSA( 311): Timestamp returned = 91437666
12-10 11:35:16.403 V/MediaPlayer-JNI(22137): getCurrentPosition: 91438 (msec)
12-10 11:35:16.403 D/ProgressBar(22137): setProgress = 914
12-10 11:35:16.403 D/ProgressBar(22137): setProgress = 914, fromUser = false
12-10 11:35:16.403 D/ProgressBar(22137): mProgress = 913mIndeterminate = false, mMin = 0, mMax = 2750
12-10 11:35:16.403 V/StagefrightPlayer( 311): getCurrentPosition
12-10 11:35:16.413 V/AudioSessionOutALSA( 311): Timestamp returned = 91459000
12-10 11:35:16.413 V/MediaPlayer-JNI(22137): getCurrentPosition: 91459 (msec)
12-10 11:35:16.473 V/StagefrightPlayer( 311): getCurrentPosition
12-10 11:35:16.483 V/AudioSessionOutALSA( 311): Timestamp returned = 91523000
12-10 11:35:16.483 V/MediaPlayer-JNI(22137): getCurrentPosition: 91523 (msec)
12-10 11:35:16.503 V/StagefrightPlayer( 311): getCurrentPosition
12-10 11:35:16.503 I/PowerManagerService( 722): [PWL] Off : 525s ago
12-10 11:35:16.513 V/AudioSessionOutALSA( 311): Timestamp returned = 91555000
12-10 11:35:16.513 V/MediaPlayer-JNI(22137): getCurrentPosition: 91555 (msec)
12-10 11:35:16.513 D/ProgressBar(22137): setProgress = 915
12-10 11:35:16.513 D/ProgressBar(22137): setProgress = 915, fromUser = false
12-10 11:35:16.513 D/ProgressBar(22137): mProgress = 914mIndeterminate = false, mMin = 0, mMax = 2750
12-10 11:35:16.513 I/PowerManagerService( 722): [PWL] PowerManagerService.WakeLocks: ref count=1
12-10 11:35:16.513 I/PowerManagerService( 722): [PWL] mWakeLockSummary : 0x1
12-10 11:35:16.513 I/PowerManagerService( 722): [PWL] PARTIAL_WAKE_LOCK 'android.media.MediaPlayer' (uid=10015, pid=22137, ws=null) (elapsedTime=91705)
12-10 11:35:16.513 I/PowerManagerService( 722): [PWL] PARTIAL_WAKE_LOCK 'DirectTrack' (uid=1013, pid=311, ws=null) (elapsedTime=91588)
12-10 11:35:16.523 V/StagefrightPlayer( 311): getCurrentPosition
12-10 11:35:16.533 V/AudioSessionOutALSA( 311): Timestamp returned = 91565666
12-10 11:35:16.533 V/MediaPlayer-JNI(22137): getCurrentPosition: 91566 (msec)
12-10 11:35:16.623 V/StagefrightPlayer( 311): getCurrentPosition
12-10 11:35:16.633 V/AudioSessionOutALSA( 311): Timestamp returned = 91661666
12-10 11:35:16.633 V/MediaPlayer-JNI(22137): getCurrentPosition: 91662 (msec)
12-10 11:35:16.633 D/ProgressBar(22137): setProgress = 916
12-10 11:35:16.633 D/ProgressBar(22137): setProgress = 916, fromUser = false
12-10 11:35:16.633 D/ProgressBar(22137): mProgress = 915mIndeterminate = false, mMin = 0, mMax = 2750
12-10 11:35:16.633 V/StagefrightPlayer( 311): getCurrentPosition
12-10 11:35:16.643 V/AudioSessionOutALSA( 311): Timestamp returned = 91683000
12-10 11:35:16.643 V/MediaPlayer-JNI(22137): getCurrentPosition: 91683 (msec)
12-10 11:35:16.733 V/StagefrightPlayer( 311): getCurrentPosition
12-10 11:35:16.743 V/AudioSessionOutALSA( 311): Timestamp returned = 91789666
12-10 11:35:16.743 V/MediaPlayer-JNI(22137): getCurrentPosition: 91790 (msec)
12-10 11:35:16.743 D/ProgressBar(22137): setProgress = 917
12-10 11:35:16.743 D/ProgressBar(22137): setProgress = 917, fromUser = false
12-10 11:35:16.743 D/ProgressBar(22137): mProgress = 916mIndeterminate = false, mMin = 0, mMax = 2750
12-10 11:35:16.743 V/StagefrightPlayer( 311): getCurrentPosition
12-10 11:35:16.763 V/AudioSessionOutALSA( 311): Timestamp returned = 91800333
12-10 11:35:16.763 V/MediaPlayer-JNI(22137): getCurrentPosition: 91800 (msec)
12-10 11:35:16.853 V/StagefrightPlayer( 311): getCurrentPosition
12-10 11:35:16.863 V/AudioSessionOutALSA( 311): Timestamp returned = 91896333
12-10 11:35:16.863 V/MediaPlayer-JNI(22137): getCurrentPosition: 91896 (msec)
12-10 11:35:16.863 D/ProgressBar(22137): setProgress = 918
12-10 11:35:16.863 D/ProgressBar(22137): setProgress = 918, fromUser = false
12-10 11:35:16.863 D/ProgressBar(22137): mProgress = 917mIndeterminate = false, mMin = 0, mMax = 2750
12-10 11:35:16.863 V/StagefrightPlayer( 311): getCurrentPosition
12-10 11:35:16.873 V/AudioSessionOutALSA( 311): Timestamp returned = 91917666
12-10 11:35:16.873 V/MediaPlayer-JNI(22137): getCurrentPosition: 91918 (msec)
12-10 11:35:16.963 V/StagefrightPlayer( 311): getCurrentPosition
12-10 11:35:16.973 V/AudioSessionOutALSA( 311): Timestamp returned = 92013666
12-10 11:35:16.973 V/MediaPlayer-JNI(22137): getCurrentPosition: 92014 (msec)
12-10 11:35:16.973 D/ProgressBar(22137): setProgress = 920
12-10 11:35:16.973 D/ProgressBar(22137): setProgress = 920, fromUser = false
12-10 11:35:16.973 D/ProgressBar(22137): mProgress = 918mIndeterminate = false, mMin = 0, mMax = 2750
12-10 11:35:16.973 V/StagefrightPlayer( 311): getCurrentPosition
12-10 11:35:16.993 V/AudioSessionOutALSA( 311): Timestamp returned = 92024333
12-10 11:35:16.993 V/MediaPlayer-JNI(22137): getCurrentPosition: 92024 (msec)
12-10 11:35:17.073 V/StagefrightPlayer( 311): getCurrentPosition
12-10 11:35:17.093 V/AudioSessionOutALSA( 311): Timestamp returned = 92131000
12-10 11:35:17.093 V/MediaPlayer-JNI(22137): getCurrentPosition: 92131 (msec)
12-10 11:35:17.093 D/ProgressBar(22137): setProgress = 921
12-10 11:35:17.093 D/ProgressBar(22137): setProgress = 921, fromUser = false
12-10 11:35:17.093 D/ProgressBar(22137): mProgress = 920mIndeterminate = false, mMin = 0, mMax = 2750
12-10 11:35:17.093 V/StagefrightPlayer( 311): getCurrentPosition
12-10 11:35:17.103 V/AudioSessionOutALSA( 311): Timestamp returned = 92141666
12-10 11:35:17.103 V/MediaPlayer-JNI(22137): getCurrentPosition: 92142 (msec)
12-10 11:35:17.193 V/StagefrightPlayer( 311): getCurrentPosition
12-10 11:35:17.203 V/AudioSessionOutALSA( 311): Timestamp returned = 92248333
12-10 11:35:17.203 V/MediaPlayer-JNI(22137): getCurrentPosition: 92248 (msec)
12-10 11:35:17.203 D/ProgressBar(22137): setProgress = 922
12-10 11:35:17.203 D/ProgressBar(22137): setProgress = 922, fromUser = false
12-10 11:35:17.203 D/ProgressBar(22137): mProgress = 921mIndeterminate = false, mMin = 0, mMax = 2750
12-10 11:35:17.203 V/StagefrightPlayer( 311): getCurrentPosition
12-10 11:35:17.223 V/AudioSessionOutALSA( 311): Timestamp returned = 92259000
12-10 11:35:17.223 V/MediaPlayer-JNI(22137): getCurrentPosition: 92259 (msec)
12-10 11:35:17.303 V/StagefrightPlayer( 311): getCurrentPosition
12-10 11:35:17.323 V/AudioSessionOutALSA( 311): Timestamp returned = 92355000
12-10 11:35:17.323 V/MediaPlayer-JNI(22137): getCurrentPosition: 92355 (msec)
12-10 11:35:17.323 D/ProgressBar(22137): setProgress = 923
12-10 11:35:17.323 D/ProgressBar(22137): setProgress = 923, fromUser = false
12-10 11:35:17.323 D/ProgressBar(22137): mProgress = 922mIndeterminate = false, mMin = 0, mMax = 2750
12-10 11:35:17.323 V/StagefrightPlayer( 311): getCurrentPosition
12-10 11:35:17.333 V/AudioSessionOutALSA( 311): Timestamp returned = 92376333
12-10 11:35:17.333 V/MediaPlayer-JNI(22137): getCurrentPosition: 92376 (msec)
12-10 11:35:17.373 V/StagefrightPlayer( 311): getCurrentPosition
12-10 11:35:17.383 V/AudioSessionOutALSA( 311): Timestamp returned = 92419000
12-10 11:35:17.383 V/MediaPlayer-JNI(22137): getCurrentPosition: 92419 (msec)
12-10 11:35:17.423 V/StagefrightPlayer( 311): getCurrentPosition
12-10 11:35:17.433 V/AudioSessionOutALSA( 311): Timestamp returned = 92472333
12-10 11:35:17.433 V/MediaPlayer-JNI(22137): getCurrentPosition: 92472 (msec)
12-10 11:35:17.433 D/ProgressBar(22137): setProgress = 924
12-10 11:35:17.433 D/ProgressBar(22137): setProgress = 924, fromUser = false
12-10 11:35:17.433 D/ProgressBar(22137): mProgress = 923mIndeterminate = false, mMin = 0, mMax = 2750
12-10 11:35:17.433 V/StagefrightPlayer( 311): getCurrentPosition
12-10 11:35:17.453 V/AudioSessionOutALSA( 311): Timestamp returned = 92483000
12-10 11:35:17.453 V/MediaPlayer-JNI(22137): getCurrentPosition: 92483 (msec)
12-10 11:35:17.483 V/StagefrightPlayer( 311): getCurrentPosition
12-10 11:35:17.503 V/AudioSessionOutALSA( 311): Timestamp returned = 92536333
12-10 11:35:17.503 V/MediaPlayer-JNI(22137): getCurrentPosition: 92536 (msec)
12-10 11:35:17.533 V/StagefrightPlayer( 311): getCurrentPosition
12-10 11:35:17.553 V/AudioSessionOutALSA( 311): Timestamp returned = 92589666
12-10 11:35:17.553 V/MediaPlayer-JNI(22137): getCurrentPosition: 92590 (msec)
12-10 11:35:17.553 D/ProgressBar(22137): setProgress = 925
12-10 11:35:17.553 D/ProgressBar(22137): setProgress = 925, fromUser = false
12-10 11:35:17.553 D/ProgressBar(22137): mProgress = 924mIndeterminate = false, mMin = 0, mMax = 2750
12-10 11:35:17.553 V/StagefrightPlayer( 311): getCurrentPosition
12-10 11:35:17.563 V/AudioSessionOutALSA( 311): Timestamp returned = 92611000
12-10 11:35:17.563 V/MediaPlayer-JNI(22137): getCurrentPosition: 92611 (msec)
12-10 11:35:17.653 V/StagefrightPlayer( 311): getCurrentPosition
12-10 11:35:17.663 V/AudioSessionOutALSA( 311): Timestamp returned = 92707000
12-10 11:35:17.663 V/MediaPlayer-JNI(22137): getCurrentPosition: 92707 (msec)
12-10 11:35:17.663 D/ProgressBar(22137): setProgress = 927
12-10 11:35:17.663 D/ProgressBar(22137): setProgress = 927, fromUser = false
12-10 11:35:17.663 D/ProgressBar(22137): mProgress = 925mIndeterminate = false, mMin = 0, mMax = 2750
12-10 11:35:17.663 V/StagefrightPlayer( 311): getCurrentPosition
12-10 11:35:17.683 V/AudioSessionOutALSA( 311): Timestamp returned = 92717666
12-10 11:35:17.683 V/MediaPlayer-JNI(22137): getCurrentPosition: 92718 (msec)
12-10 11:35:17.763 V/StagefrightPlayer( 311): getCurrentPosition
12-10 11:35:17.783 V/AudioSessionOutALSA( 311): Timestamp returned = 92813666
12-10 11:35:17.783 V/MediaPlayer-JNI(22137): getCurrentPosition: 92814 (msec)
12-10 11:35:17.783 D/ProgressBar(22137): setProgress = 928
12-10 11:35:17.783 D/ProgressBar(22137): setProgress = 928, fromUser = false
12-10 11:35:17.783 D/ProgressBar(22137): mProgress = 927mIndeterminate = false, mMin = 0, mMax = 2750
12-10 11:35:17.783 V/StagefrightPlayer( 311): getCurrentPosition
12-10 11:35:17.803 V/AudioSessionOutALSA( 311): Timestamp returned = 92835000
12-10 11:35:17.803 V/MediaPlayer-JNI(22137): getCurrentPosition: 92835 (msec)
12-10 11:35:17.893 V/StagefrightPlayer( 311): getCurrentPosition
12-10 11:35:17.903 V/AudioSessionOutALSA( 311): Timestamp returned = 92931000
12-10 11:35:17.903 V/MediaPlayer-JNI(22137): getCurrentPosition: 92931 (msec)
12-10 11:35:17.903 D/ProgressBar(22137): setProgress = 929
12-10 11:35:17.903 D/ProgressBar(22137): setProgress = 929, fromUser = false
12-10 11:35:17.903 D/ProgressBar(22137): mProgress = 928mIndeterminate = false, mMin = 0, mMax = 2750
12-10 11:35:17.903 V/StagefrightPlayer( 311): getCurrentPosition
12-10 11:35:17.913 V/AudioSessionOutALSA( 311): Timestamp returned = 92952333
12-10 11:35:17.913 V/MediaPlayer-JNI(22137): getCurrentPosition: 92952 (msec)
12-10 11:35:18.003 V/StagefrightPlayer( 311): getCurrentPosition
12-10 11:35:18.013 V/AudioSessionOutALSA( 311): Timestamp returned = 93059000
12-10 11:35:18.013 V/MediaPlayer-JNI(22137): getCurrentPosition: 93059 (msec)
12-10 11:35:18.013 D/ProgressBar(22137): setProgress = 930
12-10 11:35:18.013 D/ProgressBar(22137): setProgress = 930, fromUser = false
12-10 11:35:18.013 D/ProgressBar(22137): mProgress = 929mIndeterminate = false, mMin = 0, mMax = 2750
12-10 11:35:18.013 V/StagefrightPlayer( 311): getCurrentPosition
12-10 11:35:18.033 V/AudioSessionOutALSA( 311): Timestamp returned = 93069666
12-10 11:35:18.033 V/MediaPlayer-JNI(22137): getCurrentPosition: 93070 (msec)
12-10 11:35:18.123 V/StagefrightPlayer( 311): getCurrentPosition
12-10 11:35:18.133 V/AudioSessionOutALSA( 311): Timestamp returned = 93165666
12-10 11:35:18.133 V/MediaPlayer-JNI(22137): getCurrentPosition: 93166 (msec)
12-10 11:35:18.133 D/ProgressBar(22137): setProgress = 931
12-10 11:35:18.133 D/ProgressBar(22137): setProgress = 931, fromUser = false
12-10 11:35:18.133 D/ProgressBar(22137): mProgress = 930mIndeterminate = false, mMin = 0, mMax = 2750
12-10 11:35:18.133 V/StagefrightPlayer( 311): getCurrentPosition
12-10 11:35:18.143 V/AudioSessionOutALSA( 311): Timestamp returned = 93187000
12-10 11:35:18.143 V/MediaPlayer-JNI(22137): getCurrentPosition: 93187 (msec)
12-10 11:35:18.233 V/StagefrightPlayer( 311): getCurrentPosition
12-10 11:35:18.243 V/AudioSessionOutALSA( 311): Timestamp returned = 93283000
12-10 11:35:18.243 V/MediaPlayer-JNI(22137): getCurrentPosition: 93283 (msec)
12-10 11:35:18.243 D/ProgressBar(22137): setProgress = 932
12-10 11:35:18.243 D/ProgressBar(22137): setProgress = 932, fromUser = false
12-10 11:35:18.243 D/ProgressBar(22137): mProgress = 931mIndeterminate = false, mMin = 0, mMax = 2750
12-10 11:35:18.253 V/StagefrightPlayer( 311): getCurrentPosition
12-10 11:35:18.263 V/AudioSessionOutALSA( 311): Timestamp returned = 93293666
12-10 11:35:18.263 V/MediaPlayer-JNI(22137): getCurrentPosition: 93294 (msec)
12-10 11:35:18.353 V/StagefrightPlayer( 311): getCurrentPosition
12-10 11:35:18.363 V/AudioSessionOutALSA( 311): Timestamp returned = 93400333
12-10 11:35:18.363 V/MediaPlayer-JNI(22137): getCurrentPosition: 93400 (msec)
12-10 11:35:18.363 D/ProgressBar(22137): setProgress = 934
12-10 11:35:18.363 D/ProgressBar(22137): setProgress = 934, fromUser = false
12-10 11:35:18.363 D/ProgressBar(22137): mProgress = 932mIndeterminate = false, mMin = 0, mMax = 2750
12-10 11:35:18.363 V/StagefrightPlayer( 311): getCurrentPosition
12-10 11:35:18.373 V/AudioSessionOutALSA( 311): Timestamp returned = 93411000
12-10 11:35:18.373 V/MediaPlayer-JNI(22137): getCurrentPosition: 93411 (msec)
12-10 11:35:18.383 V/StagefrightPlayer( 311): getCurrentPosition
12-10 11:35:18.393 V/AudioSessionOutALSA( 311): Timestamp returned = 93432333
12-10 11:35:18.393 V/MediaPlayer-JNI(22137): getCurrentPosition: 93432 (msec)
12-10 11:35:18.463 V/StagefrightPlayer( 311): getCurrentPosition
12-10 11:35:18.473 V/AudioSessionOutALSA( 311): Timestamp returned = 93517666
12-10 11:35:18.473 V/MediaPlayer-JNI(22137): getCurrentPosition: 93518 (msec)
12-10 11:35:18.473 D/ProgressBar(22137): setProgress = 935
12-10 11:35:18.473 D/ProgressBar(22137): setProgress = 935, fromUser = false
12-10 11:35:18.473 D/ProgressBar(22137): mProgress = 934mIndeterminate = false, mMin = 0, mMax = 2750
12-10 11:35:18.483 V/StagefrightPlayer( 311): getCurrentPosition
12-10 11:35:18.493 V/AudioSessionOutALSA( 311): Timestamp returned = 93528333
12-10 11:35:18.493 V/MediaPlayer-JNI(22137): getCurrentPosition: 93528 (msec)
12-10 11:35:18.503 V/StagefrightPlayer( 311): getCurrentPosition
12-10 11:35:18.513 V/AudioSessionOutALSA( 311): Timestamp returned = 93549666
12-10 11:35:18.513 V/MediaPlayer-JNI(22137): getCurrentPosition: 93550 (msec)
12-10 11:35:18.583 V/StagefrightPlayer( 311): getCurrentPosition
12-10 11:35:18.593 V/AudioSessionOutALSA( 311): Timestamp returned = 93624333
12-10 11:35:18.593 V/MediaPlayer-JNI(22137): getCurrentPosition: 93624 (msec)
12-10 11:35:18.593 D/ProgressBar(22137): setProgress = 936
12-10 11:35:18.593 D/ProgressBar(22137): setProgress = 936, fromUser = false
12-10 11:35:18.593 D/ProgressBar(22137): mProgress = 935mIndeterminate = false, mMin = 0, mMax = 2750
12-10 11:35:18.593 V/StagefrightPlayer( 311): getCurrentPosition
12-10 11:35:18.603 V/AudioSessionOutALSA( 311): Timestamp returned = 93645666
12-10 11:35:18.603 V/MediaPlayer-JNI(22137): getCurrentPosition: 93646 (msec)
12-10 11:35:18.693 V/StagefrightPlayer( 311): getCurrentPosition
12-10 11:35:18.703 V/AudioSessionOutALSA( 311): Timestamp returned = 93741666
12-10 11:35:18.703 V/MediaPlayer-JNI(22137): getCurrentPosition: 93742 (msec)
12-10 11:35:18.703 D/ProgressBar(22137): setProgress = 937
12-10 11:35:18.703 D/ProgressBar(22137): setProgress = 937, fromUser = false
12-10 11:35:18.703 D/ProgressBar(22137): mProgress = 936mIndeterminate = false, mMin = 0, mMax = 2750
12-10 11:35:18.713 V/StagefrightPlayer( 311): getCurrentPosition
12-10 11:35:18.723 V/AudioSessionOutALSA( 311): Timestamp returned = 93752333
12-10 11:35:18.723 V/MediaPlayer-JNI(22137): getCurrentPosition: 93752 (msec)
12-10 11:35:18.813 V/StagefrightPlayer( 311): getCurrentPosition
12-10 11:35:18.823 V/AudioSessionOutALSA( 311): Timestamp returned = 93859000
12-10 11:35:18.823 V/MediaPlayer-JNI(22137): getCurrentPosition: 93859 (msec)
12-10 11:35:18.823 D/ProgressBar(22137): setProgress = 938
12-10 11:35:18.823 D/ProgressBar(22137): setProgress = 938, fromUser = false
12-10 11:35:18.823 D/ProgressBar(22137): mProgress = 937mIndeterminate = false, mMin = 0, mMax = 2750
12-10 11:35:18.823 V/StagefrightPlayer( 311): getCurrentPosition
12-10 11:35:18.833 V/AudioSessionOutALSA( 311): Timestamp returned = 93880333
12-10 11:35:18.833 V/MediaPlayer-JNI(22137): getCurrentPosition: 93880 (msec)
12-10 11:35:18.923 V/StagefrightPlayer( 311): getCurrentPosition
12-10 11:35:18.933 V/AudioSessionOutALSA( 311): Timestamp returned = 93976333
12-10 11:35:18.933 V/MediaPlayer-JNI(22137): getCurrentPosition: 93976 (msec)
12-10 11:35:18.933 D/ProgressBar(22137): setProgress = 939
12-10 11:35:18.933 D/ProgressBar(22137): setProgress = 939, fromUser = false
12-10 11:35:18.933 D/ProgressBar(22137): mProgress = 938mIndeterminate = false, mMin = 0, mMax = 2750
12-10 11:35:18.943 V/StagefrightPlayer( 311): getCurrentPosition
12-10 11:35:18.953 V/AudioSessionOutALSA( 311): Timestamp returned = 93987000
12-10 11:35:18.953 V/MediaPlayer-JNI(22137): getCurrentPosition: 93987 (msec)
12-10 11:35:19.023 E/Watchdog( 722): !@Sync 14675
12-10 11:35:19.043 V/StagefrightPlayer( 311): getCurrentPosition
12-10 11:35:19.053 V/AudioSessionOutALSA( 311): Timestamp returned = 94083000
12-10 11:35:19.053 V/MediaPlayer-JNI(22137): getCurrentPosition: 94083 (msec)
12-10 11:35:19.053 D/ProgressBar(22137): setProgress = 940
12-10 11:35:19.053 D/ProgressBar(22137): setProgress = 940, fromUser = false
12-10 11:35:19.053 D/ProgressBar(22137): mProgress = 939mIndeterminate = false, mMin = 0, mMax = 2750
12-10 11:35:19.053 V/StagefrightPlayer( 311): getCurrentPosition
12-10 11:35:19.063 V/AudioSessionOutALSA( 311): Timestamp returned = 94104333
12-10 11:35:19.063 V/MediaPlayer-JNI(22137): getCurrentPosition: 94104 (msec)
12-10 11:35:19.153 V/StagefrightPlayer( 311): getCurrentPosition
12-10 11:35:19.163 V/AudioSessionOutALSA( 311): Timestamp returned = 94211000
12-10 11:35:19.163 V/MediaPlayer-JNI(22137): getCurrentPosition: 94211 (msec)
12-10 11:35:19.163 D/ProgressBar(22137): setProgress = 942
12-10 11:35:19.163 D/ProgressBar(22137): setProgress = 942, fromUser = false
12-10 11:35:19.163 D/ProgressBar(22137): mProgress = 940mIndeterminate = false, mMin = 0, mMax = 2750
12-10 11:35:19.173 V/StagefrightPlayer( 311): getCurrentPosition
12-10 11:35:19.183 V/AudioSessionOutALSA( 311): Timestamp returned = 94211000
12-10 11:35:19.183 V/MediaPlayer-JNI(22137): getCurrentPosition: 94211 (msec)
12-10 11:35:19.273 V/StagefrightPlayer( 311): getCurrentPosition
12-10 11:35:19.283 V/AudioSessionOutALSA( 311): Timestamp returned = 94317666
12-10 11:35:19.283 V/MediaPlayer-JNI(22137): getCurrentPosition: 94318 (msec)
12-10 11:35:19.283 D/ProgressBar(22137): setProgress = 943
12-10 11:35:19.283 D/ProgressBar(22137): setProgress = 943, fromUser = false
12-10 11:35:19.283 D/ProgressBar(22137): mProgress = 942mIndeterminate = false, mMin = 0, mMax = 2750
12-10 11:35:19.283 V/StagefrightPlayer( 311): getCurrentPosition
12-10 11:35:19.293 V/AudioSessionOutALSA( 311): Timestamp returned = 94339000
12-10 11:35:19.293 V/MediaPlayer-JNI(22137): getCurrentPosition: 94339 (msec)
12-10 11:35:19.383 V/StagefrightPlayer( 311): getCurrentPosition
12-10 11:35:19.393 V/AudioSessionOutALSA( 311): Timestamp returned = 94435000
12-10 11:35:19.393 V/MediaPlayer-JNI(22137): getCurrentPosition: 94435 (msec)
12-10 11:35:19.393 D/ProgressBar(22137): setProgress = 944
12-10 11:35:19.393 D/ProgressBar(22137): setProgress = 944, fromUser = false
12-10 11:35:19.393 D/ProgressBar(22137): mProgress = 943mIndeterminate = false, mMin = 0, mMax = 2750
12-10 11:35:19.393 V/StagefrightPlayer( 311): getCurrentPosition
12-10 11:35:19.413 V/AudioSessionOutALSA( 311): Timestamp returned = 94445666
12-10 11:35:19.413 V/MediaPlayer-JNI(22137): getCurrentPosition: 94446 (msec)
12-10 11:35:19.413 V/StagefrightPlayer( 311): getCurrentPosition
12-10 11:35:19.423 V/AudioSessionOutALSA( 311): Timestamp returned = 94456333
12-10 11:35:19.423 V/MediaPlayer-JNI(22137): getCurrentPosition: 94456 (msec)
12-10 11:35:19.493 V/StagefrightPlayer( 311): getCurrentPosition
12-10 11:35:19.513 V/AudioSessionOutALSA( 311): Timestamp returned = 94541666
12-10 11:35:19.513 V/MediaPlayer-JNI(22137): getCurrentPosition: 94542 (msec)
12-10 11:35:19.513 D/ProgressBar(22137): setProgress = 945
12-10 11:35:19.513 D/ProgressBar(22137): setProgress = 945, fromUser = false
12-10 11:35:19.513 D/ProgressBar(22137): mProgress = 944mIndeterminate = false, mMin = 0, mMax = 2750
12-10 11:35:19.513 V/StagefrightPlayer( 311): getCurrentPosition
12-10 11:35:19.523 V/AudioSessionOutALSA( 311): Timestamp returned = 94563000
12-10 11:35:19.523 V/MediaPlayer-JNI(22137): getCurrentPosition: 94563 (msec)
12-10 11:35:19.523 V/StagefrightPlayer( 311): getCurrentPosition
12-10 11:35:19.533 V/AudioSessionOutALSA( 311): Timestamp returned = 94573666
12-10 11:35:19.533 V/MediaPlayer-JNI(22137): getCurrentPosition: 94574 (msec)
12-10 11:35:19.613 V/StagefrightPlayer( 311): getCurrentPosition
12-10 11:35:19.623 V/AudioSessionOutALSA( 311): Timestamp returned = 94669666
12-10 11:35:19.623 V/MediaPlayer-JNI(22137): getCurrentPosition: 94670 (msec)
12-10 11:35:19.623 D/ProgressBar(22137): setProgress = 946
12-10 11:35:19.623 D/ProgressBar(22137): setProgress = 946, fromUser = false
12-10 11:35:19.623 D/ProgressBar(22137): mProgress = 945mIndeterminate = false, mMin = 0, mMax = 2750
12-10 11:35:19.623 V/StagefrightPlayer( 311): getCurrentPosition
12-10 11:35:19.633 V/AudioSessionOutALSA( 311): Timestamp returned = 94680333
12-10 11:35:19.633 V/MediaPlayer-JNI(22137): getCurrentPosition: 94680 (msec)
12-10 11:35:19.673 I/Metrics:BatchTransmitte(22137): QueuePusher.sendBatches - Drained batch queue.; Number of batches sent: 0
12-10 11:35:19.723 V/StagefrightPlayer( 311): getCurrentPosition
12-10 11:35:19.733 V/AudioSessionOutALSA( 311): Timestamp returned = 94776333
12-10 11:35:19.733 V/MediaPlayer-JNI(22137): getCurrentPosition: 94776 (msec)
12-10 11:35:19.733 D/ProgressBar(22137): setProgress = 947
12-10 11:35:19.733 D/ProgressBar(22137): setProgress = 947, fromUser = false
12-10 11:35:19.743 D/ProgressBar(22137): mProgress = 946mIndeterminate = false, mMin = 0, mMax = 2750
12-10 11:35:19.743 V/StagefrightPlayer( 311): getCurrentPosition
12-10 11:35:19.753 V/AudioSessionOutALSA( 311): Timestamp returned = 94787000
12-10 11:35:19.753 V/MediaPlayer-JNI(22137): getCurrentPosition: 94787 (msec)
12-10 11:35:19.843 V/StagefrightPlayer( 311): getCurrentPosition
12-10 11:35:19.853 V/AudioSessionOutALSA( 311): Timestamp returned = 94893666
12-10 11:35:19.853 V/MediaPlayer-JNI(22137): getCurrentPosition: 94894 (msec)
12-10 11:35:19.853 D/ProgressBar(22137): setProgress = 948
12-10 11:35:19.853 D/ProgressBar(22137): setProgress = 948, fromUser = false
12-10 11:35:19.853 D/ProgressBar(22137): mProgress = 947mIndeterminate = false, mMin = 0, mMax = 2750
12-10 11:35:19.863 V/StagefrightPlayer( 311): getCurrentPosition
12-10 11:35:19.873 V/AudioSessionOutALSA( 311): Timestamp returned = 94915000
12-10 11:35:19.873 V/MediaPlayer-JNI(22137): getCurrentPosition: 94915 (msec)
12-10 11:35:19.953 V/StagefrightPlayer( 311): getCurrentPosition
12-10 11:35:19.963 V/AudioSessionOutALSA( 311): Timestamp returned = 95011000
12-10 11:35:19.963 V/MediaPlayer-JNI(22137): getCurrentPosition: 95011 (msec)
12-10 11:35:19.963 D/ProgressBar(22137): setProgress = 950
12-10 11:35:19.963 D/ProgressBar(22137): setProgress = 950, fromUser = false
12-10 11:35:19.963 D/ProgressBar(22137): mProgress = 948mIndeterminate = false, mMin = 0, mMax = 2750
12-10 11:35:19.973 V/StagefrightPlayer( 311): getCurrentPosition
12-10 11:35:19.983 V/AudioSessionOutALSA( 311): Timestamp returned = 95011000
12-10 11:35:19.983 V/MediaPlayer-JNI(22137): getCurrentPosition: 95011 (msec)
12-10 11:35:20.073 V/StagefrightPlayer( 311): getCurrentPosition
12-10 11:35:20.083 V/AudioSessionOutALSA( 311): Timestamp returned = 95117666
12-10 11:35:20.083 V/MediaPlayer-JNI(22137): getCurrentPosition: 95118 (msec)
12-10 11:35:20.083 D/ProgressBar(22137): setProgress = 951
12-10 11:35:20.083 D/ProgressBar(22137): setProgress = 951, fromUser = false
12-10 11:35:20.083 D/ProgressBar(22137): mProgress = 950mIndeterminate = false, mMin = 0, mMax = 2750
12-10 11:35:20.083 V/StagefrightPlayer( 311): getCurrentPosition
12-10 11:35:20.093 V/AudioSessionOutALSA( 311): Timestamp returned = 95139000
12-10 11:35:20.093 V/MediaPlayer-JNI(22137): getCurrentPosition: 95139 (msec)
12-10 11:35:20.113 I/Metrics:BatchTransmitte(22137): QueuePusher.sendBatches - Drained batch queue.; Number of batches sent: 1
12-10 11:35:20.183 V/StagefrightPlayer( 311): getCurrentPosition
12-10 11:35:20.193 V/AudioSessionOutALSA( 311): Timestamp returned = 95235000
12-10 11:35:20.193 V/MediaPlayer-JNI(22137): getCurrentPosition: 95235 (msec)
12-10 11:35:20.193 D/ProgressBar(22137): setProgress = 952
12-10 11:35:20.193 D/ProgressBar(22137): setProgress = 952, fromUser = false
12-10 11:35:20.193 D/ProgressBar(22137): mProgress = 951mIndeterminate = false, mMin = 0, mMax = 2750
12-10 11:35:20.193 V/StagefrightPlayer( 311): getCurrentPosition
12-10 11:35:20.213 V/AudioSessionOutALSA( 311): Timestamp returned = 95245666
12-10 11:35:20.213 V/MediaPlayer-JNI(22137): getCurrentPosition: 95246 (msec)
12-10 11:35:20.303 V/StagefrightPlayer( 311): getCurrentPosition
12-10 11:35:20.313 V/AudioSessionOutALSA( 311): Timestamp returned = 95341666
12-10 11:35:20.313 V/MediaPlayer-JNI(22137): getCurrentPosition: 95342 (msec)
12-10 11:35:20.313 D/ProgressBar(22137): setProgress = 953
12-10 11:35:20.313 D/ProgressBar(22137): setProgress = 953, fromUser = false
12-10 11:35:20.313 D/ProgressBar(22137): mProgress = 952mIndeterminate = false, mMin = 0, mMax = 2750
12-10 11:35:20.313 V/StagefrightPlayer( 311): getCurrentPosition
12-10 11:35:20.323 V/AudioSessionOutALSA( 311): Timestamp returned = 95363000
12-10 11:35:20.323 V/MediaPlayer-JNI(22137): getCurrentPosition: 95363 (msec)
12-10 11:35:20.413 V/StagefrightPlayer( 311): getCurrentPosition
12-10 11:35:20.423 V/AudioSessionOutALSA( 311): Timestamp returned = 95469666
12-10 11:35:20.423 V/MediaPlayer-JNI(22137): getCurrentPosition: 95470 (msec)
12-10 11:35:20.423 V/StagefrightPlayer( 311): getCurrentPosition
12-10 11:35:20.433 V/AudioSessionOutALSA( 311): Timestamp returned = 95480333
12-10 11:35:20.433 V/MediaPlayer-JNI(22137): getCurrentPosition: 95480 (msec)
12-10 11:35:20.433 D/ProgressBar(22137): setProgress = 954
12-10 11:35:20.433 D/ProgressBar(22137): setProgress = 954, fromUser = false
12-10 11:35:20.433 D/ProgressBar(22137): mProgress = 953mIndeterminate = false, mMin = 0, mMax = 2750
12-10 11:35:20.433 V/StagefrightPlayer( 311): getCurrentPosition
12-10 11:35:20.453 V/AudioSessionOutALSA( 311): Timestamp returned = 95491000
12-10 11:35:20.453 V/MediaPlayer-JNI(22137): getCurrentPosition: 95491 (msec)
12-10 11:35:20.523 V/StagefrightPlayer( 311): getCurrentPosition
12-10 11:35:20.533 V/AudioSessionOutALSA( 311): Timestamp returned = 95576333
12-10 11:35:20.533 V/MediaPlayer-JNI(22137): getCurrentPosition: 95576 (msec)
12-10 11:35:20.533 V/StagefrightPlayer( 311): getCurrentPosition
12-10 11:35:20.553 V/AudioSessionOutALSA( 311): Timestamp returned = 95587000
12-10 11:35:20.553 V/MediaPlayer-JNI(22137): getCurrentPosition: 95587 (msec)
12-10 11:35:20.553 D/ProgressBar(22137): setProgress = 955
12-10 11:35:20.553 D/ProgressBar(22137): setProgress = 955, fromUser = false
12-10 11:35:20.553 D/ProgressBar(22137): mProgress = 954mIndeterminate = false, mMin = 0, mMax = 2750
12-10 11:35:20.553 V/StagefrightPlayer( 311): getCurrentPosition
12-10 11:35:20.563 V/AudioSessionOutALSA( 311): Timestamp returned = 95608333
12-10 11:35:20.563 V/MediaPlayer-JNI(22137): getCurrentPosition: 95608 (msec)
12-10 11:35:20.653 V/StagefrightPlayer( 311): getCurrentPosition
12-10 11:35:20.663 V/AudioSessionOutALSA( 311): Timestamp returned = 95704333
12-10 11:35:20.663 V/MediaPlayer-JNI(22137): getCurrentPosition: 95704 (msec)
12-10 11:35:20.663 D/ProgressBar(22137): setProgress = 957
12-10 11:35:20.663 D/ProgressBar(22137): setProgress = 957, fromUser = false
12-10 11:35:20.663 D/ProgressBar(22137): mProgress = 955mIndeterminate = false, mMin = 0, mMax = 2750
12-10 11:35:20.663 V/StagefrightPlayer( 311): getCurrentPosition
12-10 11:35:20.683 V/AudioSessionOutALSA( 311): Timestamp returned = 95715000
12-10 11:35:20.683 V/MediaPlayer-JNI(22137): getCurrentPosition: 95715 (msec)
12-10 11:35:20.763 V/StagefrightPlayer( 311): getCurrentPosition
12-10 11:35:20.783 V/AudioSessionOutALSA( 311): Timestamp returned = 95811000
12-10 11:35:20.783 V/MediaPlayer-JNI(22137): getCurrentPosition: 95811 (msec)
12-10 11:35:20.783 D/ProgressBar(22137): setProgress = 958
12-10 11:35:20.783 D/ProgressBar(22137): setProgress = 958, fromUser = false
12-10 11:35:20.783 D/ProgressBar(22137): mProgress = 957mIndeterminate = false, mMin = 0, mMax = 2750
12-10 11:35:20.783 V/StagefrightPlayer( 311): getCurrentPosition
12-10 11:35:20.793 V/AudioSessionOutALSA( 311): Timestamp returned = 95832333
12-10 11:35:20.793 V/MediaPlayer-JNI(22137): getCurrentPosition: 95832 (msec)
12-10 11:35:20.883 V/StagefrightPlayer( 311): getCurrentPosition
12-10 11:35:20.893 V/AudioSessionOutALSA( 311): Timestamp returned = 95939000
12-10 11:35:20.893 V/MediaPlayer-JNI(22137): getCurrentPosition: 95939 (msec)
12-10 11:35:20.893 D/ProgressBar(22137): setProgress = 959
12-10 11:35:20.893 D/ProgressBar(22137): setProgress = 959, fromUser = false
12-10 11:35:20.893 D/ProgressBar(22137): mProgress = 958mIndeterminate = false, mMin = 0, mMax = 2750
12-10 11:35:20.893 V/StagefrightPlayer( 311): getCurrentPosition
12-10 11:35:20.913 V/AudioSessionOutALSA( 311): Timestamp returned = 95949666
12-10 11:35:20.913 V/MediaPlayer-JNI(22137): getCurrentPosition: 95950 (msec)
12-10 11:35:21.003 V/StagefrightPlayer( 311): getCurrentPosition
12-10 11:35:21.013 V/AudioSessionOutALSA( 311): Timestamp returned = 96045666
12-10 11:35:21.013 V/MediaPlayer-JNI(22137): getCurrentPosition: 96046 (msec)
12-10 11:35:21.013 D/ProgressBar(22137): setProgress = 960
12-10 11:35:21.013 D/ProgressBar(22137): setProgress = 960, fromUser = false
12-10 11:35:21.013 D/ProgressBar(22137): mProgress = 959mIndeterminate = false, mMin = 0, mMax = 2750
12-10 11:35:21.013 V/StagefrightPlayer( 311): getCurrentPosition
12-10 11:35:21.023 V/AudioSessionOutALSA( 311): Timestamp returned = 96067000
12-10 11:35:21.023 V/MediaPlayer-JNI(22137): getCurrentPosition: 96067 (msec)
12-10 11:35:21.113 V/StagefrightPlayer( 311): getCurrentPosition
12-10 11:35:21.123 V/AudioSessionOutALSA( 311): Timestamp returned = 96163000
12-10 11:35:21.123 V/MediaPlayer-JNI(22137): getCurrentPosition: 96163 (msec)
12-10 11:35:21.123 D/ProgressBar(22137): setProgress = 961
12-10 11:35:21.123 D/ProgressBar(22137): setProgress = 961, fromUser = false
12-10 11:35:21.123 D/ProgressBar(22137): mProgress = 960mIndeterminate = false, mMin = 0, mMax = 2750
12-10 11:35:21.133 V/StagefrightPlayer( 311): getCurrentPosition
12-10 11:35:21.143 V/AudioSessionOutALSA( 311): Timestamp returned = 96184333
12-10 11:35:21.143 V/MediaPlayer-JNI(22137): getCurrentPosition: 96184 (msec)
12-10 11:35:21.233 V/StagefrightPlayer( 311): getCurrentPosition
12-10 11:35:21.243 V/AudioSessionOutALSA( 311): Timestamp returned = 96291000
12-10 11:35:21.243 V/MediaPlayer-JNI(22137): getCurrentPosition: 96291 (msec)
12-10 11:35:21.243 D/ProgressBar(22137): setProgress = 962
12-10 11:35:21.243 D/ProgressBar(22137): setProgress = 962, fromUser = false
12-10 11:35:21.243 D/ProgressBar(22137): mProgress = 961mIndeterminate = false, mMin = 0, mMax = 2750
12-10 11:35:21.243 V/StagefrightPlayer( 311): getCurrentPosition
