12-10 11:36:56.823 D/ProgressBar(22137): setProgress = 1918, fromUser = false
12-10 11:36:56.823 D/ProgressBar(22137): mProgress = 1917mIndeterminate = false, mMin = 0, mMax = 2750
12-10 11:36:56.843 V/StagefrightPlayer( 311): getCurrentPosition
12-10 11:36:56.853 V/AudioSessionOutALSA( 311): Timestamp returned = 191896333
12-10 11:36:56.853 V/MediaPlayer-JNI(22137): getCurrentPosition: 191896 (msec)
12-10 11:36:56.853 V/StagefrightPlayer( 311): getCurrentPosition
12-10 11:36:56.863 V/AudioSessionOutALSA( 311): Timestamp returned = 191907000
12-10 11:36:56.863 V/MediaPlayer-JNI(22137): getCurrentPosition: 191907 (msec)
12-10 11:36:56.883 V/StagefrightPlayer( 311): getCurrentPosition
12-10 11:36:56.893 V/AudioSessionOutALSA( 311): Timestamp returned = 191939000
12-10 11:36:56.893 V/MediaPlayer-JNI(22137): getCurrentPosition: 191939 (msec)
12-10 11:36:56.933 V/StagefrightPlayer( 311): getCurrentPosition
12-10 11:36:56.943 V/AudioSessionOutALSA( 311): Timestamp returned = 191981666
12-10 11:36:56.943 V/MediaPlayer-JNI(22137): getCurrentPosition: 191982 (msec)
12-10 11:36:56.943 D/ProgressBar(22137): setProgress = 1919
12-10 11:36:56.943 D/ProgressBar(22137): setProgress = 1919, fromUser = false
12-10 11:36:56.943 D/ProgressBar(22137): mProgress = 1918mIndeterminate = false, mMin = 0, mMax = 2750
12-10 11:36:56.943 V/StagefrightPlayer( 311): getCurrentPosition
12-10 11:36:56.953 V/AudioSessionOutALSA( 311): Timestamp returned = 191992333
12-10 11:36:56.963 V/MediaPlayer-JNI(22137): getCurrentPosition: 191992 (msec)
12-10 11:36:56.973 D/WaterColor_WaterColorRenderer( 722): fps = 55
12-10 11:36:56.983 D/WaterColor_WaterColorRenderer( 722): mJniWaterColor is Empty
12-10 11:36:57.003 D/WaterColor_WaterColorRenderer( 722): mJniWaterColor is Empty
12-10 11:36:57.003 D/WaterColor_WaterColorRenderer( 722): Drity Mode
12-10 11:36:57.043 V/StagefrightPlayer( 311): getCurrentPosition
12-10 11:36:57.053 V/AudioSessionOutALSA( 311): Timestamp returned = 192099000
12-10 11:36:57.053 V/MediaPlayer-JNI(22137): getCurrentPosition: 192099 (msec)
12-10 11:36:57.053 D/ProgressBar(22137): setProgress = 1920
12-10 11:36:57.063 D/ProgressBar(22137): setProgress = 1920, fromUser = false
12-10 11:36:57.063 D/ProgressBar(22137): mProgress = 1919mIndeterminate = false, mMin = 0, mMax = 2750
12-10 11:36:57.063 V/StagefrightPlayer( 311): getCurrentPosition
12-10 11:36:57.073 V/AudioSessionOutALSA( 311): Timestamp returned = 192120333
12-10 11:36:57.073 V/MediaPlayer-JNI(22137): getCurrentPosition: 192120 (msec)
12-10 11:36:57.163 V/StagefrightPlayer( 311): getCurrentPosition
12-10 11:36:57.173 V/AudioSessionOutALSA( 311): Timestamp returned = 192216333
12-10 11:36:57.173 V/MediaPlayer-JNI(22137): getCurrentPosition: 192216 (msec)
12-10 11:36:57.173 D/ProgressBar(22137): setProgress = 1922
12-10 11:36:57.173 D/ProgressBar(22137): setProgress = 1922, fromUser = false
12-10 11:36:57.173 D/ProgressBar(22137): mProgress = 1920mIndeterminate = false, mMin = 0, mMax = 2750
12-10 11:36:57.193 V/StagefrightPlayer( 311): getCurrentPosition
12-10 11:36:57.203 V/AudioSessionOutALSA( 311): Timestamp returned = 192248333
12-10 11:36:57.203 V/MediaPlayer-JNI(22137): getCurrentPosition: 192248 (msec)
12-10 11:36:57.293 V/StagefrightPlayer( 311): getCurrentPosition
12-10 11:36:57.303 V/AudioSessionOutALSA( 311): Timestamp returned = 192344333
12-10 11:36:57.303 V/MediaPlayer-JNI(22137): getCurrentPosition: 192344 (msec)
12-10 11:36:57.303 D/ProgressBar(22137): setProgress = 1923
12-10 11:36:57.303 D/ProgressBar(22137): setProgress = 1923, fromUser = false
12-10 11:36:57.303 D/ProgressBar(22137): mProgress = 1922mIndeterminate = false, mMin = 0, mMax = 2750
12-10 11:36:57.303 V/StagefrightPlayer( 311): getCurrentPosition
12-10 11:36:57.323 V/AudioSessionOutALSA( 311): Timestamp returned = 192355000
12-10 11:36:57.323 V/MediaPlayer-JNI(22137): getCurrentPosition: 192355 (msec)
12-10 11:36:57.413 V/StagefrightPlayer( 311): getCurrentPosition
12-10 11:36:57.423 V/AudioSessionOutALSA( 311): Timestamp returned = 192451000
12-10 11:36:57.423 V/MediaPlayer-JNI(22137): getCurrentPosition: 192451 (msec)
12-10 11:36:57.423 D/ProgressBar(22137): setProgress = 1924
12-10 11:36:57.423 D/ProgressBar(22137): setProgress = 1924, fromUser = false
12-10 11:36:57.423 D/ProgressBar(22137): mProgress = 1923mIndeterminate = false, mMin = 0, mMax = 2750
12-10 11:36:57.423 V/StagefrightPlayer( 311): getCurrentPosition
12-10 11:36:57.433 V/AudioSessionOutALSA( 311): Timestamp returned = 192472333
12-10 11:36:57.443 V/MediaPlayer-JNI(22137): getCurrentPosition: 192472 (msec)
12-10 11:36:57.523 V/StagefrightPlayer( 311): getCurrentPosition
12-10 11:36:57.533 V/AudioSessionOutALSA( 311): Timestamp returned = 192579000
12-10 11:36:57.533 V/MediaPlayer-JNI(22137): getCurrentPosition: 192579 (msec)
12-10 11:36:57.533 D/ProgressBar(22137): setProgress = 1925
12-10 11:36:57.533 D/ProgressBar(22137): setProgress = 1925, fromUser = false
12-10 11:36:57.533 D/ProgressBar(22137): mProgress = 1924mIndeterminate = false, mMin = 0, mMax = 2750
12-10 11:36:57.543 V/StagefrightPlayer( 311): getCurrentPosition
12-10 11:36:57.553 V/AudioSessionOutALSA( 311): Timestamp returned = 192600333
12-10 11:36:57.553 V/MediaPlayer-JNI(22137): getCurrentPosition: 192600 (msec)
12-10 11:36:57.643 V/StagefrightPlayer( 311): getCurrentPosition
12-10 11:36:57.653 V/AudioSessionOutALSA( 311): Timestamp returned = 192696333
12-10 11:36:57.653 V/MediaPlayer-JNI(22137): getCurrentPosition: 192696 (msec)
12-10 11:36:57.653 D/ProgressBar(22137): setProgress = 1926
12-10 11:36:57.653 D/ProgressBar(22137): setProgress = 1926, fromUser = false
12-10 11:36:57.653 D/ProgressBar(22137): mProgress = 1925mIndeterminate = false, mMin = 0, mMax = 2750
12-10 11:36:57.663 V/StagefrightPlayer( 311): getCurrentPosition
12-10 11:36:57.673 V/AudioSessionOutALSA( 311): Timestamp returned = 192717666
12-10 11:36:57.673 V/MediaPlayer-JNI(22137): getCurrentPosition: 192718 (msec)
12-10 11:36:57.763 V/StagefrightPlayer( 311): getCurrentPosition
12-10 11:36:57.773 V/AudioSessionOutALSA( 311): Timestamp returned = 192813666
12-10 11:36:57.773 V/MediaPlayer-JNI(22137): getCurrentPosition: 192814 (msec)
12-10 11:36:57.773 D/ProgressBar(22137): setProgress = 1928
12-10 11:36:57.773 D/ProgressBar(22137): setProgress = 1928, fromUser = false
12-10 11:36:57.773 D/ProgressBar(22137): mProgress = 1926mIndeterminate = false, mMin = 0, mMax = 2750
12-10 11:36:57.773 V/StagefrightPlayer( 311): getCurrentPosition
12-10 11:36:57.783 V/AudioSessionOutALSA( 311): Timestamp returned = 192824333
12-10 11:36:57.783 V/MediaPlayer-JNI(22137): getCurrentPosition: 192824 (msec)
12-10 11:36:57.873 V/StagefrightPlayer( 311): getCurrentPosition
12-10 11:36:57.883 V/AudioSessionOutALSA( 311): Timestamp returned = 192920333
12-10 11:36:57.883 V/MediaPlayer-JNI(22137): getCurrentPosition: 192920 (msec)
12-10 11:36:57.883 V/StagefrightPlayer( 311): getCurrentPosition
12-10 11:36:57.893 V/AudioSessionOutALSA( 311): Timestamp returned = 192931000
12-10 11:36:57.893 V/MediaPlayer-JNI(22137): getCurrentPosition: 192931 (msec)
12-10 11:36:57.893 D/ProgressBar(22137): setProgress = 1929
12-10 11:36:57.893 D/ProgressBar(22137): setProgress = 1929, fromUser = false
12-10 11:36:57.893 D/ProgressBar(22137): mProgress = 1928mIndeterminate = false, mMin = 0, mMax = 2750
12-10 11:36:57.903 V/StagefrightPlayer( 311): getCurrentPosition
12-10 11:36:57.913 V/AudioSessionOutALSA( 311): Timestamp returned = 192952333
12-10 11:36:57.913 V/MediaPlayer-JNI(22137): getCurrentPosition: 192952 (msec)
12-10 11:36:57.933 D/STATUSBAR-NetworkController( 1133): onSignalStrengthsChanged signalStrength=SignalStrength: 99 99 -102 -190 -107 -70 3 99 2147483647 2147483647 2147483647 -1 2147483647 cdma 0x210 level=2
12-10 11:36:57.953 V/StagefrightPlayer( 311): getCurrentPosition
12-10 11:36:57.963 V/AudioSessionOutALSA( 311): Timestamp returned = 192995000
12-10 11:36:57.963 V/MediaPlayer-JNI(22137): getCurrentPosition: 192995 (msec)
12-10 11:36:58.003 V/StagefrightPlayer( 311): getCurrentPosition
12-10 11:36:58.003 D/STATUSBAR-NetworkController( 1133): onSignalStrengthsChanged signalStrength=SignalStrength: 99 99 -102 -190 -107 -70 3 99 2147483647 2147483647 2147483647 -1 2147483647 cdma 0x210 level=2
12-10 11:36:58.013 V/AudioSessionOutALSA( 311): Timestamp returned = 193059000
12-10 11:36:58.013 V/MediaPlayer-JNI(22137): getCurrentPosition: 193059 (msec)
12-10 11:36:58.013 D/ProgressBar(22137): setProgress = 1930
12-10 11:36:58.013 D/ProgressBar(22137): setProgress = 1930, fromUser = false
12-10 11:36:58.013 D/ProgressBar(22137): mProgress = 1929mIndeterminate = false, mMin = 0, mMax = 2750
12-10 11:36:58.023 V/StagefrightPlayer( 311): getCurrentPosition
12-10 11:36:58.033 V/AudioSessionOutALSA( 311): Timestamp returned = 193080333
12-10 11:36:58.033 V/MediaPlayer-JNI(22137): getCurrentPosition: 193080 (msec)
12-10 11:36:58.123 V/StagefrightPlayer( 311): getCurrentPosition
12-10 11:36:58.133 V/AudioSessionOutALSA( 311): Timestamp returned = 193165666
12-10 11:36:58.133 V/MediaPlayer-JNI(22137): getCurrentPosition: 193166 (msec)
12-10 11:36:58.133 D/ProgressBar(22137): setProgress = 1931
12-10 11:36:58.133 D/ProgressBar(22137): setProgress = 1931, fromUser = false
12-10 11:36:58.133 D/ProgressBar(22137): mProgress = 1930mIndeterminate = false, mMin = 0, mMax = 2750
12-10 11:36:58.163 V/StagefrightPlayer( 311): getCurrentPosition
12-10 11:36:58.173 V/AudioSessionOutALSA( 311): Timestamp returned = 193208333
12-10 11:36:58.173 V/MediaPlayer-JNI(22137): getCurrentPosition: 193208 (msec)
12-10 11:36:58.243 V/StagefrightPlayer( 311): getCurrentPosition
12-10 11:36:58.253 V/AudioSessionOutALSA( 311): Timestamp returned = 193293666
12-10 11:36:58.253 V/MediaPlayer-JNI(22137): getCurrentPosition: 193294 (msec)
12-10 11:36:58.253 D/ProgressBar(22137): setProgress = 1932
12-10 11:36:58.253 D/ProgressBar(22137): setProgress = 1932, fromUser = false
12-10 11:36:58.253 D/ProgressBar(22137): mProgress = 1931mIndeterminate = false, mMin = 0, mMax = 2750
12-10 11:36:58.273 V/StagefrightPlayer( 311): getCurrentPosition
12-10 11:36:58.283 V/AudioSessionOutALSA( 311): Timestamp returned = 193325666
12-10 11:36:58.293 V/MediaPlayer-JNI(22137): getCurrentPosition: 193326 (msec)
12-10 11:36:58.373 V/StagefrightPlayer( 311): getCurrentPosition
12-10 11:36:58.383 V/AudioSessionOutALSA( 311): Timestamp returned = 193421666
12-10 11:36:58.383 V/MediaPlayer-JNI(22137): getCurrentPosition: 193422 (msec)
12-10 11:36:58.383 D/ProgressBar(22137): setProgress = 1934
12-10 11:36:58.383 D/ProgressBar(22137): setProgress = 1934, fromUser = false
12-10 11:36:58.383 D/ProgressBar(22137): mProgress = 1932mIndeterminate = false, mMin = 0, mMax = 2750
12-10 11:36:58.403 V/StagefrightPlayer( 311): getCurrentPosition
12-10 11:36:58.413 V/AudioSessionOutALSA( 311): Timestamp returned = 193453666
12-10 11:36:58.413 V/MediaPlayer-JNI(22137): getCurrentPosition: 193454 (msec)
12-10 11:36:58.463 E/SmartFaceManager( 722): checkForSmartStay S
12-10 11:36:58.463 D/PowerManagerService( 722): [smart stay] handleSmartStay
12-10 11:36:58.473 D/SmartFaceManager( 722): Sending smart-stay-framecount-reset: to service
12-10 11:36:58.473 E/SmartFaceService( 722): setValue, key: smart-stay-framecount-reset value:
12-10 11:36:58.473 E/SmartFaceService( 722): register:441323921
12-10 11:36:58.483 E/SmartFaceService( 722): register, serviceType(100) pid 722 : system
12-10 11:36:58.483 E/SmartFaceService.Client( 722): New SmartFaceService.Client, service type: 100 pid: 722 appName: system
12-10 11:36:58.483 E/SmartFaceService( 722): mLightIntensityEnough: true mLux: 0.0
12-10 11:36:58.483 D/Stay/Rotation Worker( 722): client added
12-10 11:36:58.483 D/Scroll/Pause Worker( 722): updateClientsDone.
12-10 11:36:58.483 D/Stay/Rotation Worker( 722): updateClientsDone. def. do nothing.
12-10 11:36:58.483 E/SmartFaceService( 722): Service Type to Worker: 100
12-10 11:36:58.493 V/StagefrightPlayer( 311): getCurrentPosition
12-10 11:36:58.493 E/SmartFaceService( 722): Last Active clients:0 Current Active clients: 1
12-10 11:36:58.493 E/SmartFaceService( 722): Last Smart Pause clients: 0 Current Smart Pause clients: 0
12-10 11:36:58.493 E/SmartFaceService( 722): We have active clients. open camera
12-10 11:36:58.493 E/SmartFaceService( 722): mWakeLock.acquire() in FD
12-10 11:36:58.493 D/SmartFaceIndicator( 722): normal icon
12-10 11:36:58.493 E/CameraController( 722): openCamera S
12-10 11:36:58.493 E/CameraController( 722): sendMessageAndWait, lock.lock before
12-10 11:36:58.493 E/CameraController( 722): sendMessageAndWait, lock.lock after
12-10 11:36:58.493 E/CameraController( 722): handleMessage(1) before lock{ what=1 when=0 arg1=4 }
12-10 11:36:58.503 E/SecCamera-JNI-Java( 722): SecCamera.open()
12-10 11:36:58.503 E/SecCamera-JNI-Java( 722): SecCamera()
12-10 11:36:58.503 V/AudioSessionOutALSA( 311): Timestamp returned = 193549666
12-10 11:36:58.503 E/CameraController( 722): Wait for 1
12-10 11:36:58.503 E/CameraController( 722): waitHere, condition var. will be used. related lock release and re-acquired after await done.
12-10 11:36:58.503 E/CameraController( 722): handleMessage, lock.lock after
12-10 11:36:58.503 E/CameraController( 722): handleMessage(1) after lock{ what=1 when=-2ms arg1=4 }
12-10 11:36:58.503 E/CameraController( 722): isCameraAllowed: true
12-10 11:36:58.503 E/CameraController( 722): open() as 100
12-10 11:36:58.513 V/MediaPlayer-JNI(22137): getCurrentPosition: 193550 (msec)
12-10 11:36:58.513 D/ProgressBar(22137): setProgress = 1935
12-10 11:36:58.513 D/ProgressBar(22137): setProgress = 1935, fromUser = false
12-10 11:36:58.513 D/ProgressBar(22137): mProgress = 1934mIndeterminate = false, mMin = 0, mMax = 2750
12-10 11:36:58.523 W/LicenseLogService( 722): log() is called by non admin
12-10 11:36:58.523 W/EDMNativeHelper( 311): EDMNativeHelperService is published
12-10 11:36:58.523 I/EDMNativeHelperService( 722): isCameraEnabled
12-10 11:36:58.523 W/QCamera2Factory( 311): getCameraInfo: E, camera_id = 1
12-10 11:36:58.523 W/QCamera2HWI( 311): __dbg: info->orientation : 90 rc = 0
12-10 11:36:58.523 W/QCamera2HWI( 311): __dbg: info->orientation : 270 rc = 0
12-10 11:36:58.523 W/QCamera2Factory( 311): getCameraInfo: X
12-10 11:36:58.523 W/QCamera2Factory( 311): getCameraInfo: E, camera_id = 1
12-10 11:36:58.523 W/QCamera2HWI( 311): __dbg: info->orientation : 90 rc = 0
12-10 11:36:58.523 W/QCamera2HWI( 311): __dbg: info->orientation : 270 rc = 0
12-10 11:36:58.523 W/QCamera2Factory( 311): getCameraInfo: X
12-10 11:36:58.533 D/SecCameraCoreManager( 311): SecCameraCoreManager created: pid=311, cameraId=3
12-10 11:36:58.533 D/SecCameraCoreManager( 311): initialize
12-10 11:36:58.533 E/SecCameraCoreManager( 311): initialize1
12-10 11:36:58.533 I/SecCameraCoreManager( 311): Opening camera 1
12-10 11:36:58.533 W/QCamera2Factory( 311): cameraDeviceOpen : E
12-10 11:36:58.533 I/QCamera2HWI( 311): [KPI Perf] openCamera: E
12-10 11:36:58.533 E/mm-camera-intf( 311): mm_camera_open: begin
12-10 11:36:58.533 E/mm-camera-intf( 311): mm_camera_open: dev name = /dev/video3, cam_idx = 3
12-10 11:36:58.533 E/mm-camera( 330): server_process_hal_event:__DBG__ E event id=1
12-10 11:36:58.533 E/mm-camera( 330): server_process_bind_hal_ds:__DBG__ E
12-10 11:36:58.543 E/mm-camera-sensor( 330): module_sensor_start_session:938 session 3
12-10 11:36:58.553 E/mm-camera-sensor( 330): sensor_load_library:75 s5k6b2yx : load from phone
12-10 11:36:58.553 E/mm-camera-sensor( 330): module_sensor_init_session:738 sensor position 1
12-10 11:36:58.553 E/mm-camera-sensor( 330): sensor_init:384 subdev name v4l-subdev17
12-10 11:36:58.563 V/StagefrightPlayer( 311): getCurrentPosition
12-10 11:36:58.573 E/camera-llv( 330): llv_init, E
12-10 11:36:58.573 E/mm-camera( 330): isp_thread_async_task_start: X, session_id = 3
12-10 11:36:58.573 E/mm-camera( 330): stats_module_start_session: E, kur sessionid=3, module=0xb77daf10
12-10 11:36:58.573 E/mm-camera( 330): aec_module_start_session E kur module 0xb77db000 sessionid=196608
12-10 11:36:58.573 E/AEC_PORT( 330): aec_port_init kur aec should be initialized
12-10 11:36:58.573 E/mm-camera( 330): af_fdprio_process: Processing frame 0
12-10 11:36:58.573 E/mm-camera( 330): af_fdprio_init:112 Init
12-10 11:36:58.573 E/mm-camera( 330): stats_port_init: E
12-10 11:36:58.573 E/mm-camera( 330): stats_port_init: X
12-10 11:36:58.573 E/mm-camera( 330): cpp_module_start_session:266, info: starting session 3
12-10 11:36:58.573 V/AudioSessionOutALSA( 311): Timestamp returned = 193613666
12-10 11:36:58.573 V/MediaPlayer-JNI(22137): getCurrentPosition: 193614 (msec)
12-10 11:36:58.593 I/InputReader( 722): Touch event's action (Hover) is 0x9 (deviceType=0) [pCnt=1, s=0.11752 ] when=441324040274000
12-10 11:36:58.593 I/InputDispatcher( 722): Delivering touch to: action: 0x9
12-10 11:36:58.613 E/mm-camera( 330): cpp_module_start_session:310, info: cpp_thread created.
12-10 11:36:58.613 E/mm-camera( 330): cpp_module_start_session:313, info: session 3 started.
12-10 11:36:58.613 E/mm-camera( 330): c2d_module_start_session:218, info: starting session 3
12-10 11:36:58.613 E/mm-camera( 330): cpp_thread_func:55: cpp_thread entering the polling loop...
12-10 11:36:58.613 E/mm-camera( 330): c2d_module_start_session:256, info: c2d_thread created.
12-10 11:36:58.613 E/mm-camera( 330): c2d_thread_func:39: c2d_thread entering the polling loop...
12-10 11:36:58.613 E/mm-camera( 330): c2d_module_start_session:278, info: session 3 started.
12-10 11:36:58.613 E/mm-camera-img( 330): module_imglib_create_msg_thread:203] E
12-10 11:36:58.613 E/mm-camera-img( 330): module_imglib_create_msg_thread:225] X
12-10 11:36:58.613 E/mm-camera-img( 330): module_imglib_create_msg_thread:203] E
12-10 11:36:58.613 E/mm-camera-img( 330): module_imglib_create_msg_thread:225] X
12-10 11:36:58.613 E/mm-camera-sensor( 330): module_sensor_get_session_data:4320 session 3
12-10 11:36:58.613 E/mm-camera( 330): stats_module_set_session: E,kur sessionid=0x3, module=0xb77daf10
12-10 11:36:58.613 E/mm-camera( 330): aec_module_set_session E kur module 0xb77db000 sessionid=196608
12-10 11:36:58.613 E/AEC_PORT( 330): aec_port_load_lib kur E 1
12-10 11:36:58.613 E/AEC_PORT( 330): aec_port_load_lib kur libptr 0x0 session_id 3
12-10 11:36:58.613 E/mm-camera( 330): aec_load_function: kur loading aec
12-10 11:36:58.613 E/mm-camera( 330): awb_module_set_session E kur module 0xb77db070 sessionid=196608
12-10 11:36:58.613 E/mm-camera( 330): awb_port_load_lib: kur session =0x30000, loading awb
12-10 11:36:58.613 E/mm-camera( 330): af_module_set_session E kur module 0xb77db0e0 sessionid=196608
12-10 11:36:58.613 E/AF_PORT ( 330): kur init qcom af
12-10 11:36:58.623 E/mm-camera( 330): server_process_hal_event:__DBG__ X sucess event id=1
12-10 11:36:58.623 E/mm-camera( 330): main: return true, return type 0
12-10 11:36:58.623 E/mm-camera-intf( 311): mm_camera_open: opened, break out while loop
12-10 11:36:58.623 E/mm-camera-intf( 311): mm_camera_socket_create: socket_fd =84
12-10 11:36:58.623 E/mm-jpeg-intf( 311): mm_jpeg_init:1769] Launch jobmgr thread rc 0
12-10 11:36:58.643 E/mm-camera-img( 330): module_imglib_msg_thread: __ZZZZ__: E
12-10 11:36:58.643 E/mm-camera-img( 330): module_imglib_msg_thread:62 abort 0
12-10 11:36:58.643 E/mm-camera-img( 330): img_q_wait: before wait
12-10 11:36:58.643 E/mm-camera-img( 330): module_imglib_msg_thread: __ZZZZ__: E
12-10 11:36:58.643 E/mm-camera-img( 330): module_imglib_msg_thread:62 abort 0
12-10 11:36:58.643 E/mm-camera-img( 330): img_q_wait: before wait
12-10 11:36:58.653 V/StagefrightPlayer( 311): getCurrentPosition
12-10 11:36:58.673 V/AudioSessionOutALSA( 311): Timestamp returned = 193699000
12-10 11:36:58.673 D/InputReader( 722): Input event: value=0 when=441324120056000
12-10 11:36:58.673 I/InputReader( 722): Touch event's action (Hover) is 0xa (deviceType=0) [pCnt=1, s=] when=441324120058000
12-10 11:36:58.673 V/MediaPlayer-JNI(22137): getCurrentPosition: 193699 (msec)
12-10 11:36:58.673 D/ProgressBar(22137): setProgress = 1936
12-10 11:36:58.673 D/ProgressBar(22137): setProgress = 1936, fromUser = false
12-10 11:36:58.673 D/ProgressBar(22137): mProgress = 1935mIndeterminate = false, mMin = 0, mMax = 2750
12-10 11:36:58.673 I/InputDispatcher( 722): Delivering touch to: action: 0xa
12-10 11:36:58.713 E/MP-Decision( 1904): Action to bring core 1 online
12-10 11:36:58.713 E/MP-Decision( 1904): Action to bring core 2 online
12-10 11:36:58.713 V/StagefrightPlayer( 311): getCurrentPosition
12-10 11:36:58.713 E/MP-Decision( 1904): Action to bring core 3 online
12-10 11:36:58.723 V/AudioSessionOutALSA( 311): Timestamp returned = 193763000
12-10 11:36:58.723 V/MediaPlayer-JNI(22137): getCurrentPosition: 193763 (msec)
12-10 11:36:58.753 E/qomx_image_core( 311): OMX_Init:84] Complete 1
12-10 11:36:58.753 I/Thermal-Lib( 311): Thermal-Lib-Client: Registraion successful for camera with handle:1
12-10 11:36:58.753 I/Thermal-Lib( 311): Thermal-Lib-Client: Registraion successful for camcorder with handle:2
12-10 11:36:58.753 W/QCameraHWI_Mem( 311): int qcamera::QCameraMemory::alloc(int, int, int): use reserved mm heap memory
12-10 11:36:58.753 E/mm-camera( 330): main: return true, return type 1
12-10 11:36:58.753 I/ThermalEngine( 293): Thermal-Server: Adding thermal event listener on fd 36
12-10 11:36:58.753 I/Thermal-Lib( 311): Thermal-Lib-Client: Client received msg camera 0
12-10 11:36:58.753 W/QCamera2HWI( 311): thermalEvtHandle: level = 0, userdata = 0x0, data = 0x0
12-10 11:36:58.753 E/mm-camera( 330): main: return true, return type 1
12-10 11:36:58.753 E/QCameraStateMachine( 311): int32_t qcamera::QCameraStateMachine::procEvtPreviewStoppedState(qcamera::qcamera_sm_evt_enum_t, void*): cannot handle evt(31) in state(0)
12-10 11:36:58.753 I/Thermal-Lib( 311): Thermal-Lib-Client: Client received msg camcorder 0
12-10 11:36:58.753 W/QCamera2HWI( 311): thermalEvtHandle: level = 0, userdata = 0x0, data = 0x0
12-10 11:36:58.753 E/QCameraStateMachine( 311): int32_t qcamera::QCameraStateMachine::procEvtPreviewStoppedState(qcamera::qcamera_sm_evt_enum_t, void*): cannot handle evt(31) in state(0)
12-10 11:36:58.753 I/QCameraParameters( 311): initDefaultParameters: supported preview sizes: 1920x1080,1440x1080,1280x720,1056x864,960x720,720x480,640x480,352x288,320x240,176x144
12-10 11:36:58.753 I/QCameraParameters( 311): set Default prview sizes : 1920x1080
12-10 11:36:58.753 I/QCameraParameters( 311): initDefaultParameters: supported video sizes: 1920x1080,1440x1080,1280x720,960x720,800x450,720x480,640x480,352x288,320x240,176x144
12-10 11:36:58.753 I/QCameraParameters( 311): initDefaultParameters: supported live snapshot sizes: 1920x1080,1440x1080,1280x768,1280x720,1024x768,800x600,800x480,800x450,720x480,640x480,352x288,320x240,176x144
12-10 11:36:58.753 W/QCameraParameters( 311): [PARM_DBG] Setting focus mode fixed
12-10 11:36:58.753 W/QCameraParameters( 311): [PARM_DBG] zoom_level = 0
12-10 11:36:58.753 W/QCameraParameters( 311): [PARM_DBG] Denoise enable=1, plates=0
12-10 11:36:58.753 W/QCameraParameters( 311): [PARM_DBG] m_bVisionMode = 0
12-10 11:36:58.753 E/mm-camera( 330): server_process_hal_event:__DBG__ E event id=3
12-10 11:36:58.753 E/mm-camera( 330): server_process_hal_event:__DBG__ X sucess event id=3
12-10 11:36:58.753 E/mm-camera( 330): mct_pipeline_process_set:command=800000e
12-10 11:36:58.753 E/mm-camera( 330): main: return true, return type 0
12-10 11:36:58.753 W/QCameraParameters( 311): [PARM_DBG] setNumOfSnapshot : nBurstNum = 1, nExpnum = 1
12-10 11:36:58.753 I/QCamera2HWI( 311): [KPI Perf] openCamera: X
12-10 11:36:58.753 W/QCamera2Factory( 311): cameraDeviceOpen : X
12-10 11:36:58.753 E/SecCameraCoreManager( 311): initialize2
12-10 11:36:58.753 I/ShotCommon( 311): ShotCommon created: pid=311
12-10 11:36:58.753 V/SecCameraCoreManager( 311): getParameters(1)
12-10 11:36:58.753 W/QCamera2HWI( 311): get_parameters : E
12-10 11:36:58.753 W/QCamera2HWI( 311): get_parameters : X
12-10 11:36:58.753 W/QCamera2HWI( 311): put_parameters : E
12-10 11:36:58.753 W/QCamera2HWI( 311): put_parameters : X
12-10 11:36:58.753 I/ShotCommon( 311): Preview width(1920), height(1080)
12-10 11:36:58.753 I/ShotCommon( 311): Preview color format [yuv420sp]
12-10 11:36:58.753 I/ShotCommon( 311): Picture width(1920), height(1080)
12-10 11:36:58.753 I/ShotCommon( 311): Picture color format [jpeg]
12-10 11:36:58.753 W/QCamera2HWI( 311): enable_msg_type : E, msg type 3085
12-10 11:36:58.753 W/QCamera2HWI( 311): enable_msg_type : X
12-10 11:36:58.753 I/ShotSingle( 311): ShotSingle created: pid=311
12-10 11:36:58.753 V/ShotSingle( 311): sendCommand(1)
12-10 11:36:58.753 W/QCamera2HWI( 311): [KPI Perf] send_command: E
12-10 11:36:58.753 W/QCamera2HWI( 311): [KPI Perf] send_command: X
12-10 11:36:58.753 W/QCamera2HWI( 311): enable_msg_type : E, msg type 3085
12-10 11:36:58.753 W/QCamera2HWI( 311): enable_msg_type : X
12-10 11:36:58.753 D/SecCameraCoreManager( 311): setCallbacks
12-10 11:36:58.753 V/ShotSingle( 311): setCallbacks(1)
12-10 11:36:58.753 W/QCamera2HWI( 311): set_CallBacks : E
12-10 11:36:58.763 W/QCamera2HWI( 311): set_CallBacks : X
12-10 11:36:58.763 I/QCamera2HWI( 311): cbNotifyRoutine: E
12-10 11:36:58.763 D/SecCameraCoreManager( 311): enableMsgType: 0xc0d
12-10 11:36:58.763 W/QCamera2HWI( 311): enable_msg_type : E, msg type 3085
12-10 11:36:58.763 W/QCamera2HWI( 311): enable_msg_type : X
12-10 11:36:58.763 W/QCamera2Factory( 311): getCameraInfo: E, camera_id = 1
12-10 11:36:58.763 W/QCamera2HWI( 311): __dbg: info->orientation : 90 rc = 0
12-10 11:36:58.763 W/QCamera2HWI( 311): __dbg: info->orientation : 270 rc = 0
12-10 11:36:58.763 W/QCamera2Factory( 311): getCameraInfo: X
12-10 11:36:58.763 V/SecCamera-JNI-Cpp( 722): getParameters
12-10 11:36:58.763 V/SecCamera-JNI-Cpp( 722): get_native_camera: context=0x7e3b2ad8, camera=0x7c576468
12-10 11:36:58.763 D/SecCameraCoreManager( 311): getParameters
12-10 11:36:58.763 V/SecCameraCoreManager( 311): getParameters(1)
12-10 11:36:58.763 W/QCamera2HWI( 311): get_parameters : E
12-10 11:36:58.763 W/QCamera2HWI( 311): get_parameters : X
12-10 11:36:58.763 W/QCamera2HWI( 311): put_parameters : E
12-10 11:36:58.763 W/QCamera2HWI( 311): put_parameters : X
12-10 11:36:58.763 V/SecCamera-JNI-Cpp( 722): setParameters
12-10 11:36:58.763 V/SecCamera-JNI-Cpp( 722): get_native_camera: context=0x7e3b2ad8, camera=0x7c576468
12-10 11:36:58.763 D/SecCameraCoreManager( 311): setParameters
12-10 11:36:58.763 V/ShotSingle( 311): setParameters(1)
12-10 11:36:58.763 W/QCamera2HWI( 311): [KPI Perf] set_parameters: E
12-10 11:36:58.763 W/QCameraParameters( 311): updateParameters : E - mCameraId=1, line=3981
12-10 11:36:58.763 W/QCameraParameters( 311): [FW_DBG] setFirmwareMode: none
12-10 11:36:58.763 W/QCameraParameters( 311): [PARM_DBG] Requested preview size 320 x 240
12-10 11:36:58.763 W/QCameraParameters( 311): [PARM_DBG] Requested video size 1920 x 1080
12-10 11:36:58.763 W/QCameraParameters( 311): [PARM_DBG] Requested picture size 1920 x 1080
12-10 11:36:58.763 W/QCameraParameters( 311): [PARM_DBG] requested jpeg thumbnail size 512 x 288
12-10 11:36:58.763 W/QCameraParameters( 311): [PARM_DBG] set optimal jpeg thumbnail size 512 x 288
12-10 11:36:58.763 W/QCameraParameters( 311): [PARM_DBG] m_bNoDisplayMode = 1
12-10 11:36:58.763 W/QCameraParameters( 311): [PARM_DBG] dualrecording-hint : 0 m_FaceAE=1 Camera ID=1
12-10 11:36:58.763 E/QCameraParameters( 311): setZslMode : VtMode=3, m_bVisionMode=0, ZSL OFF
12-10 11:36:58.763 I/QCameraParameters( 311): [PARM_DBG] Requested FpsRange Values:(7000, 30000)
12-10 11:36:58.763 W/QCameraParameters( 311): [PARM_DBG] flash mode = off
12-10 11:36:58.763 W/QCameraParameters( 311): [PARM_DBG] AEC lock = false
12-10 11:36:58.763 W/QCameraParameters( 311): [PARM_DBG] AWB lock = false
12-10 11:36:58.763 W/QCameraParameters( 311): [PARM_DBG] mHdrMode 0 mTakeLowlight 0
12-10 11:36:58.763 W/QCameraParameters( 311): [PARM_DBG] live snapshot size 1920 x 1080
12-10 11:36:58.763 E/QCameraParameters( 311): setCityId : null value
12-10 11:36:58.763 W/QCameraParameters( 311): updateParameters : X - mCameraId=1, final_rc=0, line=4110
12-10 11:36:58.763 E/mm-camera( 330): server_process_hal_event:__DBG__ E event id=3
12-10 11:36:58.763 E/mm-camera( 330): server_process_hal_event:__DBG__ X sucess event id=3
12-10 11:36:58.763 E/mm-camera( 330): mct_pipeline_process_set:command=800000e
12-10 11:36:58.763 E/mm-camera( 330): main: return true, return type 0
12-10 11:36:58.763 W/QCameraParameters( 311): [PARM_DBG] setNumOfSnapshot : nBurstNum = 1, nExpnum = 1
12-10 11:36:58.763 W/QCamera2HWI( 311): [KPI Perf] set_parameters : X, ret 0
12-10 11:36:58.763 V/SecCamera-JNI-Cpp( 722): setHasPreviewCallback: installed:1, manualBuffer:1
12-10 11:36:58.763 V/SecCamera-JNI-Cpp( 722): get_native_camera: context=0x7e3b2ad8, camera=0x7c576468
12-10 11:36:58.763 V/SecCamera-JNI-Cpp( 722): addCallbackBuffer: 0x10
12-10 11:36:58.763 D/SecCameraCoreManager( 311): enableMsgType: 0x10
12-10 11:36:58.763 W/QCamera2HWI( 311): enable_msg_type : E, msg type 16
12-10 11:36:58.763 W/QCamera2HWI( 311): enable_msg_type : X
12-10 11:36:58.763 V/SecCamera-JNI-Cpp( 722): startPreview
12-10 11:36:58.763 V/SecCamera-JNI-Cpp( 722): get_native_camera: context=0x7e3b2ad8, camera=0x7c576468
12-10 11:36:58.763 D/SecCameraCoreManager( 311): previewEnabled
12-10 11:36:58.763 W/QCamera2HWI( 311): preview_enabled: E
12-10 11:36:58.763 W/QCamera2HWI( 311): preview_enabled: X, ret 0
12-10 11:36:58.763 D/SecCameraCoreManager( 311): setPreviewWindow
12-10 11:36:58.763 W/QCamera2HWI( 311): set_preview_window : E
12-10 11:36:58.763 W/QCamera2HWI( 311): set_preview_window : X, rc 0
12-10 11:36:58.763 D/SecCameraCoreManager( 311): startPreview
12-10 11:36:58.763 D/SecCameraCoreManager( 311): virtual android::status_t android::SecCameraCoreManager::startPreview():start IT Policy checking thread
12-10 11:36:58.763 D/ShotSingle( 311): startPreview
12-10 11:36:58.763 V/SecCameraCoreManager( 311): getParameters(1)
12-10 11:36:58.763 W/QCamera2HWI( 311): get_parameters : E
12-10 11:36:58.763 W/QCamera2HWI( 311): get_parameters : X
12-10 11:36:58.763 W/QCamera2HWI( 311): put_parameters : E
12-10 11:36:58.763 W/QCamera2HWI( 311): put_parameters : X
12-10 11:36:58.763 V/ShotSingle( 311): startPreview(1)
12-10 11:36:58.763 W/QCamera2HWI( 311): [KPI Perf] start_preview: E
12-10 11:36:58.763 W/QCamera2HWI( 311): preparePreview: E mCameraId=1
12-10 11:36:58.763 E/CameraController( 722): open() x
12-10 11:36:58.763 E/CameraController( 722): Preview need to be rotated counter clock-wise 90 degree.
12-10 11:36:58.763 E/CameraController( 722): setCamreaParameter with mode: 1 service_type: 100
12-10 11:36:58.763 E/CameraController( 722): Preview Size Is Not Supported (maybe auto-mode). Auto-Select
12-10 11:36:58.763 E/CameraController( 722): Front Camera Support 320, 240 preview
12-10 11:36:58.763 E/CameraController( 722): StartPreview()
12-10 11:36:58.773 W/QCameraHWI_Mem( 311): int qcamera::QCameraMemory::alloc(int, int, int): use reserved mm heap memory
12-10 11:36:58.773 W/QCameraParameters( 311): int qcamera::QCameraParameters::getFlipMode(cam_stream_type_t): No flip mode for stream type 6
12-10 11:36:58.773 W/QCameraParameters( 311): [PARM_DBG] getFlipMode : the filp mode of stream type 6 is 0 .
12-10 11:36:58.773 E/mm-camera( 330): server_process_hal_event:__DBG__ E event id=3
12-10 11:36:58.773 E/mm-camera( 330): server_process_hal_event:__DBG__ X sucess event id=3
12-10 11:36:58.773 E/mm-camera( 330): mct_pipeline_process_set:command=800000a
12-10 11:36:58.773 E/mm-camera( 330): main: return true, return type 0
12-10 11:36:58.773 E/mm-camera( 330): main: return true, return type 1
12-10 11:36:58.773 E/mm-camera( 330): main: return true, return type 1
12-10 11:36:58.773 E/mm-camera( 330): server_process_hal_event:__DBG__ E event id=3
12-10 11:36:58.773 E/mm-camera( 330): server_process_hal_event:__DBG__ X sucess event id=3
12-10 11:36:58.773 E/mm-camera( 330): mct_pipeline_process_set:command=8000012
12-10 11:36:58.773 E/mm-camera( 330): mct_stream_start_link:CAM_STREAM_TYPE_METADATA
12-10 11:36:58.773 E/mm-camera( 330): main: return true, return type 0
12-10 11:36:58.773 E/mm-camera-intf( 311): mm_stream_get_v4l2_fmt: Unknown fmt=78
12-10 11:36:58.773 E/mm-camera( 330): server_process_hal_event:__DBG__ E event id=3
12-10 11:36:58.773 E/mm-camera( 330): server_process_hal_event:__DBG__ X sucess event id=3
12-10 11:36:58.773 E/mm-camera( 330): mct_pipeline_process_set:command=8000004
12-10 11:36:58.773 E/mm-camera( 330): main: return true, return type 0
12-10 11:36:58.773 W/QCameraHWI_Mem( 311): int qcamera::QCameraMemory::alloc(int, int, int): use reserved mm heap memory
12-10 11:36:58.773 W/QCameraParameters( 311): [PARM_DBG] getFlipMode : the filp mode of stream type 1 is 0 .
12-10 11:36:58.773 E/mm-camera( 330): server_process_hal_event:__DBG__ E event id=3
12-10 11:36:58.773 E/mm-camera( 330): server_process_hal_event:__DBG__ X sucess event id=3
12-10 11:36:58.773 E/mm-camera( 330): mct_pipeline_process_set:command=800000a
12-10 11:36:58.773 E/mm-camera( 330): main: return true, return type 0
12-10 11:36:58.773 E/mm-camera( 330): main: return true, return type 1
12-10 11:36:58.773 E/mm-camera( 330): main: return true, return type 1
12-10 11:36:58.773 E/mm-camera( 330): server_process_hal_event:__DBG__ E event id=3
12-10 11:36:58.773 E/mm-camera( 330): server_process_hal_event:__DBG__ X sucess event id=3
12-10 11:36:58.773 E/mm-camera( 330): mct_pipeline_process_set:command=8000012
12-10 11:36:58.773 E/mm-camera( 330): mct_stream_start_link: PREVIEW
12-10 11:36:58.773 E/mm-camera( 330): mct_stream_check_name:mod=sensor, name=sensor
12-10 11:36:58.773 E/mm-camera( 330): mct_stream_get_module: module: 0xb77cc330
12-10 11:36:58.773 E/mm-camera( 330): mct_stream_start_link: sensor=0xb77c7120
12-10 11:36:58.773 E/mm-camera( 330): mct_stream_check_name:mod=sensor, name=iface
12-10 11:36:58.773 E/mm-camera( 330): mct_stream_check_name:mod=iface, name=iface
12-10 11:36:58.773 E/mm-camera( 330): mct_stream_get_module: module: 0xb77c5108
12-10 11:36:58.773 E/mm-camera( 330): mct_stream_check_name:mod=sensor, name=isp
12-10 11:36:58.773 E/mm-camera( 330): mct_stream_check_name:mod=iface, name=isp
12-10 11:36:58.773 E/mm-camera( 330): mct_stream_check_name:mod=isp, name=isp
12-10 11:36:58.773 E/mm-camera( 330): mct_stream_get_module: module: 0xb77daee8
12-10 11:36:58.773 E/mm-camera( 330): mct_stream_check_name:mod=sensor, name=stats
12-10 11:36:58.773 E/mm-camera( 330): mct_stream_check_name:mod=iface, name=stats
12-10 11:36:58.773 E/mm-camera( 330): mct_stream_check_name:mod=isp, name=stats
12-10 11:36:58.773 E/mm-camera( 330): mct_stream_check_name:mod=stats, name=stats
12-10 11:36:58.773 E/mm-camera( 330): mct_stream_get_module: module: 0xb77db3e8
12-10 11:36:58.773 E/mm-camera( 330): mct_stream_check_name:mod=sensor, name=pproc
12-10 11:36:58.773 E/mm-camera( 330): mct_stream_check_name:mod=iface, name=pproc
12-10 11:36:58.773 E/mm-camera( 330): mct_stream_check_name:mod=isp, name=pproc
12-10 11:36:58.773 E/mm-camera( 330): mct_stream_check_name:mod=stats, name=pproc
12-10 11:36:58.773 E/mm-camera( 330): mct_stream_check_name:mod=pproc, name=pproc
12-10 11:36:58.773 E/mm-camera( 330): mct_stream_get_module: module: 0xb78222f8
12-10 11:36:58.773 E/mm-camera( 330): mct_stream_check_name:mod=sensor, name=faceproc
12-10 11:36:58.773 E/mm-camera( 330): mct_stream_check_name:mod=iface, name=faceproc
12-10 11:36:58.773 E/mm-camera( 330): mct_stream_check_name:mod=isp, name=faceproc
12-10 11:36:58.773 E/mm-camera( 330): mct_stream_check_name:mod=stats, name=faceproc
12-10 11:36:58.773 E/mm-camera( 330): mct_stream_check_name:mod=pproc, name=faceproc
12-10 11:36:58.773 E/mm-camera( 330): mct_stream_check_name:mod=faceproc, name=faceproc
12-10 11:36:58.773 E/mm-camera( 330): mct_stream_get_module: module: 0xb78224c0
12-10 11:36:58.773 E/mm-camera-sensor( 330): port_sensor_caps_reserve:153 ide 30002 stream type 1 w*h 320*240
12-10 11:36:58.773 E/mm-camera-sensor( 330): port_sensor_ext_link_func:585 ide 30002
12-10 11:36:58.773 E/mm-camera( 330): port_isp_check_caps_reserve_func: E, identity = 0x30002, port = 0xb77c56c0, direction = 2
12-10 11:36:58.773 E/mm-camera( 330): port_isp_check_caps_reserve_func: X, rc = 1, identity = 0x30002, port = 0xb77c56c0, direction = 2
12-10 11:36:58.773 E/mm-camera( 330): port_isp_ext_link_func: E, identity = 0x30002, port = 0xb77c56c0, direction = 2
12-10 11:36:58.773 E/mm-camera( 330): port_isp_ext_link_func: X, rc = 1, identity = 0x30002, port = 0xb77c56c0, direction = 2
12-10 11:36:58.773 E/mm-camera( 330): port_isp_check_caps_reserve_func: E, identity = 0x30002, port = 0xb77c62e0, direction = 1
12-10 11:36:58.773 E/mm-camera( 330): port_isp_check_caps_reserve_func: X, rc = 1, identity = 0x30002, port = 0xb77c62e0, direction = 1
12-10 11:36:58.773 E/mm-camera( 330): pproc_port_sink_check_caps_reserve:823] error because caps Type:1 not supported.
12-10 11:36:58.773 E/mm-camera( 330): pproc_port_sink_check_caps_reserve:823] error because caps Type:1 not supported.
12-10 11:36:58.773 E/mm-camera( 330): pproc_port_sink_check_caps_reserve:823] error because caps Type:1 not supported.
12-10 11:36:58.773 E/mm-camera( 330): pproc_port_sink_check_caps_reserve:823] error because caps Type:1 not supported.
12-10 11:36:58.773 E/mm-camera( 330): port_isp_check_caps_reserve_func: E, identity = 0x30002, port = 0xb77c6458, direction = 1
12-10 11:36:58.773 E/mm-camera( 330): port_isp_check_caps_reserve_func: X, rc = 1, identity = 0x30002, port = 0xb77c6458, direction = 1
12-10 11:36:58.773 E/mm-camera( 330): pproc_port_sink_check_caps_reserve:823] error because caps Type:1 not supported.
12-10 11:36:58.773 E/mm-camera( 330): pproc_port_sink_check_caps_reserve:823] error because caps Type:1 not supported.
12-10 11:36:58.773 E/mm-camera( 330): pproc_port_sink_check_caps_reserve:823] error because caps Type:1 not supported.
12-10 11:36:58.773 E/mm-camera( 330): pproc_port_sink_check_caps_reserve:823] error because caps Type:1 not supported.
12-10 11:36:58.773 E/mm-camera( 330): port_isp_check_caps_reserve_func: E, identity = 0x30002, port = 0xb77c65e0, direction = 1
12-10 11:36:58.773 E/mm-camera( 330): port_isp_check_caps_reserve_func: X, rc = 1, identity = 0x30002, port = 0xb77c65e0, direction = 1
12-10 11:36:58.773 E/mm-camera( 330): pproc_port_sink_check_caps_reserve:823] error because caps Type:1 not supported.
12-10 11:36:58.773 E/mm-camera( 330): pproc_port_sink_check_caps_reserve:823] error because caps Type:1 not supported.
12-10 11:36:58.773 E/mm-camera( 330): pproc_port_sink_check_caps_reserve:823] error because caps Type:1 not supported.
12-10 11:36:58.773 E/mm-camera( 330): pproc_port_sink_check_caps_reserve:823] error because caps Type:1 not supported.
12-10 11:36:58.773 E/mm-camera( 330): port_isp_check_caps_reserve_func: E, identity = 0x30002, port = 0xb77c6768, direction = 1
12-10 11:36:58.773 E/mm-camera( 330): port_isp_check_caps_reserve_func: X, rc = 1, identity = 0x30002, port = 0xb77c6768, direction = 1
12-10 11:36:58.773 E/mm-camera( 330): pproc_port_sink_check_caps_reserve:823] error because caps Type:1 not supported.
12-10 11:36:58.773 E/mm-camera( 330): pproc_port_sink_check_caps_reserve:823] error because caps Type:1 not supported.
12-10 11:36:58.773 E/mm-camera( 330): pproc_port_sink_check_caps_reserve:823] error because caps Type:1 not supported.
12-10 11:36:58.773 E/mm-camera( 330): pproc_port_sink_check_caps_reserve:823] error because caps Type:1 not supported.
12-10 11:36:58.773 E/mm-camera( 330): port_isp_check_caps_reserve_func: E, identity = 0x30002, port = 0xb77da0a0, direction = 1
12-10 11:36:58.773 E/mm-camera( 330): port_isp_check_caps_reserve_func: X, rc = 1, identity = 0x30002, port = 0xb77da0a0, direction = 1
12-10 11:36:58.773 E/mm-camera( 330): pproc_port_create_stream_topology:469] feature mask 0x0 0x0
12-10 11:36:58.773 E/mm-camera( 330): cpp_port_check_caps_reserve:77, identity=0x30002
12-10 11:36:58.773 E/mm-camera( 330): cpp_port_check_caps_reserve:143, identity=0x30002, reserved
12-10 11:36:58.773 E/mm-camera( 330): cpp_module_set_output_duplication_flag:548, current stream w=320, h=240, st=320, sc=240, fmt=1, identity=0x30002
12-10 11:36:58.773 E/mm-camera( 330): cpp_module_set_output_duplication_flag:552, info: no linked stream
12-10 11:36:58.773 E/mm-camera( 330): cpp_module_set_clock_freq:957] clk:266670000, dim:76800, stream_type:1,
12-10 11:36:58.773 E/mm-camera( 330): cpp_module_notify_add_stream:1141, info: success, identity=0x30002
12-10 11:36:58.773 E/mm-camera( 330): port_isp_ext_link_func: E, identity = 0x30002, port = 0xb77da0a0, direction = 1
12-10 11:36:58.773 E/mm-camera( 330): port_isp_ext_link_func: X, rc = 1, identity = 0x30002, port = 0xb77da0a0, direction = 1
12-10 11:36:58.773 E/mm-camera( 330): cpp_port_check_caps_reserve:77, identity=0x30002
12-10 11:36:58.773 E/mm-camera( 330): cpp_port_check_caps_reserve:143, identity=0x30002, reserved
12-10 11:36:58.773 E/mm-camera( 330): module_faceproc_port_check_caps_reserve:838] E
12-10 11:36:58.773 E/mm-camera( 330): module_faceproc_port_check_caps_reserve:852] caps type 2 format 2
12-10 11:36:58.773 E/mm-camera( 330): module_faceproc_acquire_port:306] E
12-10 11:36:58.773 E/mm-camera( 330): module_faceproc_client_create:1344]
12-10 11:36:58.773 E/mm-camera-img( 330): img_comp_create:513]
12-10 11:36:58.773 E/mm-camera-img( 330): faceproc_comp_init:46]
12-10 11:36:58.773 E/mm-camera-img( 330): faceproc_comp_init:56]
12-10 11:36:58.773 E/mm-camera( 330): module_faceproc_client_create:1415] Face proc feature mask 12a 0
12-10 11:36:58.773 E/mm-camera( 330): module_faceproc_client_create:1418] port 0xb7822400 client 0xb7924388 X
12-10 11:36:58.773 E/mm-camera( 330): module_faceproc_acquire_port:345] port 0xb7822400 port_private 0xb7924388 X
12-10 11:36:58.773 E/mm-camera( 330): module_faceproc_port_check_caps_reserve:886] X
12-10 11:36:58.773 E/mm-camera( 330): module_faceproc_port_ext_link:687] port 0xb7822400 E
12-10 11:36:58.773 E/mm-camera( 330): module_faceproc_port_ext_link:719] X
12-10 11:36:58.773 E/mm-camera( 330): port_isp_check_caps_reserve_func: E, identity = 0x30002, port = 0xb77c62e0, direction = 1
12-10 11:36:58.773 E/mm-camera( 330): port_isp_check_caps_reserve_func: X, rc = 1, identity = 0x30002, port = 0xb77c62e0, direction = 1
12-10 11:36:58.773 E/mm-camera( 330): afd_port_check_caps_reserve: X
12-10 11:36:58.773 E/mm-camera( 330): asd_port_check_caps_reserve: E
12-10 11:36:58.773 E/mm-camera( 330): asd_port_check_caps_reserve: X
12-10 11:36:58.773 E/mm-camera( 330): q3a_port_event: Stream type change event received!
12-10 11:36:58.773 E/mm-camera( 330): port_isp_ext_link_func: E, identity = 0x30002, port = 0xb77c62e0, direction = 1
12-10 11:36:58.773 E/mm-camera( 330): port_isp_ext_link_func: X, rc = 1, identity = 0x30002, port = 0xb77c62e0, direction = 1
12-10 11:36:58.773 E/mm-camera( 330): mct_pipeline_send_ctrl_events: Send Set Parm events
12-10 11:36:58.773 E/mm-camera( 330): port_isp_mct_ctrl_cmd: type=3
12-10 11:36:58.773 E/mm-camera( 330): port_isp_mct_ctrl_cmd: E, identity = 0x30002
12-10 11:36:58.773 E/mm-camera( 330): module_faceproc_client_handle_ctrl_parm:1969] param 2
12-10 11:36:58.773 E/mm-camera( 330): port_isp_mct_ctrl_cmd: X, identity = 0x30002
12-10 11:36:58.773 E/mm-camera( 330): port_isp_mct_ctrl_cmd: type=3
12-10 11:36:58.773 E/mm-camera( 330): port_isp_mct_ctrl_cmd: E, identity = 0x30002
12-10 11:36:58.773 E/mm-camera( 330): module_faceproc_client_handle_ctrl_parm:1969] param 3
12-10 11:36:58.773 E/mm-camera( 330): port_isp_mct_ctrl_cmd: X, identity = 0x30002
12-10 11:36:58.773 E/mm-camera( 330): port_isp_mct_ctrl_cmd: type=3
12-10 11:36:58.773 E/mm-camera( 330): port_isp_mct_ctrl_cmd: E, identity = 0x30002
12-10 11:36:58.773 E/mm-camera( 330): module_faceproc_client_handle_ctrl_parm:1969] param 4
12-10 11:36:58.773 E/mm-camera( 330): port_isp_mct_ctrl_cmd: X, identity = 0x30002
12-10 11:36:58.773 E/mm-camera( 330): port_isp_mct_ctrl_cmd: type=3
12-10 11:36:58.773 E/mm-camera( 330): port_isp_mct_ctrl_cmd: E, identity = 0x30002
12-10 11:36:58.773 E/mm-camera( 330): module_faceproc_client_handle_ctrl_parm:1969] param 5
12-10 11:36:58.773 E/mm-camera( 330): port_isp_mct_ctrl_cmd: X, identity = 0x30002
12-10 11:36:58.773 E/mm-camera( 330): port_isp_mct_ctrl_cmd: type=3
12-10 11:36:58.773 E/mm-camera( 330): port_isp_mct_ctrl_cmd: E, identity = 0x30002
12-10 11:36:58.773 E/mm-camera( 330): module_faceproc_client_handle_ctrl_parm:1969] param 6
12-10 11:36:58.773 E/mm-camera( 330): port_isp_mct_ctrl_cmd: X, identity = 0x30002
12-10 11:36:58.773 E/mm-camera( 330): port_isp_mct_ctrl_cmd: type=3
12-10 11:36:58.773 E/mm-camera( 330): port_isp_mct_ctrl_cmd: E, identity = 0x30002
12-10 11:36:58.773 E/mm-camera( 330): cpp_module_util_get_asf_wnr_params:454 chromatix NULL
12-10 11:36:58.773 E/mm-camera( 330): module_faceproc_client_handle_ctrl_parm:1969] param 7
12-10 11:36:58.773 E/mm-camera( 330): port_isp_mct_ctrl_cmd: X, identity = 0x30002
12-10 11:36:58.773 E/mm-camera( 330): port_isp_mct_ctrl_cmd: type=3
12-10 11:36:58.773 E/mm-camera( 330): port_isp_mct_ctrl_cmd: E, identity = 0x30002
12-10 11:36:58.773 E/mm-camera( 330): module_faceproc_client_handle_ctrl_parm:1969] param 8
12-10 11:36:58.773 E/mm-camera( 330): module_faceproc_client_handle_ctrl_parm:1998] zoom_val 0
12-10 11:36:58.773 E/mm-camera( 330): port_isp_mct_ctrl_cmd: X, identity = 0x30002
12-10 11:36:58.773 E/mm-camera( 330): port_isp_mct_ctrl_cmd: type=3
12-10 11:36:58.773 E/mm-camera( 330): port_isp_mct_ctrl_cmd: E, identity = 0x30002
12-10 11:36:58.773 E/mm-camera( 330): module_faceproc_client_handle_ctrl_parm:1969] param 9
12-10 11:36:58.773 E/mm-camera( 330): port_isp_mct_ctrl_cmd: X, identity = 0x30002
12-10 11:36:58.773 E/mm-camera( 330): port_isp_mct_ctrl_cmd: type=3
12-10 11:36:58.773 E/mm-camera( 330): port_isp_mct_ctrl_cmd: E, identity = 0x30002
12-10 11:36:58.773 E/mm-camera( 330): module_faceproc_client_handle_ctrl_parm:1969] param 10
12-10 11:36:58.773 E/mm-camera( 330): port_isp_mct_ctrl_cmd: X, identity = 0x30002
12-10 11:36:58.773 E/mm-camera-sensor( 330): sensor_set_frame_rate:945 max fps 30.000000 min fps 7.000000
12-10 11:36:58.773 E/mm-camera( 330): port_isp_mct_ctrl_cmd: type=3
12-10 11:36:58.773 E/mm-camera( 330): port_isp_mct_ctrl_cmd: E, identity = 0x30002
12-10 11:36:58.773 E/mm-camera( 330): module_faceproc_client_handle_ctrl_parm:1969] param 11
12-10 11:36:58.773 E/mm-camera( 330): port_isp_mct_ctrl_cmd: X, identity = 0x30002
12-10 11:36:58.773 E/mm-camera( 330): port_isp_mct_ctrl_cmd: type=3
12-10 11:36:58.773 E/mm-camera( 330): port_isp_mct_ctrl_cmd: E, identity = 0x30002
12-10 11:36:58.773 E/mm-camera( 330): module_faceproc_client_handle_ctrl_parm:1969] param 12
12-10 11:36:58.773 E/mm-camera( 330): port_isp_mct_ctrl_cmd: X, identity = 0x30002
12-10 11:36:58.773 E/mm-camera( 330): port_isp_mct_ctrl_cmd: type=3
12-10 11:36:58.773 E/mm-camera( 330): port_isp_mct_ctrl_cmd: E, identity = 0x30002
12-10 11:36:58.773 E/mm-camera( 330): module_faceproc_client_handle_ctrl_parm:1969] param 13
12-10 11:36:58.773 E/mm-camera( 330): port_isp_mct_ctrl_cmd: X, identity = 0x30002
12-10 11:36:58.773 E/mm-camera( 330): port_isp_mct_ctrl_cmd: type=3
12-10 11:36:58.773 E/mm-camera( 330): port_isp_mct_ctrl_cmd: E, identity = 0x30002
12-10 11:36:58.773 E/mm-camera( 330): module_faceproc_client_handle_ctrl_parm:1969] param 14
12-10 11:36:58.773 E/mm-camera( 330): port_isp_mct_ctrl_cmd: X, identity = 0x30002
12-10 11:36:58.773 E/mm-camera( 330): port_isp_mct_ctrl_cmd: type=3
12-10 11:36:58.773 E/mm-camera( 330): port_isp_mct_ctrl_cmd: E, identity = 0x30002
12-10 11:36:58.773 E/mm-camera( 330): module_faceproc_client_handle_ctrl_parm:1969] param 16
12-10 11:36:58.773 E/mm-camera( 330): port_isp_mct_ctrl_cmd: X, identity = 0x30002
12-10 11:36:58.773 E/mm-camera( 330): port_isp_mct_ctrl_cmd: type=3
12-10 11:36:58.773 E/mm-camera( 330): port_isp_mct_ctrl_cmd: E, identity = 0x30002
12-10 11:36:58.773 E/mm-camera( 330): module_faceproc_client_handle_ctrl_parm:1969] param 17
12-10 11:36:58.773 E/mm-camera( 330): port_isp_mct_ctrl_cmd: X, identity = 0x30002
12-10 11:36:58.773 E/mm-camera( 330): port_isp_mct_ctrl_cmd: type=3
12-10 11:36:58.773 E/mm-camera( 330): port_isp_mct_ctrl_cmd: E, identity = 0x30002
12-10 11:36:58.773 E/mm-camera( 330): module_faceproc_client_handle_ctrl_parm:1969] param 20
12-10 11:36:58.773 E/mm-camera( 330): port_isp_mct_ctrl_cmd: X, identity = 0x30002
12-10 11:36:58.773 E/mm-camera( 330): port_isp_mct_ctrl_cmd: type=3
12-10 11:36:58.773 E/mm-camera( 330): port_isp_mct_ctrl_cmd: E, identity = 0x30002
12-10 11:36:58.773 E/mm-camera( 330): module_faceproc_client_handle_ctrl_parm:1969] param 22
12-10 11:36:58.773 E/mm-camera( 330): port_isp_mct_ctrl_cmd: X, identity = 0x30002
12-10 11:36:58.773 E/mm-camera( 330): port_isp_mct_ctrl_cmd: type=3
12-10 11:36:58.773 E/mm-camera( 330): port_isp_mct_ctrl_cmd: E, identity = 0x30002
12-10 11:36:58.773 E/mm-camera( 330): module_faceproc_client_handle_ctrl_parm:1969] param 24
12-10 11:36:58.773 E/mm-camera( 330): port_isp_mct_ctrl_cmd: X, identity = 0x30002
12-10 11:36:58.773 E/mm-camera( 330): port_isp_mct_ctrl_cmd: type=3
12-10 11:36:58.773 E/mm-camera( 330): port_isp_mct_ctrl_cmd: E, identity = 0x30002
12-10 11:36:58.773 E/mm-camera( 330): module_faceproc_client_handle_ctrl_parm:1969] param 25
12-10 11:36:58.773 E/mm-camera( 330): port_isp_mct_ctrl_cmd: X, identity = 0x30002
12-10 11:36:58.773 E/mm-camera( 330): port_isp_mct_ctrl_cmd: type=3
12-10 11:36:58.773 E/mm-camera( 330): port_isp_mct_ctrl_cmd: E, identity = 0x30002
12-10 11:36:58.773 E/mm-camera( 330): module_faceproc_client_handle_ctrl_parm:1969] param 26
12-10 11:36:58.773 E/mm-camera( 330): port_isp_mct_ctrl_cmd: X, identity = 0x30002
12-10 11:36:58.773 E/mm-camera-sensor( 330): sensor_set_hfr_mode:584 hfr_mode = 0
12-10 11:36:58.773 E/mm-camera( 330): port_isp_mct_ctrl_cmd: type=3
