12-10 11:33:59.203 V/AudioSessionOutALSA( 311): Timestamp returned = 14243000
12-10 11:33:59.203 V/MediaPlayer-JNI(22137): getCurrentPosition: 14243 (msec)
12-10 11:33:59.233 V/StagefrightPlayer( 311): getCurrentPosition
12-10 11:33:59.243 V/AudioSessionOutALSA( 311): Timestamp returned = 14275000
12-10 11:33:59.243 V/MediaPlayer-JNI(22137): getCurrentPosition: 14275 (msec)
12-10 11:33:59.243 D/ProgressBar(22137): setProgress = 142
12-10 11:33:59.243 D/ProgressBar(22137): setProgress = 142, fromUser = false
12-10 11:33:59.243 D/ProgressBar(22137): mProgress = 141mIndeterminate = false, mMin = 0, mMax = 2750
12-10 11:33:59.243 V/StagefrightPlayer( 311): getCurrentPosition
12-10 11:33:59.253 V/AudioSessionOutALSA( 311): Timestamp returned = 14296333
12-10 11:33:59.253 V/MediaPlayer-JNI(22137): getCurrentPosition: 14296 (msec)
12-10 11:33:59.263 V/StagefrightPlayer( 311): getCurrentPosition
12-10 11:33:59.273 V/AudioSessionOutALSA( 311): Timestamp returned = 14317666
12-10 11:33:59.273 V/MediaPlayer-JNI(22137): getCurrentPosition: 14318 (msec)
12-10 11:33:59.343 V/StagefrightPlayer( 311): getCurrentPosition
12-10 11:33:59.353 V/AudioSessionOutALSA( 311): Timestamp returned = 14392333
12-10 11:33:59.353 V/MediaPlayer-JNI(22137): getCurrentPosition: 14392 (msec)
12-10 11:33:59.353 D/ProgressBar(22137): setProgress = 143
12-10 11:33:59.353 D/ProgressBar(22137): setProgress = 143, fromUser = false
12-10 11:33:59.353 D/ProgressBar(22137): mProgress = 142mIndeterminate = false, mMin = 0, mMax = 2750
12-10 11:33:59.353 V/StagefrightPlayer( 311): getCurrentPosition
12-10 11:33:59.363 V/AudioSessionOutALSA( 311): Timestamp returned = 14403000
12-10 11:33:59.363 V/MediaPlayer-JNI(22137): getCurrentPosition: 14403 (msec)
12-10 11:33:59.423 I/power ( 722): *** release_dvfs_lock : lockType : 1
12-10 11:33:59.423 D/CustomFrequencyManagerService( 722): releaseDVFSLockLocked : Getting Lock type frm List : DVFS_MIN_LIMIT frequency : 883200 uid : 1000 pid : 722 tag : android@2
12-10 11:33:59.453 V/StagefrightPlayer( 311): getCurrentPosition
12-10 11:33:59.463 V/AudioSessionOutALSA( 311): Timestamp returned = 14509666
12-10 11:33:59.463 V/MediaPlayer-JNI(22137): getCurrentPosition: 14510 (msec)
12-10 11:33:59.463 D/ProgressBar(22137): setProgress = 145
12-10 11:33:59.463 D/ProgressBar(22137): setProgress = 145, fromUser = false
12-10 11:33:59.463 D/ProgressBar(22137): mProgress = 143mIndeterminate = false, mMin = 0, mMax = 2750
12-10 11:33:59.463 V/StagefrightPlayer( 311): getCurrentPosition
12-10 11:33:59.483 V/AudioSessionOutALSA( 311): Timestamp returned = 14520333
12-10 11:33:59.483 V/MediaPlayer-JNI(22137): getCurrentPosition: 14520 (msec)
12-10 11:33:59.563 V/StagefrightPlayer( 311): getCurrentPosition
12-10 11:33:59.583 V/AudioSessionOutALSA( 311): Timestamp returned = 14616333
12-10 11:33:59.583 V/MediaPlayer-JNI(22137): getCurrentPosition: 14616 (msec)
12-10 11:33:59.583 D/ProgressBar(22137): setProgress = 146
12-10 11:33:59.583 D/ProgressBar(22137): setProgress = 146, fromUser = false
12-10 11:33:59.583 D/ProgressBar(22137): mProgress = 145mIndeterminate = false, mMin = 0, mMax = 2750
12-10 11:33:59.583 V/StagefrightPlayer( 311): getCurrentPosition
12-10 11:33:59.593 V/AudioSessionOutALSA( 311): Timestamp returned = 14637666
12-10 11:33:59.593 V/MediaPlayer-JNI(22137): getCurrentPosition: 14638 (msec)
12-10 11:33:59.683 V/StagefrightPlayer( 311): getCurrentPosition
12-10 11:33:59.693 V/AudioSessionOutALSA( 311): Timestamp returned = 14733666
12-10 11:33:59.693 V/MediaPlayer-JNI(22137): getCurrentPosition: 14734 (msec)
12-10 11:33:59.693 D/ProgressBar(22137): setProgress = 147
12-10 11:33:59.693 D/ProgressBar(22137): setProgress = 147, fromUser = false
12-10 11:33:59.693 D/ProgressBar(22137): mProgress = 146mIndeterminate = false, mMin = 0, mMax = 2750
12-10 11:33:59.693 V/StagefrightPlayer( 311): getCurrentPosition
12-10 11:33:59.703 V/AudioSessionOutALSA( 311): Timestamp returned = 14744333
12-10 11:33:59.703 V/MediaPlayer-JNI(22137): getCurrentPosition: 14744 (msec)
12-10 11:33:59.793 V/StagefrightPlayer( 311): getCurrentPosition
12-10 11:33:59.813 V/AudioSessionOutALSA( 311): Timestamp returned = 14851000
12-10 11:33:59.813 V/MediaPlayer-JNI(22137): getCurrentPosition: 14851 (msec)
12-10 11:33:59.813 D/ProgressBar(22137): setProgress = 148
12-10 11:33:59.813 D/ProgressBar(22137): setProgress = 148, fromUser = false
12-10 11:33:59.813 D/ProgressBar(22137): mProgress = 147mIndeterminate = false, mMin = 0, mMax = 2750
12-10 11:33:59.813 V/StagefrightPlayer( 311): getCurrentPosition
12-10 11:33:59.823 V/AudioSessionOutALSA( 311): Timestamp returned = 14861666
12-10 11:33:59.823 V/MediaPlayer-JNI(22137): getCurrentPosition: 14862 (msec)
12-10 11:33:59.913 V/StagefrightPlayer( 311): getCurrentPosition
12-10 11:33:59.923 V/AudioSessionOutALSA( 311): Timestamp returned = 14968333
12-10 11:33:59.923 V/MediaPlayer-JNI(22137): getCurrentPosition: 14968 (msec)
12-10 11:33:59.923 D/ProgressBar(22137): setProgress = 149
12-10 11:33:59.923 D/ProgressBar(22137): setProgress = 149, fromUser = false
12-10 11:33:59.923 D/ProgressBar(22137): mProgress = 148mIndeterminate = false, mMin = 0, mMax = 2750
12-10 11:33:59.923 V/StagefrightPlayer( 311): getCurrentPosition
12-10 11:33:59.943 V/AudioSessionOutALSA( 311): Timestamp returned = 14979000
12-10 11:33:59.943 V/MediaPlayer-JNI(22137): getCurrentPosition: 14979 (msec)
12-10 11:33:59.993 V/AlarmManager( 722): waitForAlarm result :8
12-10 11:34:00.013 D/KeyguardClockWidgetService(11126): onReceive action=android.intent.action.TIME_TICK
12-10 11:34:00.023 V/StagefrightPlayer( 311): getCurrentPosition
12-10 11:34:00.023 V/AlarmManager( 722): ClockReceiver onReceive() ACTION_TIME_TICK
12-10 11:34:00.033 V/AudioSessionOutALSA( 311): Timestamp returned = 15075000
12-10 11:34:00.033 V/MediaPlayer-JNI(22137): getCurrentPosition: 15075 (msec)
12-10 11:34:00.033 D/ProgressBar(22137): setProgress = 150
12-10 11:34:00.033 D/ProgressBar(22137): setProgress = 150, fromUser = false
12-10 11:34:00.033 D/ProgressBar(22137): mProgress = 149mIndeterminate = false, mMin = 0, mMax = 2750
12-10 11:34:00.063 V/StagefrightPlayer( 311): getCurrentPosition
12-10 11:34:00.073 V/AudioSessionOutALSA( 311): Timestamp returned = 15107000
12-10 11:34:00.073 V/MediaPlayer-JNI(22137): getCurrentPosition: 15107 (msec)
12-10 11:34:00.103 D/STATUSBAR-IconMerger( 1133): checkOverflow(216), More:false, Req:false Child:3
12-10 11:34:00.173 V/StagefrightPlayer( 311): getCurrentPosition
12-10 11:34:00.183 V/AudioSessionOutALSA( 311): Timestamp returned = 15213666
12-10 11:34:00.183 V/MediaPlayer-JNI(22137): getCurrentPosition: 15214 (msec)
12-10 11:34:00.183 D/ProgressBar(22137): setProgress = 152
12-10 11:34:00.183 D/ProgressBar(22137): setProgress = 152, fromUser = false
12-10 11:34:00.183 D/ProgressBar(22137): mProgress = 150mIndeterminate = false, mMin = 0, mMax = 2750
12-10 11:34:00.183 V/StagefrightPlayer( 311): getCurrentPosition
12-10 11:34:00.203 V/AudioSessionOutALSA( 311): Timestamp returned = 15235000
12-10 11:34:00.203 V/MediaPlayer-JNI(22137): getCurrentPosition: 15235 (msec)
12-10 11:34:00.203 V/StagefrightPlayer( 311): getCurrentPosition
12-10 11:34:00.213 V/AudioSessionOutALSA( 311): Timestamp returned = 15256333
12-10 11:34:00.213 V/MediaPlayer-JNI(22137): getCurrentPosition: 15256 (msec)
12-10 11:34:00.273 V/StagefrightPlayer( 311): getCurrentPosition
12-10 11:34:00.283 V/AudioSessionOutALSA( 311): Timestamp returned = 15331000
12-10 11:34:00.283 V/MediaPlayer-JNI(22137): getCurrentPosition: 15331 (msec)
12-10 11:34:00.283 V/StagefrightPlayer( 311): getCurrentPosition
12-10 11:34:00.303 V/AudioSessionOutALSA( 311): Timestamp returned = 15331000
12-10 11:34:00.303 V/MediaPlayer-JNI(22137): getCurrentPosition: 15331 (msec)
12-10 11:34:00.303 D/ProgressBar(22137): setProgress = 153
12-10 11:34:00.303 D/ProgressBar(22137): setProgress = 153, fromUser = false
12-10 11:34:00.303 D/ProgressBar(22137): mProgress = 152mIndeterminate = false, mMin = 0, mMax = 2750
12-10 11:34:00.303 V/StagefrightPlayer( 311): getCurrentPosition
12-10 11:34:00.313 V/AudioSessionOutALSA( 311): Timestamp returned = 15352333
12-10 11:34:00.313 V/MediaPlayer-JNI(22137): getCurrentPosition: 15352 (msec)
12-10 11:34:00.403 V/StagefrightPlayer( 311): getCurrentPosition
12-10 11:34:00.413 V/AudioSessionOutALSA( 311): Timestamp returned = 15459000
12-10 11:34:00.413 V/MediaPlayer-JNI(22137): getCurrentPosition: 15459 (msec)
12-10 11:34:00.413 D/ProgressBar(22137): setProgress = 154
12-10 11:34:00.413 D/ProgressBar(22137): setProgress = 154, fromUser = false
12-10 11:34:00.413 D/ProgressBar(22137): mProgress = 153mIndeterminate = false, mMin = 0, mMax = 2750
12-10 11:34:00.413 V/StagefrightPlayer( 311): getCurrentPosition
12-10 11:34:00.433 V/AudioSessionOutALSA( 311): Timestamp returned = 15469666
12-10 11:34:00.433 V/MediaPlayer-JNI(22137): getCurrentPosition: 15470 (msec)
12-10 11:34:00.523 V/StagefrightPlayer( 311): getCurrentPosition
12-10 11:34:00.533 V/AudioSessionOutALSA( 311): Timestamp returned = 15565666
12-10 11:34:00.533 V/MediaPlayer-JNI(22137): getCurrentPosition: 15566 (msec)
12-10 11:34:00.533 D/ProgressBar(22137): setProgress = 155
12-10 11:34:00.533 D/ProgressBar(22137): setProgress = 155, fromUser = false
12-10 11:34:00.533 D/ProgressBar(22137): mProgress = 154mIndeterminate = false, mMin = 0, mMax = 2750
12-10 11:34:00.533 V/StagefrightPlayer( 311): getCurrentPosition
12-10 11:34:00.543 V/AudioSessionOutALSA( 311): Timestamp returned = 15587000
12-10 11:34:00.543 V/MediaPlayer-JNI(22137): getCurrentPosition: 15587 (msec)
12-10 11:34:00.633 V/StagefrightPlayer( 311): getCurrentPosition
12-10 11:34:00.643 V/AudioSessionOutALSA( 311): Timestamp returned = 15683000
12-10 11:34:00.643 V/MediaPlayer-JNI(22137): getCurrentPosition: 15683 (msec)
12-10 11:34:00.643 D/ProgressBar(22137): setProgress = 156
12-10 11:34:00.643 D/ProgressBar(22137): setProgress = 156, fromUser = false
12-10 11:34:00.643 D/ProgressBar(22137): mProgress = 155mIndeterminate = false, mMin = 0, mMax = 2750
12-10 11:34:00.643 V/StagefrightPlayer( 311): getCurrentPosition
12-10 11:34:00.663 V/AudioSessionOutALSA( 311): Timestamp returned = 15693666
12-10 11:34:00.663 V/MediaPlayer-JNI(22137): getCurrentPosition: 15694 (msec)
12-10 11:34:00.723 V/AudioSessionOutALSA( 311): pfd[0].revents =1
12-10 11:34:00.723 V/AudioSessionOutALSA( 311): pfd[1].revents =0
12-10 11:34:00.723 V/AudioSessionOutALSA( 311): mAlsaHandle->handle = 0xb77af230
12-10 11:34:00.723 V/AudioSessionOutALSA( 311): After an event occurs
12-10 11:34:00.723 V/AudioSessionOutALSA( 311): mFilledQueue 3
12-10 11:34:00.723 V/AudioSessionOutALSA( 311): Reset mSkipwrite in eventthread entry
12-10 11:34:00.723 V/AudioSessionOutALSA( 311): isBufferAvailable: received a signal to wake up
12-10 11:34:00.723 V/AudioSessionOutALSA( 311): write Empty Queue size() = 1, Filled Queue size() = 3 mReached EOS 0, mEosEventReceived 0 bytes 262080
12-10 11:34:00.723 V/AudioSessionOutALSA( 311): not skipping buffer in write since mSkipWrite = 0, mEmptyQueuesize 1, skip flag -166066003
12-10 11:34:00.723 D/AudioSessionOutALSA( 311): bytes = 262080 , mAlsaHandle->handle->period_size = 262144
12-10 11:34:00.723 D/AudioSessionOutALSA( 311): Copy Metadata = 64, bytes = 262080
12-10 11:34:00.723 V/AudioSessionOutALSA( 311): PCM write before memcpy start
12-10 11:34:00.723 V/AudioSessionOutALSA( 311): PCM write start
12-10 11:34:00.723 V/AudioSessionOutALSA( 311): PCM write complete
12-10 11:34:00.723 D/TunnelPlayer( 311): Fillbuffer after write and seek flag 0
12-10 11:34:00.723 D/TunnelPlayer( 311): FillBuffer: MemBuffer size 262080
12-10 11:34:00.743 V/StagefrightPlayer( 311): getCurrentPosition
12-10 11:34:00.763 V/AudioSessionOutALSA( 311): Timestamp returned = 15800333
12-10 11:34:00.783 V/MediaPlayer-JNI(22137): getCurrentPosition: 15800 (msec)
12-10 11:34:00.783 D/ProgressBar(22137): setProgress = 157
12-10 11:34:00.783 D/ProgressBar(22137): setProgress = 157, fromUser = false
12-10 11:34:00.783 D/ProgressBar(22137): mProgress = 156mIndeterminate = false, mMin = 0, mMax = 2750
12-10 11:34:00.783 D/TunnelPlayer( 311): FillBuffer completed bytesToWrite 262080
12-10 11:34:00.783 V/AudioSessionOutALSA( 311): acquiring mDecoderLock in isBufferAvailable()
12-10 11:34:00.783 V/AudioSessionOutALSA( 311): isBufferAvailable Empty Queue size() = 0, Filled Queue size() = 4
12-10 11:34:00.783 V/AudioSessionOutALSA( 311): Write: waiting on mWriteCv
12-10 11:34:00.783 V/StagefrightPlayer( 311): getCurrentPosition
12-10 11:34:00.793 V/AudioSessionOutALSA( 311): Timestamp returned = 15832333
12-10 11:34:00.793 V/MediaPlayer-JNI(22137): getCurrentPosition: 15832 (msec)
12-10 11:34:00.883 V/StagefrightPlayer( 311): getCurrentPosition
12-10 11:34:00.893 V/AudioSessionOutALSA( 311): Timestamp returned = 15939000
12-10 11:34:00.893 V/MediaPlayer-JNI(22137): getCurrentPosition: 15939 (msec)
12-10 11:34:00.893 D/ProgressBar(22137): setProgress = 159
12-10 11:34:00.893 D/ProgressBar(22137): setProgress = 159, fromUser = false
12-10 11:34:00.893 D/ProgressBar(22137): mProgress = 157mIndeterminate = false, mMin = 0, mMax = 2750
12-10 11:34:00.903 V/StagefrightPlayer( 311): getCurrentPosition
12-10 11:34:00.913 V/AudioSessionOutALSA( 311): Timestamp returned = 15949666
12-10 11:34:00.913 V/MediaPlayer-JNI(22137): getCurrentPosition: 15950 (msec)
12-10 11:34:01.003 V/StagefrightPlayer( 311): getCurrentPosition
12-10 11:34:01.013 V/AudioSessionOutALSA( 311): Timestamp returned = 16045666
12-10 11:34:01.013 V/MediaPlayer-JNI(22137): getCurrentPosition: 16046 (msec)
12-10 11:34:01.013 D/ProgressBar(22137): setProgress = 160
12-10 11:34:01.013 D/ProgressBar(22137): setProgress = 160, fromUser = false
12-10 11:34:01.013 D/ProgressBar(22137): mProgress = 159mIndeterminate = false, mMin = 0, mMax = 2750
12-10 11:34:01.013 V/StagefrightPlayer( 311): getCurrentPosition
12-10 11:34:01.023 V/AudioSessionOutALSA( 311): Timestamp returned = 16067000
12-10 11:34:01.023 V/MediaPlayer-JNI(22137): getCurrentPosition: 16067 (msec)
12-10 11:34:01.113 V/StagefrightPlayer( 311): getCurrentPosition
12-10 11:34:01.123 V/AudioSessionOutALSA( 311): Timestamp returned = 16163000
12-10 11:34:01.123 V/MediaPlayer-JNI(22137): getCurrentPosition: 16163 (msec)
12-10 11:34:01.123 D/ProgressBar(22137): setProgress = 161
12-10 11:34:01.123 D/ProgressBar(22137): setProgress = 161, fromUser = false
12-10 11:34:01.123 D/ProgressBar(22137): mProgress = 160mIndeterminate = false, mMin = 0, mMax = 2750
12-10 11:34:01.133 V/StagefrightPlayer( 311): getCurrentPosition
12-10 11:34:01.143 V/AudioSessionOutALSA( 311): Timestamp returned = 16184333
12-10 11:34:01.143 V/MediaPlayer-JNI(22137): getCurrentPosition: 16184 (msec)
12-10 11:34:01.223 V/StagefrightPlayer( 311): getCurrentPosition
12-10 11:34:01.233 V/AudioSessionOutALSA( 311): Timestamp returned = 16269666
12-10 11:34:01.233 V/MediaPlayer-JNI(22137): getCurrentPosition: 16270 (msec)
12-10 11:34:01.233 V/StagefrightPlayer( 311): getCurrentPosition
12-10 11:34:01.243 V/AudioSessionOutALSA( 311): Timestamp returned = 16291000
12-10 11:34:01.243 V/MediaPlayer-JNI(22137): getCurrentPosition: 16291 (msec)
12-10 11:34:01.243 D/ProgressBar(22137): setProgress = 162
12-10 11:34:01.243 D/ProgressBar(22137): setProgress = 162, fromUser = false
12-10 11:34:01.243 D/ProgressBar(22137): mProgress = 161mIndeterminate = false, mMin = 0, mMax = 2750
12-10 11:34:01.263 V/StagefrightPlayer( 311): getCurrentPosition
12-10 11:34:01.273 V/AudioSessionOutALSA( 311): Timestamp returned = 16301666
12-10 11:34:01.273 V/MediaPlayer-JNI(22137): getCurrentPosition: 16302 (msec)
12-10 11:34:01.283 V/StagefrightPlayer( 311): getCurrentPosition
12-10 11:34:01.303 V/AudioSessionOutALSA( 311): Timestamp returned = 16333666
12-10 11:34:01.303 V/MediaPlayer-JNI(22137): getCurrentPosition: 16334 (msec)
12-10 11:34:01.363 V/StagefrightPlayer( 311): getCurrentPosition
12-10 11:34:01.373 V/AudioSessionOutALSA( 311): Timestamp returned = 16408333
12-10 11:34:01.373 V/MediaPlayer-JNI(22137): getCurrentPosition: 16408 (msec)
12-10 11:34:01.373 D/ProgressBar(22137): setProgress = 164
12-10 11:34:01.373 D/ProgressBar(22137): setProgress = 164, fromUser = false
12-10 11:34:01.373 D/ProgressBar(22137): mProgress = 162mIndeterminate = false, mMin = 0, mMax = 2750
12-10 11:34:01.373 V/StagefrightPlayer( 311): getCurrentPosition
12-10 11:34:01.383 V/AudioSessionOutALSA( 311): Timestamp returned = 16429666
12-10 11:34:01.383 V/MediaPlayer-JNI(22137): getCurrentPosition: 16430 (msec)
12-10 11:34:01.473 V/StagefrightPlayer( 311): getCurrentPosition
12-10 11:34:01.483 V/AudioSessionOutALSA( 311): Timestamp returned = 16525666
12-10 11:34:01.483 V/MediaPlayer-JNI(22137): getCurrentPosition: 16526 (msec)
12-10 11:34:01.483 D/ProgressBar(22137): setProgress = 165
12-10 11:34:01.483 D/ProgressBar(22137): setProgress = 165, fromUser = false
12-10 11:34:01.483 D/ProgressBar(22137): mProgress = 164mIndeterminate = false, mMin = 0, mMax = 2750
12-10 11:34:01.493 V/StagefrightPlayer( 311): getCurrentPosition
12-10 11:34:01.503 V/AudioSessionOutALSA( 311): Timestamp returned = 16536333
12-10 11:34:01.503 V/MediaPlayer-JNI(22137): getCurrentPosition: 16536 (msec)
12-10 11:34:01.593 V/StagefrightPlayer( 311): getCurrentPosition
12-10 11:34:01.603 V/AudioSessionOutALSA( 311): Timestamp returned = 16632333
12-10 11:34:01.603 V/MediaPlayer-JNI(22137): getCurrentPosition: 16632 (msec)
12-10 11:34:01.603 D/ProgressBar(22137): setProgress = 166
12-10 11:34:01.603 D/ProgressBar(22137): setProgress = 166, fromUser = false
12-10 11:34:01.603 D/ProgressBar(22137): mProgress = 165mIndeterminate = false, mMin = 0, mMax = 2750
12-10 11:34:01.603 V/StagefrightPlayer( 311): getCurrentPosition
12-10 11:34:01.613 V/AudioSessionOutALSA( 311): Timestamp returned = 16653666
12-10 11:34:01.613 V/MediaPlayer-JNI(22137): getCurrentPosition: 16654 (msec)
12-10 11:34:01.703 V/StagefrightPlayer( 311): getCurrentPosition
12-10 11:34:01.713 V/AudioSessionOutALSA( 311): Timestamp returned = 16760333
12-10 11:34:01.713 V/MediaPlayer-JNI(22137): getCurrentPosition: 16760 (msec)
12-10 11:34:01.713 D/ProgressBar(22137): setProgress = 167
12-10 11:34:01.713 D/ProgressBar(22137): setProgress = 167, fromUser = false
12-10 11:34:01.713 D/ProgressBar(22137): mProgress = 166mIndeterminate = false, mMin = 0, mMax = 2750
12-10 11:34:01.723 V/StagefrightPlayer( 311): getCurrentPosition
12-10 11:34:01.733 V/AudioSessionOutALSA( 311): Timestamp returned = 16771000
12-10 11:34:01.733 V/MediaPlayer-JNI(22137): getCurrentPosition: 16771 (msec)
12-10 11:34:01.823 V/StagefrightPlayer( 311): getCurrentPosition
12-10 11:34:01.833 V/AudioSessionOutALSA( 311): Timestamp returned = 16867000
12-10 11:34:01.833 V/MediaPlayer-JNI(22137): getCurrentPosition: 16867 (msec)
12-10 11:34:01.833 D/ProgressBar(22137): setProgress = 168
12-10 11:34:01.833 D/ProgressBar(22137): setProgress = 168, fromUser = false
12-10 11:34:01.833 D/ProgressBar(22137): mProgress = 167mIndeterminate = false, mMin = 0, mMax = 2750
12-10 11:34:01.833 V/StagefrightPlayer( 311): getCurrentPosition
12-10 11:34:01.843 V/AudioSessionOutALSA( 311): Timestamp returned = 16888333
12-10 11:34:01.843 V/MediaPlayer-JNI(22137): getCurrentPosition: 16888 (msec)
12-10 11:34:01.933 V/StagefrightPlayer( 311): getCurrentPosition
12-10 11:34:01.943 V/AudioSessionOutALSA( 311): Timestamp returned = 16984333
12-10 11:34:01.943 V/MediaPlayer-JNI(22137): getCurrentPosition: 16984 (msec)
12-10 11:34:01.943 D/ProgressBar(22137): setProgress = 169
12-10 11:34:01.943 D/ProgressBar(22137): setProgress = 169, fromUser = false
12-10 11:34:01.943 D/ProgressBar(22137): mProgress = 168mIndeterminate = false, mMin = 0, mMax = 2750
12-10 11:34:01.943 V/StagefrightPlayer( 311): getCurrentPosition
12-10 11:34:01.963 V/AudioSessionOutALSA( 311): Timestamp returned = 16995000
12-10 11:34:01.963 V/MediaPlayer-JNI(22137): getCurrentPosition: 16995 (msec)
12-10 11:34:02.043 V/StagefrightPlayer( 311): getCurrentPosition
12-10 11:34:02.063 V/AudioSessionOutALSA( 311): Timestamp returned = 17091000
12-10 11:34:02.063 V/MediaPlayer-JNI(22137): getCurrentPosition: 17091 (msec)
12-10 11:34:02.063 D/ProgressBar(22137): setProgress = 170
12-10 11:34:02.063 D/ProgressBar(22137): setProgress = 170, fromUser = false
12-10 11:34:02.063 D/ProgressBar(22137): mProgress = 169mIndeterminate = false, mMin = 0, mMax = 2750
12-10 11:34:02.063 V/StagefrightPlayer( 311): getCurrentPosition
12-10 11:34:02.073 V/AudioSessionOutALSA( 311): Timestamp returned = 17112333
12-10 11:34:02.073 V/MediaPlayer-JNI(22137): getCurrentPosition: 17112 (msec)
12-10 11:34:02.163 V/StagefrightPlayer( 311): getCurrentPosition
12-10 11:34:02.173 V/AudioSessionOutALSA( 311): Timestamp returned = 17219000
12-10 11:34:02.173 V/MediaPlayer-JNI(22137): getCurrentPosition: 17219 (msec)
12-10 11:34:02.173 D/ProgressBar(22137): setProgress = 172
12-10 11:34:02.173 D/ProgressBar(22137): setProgress = 172, fromUser = false
12-10 11:34:02.173 D/ProgressBar(22137): mProgress = 170mIndeterminate = false, mMin = 0, mMax = 2750
12-10 11:34:02.173 V/StagefrightPlayer( 311): getCurrentPosition
12-10 11:34:02.173 I/Monitor ( 722): SIOP:: Current AP = 270, CP = 0
12-10 11:34:02.183 V/AudioSessionOutALSA( 311): Timestamp returned = 17229666
12-10 11:34:02.183 V/MediaPlayer-JNI(22137): getCurrentPosition: 17230 (msec)
12-10 11:34:02.233 V/StagefrightPlayer( 311): getCurrentPosition
12-10 11:34:02.243 V/AudioSessionOutALSA( 311): Timestamp returned = 17283000
12-10 11:34:02.243 V/MediaPlayer-JNI(22137): getCurrentPosition: 17283 (msec)
12-10 11:34:02.273 V/StagefrightPlayer( 311): getCurrentPosition
12-10 11:34:02.283 V/AudioSessionOutALSA( 311): Timestamp returned = 17325666
12-10 11:34:02.283 V/MediaPlayer-JNI(22137): getCurrentPosition: 17326 (msec)
12-10 11:34:02.283 D/ProgressBar(22137): setProgress = 173
12-10 11:34:02.283 D/ProgressBar(22137): setProgress = 173, fromUser = false
12-10 11:34:02.283 D/ProgressBar(22137): mProgress = 172mIndeterminate = false, mMin = 0, mMax = 2750
12-10 11:34:02.293 V/StagefrightPlayer( 311): getCurrentPosition
12-10 11:34:02.303 V/AudioSessionOutALSA( 311): Timestamp returned = 17336333
12-10 11:34:02.303 V/StagefrightPlayer( 311): getCurrentPosition
12-10 11:34:02.303 V/MediaPlayer-JNI(22137): getCurrentPosition: 17336 (msec)
12-10 11:34:02.313 V/AudioSessionOutALSA( 311): Timestamp returned = 17357666
12-10 11:34:02.313 V/MediaPlayer-JNI(22137): getCurrentPosition: 17358 (msec)
12-10 11:34:02.393 V/StagefrightPlayer( 311): getCurrentPosition
12-10 11:34:02.403 V/AudioSessionOutALSA( 311): Timestamp returned = 17443000
12-10 11:34:02.403 V/MediaPlayer-JNI(22137): getCurrentPosition: 17443 (msec)
12-10 11:34:02.403 D/ProgressBar(22137): setProgress = 174
12-10 11:34:02.403 D/ProgressBar(22137): setProgress = 174, fromUser = false
12-10 11:34:02.403 D/ProgressBar(22137): mProgress = 173mIndeterminate = false, mMin = 0, mMax = 2750
12-10 11:34:02.403 V/StagefrightPlayer( 311): getCurrentPosition
12-10 11:34:02.423 V/AudioSessionOutALSA( 311): Timestamp returned = 17453666
12-10 11:34:02.423 V/MediaPlayer-JNI(22137): getCurrentPosition: 17454 (msec)
12-10 11:34:02.513 V/StagefrightPlayer( 311): getCurrentPosition
12-10 11:34:02.523 V/AudioSessionOutALSA( 311): Timestamp returned = 17560333
12-10 11:34:02.523 V/MediaPlayer-JNI(22137): getCurrentPosition: 17560 (msec)
12-10 11:34:02.523 D/ProgressBar(22137): setProgress = 175
12-10 11:34:02.523 D/ProgressBar(22137): setProgress = 175, fromUser = false
12-10 11:34:02.523 D/ProgressBar(22137): mProgress = 174mIndeterminate = false, mMin = 0, mMax = 2750
12-10 11:34:02.523 V/StagefrightPlayer( 311): getCurrentPosition
12-10 11:34:02.533 V/AudioSessionOutALSA( 311): Timestamp returned = 17571000
12-10 11:34:02.533 V/MediaPlayer-JNI(22137): getCurrentPosition: 17571 (msec)
12-10 11:34:02.623 V/StagefrightPlayer( 311): getCurrentPosition
12-10 11:34:02.633 V/AudioSessionOutALSA( 311): Timestamp returned = 17677666
12-10 11:34:02.633 V/MediaPlayer-JNI(22137): getCurrentPosition: 17678 (msec)
12-10 11:34:02.633 D/ProgressBar(22137): setProgress = 176
12-10 11:34:02.633 D/ProgressBar(22137): setProgress = 176, fromUser = false
12-10 11:34:02.633 D/ProgressBar(22137): mProgress = 175mIndeterminate = false, mMin = 0, mMax = 2750
12-10 11:34:02.633 V/StagefrightPlayer( 311): getCurrentPosition
12-10 11:34:02.653 V/AudioSessionOutALSA( 311): Timestamp returned = 17688333
12-10 11:34:02.653 V/MediaPlayer-JNI(22137): getCurrentPosition: 17688 (msec)
12-10 11:34:02.733 V/StagefrightPlayer( 311): getCurrentPosition
12-10 11:34:02.763 V/AudioSessionOutALSA( 311): Timestamp returned = 17784333
12-10 11:34:02.773 V/MediaPlayer-JNI(22137): getCurrentPosition: 17784 (msec)
12-10 11:34:02.773 D/ProgressBar(22137): setProgress = 177
12-10 11:34:02.773 D/ProgressBar(22137): setProgress = 177, fromUser = false
12-10 11:34:02.773 D/ProgressBar(22137): mProgress = 176mIndeterminate = false, mMin = 0, mMax = 2750
12-10 11:34:02.783 V/StagefrightPlayer( 311): getCurrentPosition
12-10 11:34:02.793 V/AudioSessionOutALSA( 311): Timestamp returned = 17837666
12-10 11:34:02.793 V/MediaPlayer-JNI(22137): getCurrentPosition: 17838 (msec)
12-10 11:34:02.883 V/StagefrightPlayer( 311): getCurrentPosition
12-10 11:34:02.893 V/AudioSessionOutALSA( 311): Timestamp returned = 17933666
12-10 11:34:02.893 V/MediaPlayer-JNI(22137): getCurrentPosition: 17934 (msec)
12-10 11:34:02.893 D/ProgressBar(22137): setProgress = 179
12-10 11:34:02.893 D/ProgressBar(22137): setProgress = 179, fromUser = false
12-10 11:34:02.893 D/ProgressBar(22137): mProgress = 177mIndeterminate = false, mMin = 0, mMax = 2750
12-10 11:34:02.903 V/StagefrightPlayer( 311): getCurrentPosition
12-10 11:34:02.913 V/AudioSessionOutALSA( 311): Timestamp returned = 17944333
12-10 11:34:02.913 V/MediaPlayer-JNI(22137): getCurrentPosition: 17944 (msec)
12-10 11:34:02.993 V/StagefrightPlayer( 311): getCurrentPosition
12-10 11:34:03.013 V/AudioSessionOutALSA( 311): Timestamp returned = 18051000
12-10 11:34:03.013 V/MediaPlayer-JNI(22137): getCurrentPosition: 18051 (msec)
12-10 11:34:03.013 D/ProgressBar(22137): setProgress = 180
12-10 11:34:03.013 D/ProgressBar(22137): setProgress = 180, fromUser = false
12-10 11:34:03.013 D/ProgressBar(22137): mProgress = 179mIndeterminate = false, mMin = 0, mMax = 2750
12-10 11:34:03.013 V/StagefrightPlayer( 311): getCurrentPosition
12-10 11:34:03.023 V/AudioSessionOutALSA( 311): Timestamp returned = 18061666
12-10 11:34:03.023 V/MediaPlayer-JNI(22137): getCurrentPosition: 18062 (msec)
12-10 11:34:03.113 V/StagefrightPlayer( 311): getCurrentPosition
12-10 11:34:03.123 V/AudioSessionOutALSA( 311): Timestamp returned = 18168333
12-10 11:34:03.123 V/MediaPlayer-JNI(22137): getCurrentPosition: 18168 (msec)
12-10 11:34:03.123 D/ProgressBar(22137): setProgress = 181
12-10 11:34:03.123 D/ProgressBar(22137): setProgress = 181, fromUser = false
12-10 11:34:03.123 D/ProgressBar(22137): mProgress = 180mIndeterminate = false, mMin = 0, mMax = 2750
12-10 11:34:03.123 V/StagefrightPlayer( 311): getCurrentPosition
12-10 11:34:03.143 V/AudioSessionOutALSA( 311): Timestamp returned = 18179000
12-10 11:34:03.143 V/MediaPlayer-JNI(22137): getCurrentPosition: 18179 (msec)
12-10 11:34:03.223 V/StagefrightPlayer( 311): getCurrentPosition
12-10 11:34:03.243 V/AudioSessionOutALSA( 311): Timestamp returned = 18275000
12-10 11:34:03.243 V/MediaPlayer-JNI(22137): getCurrentPosition: 18275 (msec)
12-10 11:34:03.243 D/ProgressBar(22137): setProgress = 182
12-10 11:34:03.243 D/ProgressBar(22137): setProgress = 182, fromUser = false
12-10 11:34:03.243 D/ProgressBar(22137): mProgress = 181mIndeterminate = false, mMin = 0, mMax = 2750
12-10 11:34:03.243 V/StagefrightPlayer( 311): getCurrentPosition
12-10 11:34:03.253 V/AudioSessionOutALSA( 311): Timestamp returned = 18296333
12-10 11:34:03.253 V/StagefrightPlayer( 311): getCurrentPosition
12-10 11:34:03.253 V/MediaPlayer-JNI(22137): getCurrentPosition: 18296 (msec)
12-10 11:34:03.263 V/AudioSessionOutALSA( 311): Timestamp returned = 18307000
12-10 11:34:03.263 V/MediaPlayer-JNI(22137): getCurrentPosition: 18307 (msec)
12-10 11:34:03.313 V/StagefrightPlayer( 311): getCurrentPosition
12-10 11:34:03.333 V/AudioSessionOutALSA( 311): Timestamp returned = 18371000
12-10 11:34:03.333 V/MediaPlayer-JNI(22137): getCurrentPosition: 18371 (msec)
12-10 11:34:03.343 V/StagefrightPlayer( 311): getCurrentPosition
12-10 11:34:03.353 V/AudioSessionOutALSA( 311): Timestamp returned = 18392333
12-10 11:34:03.353 V/MediaPlayer-JNI(22137): getCurrentPosition: 18392 (msec)
12-10 11:34:03.353 D/ProgressBar(22137): setProgress = 183
12-10 11:34:03.353 D/ProgressBar(22137): setProgress = 183, fromUser = false
12-10 11:34:03.353 D/ProgressBar(22137): mProgress = 182mIndeterminate = false, mMin = 0, mMax = 2750
12-10 11:34:03.353 V/StagefrightPlayer( 311): getCurrentPosition
12-10 11:34:03.363 V/AudioSessionOutALSA( 311): Timestamp returned = 18403000
12-10 11:34:03.363 V/MediaPlayer-JNI(22137): getCurrentPosition: 18403 (msec)
12-10 11:34:03.453 V/StagefrightPlayer( 311): getCurrentPosition
12-10 11:34:03.473 V/AudioSessionOutALSA( 311): Timestamp returned = 18509666
12-10 11:34:03.473 V/MediaPlayer-JNI(22137): getCurrentPosition: 18510 (msec)
12-10 11:34:03.473 D/ProgressBar(22137): setProgress = 185
12-10 11:34:03.473 D/ProgressBar(22137): setProgress = 185, fromUser = false
12-10 11:34:03.473 D/ProgressBar(22137): mProgress = 183mIndeterminate = false, mMin = 0, mMax = 2750
12-10 11:34:03.473 V/StagefrightPlayer( 311): getCurrentPosition
12-10 11:34:03.483 V/AudioSessionOutALSA( 311): Timestamp returned = 18531000
12-10 11:34:03.483 V/MediaPlayer-JNI(22137): getCurrentPosition: 18531 (msec)
12-10 11:34:03.573 V/StagefrightPlayer( 311): getCurrentPosition
12-10 11:34:03.583 V/AudioSessionOutALSA( 311): Timestamp returned = 18627000
12-10 11:34:03.583 V/MediaPlayer-JNI(22137): getCurrentPosition: 18627 (msec)
12-10 11:34:03.583 D/ProgressBar(22137): setProgress = 186
12-10 11:34:03.583 D/ProgressBar(22137): setProgress = 186, fromUser = false
12-10 11:34:03.583 D/ProgressBar(22137): mProgress = 185mIndeterminate = false, mMin = 0, mMax = 2750
12-10 11:34:03.583 V/StagefrightPlayer( 311): getCurrentPosition
12-10 11:34:03.603 V/AudioSessionOutALSA( 311): Timestamp returned = 18637666
12-10 11:34:03.603 V/MediaPlayer-JNI(22137): getCurrentPosition: 18638 (msec)
12-10 11:34:03.683 V/StagefrightPlayer( 311): getCurrentPosition
12-10 11:34:03.703 V/AudioSessionOutALSA( 311): Timestamp returned = 18733666
12-10 11:34:03.703 V/MediaPlayer-JNI(22137): getCurrentPosition: 18734 (msec)
12-10 11:34:03.703 D/ProgressBar(22137): setProgress = 187
12-10 11:34:03.703 D/ProgressBar(22137): setProgress = 187, fromUser = false
12-10 11:34:03.703 D/ProgressBar(22137): mProgress = 186mIndeterminate = false, mMin = 0, mMax = 2750
12-10 11:34:03.703 V/StagefrightPlayer( 311): getCurrentPosition
12-10 11:34:03.713 V/AudioSessionOutALSA( 311): Timestamp returned = 18755000
12-10 11:34:03.713 V/MediaPlayer-JNI(22137): getCurrentPosition: 18755 (msec)
12-10 11:34:03.803 V/StagefrightPlayer( 311): getCurrentPosition
12-10 11:34:03.813 V/AudioSessionOutALSA( 311): Timestamp returned = 18851000
12-10 11:34:03.813 V/MediaPlayer-JNI(22137): getCurrentPosition: 18851 (msec)
12-10 11:34:03.813 D/ProgressBar(22137): setProgress = 188
12-10 11:34:03.813 D/ProgressBar(22137): setProgress = 188, fromUser = false
12-10 11:34:03.813 D/ProgressBar(22137): mProgress = 187mIndeterminate = false, mMin = 0, mMax = 2750
12-10 11:34:03.813 V/StagefrightPlayer( 311): getCurrentPosition
12-10 11:34:03.833 V/AudioSessionOutALSA( 311): Timestamp returned = 18861666
12-10 11:34:03.833 V/MediaPlayer-JNI(22137): getCurrentPosition: 18862 (msec)
12-10 11:34:03.913 V/StagefrightPlayer( 311): getCurrentPosition
12-10 11:34:03.923 V/AudioSessionOutALSA( 311): Timestamp returned = 18968333
12-10 11:34:03.923 V/MediaPlayer-JNI(22137): getCurrentPosition: 18968 (msec)
12-10 11:34:03.923 D/ProgressBar(22137): setProgress = 189
12-10 11:34:03.923 D/ProgressBar(22137): setProgress = 189, fromUser = false
12-10 11:34:03.923 D/ProgressBar(22137): mProgress = 188mIndeterminate = false, mMin = 0, mMax = 2750
12-10 11:34:03.933 V/StagefrightPlayer( 311): getCurrentPosition
12-10 11:34:03.943 V/AudioSessionOutALSA( 311): Timestamp returned = 18989666
12-10 11:34:03.943 V/MediaPlayer-JNI(22137): getCurrentPosition: 18990 (msec)
12-10 11:34:04.033 V/StagefrightPlayer( 311): getCurrentPosition
12-10 11:34:04.043 V/AudioSessionOutALSA( 311): Timestamp returned = 19085666
12-10 11:34:04.043 V/MediaPlayer-JNI(22137): getCurrentPosition: 19086 (msec)
12-10 11:34:04.043 D/ProgressBar(22137): setProgress = 190
12-10 11:34:04.043 D/ProgressBar(22137): setProgress = 190, fromUser = false
12-10 11:34:04.043 D/ProgressBar(22137): mProgress = 189mIndeterminate = false, mMin = 0, mMax = 2750
12-10 11:34:04.043 V/StagefrightPlayer( 311): getCurrentPosition
12-10 11:34:04.053 V/AudioSessionOutALSA( 311): Timestamp returned = 19096333
12-10 11:34:04.053 V/MediaPlayer-JNI(22137): getCurrentPosition: 19096 (msec)
12-10 11:34:04.143 V/StagefrightPlayer( 311): getCurrentPosition
12-10 11:34:04.153 V/AudioSessionOutALSA( 311): Timestamp returned = 19192333
12-10 11:34:04.153 V/MediaPlayer-JNI(22137): getCurrentPosition: 19192 (msec)
12-10 11:34:04.153 D/ProgressBar(22137): setProgress = 191
12-10 11:34:04.153 D/ProgressBar(22137): setProgress = 191, fromUser = false
12-10 11:34:04.153 D/ProgressBar(22137): mProgress = 190mIndeterminate = false, mMin = 0, mMax = 2750
12-10 11:34:04.163 V/StagefrightPlayer( 311): getCurrentPosition
12-10 11:34:04.173 V/AudioSessionOutALSA( 311): Timestamp returned = 19213666
12-10 11:34:04.173 V/MediaPlayer-JNI(22137): getCurrentPosition: 19214 (msec)
12-10 11:34:04.263 V/StagefrightPlayer( 311): getCurrentPosition
12-10 11:34:04.273 V/AudioSessionOutALSA( 311): Timestamp returned = 19320333
12-10 11:34:04.273 V/MediaPlayer-JNI(22137): getCurrentPosition: 19320 (msec)
12-10 11:34:04.273 D/ProgressBar(22137): setProgress = 193
12-10 11:34:04.273 D/ProgressBar(22137): setProgress = 193, fromUser = false
12-10 11:34:04.273 D/ProgressBar(22137): mProgress = 191mIndeterminate = false, mMin = 0, mMax = 2750
12-10 11:34:04.273 V/StagefrightPlayer( 311): getCurrentPosition
12-10 11:34:04.283 V/AudioSessionOutALSA( 311): Timestamp returned = 19331000
12-10 11:34:04.283 V/MediaPlayer-JNI(22137): getCurrentPosition: 19331 (msec)
12-10 11:34:04.283 V/StagefrightPlayer( 311): getCurrentPosition
12-10 11:34:04.303 V/AudioSessionOutALSA( 311): Timestamp returned = 19331000
12-10 11:34:04.303 V/MediaPlayer-JNI(22137): getCurrentPosition: 19331 (msec)
12-10 11:34:04.333 V/StagefrightPlayer( 311): getCurrentPosition
12-10 11:34:04.343 V/AudioSessionOutALSA( 311): Timestamp returned = 19373666
12-10 11:34:04.343 V/MediaPlayer-JNI(22137): getCurrentPosition: 19374 (msec)
12-10 11:34:04.373 V/StagefrightPlayer( 311): getCurrentPosition
12-10 11:34:04.393 V/AudioSessionOutALSA( 311): Timestamp returned = 19427000
12-10 11:34:04.393 V/MediaPlayer-JNI(22137): getCurrentPosition: 19427 (msec)
12-10 11:34:04.393 D/ProgressBar(22137): setProgress = 194
12-10 11:34:04.393 D/ProgressBar(22137): setProgress = 194, fromUser = false
12-10 11:34:04.393 D/ProgressBar(22137): mProgress = 193mIndeterminate = false, mMin = 0, mMax = 2750
12-10 11:34:04.393 V/StagefrightPlayer( 311): getCurrentPosition
12-10 11:34:04.403 V/AudioSessionOutALSA( 311): Timestamp returned = 19448333
12-10 11:34:04.403 V/MediaPlayer-JNI(22137): getCurrentPosition: 19448 (msec)
12-10 11:34:04.493 V/StagefrightPlayer( 311): getCurrentPosition
12-10 11:34:04.503 V/AudioSessionOutALSA( 311): Timestamp returned = 19544333
12-10 11:34:04.503 V/MediaPlayer-JNI(22137): getCurrentPosition: 19544 (msec)
12-10 11:34:04.503 D/ProgressBar(22137): setProgress = 195
12-10 11:34:04.503 D/ProgressBar(22137): setProgress = 195, fromUser = false
12-10 11:34:04.503 D/ProgressBar(22137): mProgress = 194mIndeterminate = false, mMin = 0, mMax = 2750
12-10 11:34:04.503 V/StagefrightPlayer( 311): getCurrentPosition
12-10 11:34:04.513 V/AudioSessionOutALSA( 311): Timestamp returned = 19555000
12-10 11:34:04.513 V/MediaPlayer-JNI(22137): getCurrentPosition: 19555 (msec)
12-10 11:34:04.603 V/StagefrightPlayer( 311): getCurrentPosition
12-10 11:34:04.613 V/AudioSessionOutALSA( 311): Timestamp returned = 19651000
12-10 11:34:04.613 V/MediaPlayer-JNI(22137): getCurrentPosition: 19651 (msec)
12-10 11:34:04.613 D/ProgressBar(22137): setProgress = 196
12-10 11:34:04.613 D/ProgressBar(22137): setProgress = 196, fromUser = false
12-10 11:34:04.613 D/ProgressBar(22137): mProgress = 195mIndeterminate = false, mMin = 0, mMax = 2750
12-10 11:34:04.623 V/StagefrightPlayer( 311): getCurrentPosition
12-10 11:34:04.633 V/AudioSessionOutALSA( 311): Timestamp returned = 19661666
12-10 11:34:04.633 V/MediaPlayer-JNI(22137): getCurrentPosition: 19662 (msec)
12-10 11:34:04.723 V/StagefrightPlayer( 311): getCurrentPosition
12-10 11:34:04.733 V/AudioSessionOutALSA( 311): Timestamp returned = 19768333
12-10 11:34:04.733 V/MediaPlayer-JNI(22137): getCurrentPosition: 19768 (msec)
12-10 11:34:04.733 D/ProgressBar(22137): setProgress = 197
12-10 11:34:04.733 D/ProgressBar(22137): setProgress = 197, fromUser = false
12-10 11:34:04.733 D/ProgressBar(22137): mProgress = 196mIndeterminate = false, mMin = 0, mMax = 2750
12-10 11:34:04.733 V/StagefrightPlayer( 311): getCurrentPosition
12-10 11:34:04.743 V/AudioSessionOutALSA( 311): Timestamp returned = 19789666
12-10 11:34:04.743 V/MediaPlayer-JNI(22137): getCurrentPosition: 19790 (msec)
12-10 11:34:04.833 V/StagefrightPlayer( 311): getCurrentPosition
12-10 11:34:04.843 V/AudioSessionOutALSA( 311): Timestamp returned = 19885666
12-10 11:34:04.843 V/MediaPlayer-JNI(22137): getCurrentPosition: 19886 (msec)
12-10 11:34:04.843 D/ProgressBar(22137): setProgress = 198
12-10 11:34:04.843 D/ProgressBar(22137): setProgress = 198, fromUser = false
12-10 11:34:04.843 D/ProgressBar(22137): mProgress = 197mIndeterminate = false, mMin = 0, mMax = 2750
12-10 11:34:04.843 V/StagefrightPlayer( 311): getCurrentPosition
12-10 11:34:04.863 V/AudioSessionOutALSA( 311): Timestamp returned = 19896333
12-10 11:34:04.863 V/MediaPlayer-JNI(22137): getCurrentPosition: 19896 (msec)
12-10 11:34:04.953 V/StagefrightPlayer( 311): getCurrentPosition
12-10 11:34:04.963 V/AudioSessionOutALSA( 311): Timestamp returned = 19992333
12-10 11:34:04.963 V/MediaPlayer-JNI(22137): getCurrentPosition: 19992 (msec)
12-10 11:34:04.963 D/ProgressBar(22137): setProgress = 199
12-10 11:34:04.963 D/ProgressBar(22137): setProgress = 199, fromUser = false
12-10 11:34:04.963 D/ProgressBar(22137): mProgress = 198mIndeterminate = false, mMin = 0, mMax = 2750
12-10 11:34:04.963 V/StagefrightPlayer( 311): getCurrentPosition
12-10 11:34:04.973 V/AudioSessionOutALSA( 311): Timestamp returned = 20013666
12-10 11:34:04.973 V/MediaPlayer-JNI(22137): getCurrentPosition: 20014 (msec)
12-10 11:34:05.063 V/StagefrightPlayer( 311): getCurrentPosition
12-10 11:34:05.073 V/AudioSessionOutALSA( 311): Timestamp returned = 20120333
12-10 11:34:05.073 V/MediaPlayer-JNI(22137): getCurrentPosition: 20120 (msec)
12-10 11:34:05.073 D/ProgressBar(22137): setProgress = 201
12-10 11:34:05.073 D/ProgressBar(22137): setProgress = 201, fromUser = false
12-10 11:34:05.073 D/ProgressBar(22137): mProgress = 199mIndeterminate = false, mMin = 0, mMax = 2750
12-10 11:34:05.073 V/StagefrightPlayer( 311): getCurrentPosition
12-10 11:34:05.093 V/AudioSessionOutALSA( 311): Timestamp returned = 20131000
12-10 11:34:05.093 V/MediaPlayer-JNI(22137): getCurrentPosition: 20131 (msec)
12-10 11:34:05.173 V/StagefrightPlayer( 311): getCurrentPosition
12-10 11:34:05.193 V/AudioSessionOutALSA( 311): Timestamp returned = 20227000
12-10 11:34:05.193 V/MediaPlayer-JNI(22137): getCurrentPosition: 20227 (msec)
12-10 11:34:05.193 D/ProgressBar(22137): setProgress = 202
12-10 11:34:05.193 D/ProgressBar(22137): setProgress = 202, fromUser = false
12-10 11:34:05.193 D/ProgressBar(22137): mProgress = 201mIndeterminate = false, mMin = 0, mMax = 2750
12-10 11:34:05.193 V/StagefrightPlayer( 311): getCurrentPosition
12-10 11:34:05.203 V/AudioSessionOutALSA( 311): Timestamp returned = 20248333
12-10 11:34:05.203 V/MediaPlayer-JNI(22137): getCurrentPosition: 20248 (msec)
12-10 11:34:05.283 V/StagefrightPlayer( 311): getCurrentPosition
12-10 11:34:05.303 V/AudioSessionOutALSA( 311): Timestamp returned = 20333666
12-10 11:34:05.303 V/MediaPlayer-JNI(22137): getCurrentPosition: 20334 (msec)
12-10 11:34:05.303 V/StagefrightPlayer( 311): getCurrentPosition
12-10 11:34:05.313 V/AudioSessionOutALSA( 311): Timestamp returned = 20344333
12-10 11:34:05.313 V/MediaPlayer-JNI(22137): getCurrentPosition: 20344 (msec)
12-10 11:34:05.313 D/ProgressBar(22137): setProgress = 203
12-10 11:34:05.313 D/ProgressBar(22137): setProgress = 203, fromUser = false
12-10 11:34:05.313 D/ProgressBar(22137): mProgress = 202mIndeterminate = false, mMin = 0, mMax = 2750
12-10 11:34:05.313 V/StagefrightPlayer( 311): getCurrentPosition
12-10 11:34:05.323 V/AudioSessionOutALSA( 311): Timestamp returned = 20365666
12-10 11:34:05.323 V/MediaPlayer-JNI(22137): getCurrentPosition: 20366 (msec)
12-10 11:34:05.343 V/StagefrightPlayer( 311): getCurrentPosition
12-10 11:34:05.353 V/AudioSessionOutALSA( 311): Timestamp returned = 20397666
12-10 11:34:05.353 V/MediaPlayer-JNI(22137): getCurrentPosition: 20398 (msec)
12-10 11:34:05.413 V/StagefrightPlayer( 311): getCurrentPosition
12-10 11:34:05.423 V/AudioSessionOutALSA( 311): Timestamp returned = 20461666
12-10 11:34:05.423 V/MediaPlayer-JNI(22137): getCurrentPosition: 20462 (msec)
12-10 11:34:05.423 D/ProgressBar(22137): setProgress = 204
12-10 11:34:05.423 D/ProgressBar(22137): setProgress = 204, fromUser = false
12-10 11:34:05.423 D/ProgressBar(22137): mProgress = 203mIndeterminate = false, mMin = 0, mMax = 2750
12-10 11:34:05.433 V/StagefrightPlayer( 311): getCurrentPosition
12-10 11:34:05.443 V/AudioSessionOutALSA( 311): Timestamp returned = 20472333
12-10 11:34:05.443 V/MediaPlayer-JNI(22137): getCurrentPosition: 20472 (msec)
12-10 11:34:05.533 V/StagefrightPlayer( 311): getCurrentPosition
12-10 11:34:05.543 V/AudioSessionOutALSA( 311): Timestamp returned = 20589666
12-10 11:34:05.543 V/MediaPlayer-JNI(22137): getCurrentPosition: 20590 (msec)
12-10 11:34:05.543 D/ProgressBar(22137): setProgress = 205
12-10 11:34:05.543 D/ProgressBar(22137): setProgress = 205, fromUser = false
12-10 11:34:05.543 D/ProgressBar(22137): mProgress = 204mIndeterminate = false, mMin = 0, mMax = 2750
12-10 11:34:05.543 V/StagefrightPlayer( 311): getCurrentPosition
12-10 11:34:05.563 V/AudioSessionOutALSA( 311): Timestamp returned = 20600333
12-10 11:34:05.563 V/MediaPlayer-JNI(22137): getCurrentPosition: 20600 (msec)
12-10 11:34:05.643 V/StagefrightPlayer( 311): getCurrentPosition
12-10 11:34:05.663 V/AudioSessionOutALSA( 311): Timestamp returned = 20696333
12-10 11:34:05.663 V/MediaPlayer-JNI(22137): getCurrentPosition: 20696 (msec)
12-10 11:34:05.663 D/ProgressBar(22137): setProgress = 206
12-10 11:34:05.663 D/ProgressBar(22137): setProgress = 206, fromUser = false
12-10 11:34:05.663 D/ProgressBar(22137): mProgress = 205mIndeterminate = false, mMin = 0, mMax = 2750
12-10 11:34:05.663 V/StagefrightPlayer( 311): getCurrentPosition
12-10 11:34:05.673 V/AudioSessionOutALSA( 311): Timestamp returned = 20717666
12-10 11:34:05.673 V/MediaPlayer-JNI(22137): getCurrentPosition: 20718 (msec)
12-10 11:34:05.763 V/StagefrightPlayer( 311): getCurrentPosition
12-10 11:34:05.773 V/AudioSessionOutALSA( 311): Timestamp returned = 20813666
12-10 11:34:05.773 V/MediaPlayer-JNI(22137): getCurrentPosition: 20814 (msec)
12-10 11:34:05.773 D/ProgressBar(22137): setProgress = 208
12-10 11:34:05.773 D/ProgressBar(22137): setProgress = 208, fromUser = false
12-10 11:34:05.773 D/ProgressBar(22137): mProgress = 206mIndeterminate = false, mMin = 0, mMax = 2750
12-10 11:34:05.773 V/StagefrightPlayer( 311): getCurrentPosition
12-10 11:34:05.793 V/AudioSessionOutALSA( 311): Timestamp returned = 20824333
12-10 11:34:05.793 V/MediaPlayer-JNI(22137): getCurrentPosition: 20824 (msec)
12-10 11:34:05.873 V/StagefrightPlayer( 311): getCurrentPosition
12-10 11:34:05.883 V/AudioSessionOutALSA( 311): Timestamp returned = 20931000
12-10 11:34:05.883 V/MediaPlayer-JNI(22137): getCurrentPosition: 20931 (msec)
12-10 11:34:05.883 D/ProgressBar(22137): setProgress = 209
12-10 11:34:05.883 D/ProgressBar(22137): setProgress = 209, fromUser = false
12-10 11:34:05.883 D/ProgressBar(22137): mProgress = 208mIndeterminate = false, mMin = 0, mMax = 2750
12-10 11:34:05.893 V/StagefrightPlayer( 311): getCurrentPosition
12-10 11:34:05.903 V/AudioSessionOutALSA( 311): Timestamp returned = 20941666
12-10 11:34:05.903 V/MediaPlayer-JNI(22137): getCurrentPosition: 20942 (msec)
12-10 11:34:05.993 V/StagefrightPlayer( 311): getCurrentPosition
12-10 11:34:06.003 V/AudioSessionOutALSA( 311): Timestamp returned = 21048333
12-10 11:34:06.003 V/MediaPlayer-JNI(22137): getCurrentPosition: 21048 (msec)
12-10 11:34:06.003 D/ProgressBar(22137): setProgress = 210
12-10 11:34:06.003 D/ProgressBar(22137): setProgress = 210, fromUser = false
12-10 11:34:06.003 D/ProgressBar(22137): mProgress = 209mIndeterminate = false, mMin = 0, mMax = 2750
12-10 11:34:06.003 V/StagefrightPlayer( 311): getCurrentPosition
12-10 11:34:06.023 V/AudioSessionOutALSA( 311): Timestamp returned = 21059000
12-10 11:34:06.023 V/MediaPlayer-JNI(22137): getCurrentPosition: 21059 (msec)
12-10 11:34:06.103 V/StagefrightPlayer( 311): getCurrentPosition
12-10 11:34:06.123 V/AudioSessionOutALSA( 311): Timestamp returned = 21155000
12-10 11:34:06.123 V/MediaPlayer-JNI(22137): getCurrentPosition: 21155 (msec)
12-10 11:34:06.123 D/ProgressBar(22137): setProgress = 211
12-10 11:34:06.123 D/ProgressBar(22137): setProgress = 211, fromUser = false
12-10 11:34:06.123 D/ProgressBar(22137): mProgress = 210mIndeterminate = false, mMin = 0, mMax = 2750
12-10 11:34:06.123 V/StagefrightPlayer( 311): getCurrentPosition
12-10 11:34:06.133 V/AudioSessionOutALSA( 311): Timestamp returned = 21176333
12-10 11:34:06.133 V/MediaPlayer-JNI(22137): getCurrentPosition: 21176 (msec)
12-10 11:34:06.223 V/StagefrightPlayer( 311): getCurrentPosition
12-10 11:34:06.233 V/AudioSessionOutALSA( 311): Timestamp returned = 21272333
12-10 11:34:06.233 V/MediaPlayer-JNI(22137): getCurrentPosition: 21272 (msec)
12-10 11:34:06.233 D/ProgressBar(22137): setProgress = 212
12-10 11:34:06.233 D/ProgressBar(22137): setProgress = 212, fromUser = false
12-10 11:34:06.233 D/ProgressBar(22137): mProgress = 211mIndeterminate = false, mMin = 0, mMax = 2750
12-10 11:34:06.233 V/StagefrightPlayer( 311): getCurrentPosition
12-10 11:34:06.253 V/AudioSessionOutALSA( 311): Timestamp returned = 21283000
12-10 11:34:06.253 V/MediaPlayer-JNI(22137): getCurrentPosition: 21283 (msec)
12-10 11:34:06.303 V/StagefrightPlayer( 311): getCurrentPosition
12-10 11:34:06.313 V/AudioSessionOutALSA( 311): Timestamp returned = 21357666
12-10 11:34:06.313 V/MediaPlayer-JNI(22137): getCurrentPosition: 21358 (msec)
12-10 11:34:06.343 V/StagefrightPlayer( 311): getCurrentPosition
12-10 11:34:06.353 V/AudioSessionOutALSA( 311): Timestamp returned = 21389666
12-10 11:34:06.353 V/MediaPlayer-JNI(22137): getCurrentPosition: 21390 (msec)
12-10 11:34:06.353 D/ProgressBar(22137): setProgress = 213
12-10 11:34:06.353 D/ProgressBar(22137): setProgress = 213, fromUser = false
12-10 11:34:06.353 D/ProgressBar(22137): mProgress = 212mIndeterminate = false, mMin = 0, mMax = 2750
12-10 11:34:06.353 V/StagefrightPlayer( 311): getCurrentPosition
12-10 11:34:06.363 V/AudioSessionOutALSA( 311): Timestamp returned = 21411000
12-10 11:34:06.363 V/StagefrightPlayer( 311): getCurrentPosition
12-10 11:34:06.363 V/MediaPlayer-JNI(22137): getCurrentPosition: 21411 (msec)
12-10 11:34:06.373 V/AudioSessionOutALSA( 311): Timestamp returned = 21411000
12-10 11:34:06.373 V/MediaPlayer-JNI(22137): getCurrentPosition: 21411 (msec)
12-10 11:34:06.453 V/StagefrightPlayer( 311): getCurrentPosition
12-10 11:34:06.463 V/AudioSessionOutALSA( 311): Timestamp returned = 21507000
12-10 11:34:06.463 V/MediaPlayer-JNI(22137): getCurrentPosition: 21507 (msec)
12-10 11:34:06.463 D/ProgressBar(22137): setProgress = 215
12-10 11:34:06.463 D/ProgressBar(22137): setProgress = 215, fromUser = false
12-10 11:34:06.473 D/ProgressBar(22137): mProgress = 213mIndeterminate = false, mMin = 0, mMax = 2750
12-10 11:34:06.473 V/StagefrightPlayer( 311): getCurrentPosition
12-10 11:34:06.483 V/AudioSessionOutALSA( 311): Timestamp returned = 21528333
12-10 11:34:06.483 V/MediaPlayer-JNI(22137): getCurrentPosition: 21528 (msec)
12-10 11:34:06.503 I/PowerManagerService( 722): [PWL] Off : 455s ago
12-10 11:34:06.503 I/PowerManagerService( 722): [PWL] PowerManagerService.WakeLocks: ref count=1
12-10 11:34:06.503 I/PowerManagerService( 722): [PWL] mWakeLockSummary : 0x1
12-10 11:34:06.503 I/PowerManagerService( 722): [PWL] PARTIAL_WAKE_LOCK 'android.media.MediaPlayer' (uid=10015, pid=22137, ws=null) (elapsedTime=21700)
12-10 11:34:06.503 I/PowerManagerService( 722): [PWL] PARTIAL_WAKE_LOCK 'DirectTrack' (uid=1013, pid=311, ws=null) (elapsedTime=21583)
12-10 11:34:06.573 V/StagefrightPlayer( 311): getCurrentPosition
12-10 11:34:06.583 V/AudioSessionOutALSA( 311): Timestamp returned = 21624333
12-10 11:34:06.583 V/MediaPlayer-JNI(22137): getCurrentPosition: 21624 (msec)
12-10 11:34:06.583 D/ProgressBar(22137): setProgress = 216
12-10 11:34:06.583 D/ProgressBar(22137): setProgress = 216, fromUser = false
12-10 11:34:06.583 D/ProgressBar(22137): mProgress = 215mIndeterminate = false, mMin = 0, mMax = 2750
12-10 11:34:06.583 V/StagefrightPlayer( 311): getCurrentPosition
12-10 11:34:06.603 V/AudioSessionOutALSA( 311): Timestamp returned = 21635000
12-10 11:34:06.603 V/MediaPlayer-JNI(22137): getCurrentPosition: 21635 (msec)
12-10 11:34:06.683 V/StagefrightPlayer( 311): getCurrentPosition
