12-10 11:04:42.365 W/BackupManagerService( 722): dataChanged but no participant pkg='com.android.providers.settings' uid=10220
12-10 11:04:42.375 W/BackupManagerService( 722): dataChanged but no participant pkg='com.android.providers.settings' uid=10220
12-10 11:04:42.705 D/MotionRecognitionService( 722): getTurnOverMotionContext : event = 3
12-10 11:04:42.705 I/MotionRecognitionService( 722): backoffstate = 0
12-10 11:04:42.705 D/MotionRecognitionService( 722): POWER_DEFAULT
12-10 11:04:43.185 D/STATUSBAR-NetworkController( 1133): onSignalStrengthsChanged signalStrength=SignalStrength: 99 99 -105 -130 -109 -95 2 99 2147483647 2147483647 2147483647 -1 2147483647 cdma 0x210 level=2
12-10 11:04:43.235 D/DisplayPowerController( 722): SSTEMP : mIsLockZone = true
12-10 11:04:43.435 D/STATUSBAR-NetworkController( 1133): onSignalStrengthsChanged signalStrength=SignalStrength: 99 99 -105 -120 -108 -55 2 99 2147483647 2147483647 2147483647 -1 2147483647 cdma 0x210 level=2
12-10 11:04:43.585 D/DisplayPowerController( 722): SSTEMP : mIsLockZone = false
12-10 11:04:43.865 D/STATUSBAR-NetworkController( 1133): refreshSignalCluster: data=2 bt=false
12-10 11:04:43.895 D/STATUSBAR-IconMerger( 1133): checkOverflow(72), More:true, Req:true Child:2
12-10 11:04:43.945 D/DisplayPowerController( 722): SSTEMP : mIsLockZone = true
12-10 11:04:44.125 D/DisplayPowerController( 722): SSTEMP : mIsLockZone = false
12-10 11:04:44.325 D/InputManager( 722): notifySwitch: values=80000, mask=80000
12-10 11:04:44.325 D/PowerManagerService( 722): [api] [s] wakeUp (uid: 1000 pid: 722)
12-10 11:04:44.375 V/VibratorService( 722): vibrateImmVibePattern - package: android, magnitude: 10000
12-10 11:04:44.385 D/STATUSBAR-AirView( 1133): onReceive : com.samsung.pen.INSERT
12-10 11:04:44.415 D/STATUSBAR-StatusBarManagerService( 722): manageDisableList what=0x0 pkg=WindowManager.LayoutParams
12-10 11:04:44.425 V/WindowManager( 722): Window{43d87888 u0 Keyguard}mOrientationRequetedFromKeyguard=false
12-10 11:04:44.445 D/STATUSBAR-NetworkController( 1133): onSignalStrengthsChanged signalStrength=SignalStrength: 99 99 -103 -180 -108 -60 1 99 2147483647 2147483647 2147483647 -1 2147483647 cdma 0x210 level=2
12-10 11:04:44.465 V/WindowManager( 722): Window{43d87888 u0 Keyguard}mOrientationRequetedFromKeyguard=false
12-10 11:04:44.465 D/STATUSBAR-NetworkController( 1133): onSignalStrengthsChanged signalStrength=SignalStrength: 99 99 -103 -180 -108 -60 1 99 2147483647 2147483647 2147483647 -1 2147483647 cdma 0x210 level=2
12-10 11:04:44.495 D/STATUSBAR-StatusBarManagerService( 722): sendNotification(3) - 17041110
12-10 11:04:44.495 D/LightsService( 722): [api] [SvcLED] turnOff:: id = 4 (uid: 1000 pid: 722)
12-10 11:04:44.495 D/LightsService( 722): [SvcLED] setSvcLedStateLocked:: SvcLEDState : 0x0 -> 0x0 | SvcLED(id=4) set Off
12-10 11:04:44.495 D/LightsService( 722): [SvcLED] Lux failed to be updated in 700ms. -> handleForcedSvcLEDTasK
12-10 11:04:44.495 D/LightsService( 722): [SvcLED] setSvcLedLightLocked :: Current SvcLED(id=4) maintains its priority right
12-10 11:04:44.495 D/PhoneStatusBar( 1133): removeNotification key=android.os.BinderProxy@4383f590 old=StatusBarNotification(pkg=android user=UserHandle{-1} id=17041110 tag=null score=0: Notification(pri=0 icon=1080452 contentView=android/0x10900b5 vibrate=null sound=null defaults=0x0 flags=0x1002 when=0 ledARGB=0x0 contentIntent=Y deleteIntent=N contentTitle=Select input method contentText=Samsung keyboard tickerText=N kind=[android.system.imeswitcher]))
12-10 11:04:44.495 W/InputMethodManagerService( 722): Starting input on non-focused client com.android.internal.view.IInputMethodClient$Stub$Proxy@479be768 (uid=10034 pid=19469)
12-10 11:04:44.495 D/STATUSBAR-IconMerger( 1133): checkOverflow(72), More:true, Req:false Child:1
12-10 11:04:44.495 V/WindowManager( 722): Window{43d87888 u0 Keyguard}mOrientationRequetedFromKeyguard=false
12-10 11:04:44.505 V/WindowManager( 722): Window{43d87888 u0 Keyguard}mOrientationRequetedFromKeyguard=false
12-10 11:04:44.515 D/STATUSBAR-IconMerger( 1133): checkOverflow(144), More:false, Req:false Child:2
12-10 11:04:44.535 V/WindowManager( 722): Window{43d87888 u0 Keyguard}mOrientationRequetedFromKeyguard=false
12-10 11:04:44.565 V/WindowManager( 722): Window{43d87888 u0 Keyguard}mOrientationRequetedFromKeyguard=false
12-10 11:04:44.705 D/STATUSBAR-StatusBarManagerService( 722): sendNotification(1) - 2130837518
12-10 11:04:45.425 D/ConnectivityService( 722): handleInetConditionHoldEnd: net=1, condition=0, published condition=0
12-10 11:04:45.425 D/ConnectivityService( 722): sendStickyBroadcast: action=android.net.conn.INET_CONDITION_ACTION
12-10 11:04:45.425 D/STATUSBAR-NetworkController( 1133): onReceive() - CONNECTIVITY_ACTION, INET_CONDITION_ACTION
12-10 11:04:45.425 D/STATUSBAR-NetworkController( 1133): isCdma(), !isCdmaEri(), mRoamingIconId = 0
12-10 11:04:45.435 D/STATUSBAR-NetworkController( 1133): isCdmaLTE - mSimStateUNKNOWN
12-10 11:04:45.675 D/STATUSBAR-NetworkController( 1133): onSignalStrengthsChanged signalStrength=SignalStrength: 99 99 -98 -240 -108 -60 1 99 2147483647 2147483647 2147483647 -1 2147483647 cdma 0x210 level=2
12-10 11:04:45.935 D/MotionRecognitionService( 722): getTurnOverMotionContext : event = 1
12-10 11:04:45.935 I/MotionRecognitionService( 722): backoffstate = 0
12-10 11:04:45.935 D/MotionRecognitionService( 722): POWER_DEFAULT
12-10 11:04:46.585 V/AlarmManager( 722): waitForAlarm result :4
12-10 11:04:46.595 V/AlarmManager( 722): trigger ELAPSED_REALTIME_WAKEUP or RTC_WAKEUP
12-10 11:04:47.025 D/InputManager( 722): notifySwitch: values=2000000, mask=2000000
12-10 11:04:47.045 D/BatteryService( 722): update start
12-10 11:04:47.045 D/BatteryService( 722): level:85, scale:100, status:3, health:2, present:true, voltage: 4055, temperature: 283, technology: Li-ion, AC powered:false, USB powered:false, Wireless powered:false, icon:17303549, invalid charger:0, online:1, charge type:0, current avg:450
12-10 11:04:47.045 D/BatteryService( 722): Sending ACTION_BATTERY_CHANGED.
12-10 11:04:47.055 D/STATUSBAR-BatteryController( 1133): onReceive() - ACTION_BATTERY_CHANGED
12-10 11:04:47.055 D/STATUSBAR-BatteryController( 1133): onReceive() - BATTERY_STATUS_DISCHARGING: tw_stat_sys_battery
12-10 11:04:47.055 D/STATUSBAR-PhoneStatusBar( 1133): mBrightnessEnablebySettings = true mBrightnessEnablebyBattery = true mBrightnessEnablebyDisableFlag = true
12-10 11:04:47.445 D/STATUSBAR-NetworkController( 1133): onSignalStrengthsChanged signalStrength=SignalStrength: 99 99 -99 -250 -108 -60 1 99 2147483647 2147483647 2147483647 -1 2147483647 cdma 0x210 level=2
12-10 11:04:47.485 D/InputManager( 722): notifySwitch: values=2000000, mask=2000000
12-10 11:04:47.605 E/Watchdog( 722): !@Sync 14614
12-10 11:04:47.695 V/WindowManager( 722): Window{43d87888 u0 Keyguard}mOrientationRequetedFromKeyguard=false
12-10 11:04:47.695 D/STATUSBAR-StatusBarManagerService( 722): manageDisableList what=0x0 pkg=WindowManager.LayoutParams
12-10 11:04:47.735 D/STATUSBAR-IconMerger( 1133): checkOverflow(144), More:false, Req:true Child:3
12-10 11:04:47.745 D/STATUSBAR-IconMerger( 1133): checkOverflow(72), More:true, Req:true Child:2
12-10 11:04:47.885 V/WindowManager( 722): Window{43d87888 u0 Keyguard}mOrientationRequetedFromKeyguard=false
12-10 11:04:47.895 V/WindowManager( 722): Window{43d87888 u0 Keyguard}mOrientationRequetedFromKeyguard=false
12-10 11:04:47.935 D/STATUSBAR-NetworkController( 1133): onSignalStrengthsChanged signalStrength=SignalStrength: 99 99 -99 -280 -108 -60 1 99 2147483647 2147483647 2147483647 -1 2147483647 cdma 0x210 level=2
12-10 11:04:48.025 D/PowerManagerService( 722): [api] userActivityFromNative : 10 (event: 0 flags: 0)
12-10 11:04:48.085 V/WindowManager( 722): Window{43d87888 u0 Keyguard}mOrientationRequetedFromKeyguard=false
12-10 11:04:48.225 V/WindowManager( 722): Window{43d87888 u0 Keyguard}mOrientationRequetedFromKeyguard=false
12-10 11:04:48.235 V/WindowManager( 722): Window{43d87888 u0 Keyguard}mOrientationRequetedFromKeyguard=false
12-10 11:04:48.255 D/STATUSBAR-StatusBarManagerService( 722): sendNotification(1) - 17041110
12-10 11:04:48.265 D/STATUSBAR-StatusBarManagerService( 722): sendNotification(2) - 17041110
12-10 11:04:48.275 V/WindowManager( 722): Window{43d87888 u0 Keyguard}mOrientationRequetedFromKeyguard=false
12-10 11:04:48.295 D/STATUSBAR-IconMerger( 1133): checkOverflow(72), More:true, Req:true Child:3
12-10 11:04:48.635 D/InputManager( 722): notifySwitch: values=2000000, mask=2000000
12-10 11:04:48.925 D/STATUSBAR-NetworkController( 1133): refreshSignalCluster: data=2 bt=false
12-10 11:04:48.945 D/STATUSBAR-IconMerger( 1133): checkOverflow(72), More:true, Req:true Child:3
12-10 11:04:49.175 D/STATUSBAR-NetworkController( 1133): onSignalStrengthsChanged signalStrength=SignalStrength: 99 99 -105 -120 -110 -90 1 99 2147483647 2147483647 2147483647 -1 2147483647 cdma 0x210 level=2
12-10 11:04:49.725 D/InputManager( 722): notifySwitch: values=2000000, mask=2000000
12-10 11:04:49.875 D/STATUSBAR-NetworkController( 1133): onSignalStrengthsChanged signalStrength=SignalStrength: 99 99 -105 -130 -110 -90 1 99 2147483647 2147483647 2147483647 -1 2147483647 cdma 0x210 level=2
12-10 11:04:49.925 D/STATUSBAR-NetworkController( 1133): refreshSignalCluster: data=2 bt=false
12-10 11:04:49.945 D/STATUSBAR-IconMerger( 1133): checkOverflow(72), More:true, Req:true Child:3
12-10 11:04:50.145 D/STATUSBAR-NetworkController( 1133): onSignalStrengthsChanged signalStrength=SignalStrength: 99 99 -103 -130 -110 -90 1 99 2147483647 2147483647 2147483647 -1 2147483647 cdma 0x210 level=2
12-10 11:04:50.225 D/InputManager( 722): notifySwitch: values=2000000, mask=2000000
12-10 11:04:50.445 D/STATUSBAR-NetworkController( 1133): onSignalStrengthsChanged signalStrength=SignalStrength: 99 99 -103 -130 -110 -90 1 99 2147483647 2147483647 2147483647 -1 2147483647 cdma 0x210 level=2
12-10 11:04:50.545 V/VibratorService( 722): vibrateImmVibePatternMagnitudeType - package: com.sec.android.inputmethod, magnitudeType: TouchMagnitude
12-10 11:04:50.545 V/WindowManager( 722): Window{43d87888 u0 Keyguard}mOrientationRequetedFromKeyguard=false
12-10 11:04:50.725 V/WindowManager( 722): Window{43d87888 u0 Keyguard}mOrientationRequetedFromKeyguard=false
12-10 11:04:50.765 V/WindowManager( 722): Window{43d87888 u0 Keyguard}mOrientationRequetedFromKeyguard=false
12-10 11:04:50.875 V/WindowManager( 722): Window{43d87888 u0 Keyguard}mOrientationRequetedFromKeyguard=false
12-10 11:04:50.925 D/STATUSBAR-NetworkController( 1133): refreshSignalCluster: data=2 bt=false
12-10 11:04:50.935 D/STATUSBAR-IconMerger( 1133): checkOverflow(72), More:true, Req:true Child:3
12-10 11:04:50.975 V/VibratorService( 722): vibrateImmVibePatternMagnitudeType - package: com.sec.android.inputmethod, magnitudeType: TouchMagnitude
12-10 11:04:50.985 V/WindowManager( 722): Window{43d87888 u0 Keyguard}mOrientationRequetedFromKeyguard=false
12-10 11:04:51.025 V/WindowManager( 722): Window{43d87888 u0 Keyguard}mOrientationRequetedFromKeyguard=false
12-10 11:04:51.075 V/WindowManager( 722): Window{43d87888 u0 Keyguard}mOrientationRequetedFromKeyguard=false
12-10 11:04:51.235 V/WindowManager( 722): Window{43d87888 u0 Keyguard}mOrientationRequetedFromKeyguard=false
12-10 11:04:52.295 D/STATUSBAR-NetworkController( 1133): onSignalStrengthsChanged signalStrength=SignalStrength: 99 99 -102 -310 -110 -90 1 99 2147483647 2147483647 2147483647 -1 2147483647 cdma 0x210 level=2
12-10 11:04:52.375 D/STATUSBAR-NetworkController( 1133): onSignalStrengthsChanged signalStrength=SignalStrength: 99 99 -102 -310 -110 -90 1 99 2147483647 2147483647 2147483647 -1 2147483647 cdma 0x210 level=2
12-10 11:04:52.745 D/PowerManagerService( 722): [api] userActivityFromNative : 20 (event: 0 flags: 0)
12-10 11:04:52.935 D/STATUSBAR-NetworkController( 1133): refreshSignalCluster: data=2 bt=false
12-10 11:04:52.945 D/STATUSBAR-IconMerger( 1133): checkOverflow(72), More:true, Req:true Child:3
12-10 11:04:53.445 D/STATUSBAR-NetworkController( 1133): onSignalStrengthsChanged signalStrength=SignalStrength: 99 99 -105 -170 -114 -110 1 99 2147483647 2147483647 2147483647 -1 2147483647 cdma 0x210 level=2
12-10 11:04:53.835 V/VibratorService( 722): vibrateImmVibePatternMagnitudeType - package: com.sec.android.inputmethod, magnitudeType: TouchMagnitude
12-10 11:04:53.835 V/WindowManager( 722): Window{43d87888 u0 Keyguard}mOrientationRequetedFromKeyguard=false
12-10 11:04:53.995 V/WindowManager( 722): Window{43d87888 u0 Keyguard}mOrientationRequetedFromKeyguard=false
12-10 11:04:54.165 V/AlarmManager( 722): waitForAlarm result :2
12-10 11:04:54.625 D/STATUSBAR-NetworkController( 1133): onSignalStrengthsChanged signalStrength=SignalStrength: 99 99 -103 -160 -117 -135 -1 99 2147483647 2147483647 2147483647 -1 2147483647 cdma 0x110 level=1
12-10 11:04:54.625 D/STATUSBAR-NetworkController( 1133): refreshSignalCluster: data=2 bt=false
12-10 11:04:54.645 D/STATUSBAR-IconMerger( 1133): checkOverflow(72), More:true, Req:true Child:3
12-10 11:04:54.655 D/STATUSBAR-NetworkController( 1133): onSignalStrengthsChanged signalStrength=SignalStrength: 99 99 -103 -160 -117 -135 -1 99 2147483647 2147483647 2147483647 -1 2147483647 cdma 0x110 level=1
12-10 11:04:54.935 D/STATUSBAR-NetworkController( 1133): refreshSignalCluster: data=2 bt=false
12-10 11:04:54.945 D/STATUSBAR-IconMerger( 1133): checkOverflow(72), More:true, Req:true Child:3
12-10 11:04:55.095 D/InputManager( 722): notifySwitch: values=2000000, mask=2000000
12-10 11:04:55.655 V/AlarmManager( 722): waitForAlarm result :2
12-10 11:04:55.945 D/STATUSBAR-NetworkController( 1133): refreshSignalCluster: data=2 bt=false
12-10 11:04:55.975 D/STATUSBAR-IconMerger( 1133): checkOverflow(72), More:true, Req:true Child:3
12-10 11:04:56.315 D/STATUSBAR-NetworkController( 1133): onSignalStrengthsChanged signalStrength=SignalStrength: 99 99 -104 -150 -116 -105 -1 99 2147483647 2147483647 2147483647 -1 2147483647 cdma 0x110 level=1
12-10 11:04:56.445 D/STATUSBAR-NetworkController( 1133): onSignalStrengthsChanged signalStrength=SignalStrength: 99 99 -104 -150 -114 -105 -1 99 2147483647 2147483647 2147483647 -1 2147483647 cdma 0x110 level=1
12-10 11:04:56.475 D/InputManager( 722): notifySwitch: values=2000000, mask=2000000
12-10 11:04:56.845 D/PowerManagerService( 722): [api] userActivityFromNative : 30 (event: 0 flags: 0)
12-10 11:04:56.865 D/STATUSBAR-NetworkController( 1133): onSignalStrengthsChanged signalStrength=SignalStrength: 99 99 -104 -150 -114 -105 1 99 2147483647 2147483647 2147483647 -1 2147483647 cdma 0x210 level=2
12-10 11:04:56.865 D/STATUSBAR-NetworkController( 1133): refreshSignalCluster: data=2 bt=false
12-10 11:04:56.895 D/STATUSBAR-IconMerger( 1133): checkOverflow(72), More:true, Req:true Child:3
12-10 11:04:56.895 V/VibratorService( 722): vibrateImmVibePatternMagnitudeType - package: com.sec.android.inputmethod, magnitudeType: TouchMagnitude
12-10 11:04:56.905 D/STATUSBAR-NetworkController( 1133): onSignalStrengthsChanged signalStrength=SignalStrength: 99 99 -104 -150 -114 -105 1 99 2147483647 2147483647 2147483647 -1 2147483647 cdma 0x210 level=2
12-10 11:04:56.945 D/STATUSBAR-NetworkController( 1133): refreshSignalCluster: data=2 bt=false
12-10 11:04:56.955 D/STATUSBAR-IconMerger( 1133): checkOverflow(72), More:true, Req:true Child:3
12-10 11:04:57.375 V/VibratorService( 722): vibrateImmVibePatternMagnitudeType - package: com.sec.android.inputmethod, magnitudeType: TouchMagnitude
12-10 11:04:57.385 V/WindowManager( 722): Window{43d87888 u0 Keyguard}mOrientationRequetedFromKeyguard=false
12-10 11:04:57.545 V/WindowManager( 722): Window{43d87888 u0 Keyguard}mOrientationRequetedFromKeyguard=false
12-10 11:04:57.655 D/STATUSBAR-NetworkController( 1133): onSignalStrengthsChanged signalStrength=SignalStrength: 99 99 -104 -150 -114 -105 1 99 2147483647 2147483647 2147483647 -1 2147483647 cdma 0x210 level=2
12-10 11:04:57.795 V/VibratorService( 722): vibrateImmVibePatternMagnitudeType - package: com.sec.android.inputmethod, magnitudeType: TouchMagnitude
12-10 11:04:57.805 V/WindowManager( 722): Window{43d87888 u0 Keyguard}mOrientationRequetedFromKeyguard=false
12-10 11:04:57.925 V/WindowManager( 722): Window{43d87888 u0 Keyguard}mOrientationRequetedFromKeyguard=false
12-10 11:04:58.115 V/VibratorService( 722): vibrateImmVibePatternMagnitudeType - package: com.sec.android.inputmethod, magnitudeType: TouchMagnitude
12-10 11:04:58.825 D/InputManager( 722): notifySwitch: values=2000000, mask=2000000
12-10 11:04:59.105 D/STATUSBAR-NetworkController( 1133): onSignalStrengthsChanged signalStrength=SignalStrength: 99 99 -99 -170 -117 -125 1 99 2147483647 2147483647 2147483647 -1 2147483647 cdma 0x210 level=2
12-10 11:04:59.135 V/VibratorService( 722): vibrateImmVibePatternMagnitudeType - package: com.sec.android.inputmethod, magnitudeType: TouchMagnitude
12-10 11:04:59.145 V/WindowManager( 722): Window{43d87888 u0 Keyguard}mOrientationRequetedFromKeyguard=false
12-10 11:04:59.195 D/STATUSBAR-NetworkController( 1133): onSignalStrengthsChanged signalStrength=SignalStrength: 99 99 -99 -170 -117 -125 1 99 2147483647 2147483647 2147483647 -1 2147483647 cdma 0x210 level=2
12-10 11:04:59.215 D/STATUSBAR-NetworkController( 1133): onSignalStrengthsChanged signalStrength=SignalStrength: 99 99 -99 -170 -117 -125 1 99 2147483647 2147483647 2147483647 -1 2147483647 cdma 0x210 level=2
12-10 11:04:59.295 V/WindowManager( 722): Window{43d87888 u0 Keyguard}mOrientationRequetedFromKeyguard=false
12-10 11:04:59.445 D/STATUSBAR-NetworkController( 1133): onSignalStrengthsChanged signalStrength=SignalStrength: 99 99 -99 -170 -117 -115 1 99 2147483647 2147483647 2147483647 -1 2147483647 cdma 0x210 level=2
12-10 11:04:59.465 V/VibratorService( 722): vibrateImmVibePatternMagnitudeType - package: com.sec.android.inputmethod, magnitudeType: TouchMagnitude
12-10 11:04:59.475 V/WindowManager( 722): Window{43d87888 u0 Keyguard}mOrientationRequetedFromKeyguard=false
12-10 11:04:59.645 V/WindowManager( 722): Window{43d87888 u0 Keyguard}mOrientationRequetedFromKeyguard=false
12-10 11:04:59.755 V/VibratorService( 722): vibrateImmVibePatternMagnitudeType - package: com.sec.android.inputmethod, magnitudeType: TouchMagnitude
12-10 11:04:59.775 V/WindowManager( 722): Window{43d87888 u0 Keyguard}mOrientationRequetedFromKeyguard=false
12-10 11:04:59.835 D/PowerManagerService( 722): [api] userActivityFromNative : 40 (event: 0 flags: 0)
12-10 11:04:59.885 V/WindowManager( 722): Window{43d87888 u0 Keyguard}mOrientationRequetedFromKeyguard=false
12-10 11:04:59.985 V/AlarmManager( 722): waitForAlarm result :8
12-10 11:04:59.995 D/KeyguardClockWidgetService(11126): onReceive action=android.intent.action.TIME_TICK
12-10 11:05:00.005 V/AlarmManager( 722): ClockReceiver onReceive() ACTION_TIME_TICK
12-10 11:05:00.045 D/STATUSBAR-IconMerger( 1133): checkOverflow(72), More:true, Req:true Child:3
12-10 11:05:00.285 V/VibratorService( 722): vibrateImmVibePatternMagnitudeType - package: com.sec.android.inputmethod, magnitudeType: TouchMagnitude
12-10 11:05:00.295 V/WindowManager( 722): Window{43d87888 u0 Keyguard}mOrientationRequetedFromKeyguard=false
12-10 11:05:00.395 V/AlarmManager( 722): waitForAlarm result :2
12-10 11:05:00.425 V/WindowManager( 722): Window{43d87888 u0 Keyguard}mOrientationRequetedFromKeyguard=false
12-10 11:05:00.905 D/InputManager( 722): notifySwitch: values=2000000, mask=2000000
12-10 11:05:01.345 D/STATUSBAR-NetworkController( 1133): onSignalStrengthsChanged signalStrength=SignalStrength: 99 99 -99 -170 -117 -115 1 99 2147483647 2147483647 2147483647 -1 2147483647 cdma 0x210 level=2
12-10 11:05:01.535 D/InputManager( 722): notifySwitch: values=2000000, mask=2000000
12-10 11:05:01.955 D/STATUSBAR-NetworkController( 1133): refreshSignalCluster: data=2 bt=false
12-10 11:05:01.965 D/STATUSBAR-IconMerger( 1133): checkOverflow(72), More:true, Req:true Child:3
12-10 11:05:02.145 W/ActivityManager( 722): Permission Denial: get/set setting for user asks to run as user -2 but is calling from user 0; this requires android.permission.INTERACT_ACROSS_USERS_FULL
12-10 11:05:02.235 D/STATUSBAR-StatusBarManagerService( 722): sendNotification(3) - 17041110
12-10 11:05:02.235 D/LightsService( 722): [api] [SvcLED] turnOff:: id = 4 (uid: 1000 pid: 722)
12-10 11:05:02.235 D/LightsService( 722): [SvcLED] setSvcLedStateLocked:: SvcLEDState : 0x0 -> 0x0 | SvcLED(id=4) set Off
12-10 11:05:02.235 D/LightsService( 722): [SvcLED] Lux failed to be updated in 700ms. -> handleForcedSvcLEDTasK
12-10 11:05:02.235 D/LightsService( 722): [SvcLED] setSvcLedLightLocked :: Current SvcLED(id=4) maintains its priority right
12-10 11:05:02.245 D/PhoneStatusBar( 1133): removeNotification key=android.os.BinderProxy@455f3f20 old=StatusBarNotification(pkg=android user=UserHandle{-1} id=17041110 tag=null score=0: Notification(pri=0 icon=1080452 contentView=android/0x10900b5 vibrate=null sound=null defaults=0x0 flags=0x1002 when=0 ledARGB=0x0 contentIntent=Y deleteIntent=N contentTitle=Select input method contentText=Samsung keyboard tickerText=N kind=[android.system.imeswitcher]))
12-10 11:05:02.245 D/STATUSBAR-IconMerger( 1133): checkOverflow(72), More:true, Req:true Child:2
12-10 11:05:02.295 D/STATUSBAR-StatusBarManagerService( 722): sendNotification(1) - 17041110
12-10 11:05:02.325 D/STATUSBAR-IconMerger( 1133): checkOverflow(72), More:true, Req:true Child:3
12-10 11:05:02.385 D/STATUSBAR-StatusBarManagerService( 722): sendNotification(2) - 17041110
12-10 11:05:02.385 D/STATUSBAR-StatusBarManagerService( 722): sendNotification(3) - 17041110
12-10 11:05:02.385 D/LightsService( 722): [api] [SvcLED] turnOff:: id = 4 (uid: 1000 pid: 722)
12-10 11:05:02.385 D/LightsService( 722): [SvcLED] setSvcLedStateLocked:: SvcLEDState : 0x0 -> 0x0 | SvcLED(id=4) set Off
12-10 11:05:02.385 D/LightsService( 722): [SvcLED] Lux failed to be updated in 700ms. -> handleForcedSvcLEDTasK
12-10 11:05:02.385 D/LightsService( 722): [SvcLED] setSvcLedLightLocked :: Current SvcLED(id=4) maintains its priority right
12-10 11:05:02.385 V/WindowManager( 722): Window{43d87888 u0 Keyguard}mOrientationRequetedFromKeyguard=false
12-10 11:05:02.395 D/PhoneStatusBar( 1133): removeNotification key=android.os.BinderProxy@455f5658 old=StatusBarNotification(pkg=android user=UserHandle{-1} id=17041110 tag=null score=0: Notification(pri=0 icon=1080452 contentView=android/0x10900b5 vibrate=null sound=null defaults=0x0 flags=0x1002 when=0 ledARGB=0x0 contentIntent=Y deleteIntent=N contentTitle=Select input method contentText=Samsung keyboard tickerText=N kind=[android.system.imeswitcher]))
12-10 11:05:02.415 D/STATUSBAR-IconMerger( 1133): checkOverflow(72), More:true, Req:true Child:2
12-10 11:05:02.445 D/STATUSBAR-NetworkController( 1133): onSignalStrengthsChanged signalStrength=SignalStrength: 99 99 -98 -180 -117 -115 1 99 2147483647 2147483647 2147483647 -1 2147483647 cdma 0x210 level=2
12-10 11:05:02.715 V/WindowManager( 722): Window{43d87888 u0 Keyguard}mOrientationRequetedFromKeyguard=false
12-10 11:05:02.835 I/ActivityManager( 722): Process com.android.chrome:sandboxed_process4 (pid 24547) (adj 9) has died.
12-10 11:05:02.885 V/AlarmManager( 722): waitForAlarm result :2
12-10 11:05:02.925 V/WindowManager( 722): Window{43d87888 u0 Keyguard}mOrientationRequetedFromKeyguard=false
12-10 11:05:02.925 V/AlarmManager( 722): waitForAlarm result :2
12-10 11:05:02.955 D/STATUSBAR-NetworkController( 1133): refreshSignalCluster: data=2 bt=false
12-10 11:05:02.965 D/STATUSBAR-IconMerger( 1133): checkOverflow(72), More:true, Req:true Child:2
12-10 11:05:03.575 D/STATUSBAR-NetworkController( 1133): onSignalStrengthsChanged signalStrength=SignalStrength: 99 99 -97 -270 -114 -100 1 99 2147483647 2147483647 2147483647 -1 2147483647 cdma 0x210 level=2
12-10 11:05:04.415 D/InputManager( 722): notifySwitch: values=2000000, mask=2000000
12-10 11:05:04.675 I/ActivityManager( 722): Process com.google.android.talk (pid 21571) (adj 15) has died.
12-10 11:05:05.125 D/InputManager( 722): notifySwitch: values=2000000, mask=2000000
12-10 11:05:05.445 D/STATUSBAR-NetworkController( 1133): onSignalStrengthsChanged signalStrength=SignalStrength: 99 99 -98 -270 -114 -100 1 99 2147483647 2147483647 2147483647 -1 2147483647 cdma 0x210 level=2
12-10 11:05:05.825 D/STATUSBAR-NetworkController( 1133): onSignalStrengthsChanged signalStrength=SignalStrength: 99 99 -99 -230 -114 -100 1 99 2147483647 2147483647 2147483647 -1 2147483647 cdma 0x210 level=2
12-10 11:05:06.165 D/PowerManagerService( 722): [api] userActivityFromNative : 50 (event: 0 flags: 0)
12-10 11:05:06.605 D/InputManager( 722): notifySwitch: values=2000000, mask=2000000
12-10 11:05:06.955 D/STATUSBAR-NetworkController( 1133): refreshSignalCluster: data=2 bt=false
12-10 11:05:06.965 D/STATUSBAR-IconMerger( 1133): checkOverflow(72), More:true, Req:true Child:2
12-10 11:05:07.895 D/STATUSBAR-NetworkController( 1133): onSignalStrengthsChanged signalStrength=SignalStrength: 99 99 -102 -160 -112 -80 1 99 2147483647 2147483647 2147483647 -1 2147483647 cdma 0x210 level=2
12-10 11:05:07.975 D/STATUSBAR-NetworkController( 1133): refreshSignalCluster: data=2 bt=false
12-10 11:05:07.995 D/STATUSBAR-IconMerger( 1133): checkOverflow(72), More:true, Req:true Child:2
12-10 11:05:08.065 D/STATUSBAR-NetworkController( 1133): onSignalStrengthsChanged signalStrength=SignalStrength: 99 99 -103 -160 -112 -80 1 99 2147483647 2147483647 2147483647 -1 2147483647 cdma 0x210 level=2
12-10 11:05:08.445 D/STATUSBAR-NetworkController( 1133): onSignalStrengthsChanged signalStrength=SignalStrength: 99 99 -105 -170 -112 -80 1 99 2147483647 2147483647 2147483647 -1 2147483647 cdma 0x210 level=2
12-10 11:05:09.975 D/STATUSBAR-NetworkController( 1133): refreshSignalCluster: data=2 bt=false
12-10 11:05:09.985 D/STATUSBAR-IconMerger( 1133): checkOverflow(72), More:true, Req:true Child:2
12-10 11:05:10.305 D/STATUSBAR-NetworkController( 1133): onSignalStrengthsChanged signalStrength=SignalStrength: 99 99 -105 -190 -112 -80 1 99 2147483647 2147483647 2147483647 -1 2147483647 cdma 0x210 level=2
12-10 11:05:10.655 V/AlarmManager( 722): waitForAlarm result :2
12-10 11:05:11.125 D/InputManager( 722): notifySwitch: values=2000000, mask=2000000
12-10 11:05:11.975 D/PowerManagerService( 722): [api] userActivityFromNative : 60 (event: 2 flags: 0)
12-10 11:05:11.975 V/WindowManager( 722): Window{43d87888 u0 Keyguard}mOrientationRequetedFromKeyguard=false
12-10 11:05:11.985 D/STATUSBAR-NetworkController( 1133): refreshSignalCluster: data=2 bt=false
12-10 11:05:11.995 V/WindowManager( 722): Window{43d87888 u0 Keyguard}mOrientationRequetedFromKeyguard=false
12-10 11:05:11.995 D/STATUSBAR-IconMerger( 1133): checkOverflow(72), More:true, Req:true Child:2
12-10 11:05:12.015 V/WindowManager( 722): Window{43d87888 u0 Keyguard}mOrientationRequetedFromKeyguard=false
12-10 11:05:12.265 V/WindowManager( 722): Window{43d87888 u0 Keyguard}mOrientationRequetedFromKeyguard=false
12-10 11:05:12.315 D/STATUSBAR-StatusBarManagerService( 722): sendNotification(1) - 17041110
12-10 11:05:12.335 D/STATUSBAR-StatusBarManagerService( 722): sendNotification(2) - 17041110
12-10 11:05:12.335 V/WindowManager( 722): Window{43d87888 u0 Keyguard}mOrientationRequetedFromKeyguard=false
12-10 11:05:12.365 D/STATUSBAR-IconMerger( 1133): checkOverflow(72), More:true, Req:true Child:3
12-10 11:05:12.455 D/STATUSBAR-NetworkController( 1133): onSignalStrengthsChanged signalStrength=SignalStrength: 99 99 -103 -140 -112 -80 1 99 2147483647 2147483647 2147483647 -1 2147483647 cdma 0x210 level=2
12-10 11:05:12.535 D/STATUSBAR-NetworkController( 1133): onSignalStrengthsChanged signalStrength=SignalStrength: 99 99 -103 -140 -112 -80 1 99 2147483647 2147483647 2147483647 -1 2147483647 cdma 0x210 level=2
12-10 11:05:12.595 V/AlarmManager( 722): waitForAlarm result :2
12-10 11:05:13.005 D/InputManager( 722): notifySwitch: values=2000000, mask=2000000
12-10 11:05:13.255 V/AlarmManager( 722): waitForAlarm result :2
12-10 11:05:13.315 V/VibratorService( 722): vibrateImmVibePatternMagnitudeType - package: com.sec.android.inputmethod, magnitudeType: TouchMagnitude
12-10 11:05:13.325 V/WindowManager( 722): Window{43d87888 u0 Keyguard}mOrientationRequetedFromKeyguard=false
12-10 11:05:13.535 V/WindowManager( 722): Window{43d87888 u0 Keyguard}mOrientationRequetedFromKeyguard=false
12-10 11:05:13.565 V/WindowManager( 722): Window{43d87888 u0 Keyguard}mOrientationRequetedFromKeyguard=false
12-10 11:05:13.665 V/WindowManager( 722): Window{43d87888 u0 Keyguard}mOrientationRequetedFromKeyguard=false
12-10 11:05:13.725 V/VibratorService( 722): vibrateImmVibePatternMagnitudeType - package: com.sec.android.inputmethod, magnitudeType: TouchMagnitude
12-10 11:05:13.875 V/WindowManager( 722): Window{43d87888 u0 Keyguard}mOrientationRequetedFromKeyguard=false
12-10 11:05:13.895 V/WindowManager( 722): Window{43d87888 u0 Keyguard}mOrientationRequetedFromKeyguard=false
12-10 11:05:13.995 D/STATUSBAR-NetworkController( 1133): refreshSignalCluster: data=2 bt=false
12-10 11:05:14.005 D/STATUSBAR-IconMerger( 1133): checkOverflow(72), More:true, Req:true Child:3
12-10 11:05:14.285 V/VibratorService( 722): vibrateImmVibePatternMagnitudeType - package: com.sec.android.inputmethod, magnitudeType: TouchMagnitude
12-10 11:05:14.405 D/STATUSBAR-StatusBarManagerService( 722): sendNotification(3) - 17041110
12-10 11:05:14.405 D/LightsService( 722): [api] [SvcLED] turnOff:: id = 4 (uid: 1000 pid: 722)
12-10 11:05:14.405 D/LightsService( 722): [SvcLED] setSvcLedStateLocked:: SvcLEDState : 0x0 -> 0x0 | SvcLED(id=4) set Off
12-10 11:05:14.405 D/LightsService( 722): [SvcLED] Lux failed to be updated in 700ms. -> handleForcedSvcLEDTasK
12-10 11:05:14.405 D/LightsService( 722): [SvcLED] setSvcLedLightLocked :: Current SvcLED(id=4) maintains its priority right
12-10 11:05:14.405 D/PhoneStatusBar( 1133): removeNotification key=android.os.BinderProxy@45c1b598 old=StatusBarNotification(pkg=android user=UserHandle{-1} id=17041110 tag=null score=0: Notification(pri=0 icon=1080452 contentView=android/0x10900b5 vibrate=null sound=null defaults=0x0 flags=0x1002 when=0 ledARGB=0x0 contentIntent=Y deleteIntent=N contentTitle=Select input method contentText=Samsung keyboard tickerText=N kind=[android.system.imeswitcher]))
12-10 11:05:14.425 D/STATUSBAR-IconMerger( 1133): checkOverflow(72), More:true, Req:true Child:2
12-10 11:05:14.445 D/STATUSBAR-NetworkController( 1133): onSignalStrengthsChanged signalStrength=SignalStrength: 99 99 -104 -170 -117 -120 -1 99 2147483647 2147483647 2147483647 -1 2147483647 cdma 0x110 level=1
12-10 11:05:14.445 D/STATUSBAR-NetworkController( 1133): refreshSignalCluster: data=2 bt=false
12-10 11:05:14.485 D/STATUSBAR-IconMerger( 1133): checkOverflow(72), More:true, Req:true Child:2
12-10 11:05:14.515 D/STATUSBAR-NetworkController( 1133): onSignalStrengthsChanged signalStrength=SignalStrength: 99 99 -104 -170 -117 -120 -1 99 2147483647 2147483647 2147483647 -1 2147483647 cdma 0x110 level=1
12-10 11:05:14.545 V/WindowManager( 722): Window{43d87888 u0 Keyguard}mOrientationRequetedFromKeyguard=false
12-10 11:05:14.775 D/STATUSBAR-NetworkController( 1133): onSignalStrengthsChanged signalStrength=SignalStrength: 99 99 -103 -160 -111 -95 1 99 2147483647 2147483647 2147483647 -1 2147483647 cdma 0x210 level=2
12-10 11:05:14.785 D/STATUSBAR-NetworkController( 1133): refreshSignalCluster: data=2 bt=false
12-10 11:05:14.805 D/STATUSBAR-IconMerger( 1133): checkOverflow(72), More:true, Req:true Child:2
12-10 11:05:14.815 D/STATUSBAR-NetworkController( 1133): onSignalStrengthsChanged signalStrength=SignalStrength: 99 99 -103 -160 -111 -95 1 99 2147483647 2147483647 2147483647 -1 2147483647 cdma 0x210 level=2
12-10 11:05:14.885 V/WindowManager( 722): Window{43d87888 u0 Keyguard}mOrientationRequetedFromKeyguard=false
12-10 11:05:15.485 D/InputManager( 722): notifySwitch: values=2000000, mask=2000000
12-10 11:05:16.495 D/PowerManagerService( 722): [api] userActivityFromNative : 70 (event: 0 flags: 0)
12-10 11:05:16.895 V/AlarmManager( 722): waitForAlarm result :2
12-10 11:05:16.995 D/STATUSBAR-NetworkController( 1133): refreshSignalCluster: data=2 bt=false
12-10 11:05:17.005 D/STATUSBAR-IconMerger( 1133): checkOverflow(72), More:true, Req:true Child:2
12-10 11:05:17.015 D/STATUSBAR-NetworkController( 1133): onSignalStrengthsChanged signalStrength=SignalStrength: 99 99 -104 -140 -112 -100 -1 99 2147483647 2147483647 2147483647 -1 2147483647 cdma 0x110 level=1
12-10 11:05:17.025 D/STATUSBAR-NetworkController( 1133): refreshSignalCluster: data=2 bt=false
12-10 11:05:17.025 D/STATUSBAR-IconMerger( 1133): checkOverflow(72), More:true, Req:true Child:2
12-10 11:05:17.035 D/STATUSBAR-NetworkController( 1133): onSignalStrengthsChanged signalStrength=SignalStrength: 99 99 -104 -140 -112 -100 -1 99 2147483647 2147483647 2147483647 -1 2147483647 cdma 0x110 level=1
12-10 11:05:17.085 D/BatteryService( 722): update start
12-10 11:05:17.085 D/BatteryService( 722): level:85, scale:100, status:3, health:2, present:true, voltage: 3971, temperature: 282, technology: Li-ion, AC powered:false, USB powered:false, Wireless powered:false, icon:17303549, invalid charger:0, online:1, charge type:0, current avg:450
12-10 11:05:17.085 D/BatteryService( 722): Sending ACTION_BATTERY_CHANGED.
12-10 11:05:17.095 D/STATUSBAR-BatteryController( 1133): onReceive() - ACTION_BATTERY_CHANGED
12-10 11:05:17.095 D/STATUSBAR-BatteryController( 1133): onReceive() - BATTERY_STATUS_DISCHARGING: tw_stat_sys_battery
12-10 11:05:17.095 D/STATUSBAR-PhoneStatusBar( 1133): mBrightnessEnablebySettings = true mBrightnessEnablebyBattery = true mBrightnessEnablebyDisableFlag = true
12-10 11:05:17.105 D/STATUSBAR-IconMerger( 1133): checkOverflow(72), More:true, Req:true Child:2
12-10 11:05:17.155 D/STATUSBAR-NetworkController( 1133): onSignalStrengthsChanged signalStrength=SignalStrength: 99 99 -105 -140 -112 -100 -1 99 2147483647 2147483647 2147483647 -1 2147483647 cdma 0x110 level=1
12-10 11:05:17.445 D/STATUSBAR-NetworkController( 1133): onSignalStrengthsChanged signalStrength=SignalStrength: 99 99 -104 -140 -111 -100 1 99 2147483647 2147483647 2147483647 -1 2147483647 cdma 0x210 level=2
12-10 11:05:17.445 D/STATUSBAR-NetworkController( 1133): refreshSignalCluster: data=2 bt=false
12-10 11:05:17.455 D/STATUSBAR-IconMerger( 1133): checkOverflow(72), More:true, Req:true Child:2
12-10 11:05:17.475 D/STATUSBAR-NetworkController( 1133): onSignalStrengthsChanged signalStrength=SignalStrength: 99 99 -104 -140 -111 -100 1 99 2147483647 2147483647 2147483647 -1 2147483647 cdma 0x210 level=2
12-10 11:05:17.605 E/Watchdog( 722): !@Sync 14615
12-10 11:05:18.005 D/STATUSBAR-NetworkController( 1133): refreshSignalCluster: data=2 bt=false
12-10 11:05:18.015 D/STATUSBAR-IconMerger( 1133): checkOverflow(72), More:true, Req:true Child:2
12-10 11:05:18.165 D/STATUSBAR-NetworkController( 1133): onSignalStrengthsChanged signalStrength=SignalStrength: 99 99 -104 -140 -111 -100 1 99 2147483647 2147483647 2147483647 -1 2147483647 cdma 0x210 level=2
12-10 11:05:18.525 D/STATUSBAR-NetworkController( 1133): onSignalStrengthsChanged signalStrength=SignalStrength: 99 99 -104 -140 -111 -100 1 99 2147483647 2147483647 2147483647 -1 2147483647 cdma 0x210 level=2
12-10 11:05:18.535 D/STATUSBAR-NetworkController( 1133): onSignalStrengthsChanged signalStrength=SignalStrength: 99 99 -104 -140 -111 -100 1 99 2147483647 2147483647 2147483647 -1 2147483647 cdma 0x210 level=2
12-10 11:05:19.005 D/STATUSBAR-NetworkController( 1133): refreshSignalCluster: data=2 bt=false
12-10 11:05:19.015 D/STATUSBAR-IconMerger( 1133): checkOverflow(72), More:true, Req:true Child:2
12-10 11:05:19.255 D/STATUSBAR-NetworkController( 1133): onSignalStrengthsChanged signalStrength=SignalStrength: 99 99 -104 -140 -111 -90 1 99 2147483647 2147483647 2147483647 -1 2147483647 cdma 0x210 level=2
12-10 11:05:20.445 D/STATUSBAR-NetworkController( 1133): onSignalStrengthsChanged signalStrength=SignalStrength: 99 99 -104 -140 -111 -90 1 99 2147483647 2147483647 2147483647 -1 2147483647 cdma 0x210 level=2
12-10 11:05:21.015 D/STATUSBAR-NetworkController( 1133): refreshSignalCluster: data=2 bt=false
12-10 11:05:21.045 D/STATUSBAR-IconMerger( 1133): checkOverflow(72), More:true, Req:true Child:2
12-10 11:05:21.455 D/STATUSBAR-NetworkController( 1133): onSignalStrengthsChanged signalStrength=SignalStrength: 99 99 -120 -160 -111 -90 1 99 2147483647 2147483647 2147483647 -1 2147483647 cdma 0x200 level=2
12-10 11:05:21.595 D/STATUSBAR-NetworkController( 1133): onServiceStateChanged state=0
12-10 11:05:21.595 D/StatusBar.NetworkController( 1133): getDataServiceState : dataServiceState = 0
12-10 11:05:21.595 D/STATUSBAR-NetworkController( 1133): isCdma(), !isCdmaEri(), mRoamingIconId = 0
12-10 11:05:21.605 D/STATUSBAR-NetworkController( 1133): isCdmaLTE - mSimStateUNKNOWN
12-10 11:05:21.605 D/STATUSBAR-AirplaneModeQuickSettingButton( 1133): mPhoneStateListener - inAirplaneMode: false
12-10 11:05:21.625 D/KeyguardClockWidgetService(11126): onReceive action=android.intent.action.TIMEZONE_CHANGED
12-10 11:05:21.645 D/STATUSBAR-IconMerger( 1133): checkOverflow(72), More:true, Req:true Child:2
12-10 11:05:21.665 D/STATUSBAR-NetworkController( 1133): onReceive() - SPN_STRINGS_UPDATED_ACTION
12-10 11:05:21.675 D/KeyguardClockWidgetProvider(11126): refreshSingleClock :{Home} Hour = 11, Min = 05
12-10 11:05:21.695 D/KeyguardClockWidgetProvider(11126): desc Message = It is 11:5 AM
12-10 11:05:21.775 D/KeyguardClockWidgetProvider(11126): onReceive action=android.intent.action.TIMEZONE_CHANGED
12-10 11:05:21.775 D/KeyguardClockWidgetProvider(11126): refreshSingleClock :{Home} Hour = 11, Min = 05
12-10 11:05:21.785 D/KeyguardClockWidgetProvider(11126): desc Message = It is 11:5 AM
12-10 11:05:23.515 D/STATUSBAR-NetworkController( 1133): onSignalStrengthsChanged signalStrength=SignalStrength: 99 99 -120 -160 -110 -65 1 99 2147483647 2147483647 2147483647 -1 2147483647 cdma 0x200 level=2
12-10 11:05:23.585 D/STATUSBAR-NetworkController( 1133): onSignalStrengthsChanged signalStrength=SignalStrength: 99 99 -120 -160 -110 -65 1 99 2147483647 2147483647 2147483647 -1 2147483647 cdma 0x200 level=2
12-10 11:05:23.595 D/STATUSBAR-NetworkController( 1133): onSignalStrengthsChanged signalStrength=SignalStrength: 99 99 -105 -160 -110 -65 1 99 2147483647 2147483647 2147483647 -1 2147483647 cdma 0x210 level=2
12-10 11:05:23.635 D/STATUSBAR-NetworkController( 1133): onSignalStrengthsChanged signalStrength=SignalStrength: 99 99 -105 -160 -110 -65 1 99 2147483647 2147483647 2147483647 -1 2147483647 cdma 0x210 level=2
12-10 11:05:23.645 D/STATUSBAR-NetworkController( 1133): onSignalStrengthsChanged signalStrength=SignalStrength: 99 99 -105 -160 -110 -65 1 99 2147483647 2147483647 2147483647 -1 2147483647 cdma 0x210 level=2
12-10 11:05:23.685 D/KeyguardClockWidgetService(11126): onReceive action=android.intent.action.TIMEZONE_CHANGED
12-10 11:05:23.685 D/KeyguardClockWidgetProvider(11126): refreshSingleClock :{Home} Hour = 11, Min = 05
12-10 11:05:23.695 D/KeyguardClockWidgetProvider(11126): desc Message = It is 11:5 AM
12-10 11:05:23.705 D/STATUSBAR-IconMerger( 1133): checkOverflow(72), More:true, Req:true Child:2
12-10 11:05:23.715 D/STATUSBAR-NetworkController( 1133): onServiceStateChanged state=0
12-10 11:05:23.715 D/StatusBar.NetworkController( 1133): getDataServiceState : dataServiceState = 0
12-10 11:05:23.715 D/STATUSBAR-NetworkController( 1133): isCdma(), !isCdmaEri(), mRoamingIconId = 0
12-10 11:05:23.715 D/STATUSBAR-NetworkController( 1133): isCdmaLTE - mSimStateUNKNOWN
12-10 11:05:23.725 D/STATUSBAR-AirplaneModeQuickSettingButton( 1133): mPhoneStateListener - inAirplaneMode: false
12-10 11:05:23.725 D/STATUSBAR-NetworkController( 1133): onReceive() - SPN_STRINGS_UPDATED_ACTION
12-10 11:05:23.745 D/STATUSBAR-NetworkController( 1133): onSignalStrengthsChanged signalStrength=SignalStrength: 99 99 -103 -150 -110 -65 1 99 2147483647 2147483647 2147483647 -1 2147483647 cdma 0x210 level=2
12-10 11:05:23.785 D/KeyguardClockWidgetProvider(11126): onReceive action=android.intent.action.TIMEZONE_CHANGED
12-10 11:05:23.785 D/KeyguardClockWidgetProvider(11126): refreshSingleClock :{Home} Hour = 11, Min = 05
12-10 11:05:23.795 D/KeyguardClockWidgetProvider(11126): desc Message = It is 11:5 AM
12-10 11:05:25.925 D/STATUSBAR-NetworkController( 1133): onSignalStrengthsChanged signalStrength=SignalStrength: 99 99 -105 -160 -110 -65 1 99 2147483647 2147483647 2147483647 -1 2147483647 cdma 0x210 level=2
12-10 11:05:25.985 D/STATUSBAR-NetworkController( 1133): onSignalStrengthsChanged signalStrength=SignalStrength: 99 99 -105 -160 -110 -65 1 99 2147483647 2147483647 2147483647 -1 2147483647 cdma 0x210 level=2
12-10 11:05:26.055 D/STATUSBAR-NetworkController( 1133): refreshSignalCluster: data=2 bt=false
12-10 11:05:26.075 D/STATUSBAR-IconMerger( 1133): checkOverflow(72), More:true, Req:true Child:2
12-10 11:05:26.455 D/STATUSBAR-NetworkController( 1133): onSignalStrengthsChanged signalStrength=SignalStrength: 99 99 -105 -160 -110 -65 1 99 2147483647 2147483647 2147483647 -1 2147483647 cdma 0x210 level=2
12-10 11:05:26.905 V/AlarmManager( 722): waitForAlarm result :4
12-10 11:05:26.915 V/AlarmManager( 722): trigger ELAPSED_REALTIME_WAKEUP or RTC_WAKEUP
12-10 11:05:27.065 D/STATUSBAR-NetworkController( 1133): refreshSignalCluster: data=2 bt=false
12-10 11:05:27.095 D/STATUSBAR-IconMerger( 1133): checkOverflow(72), More:true, Req:true Child:2
12-10 11:05:28.055 D/STATUSBAR-NetworkController( 1133): onSignalStrengthsChanged signalStrength=SignalStrength: 99 99 -105 -130 -110 -65 1 99 2147483647 2147483647 2147483647 -1 2147483647 cdma 0x210 level=2
12-10 11:05:28.095 D/STATUSBAR-NetworkController( 1133): refreshSignalCluster: data=2 bt=false
12-10 11:05:28.135 D/STATUSBAR-IconMerger( 1133): checkOverflow(72), More:true, Req:true Child:2
12-10 11:05:28.235 D/STATUSBAR-NetworkController( 1133): onSignalStrengthsChanged signalStrength=SignalStrength: 99 99 -103 -150 -110 -65 1 99 2147483647 2147483647 2147483647 -1 2147483647 cdma 0x210 level=2
12-10 11:05:28.875 D/STATUSBAR-NetworkController( 1133): onSignalStrengthsChanged signalStrength=SignalStrength: 99 99 -105 -140 -108 -65 1 99 2147483647 2147483647 2147483647 -1 2147483647 cdma 0x210 level=2
12-10 11:05:29.455 D/STATUSBAR-NetworkController( 1133): onSignalStrengthsChanged signalStrength=SignalStrength: 99 99 -105 -140 -108 -65 1 99 2147483647 2147483647 2147483647 -1 2147483647 cdma 0x210 level=2
12-10 11:05:30.105 D/InputManager( 722): notifySwitch: values=2000000, mask=2000000
12-10 11:05:30.455 D/STATUSBAR-NetworkController( 1133): onSignalStrengthsChanged signalStrength=SignalStrength: 99 99 -99 -200 -108 -65 1 99 2147483647 2147483647 2147483647 -1 2147483647 cdma 0x210 level=2
12-10 11:05:30.965 V/AlarmManager( 722): waitForAlarm result :2
12-10 11:05:31.125 D/STATUSBAR-NetworkController( 1133): refreshSignalCluster: data=2 bt=false
12-10 11:05:31.125 D/PowerManagerService( 722): [api] userActivityFromNative : 80 (event: 0 flags: 0)
12-10 11:05:31.135 D/STATUSBAR-IconMerger( 1133): checkOverflow(72), More:true, Req:true Child:2
12-10 11:05:31.545 V/AlarmManager( 722): waitForAlarm result :8
12-10 11:05:32.125 D/STATUSBAR-NetworkController( 1133): refreshSignalCluster: data=2 bt=false
12-10 11:05:32.145 D/STATUSBAR-IconMerger( 1133): checkOverflow(72), More:true, Req:true Child:2
12-10 11:05:32.455 D/STATUSBAR-NetworkController( 1133): onSignalStrengthsChanged signalStrength=SignalStrength: 99 99 -100 -190 -108 -65 1 99 2147483647 2147483647 2147483647 -1 2147483647 cdma 0x210 level=2
12-10 11:05:32.715 D/STATUSBAR-NetworkController( 1133): onSignalStrengthsChanged signalStrength=SignalStrength: 99 99 -105 -190 -108 -65 1 99 2147483647 2147483647 2147483647 -1 2147483647 cdma 0x210 level=2
12-10 11:05:33.135 D/STATUSBAR-NetworkController( 1133): refreshSignalCluster: data=2 bt=false
12-10 11:05:33.165 D/STATUSBAR-IconMerger( 1133): checkOverflow(72), More:true, Req:true Child:2
12-10 11:05:33.835 D/STATUSBAR-NetworkController( 1133): onSignalStrengthsChanged signalStrength=SignalStrength: 99 99 -105 -130 -109 -85 1 99 2147483647 2147483647 2147483647 -1 2147483647 cdma 0x210 level=2
12-10 11:05:34.065 W/ActivityManager( 722): Permission denied: checkComponentPermission() owningUid=10034
12-10 11:05:34.065 W/ActivityManager( 722): Permission denied: checkComponentPermission() owningUid=10034
12-10 11:05:34.075 W/ActivityManager( 722): Permission denied: checkComponentPermission() owningUid=10034
12-10 11:05:34.075 W/ActivityManager( 722): Permission denied: checkComponentPermission() owningUid=10034
12-10 11:05:34.965 D/STATUSBAR-NetworkController( 1133): onSignalStrengthsChanged signalStrength=SignalStrength: 99 99 -105 -140 -109 -85 1 99 2147483647 2147483647 2147483647 -1 2147483647 cdma 0x210 level=2
12-10 11:05:35.205 D/STATUSBAR-NetworkController( 1133): onSignalStrengthsChanged signalStrength=SignalStrength: 99 99 -105 -140 -109 -85 1 99 2147483647 2147483647 2147483647 -1 2147483647 cdma 0x210 level=2
12-10 11:05:35.385 V/AlarmManager( 722): waitForAlarm result :2
12-10 11:05:35.455 D/STATUSBAR-NetworkController( 1133): onSignalStrengthsChanged signalStrength=SignalStrength: 99 99 -105 -150 -109 -85 1 99 2147483647 2147483647 2147483647 -1 2147483647 cdma 0x210 level=2
12-10 11:05:36.165 D/STATUSBAR-NetworkController( 1133): refreshSignalCluster: data=2 bt=false
12-10 11:05:36.185 D/STATUSBAR-IconMerger( 1133): checkOverflow(72), More:true, Req:true Child:2
12-10 11:05:36.905 V/AlarmManager( 722): waitForAlarm result :2
12-10 11:05:36.925 V/AlarmManager( 722): waitForAlarm result :2
12-10 11:05:37.155 D/STATUSBAR-NetworkController( 1133): refreshSignalCluster: data=2 bt=false
12-10 11:05:37.205 D/STATUSBAR-IconMerger( 1133): checkOverflow(72), More:true, Req:true Child:2
12-10 11:05:37.225 D/STATUSBAR-NetworkController( 1133): onSignalStrengthsChanged signalStrength=SignalStrength: 99 99 -102 -210 -109 -85 1 99 2147483647 2147483647 2147483647 -1 2147483647 cdma 0x210 level=2
12-10 11:05:38.215 D/STATUSBAR-NetworkController( 1133): refreshSignalCluster: data=2 bt=false
12-10 11:05:38.255 D/STATUSBAR-IconMerger( 1133): checkOverflow(72), More:true, Req:true Child:2
12-10 11:05:38.455 D/STATUSBAR-NetworkController( 1133): onSignalStrengthsChanged signalStrength=SignalStrength: 99 99 -99 -200 -109 -85 1 99 2147483647 2147483647 2147483647 -1 2147483647 cdma 0x210 level=2
12-10 11:05:39.265 D/STATUSBAR-NetworkController( 1133): refreshSignalCluster: data=2 bt=false
12-10 11:05:39.295 D/STATUSBAR-IconMerger( 1133): checkOverflow(72), More:true, Req:true Child:2
12-10 11:05:39.435 D/STATUSBAR-NetworkController( 1133): onSignalStrengthsChanged signalStrength=SignalStrength: 99 99 -103 -180 -109 -85 1 99 2147483647 2147483647 2147483647 -1 2147483647 cdma 0x210 level=2
12-10 11:05:41.455 D/STATUSBAR-NetworkController( 1133): onSignalStrengthsChanged signalStrength=SignalStrength: 99 99 -99 -210 -108 -65 1 99 2147483647 2147483647 2147483647 -1 2147483647 cdma 0x210 level=2
12-10 11:05:41.665 D/STATUSBAR-NetworkController( 1133): onSignalStrengthsChanged signalStrength=SignalStrength: 99 99 -99 -220 -108 -65 1 99 2147483647 2147483647 2147483647 -1 2147483647 cdma 0x210 level=2
12-10 11:05:43.325 D/STATUSBAR-NetworkController( 1133): refreshSignalCluster: data=2 bt=false
12-10 11:05:43.355 D/STATUSBAR-IconMerger( 1133): checkOverflow(72), More:true, Req:true Child:2
12-10 11:05:43.915 D/STATUSBAR-NetworkController( 1133): onSignalStrengthsChanged signalStrength=SignalStrength: 99 99 -105 -140 -108 -55 1 99 2147483647 2147483647 2147483647 -1 2147483647 cdma 0x210 level=2
12-10 11:05:44.135 D/STATUSBAR-NetworkController( 1133): onSignalStrengthsChanged signalStrength=SignalStrength: 99 99 -105 -130 -108 -55 1 99 2147483647 2147483647 2147483647 -1 2147483647 cdma 0x210 level=2
12-10 11:05:44.375 D/STATUSBAR-NetworkController( 1133): refreshSignalCluster: data=2 bt=false
12-10 11:05:44.405 D/STATUSBAR-IconMerger( 1133): checkOverflow(72), More:true, Req:true Child:2
12-10 11:05:44.455 D/STATUSBAR-NetworkController( 1133): onSignalStrengthsChanged signalStrength=SignalStrength: 99 99 -105 -120 -108 -55 1 99 2147483647 2147483647 2147483647 -1 2147483647 cdma 0x210 level=2
12-10 11:05:44.595 D/STATUSBAR-NetworkController( 1133): onSignalStrengthsChanged signalStrength=SignalStrength: 99 99 -105 -120 -108 -55 1 99 2147483647 2147483647 2147483647 -1 2147483647 cdma 0x210 level=2
12-10 11:05:44.605 V/AlarmManager( 722): waitForAlarm result :2
12-10 11:05:45.145 V/AlarmManager( 722): waitForAlarm result :2
12-10 11:05:45.415 D/STATUSBAR-NetworkController( 1133): refreshSignalCluster: data=2 bt=false
12-10 11:05:45.445 D/STATUSBAR-IconMerger( 1133): checkOverflow(72), More:true, Req:true Child:2
12-10 11:05:46.155 D/STATUSBAR-NetworkController( 1133): onSignalStrengthsChanged signalStrength=SignalStrength: 99 99 -104 -190 -108 -55 1 99 2147483647 2147483647 2147483647 -1 2147483647 cdma 0x210 level=2
12-10 11:05:47.165 D/BatteryService( 722): update start
12-10 11:05:47.175 D/BatteryService( 722): level:85, scale:100, status:3, health:2, present:true, voltage: 4062, temperature: 282, technology: Li-ion, AC powered:false, USB powered:false, Wireless powered:false, icon:17303549, invalid charger:0, online:1, charge type:0, current avg:450
12-10 11:05:47.175 D/BatteryService( 722): Sending ACTION_BATTERY_CHANGED.
12-10 11:05:47.185 D/STATUSBAR-BatteryController( 1133): onReceive() - ACTION_BATTERY_CHANGED
12-10 11:05:47.185 D/STATUSBAR-BatteryController( 1133): onReceive() - BATTERY_STATUS_DISCHARGING: tw_stat_sys_battery
12-10 11:05:47.225 D/STATUSBAR-IconMerger( 1133): checkOverflow(72), More:true, Req:true Child:2
12-10 11:05:47.265 D/STATUSBAR-PhoneStatusBar( 1133): mBrightnessEnablebySettings = true mBrightnessEnablebyBattery = true mBrightnessEnablebyDisableFlag = true
