12-10 11:36:51.413 I/CAE ( 722): parse(SensorHubParserProvider.java:147) - 1, 1, 23, 3,
12-10 11:36:51.413 D/CAE ( 722): display(ContextProvider.java:553) - ================= TEST_FLAT_MOTION =================
12-10 11:36:51.423 I/CAE ( 722): display(ContextProvider.java:569) - Action=[3]
12-10 11:36:51.423 V/StagefrightPlayer( 311): getCurrentPosition
12-10 11:36:51.423 D/SContextService( 722): updateSContext() : event = Test Flat Motion
12-10 11:36:51.423 D/MotionRecognitionService( 722): getTurnOverMotionContext : event = 3
12-10 11:36:51.423 I/MotionRecognitionService( 722): backoffstate = 0
12-10 11:36:51.423 D/MotionRecognitionService( 722): POWER_DEFAULT
12-10 11:36:51.433 V/AudioSessionOutALSA( 311): Timestamp returned = 186477666
12-10 11:36:51.433 V/MediaPlayer-JNI(22137): getCurrentPosition: 186478 (msec)
12-10 11:36:51.433 D/ProgressBar(22137): setProgress = 1864
12-10 11:36:51.433 D/ProgressBar(22137): setProgress = 1864, fromUser = false
12-10 11:36:51.433 D/ProgressBar(22137): mProgress = 1863mIndeterminate = false, mMin = 0, mMax = 2750
12-10 11:36:51.453 V/StagefrightPlayer( 311): getCurrentPosition
12-10 11:36:51.463 V/AudioSessionOutALSA( 311): Timestamp returned = 186509666
12-10 11:36:51.463 V/MediaPlayer-JNI(22137): getCurrentPosition: 186510 (msec)
12-10 11:36:51.553 V/StagefrightPlayer( 311): getCurrentPosition
12-10 11:36:51.563 V/AudioSessionOutALSA( 311): Timestamp returned = 186605666
12-10 11:36:51.563 V/MediaPlayer-JNI(22137): getCurrentPosition: 186606 (msec)
12-10 11:36:51.563 D/ProgressBar(22137): setProgress = 1866
12-10 11:36:51.563 D/ProgressBar(22137): setProgress = 1866, fromUser = false
12-10 11:36:51.563 D/ProgressBar(22137): mProgress = 1864mIndeterminate = false, mMin = 0, mMax = 2750
12-10 11:36:51.563 V/StagefrightPlayer( 311): getCurrentPosition
12-10 11:36:51.583 V/AudioSessionOutALSA( 311): Timestamp returned = 186616333
12-10 11:36:51.583 V/MediaPlayer-JNI(22137): getCurrentPosition: 186616 (msec)
12-10 11:36:51.663 V/StagefrightPlayer( 311): getCurrentPosition
12-10 11:36:51.683 V/AudioSessionOutALSA( 311): Timestamp returned = 186712333
12-10 11:36:51.683 V/MediaPlayer-JNI(22137): getCurrentPosition: 186712 (msec)
12-10 11:36:51.683 D/ProgressBar(22137): setProgress = 1867
12-10 11:36:51.683 D/ProgressBar(22137): setProgress = 1867, fromUser = false
12-10 11:36:51.683 D/ProgressBar(22137): mProgress = 1866mIndeterminate = false, mMin = 0, mMax = 2750
12-10 11:36:51.683 V/StagefrightPlayer( 311): getCurrentPosition
12-10 11:36:51.693 V/AudioSessionOutALSA( 311): Timestamp returned = 186733666
12-10 11:36:51.693 V/MediaPlayer-JNI(22137): getCurrentPosition: 186734 (msec)
12-10 11:36:51.703 V/StagefrightPlayer( 311): getCurrentPosition
12-10 11:36:51.713 V/AudioSessionOutALSA( 311): Timestamp returned = 186755000
12-10 11:36:51.713 V/MediaPlayer-JNI(22137): getCurrentPosition: 186755 (msec)
12-10 11:36:51.783 V/StagefrightPlayer( 311): getCurrentPosition
12-10 11:36:51.793 V/AudioSessionOutALSA( 311): Timestamp returned = 186840333
12-10 11:36:51.793 V/MediaPlayer-JNI(22137): getCurrentPosition: 186840 (msec)
12-10 11:36:51.793 D/ProgressBar(22137): setProgress = 1868
12-10 11:36:51.793 D/ProgressBar(22137): setProgress = 1868, fromUser = false
12-10 11:36:51.793 D/ProgressBar(22137): mProgress = 1867mIndeterminate = false, mMin = 0, mMax = 2750
12-10 11:36:51.793 V/StagefrightPlayer( 311): getCurrentPosition
12-10 11:36:51.803 V/AudioSessionOutALSA( 311): Timestamp returned = 186851000
12-10 11:36:51.803 V/MediaPlayer-JNI(22137): getCurrentPosition: 186851 (msec)
12-10 11:36:51.823 V/StagefrightPlayer( 311): getCurrentPosition
12-10 11:36:51.833 V/AudioSessionOutALSA( 311): Timestamp returned = 186861666
12-10 11:36:51.833 V/MediaPlayer-JNI(22137): getCurrentPosition: 186862 (msec)
12-10 11:36:51.893 V/StagefrightPlayer( 311): getCurrentPosition
12-10 11:36:51.903 V/AudioSessionOutALSA( 311): Timestamp returned = 186947000
12-10 11:36:51.903 V/MediaPlayer-JNI(22137): getCurrentPosition: 186947 (msec)
12-10 11:36:51.903 D/ProgressBar(22137): setProgress = 1869
12-10 11:36:51.903 D/ProgressBar(22137): setProgress = 1869, fromUser = false
12-10 11:36:51.903 D/ProgressBar(22137): mProgress = 1868mIndeterminate = false, mMin = 0, mMax = 2750
12-10 11:36:51.913 V/StagefrightPlayer( 311): getCurrentPosition
12-10 11:36:51.923 V/AudioSessionOutALSA( 311): Timestamp returned = 186968333
12-10 11:36:51.923 V/MediaPlayer-JNI(22137): getCurrentPosition: 186968 (msec)
12-10 11:36:52.013 V/StagefrightPlayer( 311): getCurrentPosition
12-10 11:36:52.023 V/AudioSessionOutALSA( 311): Timestamp returned = 187064333
12-10 11:36:52.023 V/MediaPlayer-JNI(22137): getCurrentPosition: 187064 (msec)
12-10 11:36:52.023 D/ProgressBar(22137): setProgress = 1870
12-10 11:36:52.023 D/ProgressBar(22137): setProgress = 1870, fromUser = false
12-10 11:36:52.023 D/ProgressBar(22137): mProgress = 1869mIndeterminate = false, mMin = 0, mMax = 2750
12-10 11:36:52.023 V/StagefrightPlayer( 311): getCurrentPosition
12-10 11:36:52.043 V/AudioSessionOutALSA( 311): Timestamp returned = 187075000
12-10 11:36:52.043 V/MediaPlayer-JNI(22137): getCurrentPosition: 187075 (msec)
12-10 11:36:52.063 I/Sensors ( 722): ProximitySensor - 0(cm)
12-10 11:36:52.123 V/StagefrightPlayer( 311): getCurrentPosition
12-10 11:36:52.133 V/AudioSessionOutALSA( 311): Timestamp returned = 187171000
12-10 11:36:52.133 V/MediaPlayer-JNI(22137): getCurrentPosition: 187171 (msec)
12-10 11:36:52.143 D/ProgressBar(22137): setProgress = 1871
12-10 11:36:52.143 D/ProgressBar(22137): setProgress = 1871, fromUser = false
12-10 11:36:52.143 D/ProgressBar(22137): mProgress = 1870mIndeterminate = false, mMin = 0, mMax = 2750
12-10 11:36:52.143 V/StagefrightPlayer( 311): getCurrentPosition
12-10 11:36:52.153 V/AudioSessionOutALSA( 311): Timestamp returned = 187192333
12-10 11:36:52.153 V/MediaPlayer-JNI(22137): getCurrentPosition: 187192 (msec)
12-10 11:36:52.193 I/Monitor ( 722): SIOP:: Current AP = 260, CP = 0
12-10 11:36:52.243 V/StagefrightPlayer( 311): getCurrentPosition
12-10 11:36:52.253 V/AudioSessionOutALSA( 311): Timestamp returned = 187299000
12-10 11:36:52.253 V/MediaPlayer-JNI(22137): getCurrentPosition: 187299 (msec)
12-10 11:36:52.253 D/ProgressBar(22137): setProgress = 1872
12-10 11:36:52.253 D/ProgressBar(22137): setProgress = 1872, fromUser = false
12-10 11:36:52.253 D/ProgressBar(22137): mProgress = 1871mIndeterminate = false, mMin = 0, mMax = 2750
12-10 11:36:52.253 V/StagefrightPlayer( 311): getCurrentPosition
12-10 11:36:52.273 V/AudioSessionOutALSA( 311): Timestamp returned = 187309666
12-10 11:36:52.273 V/MediaPlayer-JNI(22137): getCurrentPosition: 187310 (msec)
12-10 11:36:52.353 V/StagefrightPlayer( 311): getCurrentPosition
12-10 11:36:52.373 V/AudioSessionOutALSA( 311): Timestamp returned = 187405666
12-10 11:36:52.373 V/MediaPlayer-JNI(22137): getCurrentPosition: 187406 (msec)
12-10 11:36:52.373 D/ProgressBar(22137): setProgress = 1874
12-10 11:36:52.373 D/ProgressBar(22137): setProgress = 1874, fromUser = false
12-10 11:36:52.373 D/ProgressBar(22137): mProgress = 1872mIndeterminate = false, mMin = 0, mMax = 2750
12-10 11:36:52.373 V/StagefrightPlayer( 311): getCurrentPosition
12-10 11:36:52.383 V/AudioSessionOutALSA( 311): Timestamp returned = 187427000
12-10 11:36:52.383 V/MediaPlayer-JNI(22137): getCurrentPosition: 187427 (msec)
12-10 11:36:52.483 V/StagefrightPlayer( 311): getCurrentPosition
12-10 11:36:52.493 V/AudioSessionOutALSA( 311): Timestamp returned = 187523000
12-10 11:36:52.493 V/MediaPlayer-JNI(22137): getCurrentPosition: 187523 (msec)
12-10 11:36:52.493 D/ProgressBar(22137): setProgress = 1875
12-10 11:36:52.493 D/ProgressBar(22137): setProgress = 1875, fromUser = false
12-10 11:36:52.493 D/ProgressBar(22137): mProgress = 1874mIndeterminate = false, mMin = 0, mMax = 2750
12-10 11:36:52.493 V/StagefrightPlayer( 311): getCurrentPosition
12-10 11:36:52.503 V/AudioSessionOutALSA( 311): Timestamp returned = 187544333
12-10 11:36:52.503 V/MediaPlayer-JNI(22137): getCurrentPosition: 187544 (msec)
12-10 11:36:52.593 V/StagefrightPlayer( 311): getCurrentPosition
12-10 11:36:52.603 V/AudioSessionOutALSA( 311): Timestamp returned = 187651000
12-10 11:36:52.603 V/MediaPlayer-JNI(22137): getCurrentPosition: 187651 (msec)
12-10 11:36:52.603 D/ProgressBar(22137): setProgress = 1876
12-10 11:36:52.603 D/ProgressBar(22137): setProgress = 1876, fromUser = false
12-10 11:36:52.603 D/ProgressBar(22137): mProgress = 1875mIndeterminate = false, mMin = 0, mMax = 2750
12-10 11:36:52.603 V/StagefrightPlayer( 311): getCurrentPosition
12-10 11:36:52.623 V/AudioSessionOutALSA( 311): Timestamp returned = 187651000
12-10 11:36:52.623 V/MediaPlayer-JNI(22137): getCurrentPosition: 187651 (msec)
12-10 11:36:52.683 I/Sensors ( 722): ProximitySensor - 8(cm)
12-10 11:36:52.713 V/StagefrightPlayer( 311): getCurrentPosition
12-10 11:36:52.713 V/AudioSessionOutALSA( 311): pfd[0].revents =1
12-10 11:36:52.713 V/AudioSessionOutALSA( 311): pfd[1].revents =0
12-10 11:36:52.713 V/AudioSessionOutALSA( 311): mAlsaHandle->handle = 0xb77af230
12-10 11:36:52.713 V/AudioSessionOutALSA( 311): After an event occurs
12-10 11:36:52.713 V/AudioSessionOutALSA( 311): mFilledQueue 3
12-10 11:36:52.713 V/AudioSessionOutALSA( 311): Reset mSkipwrite in eventthread entry
12-10 11:36:52.713 V/AudioSessionOutALSA( 311): isBufferAvailable: received a signal to wake up
12-10 11:36:52.713 V/AudioSessionOutALSA( 311): write Empty Queue size() = 1, Filled Queue size() = 3 mReached EOS 0, mEosEventReceived 0 bytes 262080
12-10 11:36:52.713 V/AudioSessionOutALSA( 311): not skipping buffer in write since mSkipWrite = 0, mEmptyQueuesize 1, skip flag -166066003
12-10 11:36:52.713 D/AudioSessionOutALSA( 311): bytes = 262080 , mAlsaHandle->handle->period_size = 262144
12-10 11:36:52.713 D/AudioSessionOutALSA( 311): Copy Metadata = 64, bytes = 262080
12-10 11:36:52.713 V/AudioSessionOutALSA( 311): PCM write before memcpy start
12-10 11:36:52.713 V/AudioSessionOutALSA( 311): PCM write start
12-10 11:36:52.713 V/AudioSessionOutALSA( 311): PCM write complete
12-10 11:36:52.713 D/TunnelPlayer( 311): Fillbuffer after write and seek flag 0
12-10 11:36:52.723 V/AudioSessionOutALSA( 311): Timestamp returned = 187757666
12-10 11:36:52.723 D/TunnelPlayer( 311): FillBuffer: MemBuffer size 262080
12-10 11:36:52.743 V/MediaPlayer-JNI(22137): getCurrentPosition: 187758 (msec)
12-10 11:36:52.743 D/ProgressBar(22137): setProgress = 1877
12-10 11:36:52.773 D/TunnelPlayer( 311): FillBuffer completed bytesToWrite 262080
12-10 11:36:52.773 V/AudioSessionOutALSA( 311): acquiring mDecoderLock in isBufferAvailable()
12-10 11:36:52.773 V/AudioSessionOutALSA( 311): isBufferAvailable Empty Queue size() = 0, Filled Queue size() = 4
12-10 11:36:52.773 V/AudioSessionOutALSA( 311): Write: waiting on mWriteCv
12-10 11:36:52.773 D/ProgressBar(22137): setProgress = 1877, fromUser = false
12-10 11:36:52.773 D/ProgressBar(22137): mProgress = 1876mIndeterminate = false, mMin = 0, mMax = 2750
12-10 11:36:52.773 V/StagefrightPlayer( 311): getCurrentPosition
12-10 11:36:52.783 V/AudioSessionOutALSA( 311): Timestamp returned = 187821666
12-10 11:36:52.783 V/MediaPlayer-JNI(22137): getCurrentPosition: 187822 (msec)
12-10 11:36:52.783 V/StagefrightPlayer( 311): getCurrentPosition
12-10 11:36:52.803 V/AudioSessionOutALSA( 311): Timestamp returned = 187832333
12-10 11:36:52.803 V/MediaPlayer-JNI(22137): getCurrentPosition: 187832 (msec)
12-10 11:36:52.833 V/StagefrightPlayer( 311): getCurrentPosition
12-10 11:36:52.843 V/AudioSessionOutALSA( 311): Timestamp returned = 187885666
12-10 11:36:52.843 V/MediaPlayer-JNI(22137): getCurrentPosition: 187886 (msec)
12-10 11:36:52.873 V/StagefrightPlayer( 311): getCurrentPosition
12-10 11:36:52.883 V/AudioSessionOutALSA( 311): Timestamp returned = 187928333
12-10 11:36:52.883 V/MediaPlayer-JNI(22137): getCurrentPosition: 187928 (msec)
12-10 11:36:52.883 D/ProgressBar(22137): setProgress = 1879
12-10 11:36:52.883 D/ProgressBar(22137): setProgress = 1879, fromUser = false
12-10 11:36:52.883 D/ProgressBar(22137): mProgress = 1877mIndeterminate = false, mMin = 0, mMax = 2750
12-10 11:36:52.893 V/StagefrightPlayer( 311): getCurrentPosition
12-10 11:36:52.903 V/AudioSessionOutALSA( 311): Timestamp returned = 187939000
12-10 11:36:52.903 V/MediaPlayer-JNI(22137): getCurrentPosition: 187939 (msec)
12-10 11:36:52.993 V/StagefrightPlayer( 311): getCurrentPosition
12-10 11:36:53.003 V/AudioSessionOutALSA( 311): Timestamp returned = 188035000
12-10 11:36:53.003 V/MediaPlayer-JNI(22137): getCurrentPosition: 188035 (msec)
12-10 11:36:53.003 D/ProgressBar(22137): setProgress = 1880
12-10 11:36:53.003 D/ProgressBar(22137): setProgress = 1880, fromUser = false
12-10 11:36:53.003 D/ProgressBar(22137): mProgress = 1879mIndeterminate = false, mMin = 0, mMax = 2750
12-10 11:36:53.003 V/StagefrightPlayer( 311): getCurrentPosition
12-10 11:36:53.013 V/AudioSessionOutALSA( 311): Timestamp returned = 188056333
12-10 11:36:53.013 V/MediaPlayer-JNI(22137): getCurrentPosition: 188056 (msec)
12-10 11:36:53.103 V/StagefrightPlayer( 311): getCurrentPosition
12-10 11:36:53.113 V/AudioSessionOutALSA( 311): Timestamp returned = 188152333
12-10 11:36:53.113 V/MediaPlayer-JNI(22137): getCurrentPosition: 188152 (msec)
12-10 11:36:53.113 D/ProgressBar(22137): setProgress = 1881
12-10 11:36:53.113 D/ProgressBar(22137): setProgress = 1881, fromUser = false
12-10 11:36:53.113 D/ProgressBar(22137): mProgress = 1880mIndeterminate = false, mMin = 0, mMax = 2750
12-10 11:36:53.123 V/StagefrightPlayer( 311): getCurrentPosition
12-10 11:36:53.133 V/AudioSessionOutALSA( 311): Timestamp returned = 188173666
12-10 11:36:53.133 V/MediaPlayer-JNI(22137): getCurrentPosition: 188174 (msec)
12-10 11:36:53.193 I/Sensors ( 722): ProximitySensor - 0(cm)
12-10 11:36:53.223 V/StagefrightPlayer( 311): getCurrentPosition
12-10 11:36:53.233 V/AudioSessionOutALSA( 311): Timestamp returned = 188280333
12-10 11:36:53.233 V/MediaPlayer-JNI(22137): getCurrentPosition: 188280 (msec)
12-10 11:36:53.233 D/ProgressBar(22137): setProgress = 1882
12-10 11:36:53.233 D/ProgressBar(22137): setProgress = 1882, fromUser = false
12-10 11:36:53.233 D/ProgressBar(22137): mProgress = 1881mIndeterminate = false, mMin = 0, mMax = 2750
12-10 11:36:53.233 V/StagefrightPlayer( 311): getCurrentPosition
12-10 11:36:53.253 V/AudioSessionOutALSA( 311): Timestamp returned = 188291000
12-10 11:36:53.253 V/MediaPlayer-JNI(22137): getCurrentPosition: 188291 (msec)
12-10 11:36:53.333 V/StagefrightPlayer( 311): getCurrentPosition
12-10 11:36:53.353 V/AudioSessionOutALSA( 311): Timestamp returned = 188387000
12-10 11:36:53.353 V/MediaPlayer-JNI(22137): getCurrentPosition: 188387 (msec)
12-10 11:36:53.353 D/ProgressBar(22137): setProgress = 1883
12-10 11:36:53.353 D/ProgressBar(22137): setProgress = 1883, fromUser = false
12-10 11:36:53.353 D/ProgressBar(22137): mProgress = 1882mIndeterminate = false, mMin = 0, mMax = 2750
12-10 11:36:53.353 V/StagefrightPlayer( 311): getCurrentPosition
12-10 11:36:53.363 V/AudioSessionOutALSA( 311): Timestamp returned = 188408333
12-10 11:36:53.363 V/MediaPlayer-JNI(22137): getCurrentPosition: 188408 (msec)
12-10 11:36:53.453 V/StagefrightPlayer( 311): getCurrentPosition
12-10 11:36:53.463 V/AudioSessionOutALSA( 311): Timestamp returned = 188504333
12-10 11:36:53.463 V/MediaPlayer-JNI(22137): getCurrentPosition: 188504 (msec)
12-10 11:36:53.463 D/ProgressBar(22137): setProgress = 1885
12-10 11:36:53.463 D/ProgressBar(22137): setProgress = 1885, fromUser = false
12-10 11:36:53.463 D/ProgressBar(22137): mProgress = 1883mIndeterminate = false, mMin = 0, mMax = 2750
12-10 11:36:53.463 V/StagefrightPlayer( 311): getCurrentPosition
12-10 11:36:53.483 V/AudioSessionOutALSA( 311): Timestamp returned = 188515000
12-10 11:36:53.483 V/MediaPlayer-JNI(22137): getCurrentPosition: 188515 (msec)
12-10 11:36:53.563 V/StagefrightPlayer( 311): getCurrentPosition
12-10 11:36:53.573 V/AudioSessionOutALSA( 311): Timestamp returned = 188611000
12-10 11:36:53.573 V/MediaPlayer-JNI(22137): getCurrentPosition: 188611 (msec)
12-10 11:36:53.583 D/ProgressBar(22137): setProgress = 1886
12-10 11:36:53.583 D/ProgressBar(22137): setProgress = 1886, fromUser = false
12-10 11:36:53.583 D/ProgressBar(22137): mProgress = 1885mIndeterminate = false, mMin = 0, mMax = 2750
12-10 11:36:53.583 V/StagefrightPlayer( 311): getCurrentPosition
12-10 11:36:53.593 V/AudioSessionOutALSA( 311): Timestamp returned = 188632333
12-10 11:36:53.593 V/MediaPlayer-JNI(22137): getCurrentPosition: 188632 (msec)
12-10 11:36:53.683 I/Sensors ( 722): ProximitySensor - 8(cm)
12-10 11:36:53.683 V/StagefrightPlayer( 311): getCurrentPosition
12-10 11:36:53.693 V/AudioSessionOutALSA( 311): Timestamp returned = 188739000
12-10 11:36:53.693 V/MediaPlayer-JNI(22137): getCurrentPosition: 188739 (msec)
12-10 11:36:53.693 D/ProgressBar(22137): setProgress = 1887
12-10 11:36:53.693 D/ProgressBar(22137): setProgress = 1887, fromUser = false
12-10 11:36:53.693 D/ProgressBar(22137): mProgress = 1886mIndeterminate = false, mMin = 0, mMax = 2750
12-10 11:36:53.693 V/StagefrightPlayer( 311): getCurrentPosition
12-10 11:36:53.713 V/AudioSessionOutALSA( 311): Timestamp returned = 188749666
12-10 11:36:53.713 V/MediaPlayer-JNI(22137): getCurrentPosition: 188750 (msec)
12-10 11:36:53.783 V/StagefrightPlayer( 311): getCurrentPosition
12-10 11:36:53.803 V/AudioSessionOutALSA( 311): Timestamp returned = 188835000
12-10 11:36:53.803 V/MediaPlayer-JNI(22137): getCurrentPosition: 188835 (msec)
12-10 11:36:53.803 V/StagefrightPlayer( 311): getCurrentPosition
12-10 11:36:53.813 V/AudioSessionOutALSA( 311): Timestamp returned = 188845666
12-10 11:36:53.813 V/MediaPlayer-JNI(22137): getCurrentPosition: 188846 (msec)
12-10 11:36:53.813 D/ProgressBar(22137): setProgress = 1888
12-10 11:36:53.813 D/ProgressBar(22137): setProgress = 1888, fromUser = false
12-10 11:36:53.813 D/ProgressBar(22137): mProgress = 1887mIndeterminate = false, mMin = 0, mMax = 2750
12-10 11:36:53.813 V/StagefrightPlayer( 311): getCurrentPosition
12-10 11:36:53.833 V/AudioSessionOutALSA( 311): Timestamp returned = 188867000
12-10 11:36:53.833 V/MediaPlayer-JNI(22137): getCurrentPosition: 188867 (msec)
12-10 11:36:53.843 V/StagefrightPlayer( 311): getCurrentPosition
12-10 11:36:53.853 V/AudioSessionOutALSA( 311): Timestamp returned = 188899000
12-10 11:36:53.853 V/MediaPlayer-JNI(22137): getCurrentPosition: 188899 (msec)
12-10 11:36:53.913 V/StagefrightPlayer( 311): getCurrentPosition
12-10 11:36:53.923 V/AudioSessionOutALSA( 311): Timestamp returned = 188963000
12-10 11:36:53.923 V/MediaPlayer-JNI(22137): getCurrentPosition: 188963 (msec)
12-10 11:36:53.923 D/ProgressBar(22137): setProgress = 1889
12-10 11:36:53.923 D/ProgressBar(22137): setProgress = 1889, fromUser = false
12-10 11:36:53.923 D/ProgressBar(22137): mProgress = 1888mIndeterminate = false, mMin = 0, mMax = 2750
12-10 11:36:53.933 V/StagefrightPlayer( 311): getCurrentPosition
12-10 11:36:53.943 V/AudioSessionOutALSA( 311): Timestamp returned = 188984333
12-10 11:36:53.943 V/MediaPlayer-JNI(22137): getCurrentPosition: 188984 (msec)
12-10 11:36:54.033 V/StagefrightPlayer( 311): getCurrentPosition
12-10 11:36:54.043 V/AudioSessionOutALSA( 311): Timestamp returned = 189091000
12-10 11:36:54.043 V/MediaPlayer-JNI(22137): getCurrentPosition: 189091 (msec)
12-10 11:36:54.043 D/ProgressBar(22137): setProgress = 1890
12-10 11:36:54.043 D/ProgressBar(22137): setProgress = 1890, fromUser = false
12-10 11:36:54.043 D/ProgressBar(22137): mProgress = 1889mIndeterminate = false, mMin = 0, mMax = 2750
12-10 11:36:54.043 V/StagefrightPlayer( 311): getCurrentPosition
12-10 11:36:54.053 V/AudioSessionOutALSA( 311): Timestamp returned = 189091000
12-10 11:36:54.053 V/MediaPlayer-JNI(22137): getCurrentPosition: 189091 (msec)
12-10 11:36:54.143 V/StagefrightPlayer( 311): getCurrentPosition
12-10 11:36:54.153 V/AudioSessionOutALSA( 311): Timestamp returned = 189197666
12-10 11:36:54.153 V/MediaPlayer-JNI(22137): getCurrentPosition: 189198 (msec)
12-10 11:36:54.153 D/ProgressBar(22137): setProgress = 1891
12-10 11:36:54.153 D/ProgressBar(22137): setProgress = 1891, fromUser = false
12-10 11:36:54.153 D/ProgressBar(22137): mProgress = 1890mIndeterminate = false, mMin = 0, mMax = 2750
12-10 11:36:54.163 V/StagefrightPlayer( 311): getCurrentPosition
12-10 11:36:54.173 V/AudioSessionOutALSA( 311): Timestamp returned = 189219000
12-10 11:36:54.173 V/MediaPlayer-JNI(22137): getCurrentPosition: 189219 (msec)
12-10 11:36:54.263 V/StagefrightPlayer( 311): getCurrentPosition
12-10 11:36:54.273 V/AudioSessionOutALSA( 311): Timestamp returned = 189315000
12-10 11:36:54.273 V/MediaPlayer-JNI(22137): getCurrentPosition: 189315 (msec)
12-10 11:36:54.273 D/ProgressBar(22137): setProgress = 1893
12-10 11:36:54.273 D/ProgressBar(22137): setProgress = 1893, fromUser = false
12-10 11:36:54.273 D/ProgressBar(22137): mProgress = 1891mIndeterminate = false, mMin = 0, mMax = 2750
12-10 11:36:54.273 V/StagefrightPlayer( 311): getCurrentPosition
12-10 11:36:54.293 V/AudioSessionOutALSA( 311): Timestamp returned = 189325666
12-10 11:36:54.293 V/MediaPlayer-JNI(22137): getCurrentPosition: 189326 (msec)
12-10 11:36:54.373 V/StagefrightPlayer( 311): getCurrentPosition
12-10 11:36:54.393 V/AudioSessionOutALSA( 311): Timestamp returned = 189421666
12-10 11:36:54.393 V/MediaPlayer-JNI(22137): getCurrentPosition: 189422 (msec)
12-10 11:36:54.393 D/ProgressBar(22137): setProgress = 1894
12-10 11:36:54.393 D/ProgressBar(22137): setProgress = 1894, fromUser = false
12-10 11:36:54.393 D/ProgressBar(22137): mProgress = 1893mIndeterminate = false, mMin = 0, mMax = 2750
12-10 11:36:54.393 V/StagefrightPlayer( 311): getCurrentPosition
12-10 11:36:54.403 V/AudioSessionOutALSA( 311): Timestamp returned = 189443000
12-10 11:36:54.403 V/MediaPlayer-JNI(22137): getCurrentPosition: 189443 (msec)
12-10 11:36:54.493 V/StagefrightPlayer( 311): getCurrentPosition
12-10 11:36:54.513 V/AudioSessionOutALSA( 311): Timestamp returned = 189549666
12-10 11:36:54.513 V/MediaPlayer-JNI(22137): getCurrentPosition: 189550 (msec)
12-10 11:36:54.513 D/ProgressBar(22137): setProgress = 1895
12-10 11:36:54.513 D/ProgressBar(22137): setProgress = 1895, fromUser = false
12-10 11:36:54.513 D/ProgressBar(22137): mProgress = 1894mIndeterminate = false, mMin = 0, mMax = 2750
12-10 11:36:54.513 V/StagefrightPlayer( 311): getCurrentPosition
12-10 11:36:54.523 V/AudioSessionOutALSA( 311): Timestamp returned = 189571000
12-10 11:36:54.523 V/MediaPlayer-JNI(22137): getCurrentPosition: 189571 (msec)
12-10 11:36:54.613 V/StagefrightPlayer( 311): getCurrentPosition
12-10 11:36:54.623 V/AudioSessionOutALSA( 311): Timestamp returned = 189667000
12-10 11:36:54.623 V/MediaPlayer-JNI(22137): getCurrentPosition: 189667 (msec)
12-10 11:36:54.623 D/ProgressBar(22137): setProgress = 1896
12-10 11:36:54.623 D/ProgressBar(22137): setProgress = 1896, fromUser = false
12-10 11:36:54.623 D/ProgressBar(22137): mProgress = 1895mIndeterminate = false, mMin = 0, mMax = 2750
12-10 11:36:54.623 V/StagefrightPlayer( 311): getCurrentPosition
12-10 11:36:54.633 V/AudioSessionOutALSA( 311): Timestamp returned = 189677666
12-10 11:36:54.633 V/MediaPlayer-JNI(22137): getCurrentPosition: 189678 (msec)
12-10 11:36:54.723 V/StagefrightPlayer( 311): getCurrentPosition
12-10 11:36:54.743 V/AudioSessionOutALSA( 311): Timestamp returned = 189773666
12-10 11:36:54.743 V/MediaPlayer-JNI(22137): getCurrentPosition: 189774 (msec)
12-10 11:36:54.743 D/ProgressBar(22137): setProgress = 1897
12-10 11:36:54.743 D/ProgressBar(22137): setProgress = 1897, fromUser = false
12-10 11:36:54.743 D/ProgressBar(22137): mProgress = 1896mIndeterminate = false, mMin = 0, mMax = 2750
12-10 11:36:54.743 V/StagefrightPlayer( 311): getCurrentPosition
12-10 11:36:54.753 V/AudioSessionOutALSA( 311): Timestamp returned = 189795000
12-10 11:36:54.753 V/MediaPlayer-JNI(22137): getCurrentPosition: 189795 (msec)
12-10 11:36:54.803 V/StagefrightPlayer( 311): getCurrentPosition
12-10 11:36:54.813 V/AudioSessionOutALSA( 311): Timestamp returned = 189859000
12-10 11:36:54.813 V/MediaPlayer-JNI(22137): getCurrentPosition: 189859 (msec)
12-10 11:36:54.843 V/StagefrightPlayer( 311): getCurrentPosition
12-10 11:36:54.853 D/InputReader( 722): Input event: value=1 when=441320300868000
12-10 11:36:54.853 D/KeyguardViewMediator( 722): onWakeKeyWhenKeyguardShowing(3)
12-10 11:36:54.853 D/KeyguardViewMediator( 722): handleWakeWhenReady(3) : mMaybeShow=false
12-10 11:36:54.853 D/KeyguardViewManager( 722): wakeWhenReady(3)
12-10 11:36:54.853 D/KeyguardHostView( 722): onWakeKey
12-10 11:36:54.853 D/KeyguardHostView( 722): poking wake lock immediately
12-10 11:36:54.853 D/SContextService( 722): .registerCallback : 3, client=
12-10 11:36:54.853 D/SContextService( 722): ===== SContext Service List =====
12-10 11:36:54.853 D/SContextService( 722): Listener : android.hardware.scontext.SContextService$Listener@46fb3fb0, Service : Test Flat Motion
12-10 11:36:54.853 D/SContextService( 722): Listener : android.hardware.scontext.SContextService$Listener@4319c108, Service : Approach
12-10 11:36:54.853 D/SContextService( 722): Listener : android.hardware.scontext.SContextService$Listener@468da480, Service : Auto Rotation
12-10 11:36:54.853 I/CAE ( 722): setPropertyValue(AutoRotationRunner.java:114) - Device Type = 0.0
12-10 11:36:54.853 D/SContextService( 722): SendPropertyToCAE() : service = Auto Rotation
12-10 11:36:54.853 W/CAE ( 722): registerCallback(ContextAwareService.java:122) - [regi 01] Mutex is locked for AUTO_ROTATION
12-10 11:36:54.853 V/CAE ( 722): start(ContextProvider.java:141)
12-10 11:36:54.853 V/CAE ( 722): clear(AutoRotationRunner.java:177)
12-10 11:36:54.853 V/CAE ( 722): enable(AutoRotationRunner.java:153)
12-10 11:36:54.853 I/CAE ( 722): sendCmdToSensorHub(SensorHubCommManager.java:146) - -79, 7, 0, 0,
12-10 11:36:54.853 D/SensorHubManager( 722): SendSensorHubData: send data = -79, 7, 0, 0
12-10 11:36:54.853 D/PowerManagerService( 722): [api] [s] wakeUp (uid: 1000 pid: 722)
12-10 11:36:54.853 I/PowerManagerService( 722): [ps] Screen__On : wakeUp: (uid: 1000 pid: 722)
12-10 11:36:54.853 I/PowerManagerService( 722): Waking up from sleep...
12-10 11:36:54.853 D/PowerManagerService( 722): Screen on blocked: mNestCount=1
12-10 11:36:54.853 D/PowerManagerService( 722): [PWL] sb acquire: PowerManagerService.Broadcasts
12-10 11:36:54.853 D/PowerManagerService( 722): [s] WAKEFULNESS_AWAKE
12-10 11:36:54.853 D/PowerManagerService( 722): [s] getScreenOffTimeoutLocked: 60000 -> 5000
12-10 11:36:54.853 D/PowerManagerService( 722): [s] UserActivityState : 0 -> 1
12-10 11:36:54.863 D/SensorService( 722): info.rates.add, set DEFAULT_EVENTS_PERIOD
12-10 11:36:54.863 E/LightSensor( 722): Light old sensor_state 0, new sensor_state : 512 en : 1
12-10 11:36:54.863 V/AudioSessionOutALSA( 311): Timestamp returned = 189891000
12-10 11:36:54.863 D/SensorService( 722): SensorDevice::activating sensor handle=6 ns=200000000
12-10 11:36:54.863 I/SensorService( 722): info.selectDelay() ns=200000000
12-10 11:36:54.863 D/Sensorhubs( 320): sendContextData: -79, 7, 0, 0
12-10 11:36:54.863 V/MediaPlayer-JNI(22137): getCurrentPosition: 189891 (msec)
12-10 11:36:54.863 D/ProgressBar(22137): setProgress = 1898
12-10 11:36:54.863 D/ProgressBar(22137): setProgress = 1898, fromUser = false
12-10 11:36:54.863 D/ProgressBar(22137): mProgress = 1897mIndeterminate = false, mMin = 0, mMax = 2750
12-10 11:36:54.863 V/StagefrightPlayer( 311): getCurrentPosition
12-10 11:36:54.863 D/DisplayPowerController( 722): [DAB] setLightSensorEnabled : registerListener mLightSensor
12-10 11:36:54.873 V/AudioSessionOutALSA( 311): Timestamp returned = 189912333
12-10 11:36:54.873 V/MediaPlayer-JNI(22137): getCurrentPosition: 189912 (msec)
12-10 11:36:54.873 D/CAE ( 722): getFaultDetectionResult(SensorHubProvider.java:332) - Success
12-10 11:36:54.873 I/CAE ( 722): notifyCmdProcessResultObserver(ContextProvider.java:799) - CheckResult = 0, Cause = Success
12-10 11:36:54.873 D/SensorService( 722): SensorDevice::setDelay, Return(true 1, false 0) = 1
12-10 11:36:54.873 D/SensorManager( 722): registerListener :: create queue :: handler = 6, name = MAX88921 RGB Sensor, delay = 200000,
12-10 11:36:54.873 D/SensorService( 722): info.rates.add, set DEFAULT_EVENTS_PERIOD
12-10 11:36:54.873 E/Sensors ( 722): Acc old sensor_state 512, new sensor_state : 513 en : 1
12-10 11:36:54.883 D/SensorService( 722): SensorDevice::activating sensor handle=0 ns=200000000
12-10 11:36:54.883 I/SensorService( 722): info.selectDelay() ns=200000000
12-10 11:36:54.883 V/StagefrightPlayer( 311): getCurrentPosition
12-10 11:36:54.883 D/SensorService( 722): SensorDevice::setDelay, Return(true 1, false 0) = 1
12-10 11:36:54.883 D/SensorManager( 722): registerListener :: create queue :: handler = 0, name = MPU6500 Acceleration Sensor, delay = 200000,
12-10 11:36:54.883 I/libsuspend( 722): !@[s] autosuspend_autosleep_disable
12-10 11:36:54.883 I/libsuspend( 722): !@[s] autosuspend_autosleep_disable done
12-10 11:36:54.883 D/SurfaceFlinger( 307): Screen acquired, type=0 flinger=0xb8d61528
12-10 11:36:54.883 D/qdhwcomposer( 307): hwc_blank: Unblanking display: 0
12-10 11:36:54.883 I/DisplayPowerController( 722): [DAB] fileWriteInt : /sys/class/backlight/panel/auto_brightness value : 3
12-10 11:36:54.883 D/DisplayPowerController( 722): [DAB] no lux value from sensor manager
12-10 11:36:54.883 D/DisplayPowerController( 722): animation target = 141 (PSM:false, AB limit:(-1 ~ -1) MB Limit:(-1 ~ -1) MAdj:(0, (0, 255)))
12-10 11:36:54.883 D/PowerManagerService( 722): [s] unblankAllDisplays() : unblankAllDisplaysFromPowerManager
12-10 11:36:54.893 D/lights ( 722): lcd : 20 +
12-10 11:36:54.893 D/lights ( 722): lcd : 20 -
12-10 11:36:54.893 V/AudioSessionOutALSA( 311): Timestamp returned = 189933666
12-10 11:36:54.893 V/MediaPlayer-JNI(22137): getCurrentPosition: 189934 (msec)
12-10 11:36:54.903 D/lights ( 722): lcd : 53 +
12-10 11:36:54.903 D/lights ( 722): lcd : 53 -
12-10 11:36:54.923 D/lights ( 722): lcd : 86 +
12-10 11:36:54.923 D/lights ( 722): lcd : 86 -
12-10 11:36:54.933 D/CAE ( 722): doCommendProcess(ContextAwareService.java:291) - complete notify the operation result.
12-10 11:36:54.933 I/CAE ( 722): displayUsedCountForService(ContextAwareService.java:379) - totalCnt = 1, serviceCount = 1, subCollectionCount = 0
12-10 11:36:54.933 D/CAE ( 722): showListenerList(ContextAwareService.java:235) - ===== Context Aware Service List =====
12-10 11:36:54.933 I/CAE ( 722): showListenerList(ContextAwareService.java:241) - Listener : android.hardware.contextaware.manager.ContextAwareService$Listener@49c4dd08, Service : TEST_FLAT_MOTION
12-10 11:36:54.933 I/CAE ( 722): showListenerList(ContextAwareService.java:241) - Listener : android.hardware.contextaware.manager.ContextAwareService$Listener@49c4dd08, Service : GESTURE_APPROACH
12-10 11:36:54.933 I/CAE ( 722): showListenerList(ContextAwareService.java:241) - Listener : android.hardware.contextaware.manager.ContextAwareService$Listener@49c4dd08, Service : AUTO_ROTATION
12-10 11:36:54.933 D/CAE ( 722): displayCallback(ContextAwareService.java:509) - .registerCallback : 1, client=android.hardware.scontext.SContextService$1@43a7a358
12-10 11:36:54.933 W/CAE ( 722): registerCallback(ContextAwareService.java:162) - [regi 02] Mutex is unlocked for AUTO_ROTATION
12-10 11:36:54.933 D/SContextService( 722): addSContextService() : service = Auto Rotation
12-10 11:36:54.933 D/SContextManager( 722): .registerListener : listener = com.android.internal.policy.impl.WindowOrientationListener$SContextListenerImpl@4322ba38, service=Auto Rotation
12-10 11:36:54.933 D/KeyguardViewMediator( 722): onScreenTurnedOn, seq = 511
12-10 11:36:54.933 D/KeyguardViewMediator( 722): notifyScreenOnLocked
12-10 11:36:54.933 D/KeyguardViewMediator( 722): handleNotifyScreenOn
12-10 11:36:54.933 D/KeyguardViewManager( 722): onScreenTurnedOn()
12-10 11:36:54.933 D/KeyguardHostView( 722): screen on, instance 47fb7ab0
12-10 11:36:54.933 D/LockPatternUtils( 722): isPcwEnable = 10
12-10 11:36:54.933 D/DisplayPowerController( 722): [api] [DAB] onSensorChanged : 1st lux : 48.164
12-10 11:36:54.933 D/DisplayPowerController( 722): [DAB] updateAutoBrightnessSEC : 79(79.0) 4.0 < 48.164 < 141.0 (0.0)
12-10 11:36:54.933 I/DisplayPowerController( 722): [DAB] fileWriteInt : /sys/class/backlight/panel/auto_brightness value : 2
12-10 11:36:54.933 I/DisplayPowerController( 722): [DAB] fileWriteInt : /sys/class/tcon/tcon/lux value : 0
12-10 11:36:54.933 D/DisplayPowerController( 722): animation target = 79 (PSM:false, AB limit:(-1 ~ -1) MB Limit:(-1 ~ -1) MAdj:(0, (0, 255)))
12-10 11:36:54.933 D/RampAnimator( 722): Light Animator Finished currentValue=79
12-10 11:36:54.943 V/KeyguardHostView( 722): showPrimarySecurityScreen(turningOff=false)
12-10 11:36:54.943 I/KeyguardBackgroundView( 722): *** KeyguardEffectView getInstance ***
12-10 11:36:54.943 D/KeyguardHostView( 722): showSecurityScreen(Pattern)
12-10 11:36:54.943 D/KeyguardHostView( 722): getSecurityView(Pattern)
12-10 11:36:54.943 D/CMASMessage( 722): [update] mShowingCMASText is false
12-10 11:36:54.943 D/CMASMessage( 722): CMASIcon was GONE :
12-10 11:36:54.943 I/KeyguardBackgroundView( 722): *** KeyguardEffectView getInstance ***
12-10 11:36:54.943 D/WaterColor_WaterBrushView( 722): screenTurnedOn
12-10 11:36:54.943 D/WaterColor_WaterColorRenderer( 722): screenTurnedOn
12-10 11:36:54.943 D/lights ( 722): lcd : 79 +
12-10 11:36:54.943 D/lights ( 722): lcd : 79 -
12-10 11:36:54.943 D/lights ( 722): button : 1 +
12-10 11:36:54.943 D/lights ( 722): button : 1 -
12-10 11:36:54.943 D/InputDispatcher( 722): setInputDispatchMode: enabled=1, frozen=0
12-10 11:36:54.943 D/PowerManagerService( 722): [api] [s] userActivity : event: 3 flags: 0 (uid: 1000 pid: 722)
12-10 11:36:54.953 D/WaterColor_WaterColorRenderer( 722): mJniWaterColor is Empty
12-10 11:36:54.953 D/WaterColor_WaterColorRenderer( 722): fps = 2
12-10 11:36:54.973 I/WindowManager( 722): Lock screen displayed!
12-10 11:36:54.973 D/PowerManagerNotifier( 722): [api] WindowManagerPolicy.ScreenOnListener : Received onScreenOn().
12-10 11:36:54.973 D/PowerManagerService( 722): Screen on unblocked: mNestCount=0
12-10 11:36:54.973 D/DisplayPowerController( 722): animation target = 79 (PSM:false, AB limit:(-1 ~ -1) MB Limit:(-1 ~ -1) MAdj:(0, (0, 255)))
12-10 11:36:54.973 D/PowerManagerService( 722): [s] mDisplayPowerControllerCallbacks : onStateChanged()
12-10 11:36:54.983 D/KeyguardClockWidgetService(11126): onReceive action=android.intent.action.SCREEN_ON
12-10 11:36:54.983 D/KeyguardClockWidgetProvider(11126): refreshSingleClock :{Home} Hour = 11, Min = 36
12-10 11:36:54.983 D/KeyguardClockWidgetProvider(11126): desc Message = It is 11:36 AM
12-10 11:36:54.993 D/InputReader( 722): Input event: value=0 when=441320440090000
12-10 11:36:54.993 W/LicenseLogService( 722): log() is called by non admin
12-10 11:36:55.003 E/MP-Decision( 1904): Action to bring core 1 online
12-10 11:36:55.003 E/MP-Decision( 1904): Action to bring core 2 online
12-10 11:36:55.003 E/MP-Decision( 1904): Action to bring core 3 online
12-10 11:36:55.003 D/WaterColor_WaterColorRenderer( 722): mJniWaterColor is Empty
12-10 11:36:55.003 D/WaterColor_WaterColorRenderer( 722): Drity Mode
12-10 11:36:55.003 V/StagefrightPlayer( 311): getCurrentPosition
12-10 11:36:55.013 V/AudioSessionOutALSA( 311): Timestamp returned = 190051000
12-10 11:36:55.013 V/MediaPlayer-JNI(22137): getCurrentPosition: 190051 (msec)
12-10 11:36:55.013 D/ProgressBar(22137): setProgress = 1900
12-10 11:36:55.013 D/ProgressBar(22137): setProgress = 1900, fromUser = false
12-10 11:36:55.013 D/ProgressBar(22137): mProgress = 1898mIndeterminate = false, mMin = 0, mMax = 2750
12-10 11:36:55.013 V/StagefrightPlayer( 311): getCurrentPosition
12-10 11:36:55.023 V/AudioSessionOutALSA( 311): Timestamp returned = 190061666
12-10 11:36:55.033 V/MediaPlayer-JNI(22137): getCurrentPosition: 190062 (msec)
12-10 11:36:55.063 V/CAE ( 722): onReceive(CaPowerManager.java:127)
12-10 11:36:55.063 I/CAE ( 722): onReceive(CaPowerManager.java:146) - AP_WAKEUP
12-10 11:36:55.063 I/CAE ( 722): sendCmdToSensorHub(SensorHubCommManager.java:146) - -76, 13, -47, 0,
12-10 11:36:55.063 D/SensorHubManager( 722): SendSensorHubData: send data = -76, 13, -47, 0
12-10 11:36:55.073 D/Sensorhubs( 320): sendContextData: -76, 13, -47, 0
12-10 11:36:55.073 V/CAE ( 722): onReceive(CaPowerManager.java:158)
12-10 11:36:55.113 V/StagefrightPlayer( 311): getCurrentPosition
12-10 11:36:55.123 D/WfdService( 722): intent recieved android.intent.action.SCREEN_ON
12-10 11:36:55.123 I/wpa_supplicant( 5738): Scan requested (ret=0) - scan timeout 30 seconds
12-10 11:36:55.123 V/AudioSessionOutALSA( 311): Timestamp returned = 190168333
12-10 11:36:55.123 V/MediaPlayer-JNI(22137): getCurrentPosition: 190168 (msec)
12-10 11:36:55.123 D/ProgressBar(22137): setProgress = 1901
12-10 11:36:55.123 D/ProgressBar(22137): setProgress = 1901, fromUser = false
12-10 11:36:55.123 D/ProgressBar(22137): mProgress = 1900mIndeterminate = false, mMin = 0, mMax = 2750
12-10 11:36:55.123 V/StagefrightPlayer( 311): getCurrentPosition
12-10 11:36:55.133 D/qdhwcomposer( 307): hwc_blank: Done unblanking display: 0
12-10 11:36:55.133 D/SurfaceControl( 722): Excessive delay in unblankDisplay() while turning screen on: 250ms
12-10 11:36:55.133 D/QCOM PowerHAL( 722): power_set_interactive: /sys/class/input/input3/enabled
12-10 11:36:55.133 D/STATUSBAR-NotificationService( 722): ACTION_SCREEN_ON
12-10 11:36:55.133 D/LightsService( 722): [api] [SvcLED] turnOff:: id = 4 (uid: 1000 pid: 722)
12-10 11:36:55.133 D/LightsService( 722): [SvcLED] setSvcLedStateLocked:: SvcLEDState : 0x0 -> 0x0 | SvcLED(id=4) set Off
12-10 11:36:55.133 D/LightsService( 722): [SvcLED] Lux failed to be updated in 700ms. -> handleForcedSvcLEDTasK
12-10 11:36:55.133 D/LightsService( 722): [SvcLED] setSvcLedLightLocked :: Current SvcLED(id=4) maintains its priority right
12-10 11:36:55.133 D/PowerManagerService( 722): Excessive delay in mDisplayManagerService.unblankAllDisplaysFromPowerManager(): 250ms
12-10 11:36:55.143 V/AudioSessionOutALSA( 311): Timestamp returned = 190179000
12-10 11:36:55.143 V/MediaPlayer-JNI(22137): getCurrentPosition: 190179 (msec)
12-10 11:36:55.143 V/AudioHardwareALSA( 311): setParameters() screen_state=on
12-10 11:36:55.143 D/tms_audio_hw/AudioTmsIpc( 311): adev_set_parameters : Enter
12-10 11:36:55.143 D/tms_audio_hw/AudioTmsIpc( 311): adev_set_parameters : Exit
12-10 11:36:55.173 D/WifiDisplayAdapter( 722): onGetScreenState : 1
12-10 11:36:55.193 I/NfcService( 1272): NFC: When Screen On, S View Cover also Open!!
12-10 11:36:55.193 I/NfcService( 1272): # NativeNfcBrcmPowerMode; setPowerMode(android.intent.action.SCREEN_ON)
12-10 11:36:55.203 E/NfcService( 1272): callback == null
12-10 11:36:55.223 V/StagefrightPlayer( 311): getCurrentPosition
12-10 11:36:55.233 D/STATUSBAR-IconMerger( 1133): checkOverflow(216), More:false, Req:false Child:3
12-10 11:36:55.243 V/AudioSessionOutALSA( 311): Timestamp returned = 190275000
12-10 11:36:55.243 V/MediaPlayer-JNI(22137): getCurrentPosition: 190275 (msec)
12-10 11:36:55.243 D/ProgressBar(22137): setProgress = 1902
12-10 11:36:55.243 D/ProgressBar(22137): setProgress = 1902, fromUser = false
12-10 11:36:55.243 D/ProgressBar(22137): mProgress = 1901mIndeterminate = false, mMin = 0, mMax = 2750
12-10 11:36:55.243 V/StagefrightPlayer( 311): getCurrentPosition
12-10 11:36:55.243 D/QCOM PowerHAL( 722): power_set_interactive: /sys/class/input/input2/enabled
12-10 11:36:55.243 D/QCOM PowerHAL( 722): power_set_interactive: /sys/class/input/input21/enabled
12-10 11:36:55.243 D/STATUSBAR-NetworkController( 1133): onSignalStrengthsChanged signalStrength=SignalStrength: 99 99 -102 -130 -107 -70 3 99 2147483647 2147483647 2147483647 -1 2147483647 cdma 0x210 level=2
12-10 11:36:55.253 V/AudioSessionOutALSA( 311): Timestamp returned = 190285666
12-10 11:36:55.253 V/MediaPlayer-JNI(22137): getCurrentPosition: 190286 (msec)
12-10 11:36:55.263 D/InputReader( 722): Input event: value=1 when=441320713821000
12-10 11:36:55.263 D/InputReader( 722): Input event: value=1 when=441320713823000
12-10 11:36:55.263 I/InputReader( 722): Touch event's action is 0x0 (deviceType=0) [pCnt=1, s=0.11741 1.11742 2.11743 ] when=441320713967000
12-10 11:36:55.263 I/InputReader( 722): Touch event's action (MT) is 0x105 (deviceType=0) [pCnt=2, s=0.11741 1.11742 2.11743 ] when=441320713967000
12-10 11:36:55.263 I/InputReader( 722): Touch event's action (MT) is 0x205 (deviceType=0) [pCnt=3, s=0.11741 1.11742 2.11743 ] when=441320713967000
12-10 11:36:55.263 I/InputDispatcher( 722): Delivering touch to: action: 0x0
12-10 11:36:55.263 I/InputDispatcher( 722): Delivering touch to: action: 0x105
12-10 11:36:55.263 I/InputDispatcher( 722): Delivering touch to: action: 0x205
12-10 11:36:55.263 D/LockPatternUtils( 722): isPcwEnable = 10
12-10 11:36:55.263 I/KeyguardBackgroundView( 722): *** KeyguardEffectView getInstance ***
12-10 11:36:55.263 D/WaterColor_WaterBrushView( 722): handleTouchEventForPatternLock event : 0
12-10 11:36:55.263 D/WaterColor_WaterColorRenderer( 722): onTouchEventForPatternLock action = 0
12-10 11:36:55.263 D/WaterColor_WaterColorRenderer( 722): ievent.getX() = 766.0
12-10 11:36:55.263 D/WaterColor_WaterColorRenderer( 722): ievent.getY() = 1582.0
12-10 11:36:55.263 D/WaterColor_WaterColorRenderer( 722): isFirstTouched is true
12-10 11:36:55.263 D/WaterColor_WaterColorRenderer( 722): setFalseDefaultEffectFlag()
12-10 11:36:55.263 D/WaterColor_WaterColorRenderer( 722): ACTION_DOWN => ACTION_HOVER_ENTER
12-10 11:36:55.263 D/LockPatternView( 722): LockPatternView onTouchEvent: ACTION_DOWN
12-10 11:36:55.273 D/LockPatternUtils( 722): isPcwEnable = 10
12-10 11:36:55.273 I/KeyguardBackgroundView( 722): *** KeyguardEffectView getInstance ***
12-10 11:36:55.273 D/WaterColor_WaterBrushView( 722): handleTouchEventForPatternLock event : 261
12-10 11:36:55.273 D/WaterColor_WaterColorRenderer( 722): onTouchEventForPatternLock action = 261
12-10 11:36:55.273 D/WaterColor_WaterColorRenderer( 722): ievent.getX() = 766.0
12-10 11:36:55.273 D/WaterColor_WaterColorRenderer( 722): ievent.getY() = 1582.0
12-10 11:36:55.273 D/LockPatternUtils( 722): isPcwEnable = 10
12-10 11:36:55.273 I/KeyguardBackgroundView( 722): *** KeyguardEffectView getInstance ***
12-10 11:36:55.273 D/WaterColor_WaterBrushView( 722): handleTouchEventForPatternLock event : 261
12-10 11:36:55.273 D/WaterColor_WaterColorRenderer( 722): onTouchEventForPatternLock action = 261
12-10 11:36:55.273 D/WaterColor_WaterColorRenderer( 722): ievent.getX() = 766.0
12-10 11:36:55.273 D/WaterColor_WaterColorRenderer( 722): ievent.getY() = 1582.0
12-10 11:36:55.273 D/LockPatternUtils( 722): isPcwEnable = 10
12-10 11:36:55.273 I/InputReader( 722): Touch event's action (MT) is 0x305 (deviceType=0) [pCnt=4, s=0.11741 1.11742 2.11743 3.11744 ] when=441320728377000
12-10 11:36:55.273 I/InputDispatcher( 722): Delivering touch to: action: 0x305
12-10 11:36:55.273 D/WaterColor_WaterColorRenderer( 722): mJniWaterColor is Empty
12-10 11:36:55.283 I/KeyguardBackgroundView( 722): *** KeyguardEffectView getInstance ***
12-10 11:36:55.283 D/WaterColor_WaterBrushView( 722): handleTouchEventForPatternLock event : 517
12-10 11:36:55.283 D/WaterColor_WaterColorRenderer( 722): onTouchEventForPatternLock action = 517
12-10 11:36:55.283 D/WaterColor_WaterColorRenderer( 722): ievent.getX() = 766.0
12-10 11:36:55.283 D/WaterColor_WaterColorRenderer( 722): ievent.getY() = 1582.0
12-10 11:36:55.283 D/LockPatternUtils( 722): isPcwEnable = 10
12-10 11:36:55.283 I/KeyguardBackgroundView( 722): *** KeyguardEffectView getInstance ***
12-10 11:36:55.283 D/WaterColor_WaterBrushView( 722): handleTouchEventForPatternLock event : 517
12-10 11:36:55.283 D/WaterColor_WaterColorRenderer( 722): onTouchEventForPatternLock action = 517
12-10 11:36:55.283 D/WaterColor_WaterColorRenderer( 722): ievent.getX() = 766.0
12-10 11:36:55.283 D/WaterColor_WaterColorRenderer( 722): ievent.getY() = 1582.0
12-10 11:36:55.283 D/LockPatternUtils( 722): isPcwEnable = 10
12-10 11:36:55.283 I/KeyguardBackgroundView( 722): *** KeyguardEffectView getInstance ***
12-10 11:36:55.283 D/WaterColor_WaterBrushView( 722): handleTouchEventForPatternLock event : 2
12-10 11:36:55.283 D/WaterColor_WaterColorRenderer( 722): onTouchEventForPatternLock action = 2
12-10 11:36:55.283 D/WaterColor_WaterColorRenderer( 722): ievent.getX() = 766.0
12-10 11:36:55.283 D/WaterColor_WaterColorRenderer( 722): ievent.getY() = 1582.0
12-10 11:36:55.283 D/WaterColor_WaterColorRenderer( 722): ACTION_MOVE => ACTION_HOVER_MOVE
12-10 11:36:55.283 D/LockPatternUtils( 722): isPcwEnable = 10
12-10 11:36:55.293 I/KeyguardBackgroundView( 722): *** KeyguardEffectView getInstance ***
12-10 11:36:55.293 D/WaterColor_WaterBrushView( 722): handleTouchEventForPatternLock event : 773
12-10 11:36:55.293 D/WaterColor_WaterColorRenderer( 722): onTouchEventForPatternLock action = 773
12-10 11:36:55.293 D/WaterColor_WaterColorRenderer( 722): ievent.getX() = 766.0
12-10 11:36:55.293 D/WaterColor_WaterColorRenderer( 722): mJniWaterColor is Empty
12-10 11:36:55.293 D/WaterColor_WaterColorRenderer( 722): Drity Mode
12-10 11:36:55.293 D/WaterColor_WaterColorRenderer( 722): ievent.getY() = 1582.0
12-10 11:36:55.293 D/LockPatternUtils( 722): isPcwEnable = 10
12-10 11:36:55.293 I/KeyguardBackgroundView( 722): *** KeyguardEffectView getInstance ***
12-10 11:36:55.293 D/WaterColor_WaterBrushView( 722): handleTouchEventForPatternLock event : 773
12-10 11:36:55.293 D/WaterColor_WaterColorRenderer( 722): onTouchEventForPatternLock action = 773
12-10 11:36:55.293 D/WaterColor_WaterColorRenderer( 722): ievent.getX() = 766.0
12-10 11:36:55.293 D/WaterColor_WaterColorRenderer( 722): ievent.getY() = 1582.0
12-10 11:36:55.303 E/MP-Decision( 1904): Action to bring core 3 offline
12-10 11:36:55.303 D/LockPatternUtils( 722): isPcwEnable = 10
12-10 11:36:55.303 I/KeyguardBackgroundView( 722): *** KeyguardEffectView getInstance ***
12-10 11:36:55.303 D/WaterColor_WaterBrushView( 722): handleTouchEventForPatternLock event : 2
12-10 11:36:55.303 D/WaterColor_WaterColorRenderer( 722): mJniWaterColor is Empty
12-10 11:36:55.303 D/WaterColor_WaterColorRenderer( 722): onTouchEventForPatternLock action = 2
12-10 11:36:55.303 D/WaterColor_WaterColorRenderer( 722): ievent.getX() = 768.72797
12-10 11:36:55.303 D/WaterColor_WaterColorRenderer( 722): ievent.getY() = 1577.9081
12-10 11:36:55.303 D/WaterColor_WaterColorRenderer( 722): ACTION_MOVE => ACTION_HOVER_MOVE
12-10 11:36:55.303 D/GestureService( 1675): deviceConditionChangeReceiver: onReceive - android.intent.action.SCREEN_ON
12-10 11:36:55.303 D/GestureService( 1675): isKeyguardLocked is true!!!
12-10 11:36:55.303 V/GestureService( 1675): enableService!!!!
12-10 11:36:55.303 E/GestureService( 1675): updateFlags started
12-10 11:36:55.303 V/GestureService( 1675): ================== GestureService Listener List ==================
12-10 11:36:55.303 E/GestureService( 1675): bVertical = false
12-10 11:36:55.303 E/GestureService( 1675): bHorizontal = false
12-10 11:36:55.313 V/GestureManager( 722): onReceive GesutureActive :false
12-10 11:36:55.313 V/GestureManager( 722): onReceive GesutureActive :false
12-10 11:36:55.313 I/AirViewOnOff( 722): DeviceInfo:: 0001000000
12-10 11:36:55.313 I/AirViewOnOff( 722): SettingsAirViewInfo:: 010100000
12-10 11:36:55.313 D/WaterColor_WaterColorRenderer( 722): mJniWaterColor is Empty
12-10 11:36:55.313 D/WaterColor_WaterColorRenderer( 722): Drity Mode
12-10 11:36:55.313 D/GestureDetector( 722): [Surface Touch Event] Palm touch Down
12-10 11:36:55.313 D/ViewRootImpl( 722): [Surface Touch Event] Palm Touch Down
12-10 11:36:55.313 I/Monitor ( 722): fileWriteInt : /sys/class/power_supply/battery/siop_level value : 70
12-10 11:36:55.323 D/LockPatternUtils( 722): isPcwEnable = 10
12-10 11:36:55.333 I/KeyguardBackgroundView( 722): *** KeyguardEffectView getInstance ***
12-10 11:36:55.333 D/WaterColor_WaterBrushView( 722): handleTouchEventForPatternLock event : 2
12-10 11:36:55.333 D/WaterColor_WaterColorRenderer( 722): onTouchEventForPatternLock action = 2
12-10 11:36:55.333 D/WaterColor_WaterColorRenderer( 722): ievent.getX() = 775.5
12-10 11:36:55.333 D/WaterColor_WaterColorRenderer( 722): ievent.getY() = 1580.5
12-10 11:36:55.333 D/WaterColor_WaterColorRenderer( 722): ACTION_MOVE => ACTION_HOVER_MOVE
12-10 11:36:55.333 D/daemonapp( 3822): [MSC_Accu_Daemon]>>> AWDS:67 [0:0] Act : comsamsungssrmSCREEN_ON
12-10 11:36:55.333 D/comsamsunglog( 3822): [MSC_Accu_Daemon]>>> ====================================================================================================================
12-10 11:36:55.333 D/comsamsunglog( 3822): [MSC_Accu_Daemon]>>> daemonapp [Version : 13083001 ] [ 1 ]
12-10 11:36:55.333 D/comsamsunglog( 3822): [MSC_Accu_Daemon]>>> Header set to : ===> "daemonapp" <===
12-10 11:36:55.333 D/comsamsunglog( 3822): [MSC_Accu_Daemon]>>> ====================================================================================================================
12-10 11:36:55.333 D/daemonapp( 3822): [MSC_Accu_Daemon]>>> AWDS:106 [0:0] SerStus:0,ASerStus:0,TmpS:0,AtRfr:3
12-10 11:36:55.333 I/InputReader( 722): Touch event's action (MT) is 0x206 (deviceType=0) [pCnt=4, s=0.11741 1.11742 3.11744 ] when=441320784447000
12-10 11:36:55.333 I/InputDispatcher( 722): Delivering touch to: action: 0x206
12-10 11:36:55.343 D/daemonapp( 3822): [MSC_Accu_Daemon]>>> AWDS:553 [0:0] ==> Act: SCREEN_ON or COVER_OPEN <==
12-10 11:36:55.343 D/LockPatternUtils( 722): isPcwEnable = 10
12-10 11:36:55.343 V/StagefrightPlayer( 311): getCurrentPosition
12-10 11:36:55.343 D/daemonapp( 3822): [MSC_Accu_Daemon]>>> AWDS:555 [0:0] [ASO][AUTOREFRESHKEY] --> 3
12-10 11:36:55.343 D/WaterColor_WaterColorRenderer( 722): mJniWaterColor is Empty
12-10 11:36:55.343 D/daemonapp( 3822): [MSC_Accu_Daemon]>>> AWDS:556 [0:0] [ASO][NUT] = 11/21/2013 04:43 PM
