12-10 11:33:51.383 D/ProgressBar(22137): setProgress = 64, fromUser = false
12-10 11:33:51.383 D/ProgressBar(22137): mProgress = 63mIndeterminate = false, mMin = 0, mMax = 2750
12-10 11:33:51.383 V/StagefrightPlayer( 311): getCurrentPosition
12-10 11:33:51.393 V/AudioSessionOutALSA( 311): Timestamp returned = 6435000
12-10 11:33:51.393 V/MediaPlayer-JNI(22137): getCurrentPosition: 6435 (msec)
12-10 11:33:51.483 V/StagefrightPlayer( 311): getCurrentPosition
12-10 11:33:51.493 V/AudioSessionOutALSA( 311): Timestamp returned = 6531000
12-10 11:33:51.493 V/MediaPlayer-JNI(22137): getCurrentPosition: 6531 (msec)
12-10 11:33:51.493 D/ProgressBar(22137): setProgress = 65
12-10 11:33:51.493 D/ProgressBar(22137): setProgress = 65, fromUser = false
12-10 11:33:51.493 D/ProgressBar(22137): mProgress = 64mIndeterminate = false, mMin = 0, mMax = 2750
12-10 11:33:51.503 V/StagefrightPlayer( 311): getCurrentPosition
12-10 11:33:51.513 V/AudioSessionOutALSA( 311): Timestamp returned = 6552333
12-10 11:33:51.513 V/MediaPlayer-JNI(22137): getCurrentPosition: 6552 (msec)
12-10 11:33:51.603 V/StagefrightPlayer( 311): getCurrentPosition
12-10 11:33:51.613 V/AudioSessionOutALSA( 311): Timestamp returned = 6659000
12-10 11:33:51.613 V/MediaPlayer-JNI(22137): getCurrentPosition: 6659 (msec)
12-10 11:33:51.613 D/ProgressBar(22137): setProgress = 66
12-10 11:33:51.613 D/ProgressBar(22137): setProgress = 66, fromUser = false
12-10 11:33:51.613 D/ProgressBar(22137): mProgress = 65mIndeterminate = false, mMin = 0, mMax = 2750
12-10 11:33:51.613 V/StagefrightPlayer( 311): getCurrentPosition
12-10 11:33:51.633 V/AudioSessionOutALSA( 311): Timestamp returned = 6669666
12-10 11:33:51.633 V/MediaPlayer-JNI(22137): getCurrentPosition: 6670 (msec)
12-10 11:33:51.723 V/StagefrightPlayer( 311): getCurrentPosition
12-10 11:33:51.733 V/AudioSessionOutALSA( 311): Timestamp returned = 6765666
12-10 11:33:51.733 V/MediaPlayer-JNI(22137): getCurrentPosition: 6766 (msec)
12-10 11:33:51.743 D/ProgressBar(22137): setProgress = 67
12-10 11:33:51.743 D/ProgressBar(22137): setProgress = 67, fromUser = false
12-10 11:33:51.743 D/ProgressBar(22137): mProgress = 66mIndeterminate = false, mMin = 0, mMax = 2750
12-10 11:33:51.753 V/StagefrightPlayer( 311): getCurrentPosition
12-10 11:33:51.763 V/AudioSessionOutALSA( 311): Timestamp returned = 6797666
12-10 11:33:51.763 V/MediaPlayer-JNI(22137): getCurrentPosition: 6798 (msec)
12-10 11:33:51.853 V/StagefrightPlayer( 311): getCurrentPosition
12-10 11:33:51.863 V/AudioSessionOutALSA( 311): Timestamp returned = 6893666
12-10 11:33:51.863 V/MediaPlayer-JNI(22137): getCurrentPosition: 6894 (msec)
12-10 11:33:51.863 D/ProgressBar(22137): setProgress = 68
12-10 11:33:51.863 D/ProgressBar(22137): setProgress = 68, fromUser = false
12-10 11:33:51.863 D/ProgressBar(22137): mProgress = 67mIndeterminate = false, mMin = 0, mMax = 2750
12-10 11:33:51.863 V/StagefrightPlayer( 311): getCurrentPosition
12-10 11:33:51.873 V/AudioSessionOutALSA( 311): Timestamp returned = 6915000
12-10 11:33:51.903 V/MediaPlayer-JNI(22137): getCurrentPosition: 6915 (msec)
12-10 11:33:51.963 V/StagefrightPlayer( 311): getCurrentPosition
12-10 11:33:51.973 V/AudioSessionOutALSA( 311): Timestamp returned = 7011000
12-10 11:33:51.973 V/MediaPlayer-JNI(22137): getCurrentPosition: 7011 (msec)
12-10 11:33:51.973 D/ProgressBar(22137): setProgress = 70
12-10 11:33:51.973 D/ProgressBar(22137): setProgress = 70, fromUser = false
12-10 11:33:51.973 D/ProgressBar(22137): mProgress = 68mIndeterminate = false, mMin = 0, mMax = 2750
12-10 11:33:51.973 V/StagefrightPlayer( 311): getCurrentPosition
12-10 11:33:51.993 V/AudioSessionOutALSA( 311): Timestamp returned = 7021666
12-10 11:33:51.993 V/MediaPlayer-JNI(22137): getCurrentPosition: 7022 (msec)
12-10 11:33:52.073 V/StagefrightPlayer( 311): getCurrentPosition
12-10 11:33:52.093 V/AudioSessionOutALSA( 311): Timestamp returned = 7128333
12-10 11:33:52.093 V/MediaPlayer-JNI(22137): getCurrentPosition: 7128 (msec)
12-10 11:33:52.093 D/ProgressBar(22137): setProgress = 71
12-10 11:33:52.093 D/ProgressBar(22137): setProgress = 71, fromUser = false
12-10 11:33:52.093 D/ProgressBar(22137): mProgress = 70mIndeterminate = false, mMin = 0, mMax = 2750
12-10 11:33:52.093 V/StagefrightPlayer( 311): getCurrentPosition
12-10 11:33:52.103 V/AudioSessionOutALSA( 311): Timestamp returned = 7149666
12-10 11:33:52.113 V/MediaPlayer-JNI(22137): getCurrentPosition: 7150 (msec)
12-10 11:33:52.113 V/StagefrightPlayer( 311): getCurrentPosition
12-10 11:33:52.123 V/AudioSessionOutALSA( 311): Timestamp returned = 7171000
12-10 11:33:52.123 V/StagefrightPlayer( 311): getCurrentPosition
12-10 11:33:52.123 V/MediaPlayer-JNI(22137): getCurrentPosition: 7171 (msec)
12-10 11:33:52.143 V/AudioSessionOutALSA( 311): Timestamp returned = 7171000
12-10 11:33:52.143 V/MediaPlayer-JNI(22137): getCurrentPosition: 7171 (msec)
12-10 11:33:52.193 V/StagefrightPlayer( 311): getCurrentPosition
12-10 11:33:52.193 I/Monitor ( 722): SIOP:: Current AP = 270, CP = 0
12-10 11:33:52.193 I/AmoledAdjustTimer( 722): prevTemp = 245, currTemp = 244, prevStep = 4, currStep = 4
12-10 11:33:52.203 V/AudioSessionOutALSA( 311): Timestamp returned = 7245666
12-10 11:33:52.203 V/MediaPlayer-JNI(22137): getCurrentPosition: 7246 (msec)
12-10 11:33:52.203 D/ProgressBar(22137): setProgress = 72
12-10 11:33:52.203 D/ProgressBar(22137): setProgress = 72, fromUser = false
12-10 11:33:52.203 D/ProgressBar(22137): mProgress = 71mIndeterminate = false, mMin = 0, mMax = 2750
12-10 11:33:52.203 V/StagefrightPlayer( 311): getCurrentPosition
12-10 11:33:52.213 V/AudioSessionOutALSA( 311): Timestamp returned = 7256333
12-10 11:33:52.213 V/MediaPlayer-JNI(22137): getCurrentPosition: 7256 (msec)
12-10 11:33:52.303 V/StagefrightPlayer( 311): getCurrentPosition
12-10 11:33:52.313 V/AudioSessionOutALSA( 311): Timestamp returned = 7352333
12-10 11:33:52.313 V/MediaPlayer-JNI(22137): getCurrentPosition: 7352 (msec)
12-10 11:33:52.313 D/ProgressBar(22137): setProgress = 73
12-10 11:33:52.313 D/ProgressBar(22137): setProgress = 73, fromUser = false
12-10 11:33:52.313 D/ProgressBar(22137): mProgress = 72mIndeterminate = false, mMin = 0, mMax = 2750
12-10 11:33:52.323 V/StagefrightPlayer( 311): getCurrentPosition
12-10 11:33:52.333 V/AudioSessionOutALSA( 311): Timestamp returned = 7363000
12-10 11:33:52.343 V/MediaPlayer-JNI(22137): getCurrentPosition: 7363 (msec)
12-10 11:33:52.423 V/StagefrightPlayer( 311): getCurrentPosition
12-10 11:33:52.433 V/AudioSessionOutALSA( 311): Timestamp returned = 7469666
12-10 11:33:52.433 V/MediaPlayer-JNI(22137): getCurrentPosition: 7470 (msec)
12-10 11:33:52.433 D/ProgressBar(22137): setProgress = 74
12-10 11:33:52.433 D/ProgressBar(22137): setProgress = 74, fromUser = false
12-10 11:33:52.433 D/ProgressBar(22137): mProgress = 73mIndeterminate = false, mMin = 0, mMax = 2750
12-10 11:33:52.433 V/StagefrightPlayer( 311): getCurrentPosition
12-10 11:33:52.443 V/AudioSessionOutALSA( 311): Timestamp returned = 7491000
12-10 11:33:52.443 V/MediaPlayer-JNI(22137): getCurrentPosition: 7491 (msec)
12-10 11:33:52.523 V/AudioSessionOutALSA( 311): pfd[0].revents =1
12-10 11:33:52.523 V/AudioSessionOutALSA( 311): pfd[1].revents =0
12-10 11:33:52.523 V/AudioSessionOutALSA( 311): mAlsaHandle->handle = 0xb77af230
12-10 11:33:52.523 V/AudioSessionOutALSA( 311): After an event occurs
12-10 11:33:52.523 V/AudioSessionOutALSA( 311): mFilledQueue 3
12-10 11:33:52.523 V/AudioSessionOutALSA( 311): Reset mSkipwrite in eventthread entry
12-10 11:33:52.523 V/AudioSessionOutALSA( 311): isBufferAvailable: received a signal to wake up
12-10 11:33:52.523 V/AudioSessionOutALSA( 311): write Empty Queue size() = 1, Filled Queue size() = 3 mReached EOS 0, mEosEventReceived 0 bytes 262080
12-10 11:33:52.523 V/AudioSessionOutALSA( 311): not skipping buffer in write since mSkipWrite = 0, mEmptyQueuesize 1, skip flag -166066003
12-10 11:33:52.523 D/AudioSessionOutALSA( 311): bytes = 262080 , mAlsaHandle->handle->period_size = 262144
12-10 11:33:52.523 D/AudioSessionOutALSA( 311): Copy Metadata = 64, bytes = 262080
12-10 11:33:52.523 V/AudioSessionOutALSA( 311): PCM write before memcpy start
12-10 11:33:52.523 V/AudioSessionOutALSA( 311): PCM write start
12-10 11:33:52.523 V/AudioSessionOutALSA( 311): PCM write complete
12-10 11:33:52.523 D/TunnelPlayer( 311): Fillbuffer after write and seek flag 0
12-10 11:33:52.523 D/TunnelPlayer( 311): FillBuffer: MemBuffer size 262080
12-10 11:33:52.573 V/StagefrightPlayer( 311): getCurrentPosition
12-10 11:33:52.583 V/AudioSessionOutALSA( 311): Timestamp returned = 7619000
12-10 11:33:52.583 D/TunnelPlayer( 311): FillBuffer completed bytesToWrite 262080
12-10 11:33:52.583 V/AudioSessionOutALSA( 311): acquiring mDecoderLock in isBufferAvailable()
12-10 11:33:52.583 V/AudioSessionOutALSA( 311): isBufferAvailable Empty Queue size() = 0, Filled Queue size() = 4
12-10 11:33:52.583 V/AudioSessionOutALSA( 311): Write: waiting on mWriteCv
12-10 11:33:52.583 V/MediaPlayer-JNI(22137): getCurrentPosition: 7619 (msec)
12-10 11:33:52.583 D/ProgressBar(22137): setProgress = 76
12-10 11:33:52.583 D/ProgressBar(22137): setProgress = 76, fromUser = false
12-10 11:33:52.583 D/ProgressBar(22137): mProgress = 74mIndeterminate = false, mMin = 0, mMax = 2750
12-10 11:33:52.593 V/StagefrightPlayer( 311): getCurrentPosition
12-10 11:33:52.603 V/AudioSessionOutALSA( 311): Timestamp returned = 7640333
12-10 11:33:52.603 V/MediaPlayer-JNI(22137): getCurrentPosition: 7640 (msec)
12-10 11:33:52.693 V/StagefrightPlayer( 311): getCurrentPosition
12-10 11:33:52.713 V/AudioSessionOutALSA( 311): Timestamp returned = 7736333
12-10 11:33:52.713 V/MediaPlayer-JNI(22137): getCurrentPosition: 7736 (msec)
12-10 11:33:52.713 D/ProgressBar(22137): setProgress = 77
12-10 11:33:52.713 D/ProgressBar(22137): setProgress = 77, fromUser = false
12-10 11:33:52.713 D/ProgressBar(22137): mProgress = 76mIndeterminate = false, mMin = 0, mMax = 2750
12-10 11:33:52.773 V/StagefrightPlayer( 311): getCurrentPosition
12-10 11:33:52.803 V/AudioSessionOutALSA( 311): Timestamp returned = 7811000
12-10 11:33:52.813 V/MediaPlayer-JNI(22137): getCurrentPosition: 7811 (msec)
12-10 11:33:52.873 V/StagefrightPlayer( 311): getCurrentPosition
12-10 11:33:52.883 V/AudioSessionOutALSA( 311): Timestamp returned = 7917666
12-10 11:33:52.883 V/MediaPlayer-JNI(22137): getCurrentPosition: 7918 (msec)
12-10 11:33:52.883 D/ProgressBar(22137): setProgress = 79
12-10 11:33:52.883 D/ProgressBar(22137): setProgress = 79, fromUser = false
12-10 11:33:52.883 D/ProgressBar(22137): mProgress = 77mIndeterminate = false, mMin = 0, mMax = 2750
12-10 11:33:52.893 V/StagefrightPlayer( 311): getCurrentPosition
12-10 11:33:52.903 V/AudioSessionOutALSA( 311): Timestamp returned = 7939000
12-10 11:33:52.903 V/MediaPlayer-JNI(22137): getCurrentPosition: 7939 (msec)
12-10 11:33:52.983 V/StagefrightPlayer( 311): getCurrentPosition
12-10 11:33:53.003 V/AudioSessionOutALSA( 311): Timestamp returned = 8035000
12-10 11:33:53.003 V/MediaPlayer-JNI(22137): getCurrentPosition: 8035 (msec)
12-10 11:33:53.003 D/ProgressBar(22137): setProgress = 80
12-10 11:33:53.003 D/ProgressBar(22137): setProgress = 80, fromUser = false
12-10 11:33:53.003 D/ProgressBar(22137): mProgress = 79mIndeterminate = false, mMin = 0, mMax = 2750
12-10 11:33:53.023 V/StagefrightPlayer( 311): getCurrentPosition
12-10 11:33:53.033 V/AudioSessionOutALSA( 311): Timestamp returned = 8077666
12-10 11:33:53.033 V/MediaPlayer-JNI(22137): getCurrentPosition: 8078 (msec)
12-10 11:33:53.113 V/StagefrightPlayer( 311): getCurrentPosition
12-10 11:33:53.123 V/AudioSessionOutALSA( 311): Timestamp returned = 8163000
12-10 11:33:53.123 V/MediaPlayer-JNI(22137): getCurrentPosition: 8163 (msec)
12-10 11:33:53.123 V/StagefrightPlayer( 311): getCurrentPosition
12-10 11:33:53.133 V/AudioSessionOutALSA( 311): Timestamp returned = 8173666
12-10 11:33:53.133 V/MediaPlayer-JNI(22137): getCurrentPosition: 8174 (msec)
12-10 11:33:53.133 D/ProgressBar(22137): setProgress = 81
12-10 11:33:53.133 D/ProgressBar(22137): setProgress = 81, fromUser = false
12-10 11:33:53.133 D/ProgressBar(22137): mProgress = 80mIndeterminate = false, mMin = 0, mMax = 2750
12-10 11:33:53.143 V/StagefrightPlayer( 311): getCurrentPosition
12-10 11:33:53.153 V/AudioSessionOutALSA( 311): Timestamp returned = 8184333
12-10 11:33:53.153 V/MediaPlayer-JNI(22137): getCurrentPosition: 8184 (msec)
12-10 11:33:53.153 V/StagefrightPlayer( 311): getCurrentPosition
12-10 11:33:53.153 D/MobileDataStateTracker( 722): default: setPolicyDataEnable(enabled=true)
12-10 11:33:53.163 V/AudioSessionOutALSA( 311): Timestamp returned = 8195000
12-10 11:33:53.163 V/MediaPlayer-JNI(22137): getCurrentPosition: 8195 (msec)
12-10 11:33:53.243 V/StagefrightPlayer( 311): getCurrentPosition
12-10 11:33:53.253 V/AudioSessionOutALSA( 311): Timestamp returned = 8291000
12-10 11:33:53.253 V/MediaPlayer-JNI(22137): getCurrentPosition: 8291 (msec)
12-10 11:33:53.253 D/ProgressBar(22137): setProgress = 82
12-10 11:33:53.253 D/ProgressBar(22137): setProgress = 82, fromUser = false
12-10 11:33:53.253 D/ProgressBar(22137): mProgress = 81mIndeterminate = false, mMin = 0, mMax = 2750
12-10 11:33:53.253 V/StagefrightPlayer( 311): getCurrentPosition
12-10 11:33:53.263 V/AudioSessionOutALSA( 311): Timestamp returned = 8301666
12-10 11:33:53.263 V/MediaPlayer-JNI(22137): getCurrentPosition: 8302 (msec)
12-10 11:33:53.353 V/StagefrightPlayer( 311): getCurrentPosition
12-10 11:33:53.363 V/AudioSessionOutALSA( 311): Timestamp returned = 8397666
12-10 11:33:53.363 V/MediaPlayer-JNI(22137): getCurrentPosition: 8398 (msec)
12-10 11:33:53.363 D/ProgressBar(22137): setProgress = 83
12-10 11:33:53.363 D/ProgressBar(22137): setProgress = 83, fromUser = false
12-10 11:33:53.363 D/ProgressBar(22137): mProgress = 82mIndeterminate = false, mMin = 0, mMax = 2750
12-10 11:33:53.363 V/StagefrightPlayer( 311): getCurrentPosition
12-10 11:33:53.373 V/AudioSessionOutALSA( 311): Timestamp returned = 8419000
12-10 11:33:53.373 V/MediaPlayer-JNI(22137): getCurrentPosition: 8419 (msec)
12-10 11:33:53.463 V/StagefrightPlayer( 311): getCurrentPosition
12-10 11:33:53.473 V/AudioSessionOutALSA( 311): Timestamp returned = 8515000
12-10 11:33:53.473 V/MediaPlayer-JNI(22137): getCurrentPosition: 8515 (msec)
12-10 11:33:53.473 D/ProgressBar(22137): setProgress = 85
12-10 11:33:53.473 D/ProgressBar(22137): setProgress = 85, fromUser = false
12-10 11:33:53.473 D/ProgressBar(22137): mProgress = 83mIndeterminate = false, mMin = 0, mMax = 2750
12-10 11:33:53.473 V/StagefrightPlayer( 311): getCurrentPosition
12-10 11:33:53.483 V/AudioSessionOutALSA( 311): Timestamp returned = 8525666
12-10 11:33:53.483 V/MediaPlayer-JNI(22137): getCurrentPosition: 8526 (msec)
12-10 11:33:53.573 V/StagefrightPlayer( 311): getCurrentPosition
12-10 11:33:53.583 V/AudioSessionOutALSA( 311): Timestamp returned = 8621666
12-10 11:33:53.583 V/MediaPlayer-JNI(22137): getCurrentPosition: 8622 (msec)
12-10 11:33:53.583 D/ProgressBar(22137): setProgress = 86
12-10 11:33:53.583 D/ProgressBar(22137): setProgress = 86, fromUser = false
12-10 11:33:53.583 D/ProgressBar(22137): mProgress = 85mIndeterminate = false, mMin = 0, mMax = 2750
12-10 11:33:53.583 V/StagefrightPlayer( 311): getCurrentPosition
12-10 11:33:53.593 V/AudioSessionOutALSA( 311): Timestamp returned = 8632333
12-10 11:33:53.603 V/MediaPlayer-JNI(22137): getCurrentPosition: 8632 (msec)
12-10 11:33:53.683 V/StagefrightPlayer( 311): getCurrentPosition
12-10 11:33:53.703 V/AudioSessionOutALSA( 311): Timestamp returned = 8739000
12-10 11:33:53.703 V/MediaPlayer-JNI(22137): getCurrentPosition: 8739 (msec)
12-10 11:33:53.703 D/ProgressBar(22137): setProgress = 87
12-10 11:33:53.703 D/ProgressBar(22137): setProgress = 87, fromUser = false
12-10 11:33:53.703 D/ProgressBar(22137): mProgress = 86mIndeterminate = false, mMin = 0, mMax = 2750
12-10 11:33:53.703 V/StagefrightPlayer( 311): getCurrentPosition
12-10 11:33:53.713 V/AudioSessionOutALSA( 311): Timestamp returned = 8760333
12-10 11:33:53.713 V/MediaPlayer-JNI(22137): getCurrentPosition: 8760 (msec)
12-10 11:33:53.803 V/StagefrightPlayer( 311): getCurrentPosition
12-10 11:33:53.813 V/AudioSessionOutALSA( 311): Timestamp returned = 8856333
12-10 11:33:53.813 V/MediaPlayer-JNI(22137): getCurrentPosition: 8856 (msec)
12-10 11:33:53.813 D/ProgressBar(22137): setProgress = 88
12-10 11:33:53.813 D/ProgressBar(22137): setProgress = 88, fromUser = false
12-10 11:33:53.813 D/ProgressBar(22137): mProgress = 87mIndeterminate = false, mMin = 0, mMax = 2750
12-10 11:33:53.813 V/StagefrightPlayer( 311): getCurrentPosition
12-10 11:33:53.833 V/AudioSessionOutALSA( 311): Timestamp returned = 8867000
12-10 11:33:53.833 V/MediaPlayer-JNI(22137): getCurrentPosition: 8867 (msec)
12-10 11:33:53.913 V/StagefrightPlayer( 311): getCurrentPosition
12-10 11:33:53.923 V/AudioSessionOutALSA( 311): Timestamp returned = 8963000
12-10 11:33:53.923 V/MediaPlayer-JNI(22137): getCurrentPosition: 8963 (msec)
12-10 11:33:53.933 D/ProgressBar(22137): setProgress = 89
12-10 11:33:53.933 D/ProgressBar(22137): setProgress = 89, fromUser = false
12-10 11:33:53.933 D/ProgressBar(22137): mProgress = 88mIndeterminate = false, mMin = 0, mMax = 2750
12-10 11:33:53.933 V/StagefrightPlayer( 311): getCurrentPosition
12-10 11:33:53.943 V/AudioSessionOutALSA( 311): Timestamp returned = 8984333
12-10 11:33:53.943 V/MediaPlayer-JNI(22137): getCurrentPosition: 8984 (msec)
12-10 11:33:54.033 V/StagefrightPlayer( 311): getCurrentPosition
12-10 11:33:54.043 V/AudioSessionOutALSA( 311): Timestamp returned = 9091000
12-10 11:33:54.043 V/MediaPlayer-JNI(22137): getCurrentPosition: 9091 (msec)
12-10 11:33:54.043 D/ProgressBar(22137): setProgress = 90
12-10 11:33:54.043 D/ProgressBar(22137): setProgress = 90, fromUser = false
12-10 11:33:54.043 D/ProgressBar(22137): mProgress = 89mIndeterminate = false, mMin = 0, mMax = 2750
12-10 11:33:54.053 V/StagefrightPlayer( 311): getCurrentPosition
12-10 11:33:54.063 V/AudioSessionOutALSA( 311): Timestamp returned = 9101666
12-10 11:33:54.063 V/MediaPlayer-JNI(22137): getCurrentPosition: 9102 (msec)
12-10 11:33:54.123 V/StagefrightPlayer( 311): getCurrentPosition
12-10 11:33:54.133 V/AudioSessionOutALSA( 311): Timestamp returned = 9176333
12-10 11:33:54.133 V/MediaPlayer-JNI(22137): getCurrentPosition: 9176 (msec)
12-10 11:33:54.153 V/StagefrightPlayer( 311): getCurrentPosition
12-10 11:33:54.163 V/AudioSessionOutALSA( 311): Timestamp returned = 9208333
12-10 11:33:54.163 V/MediaPlayer-JNI(22137): getCurrentPosition: 9208 (msec)
12-10 11:33:54.163 D/ProgressBar(22137): setProgress = 92
12-10 11:33:54.163 D/ProgressBar(22137): setProgress = 92, fromUser = false
12-10 11:33:54.163 D/ProgressBar(22137): mProgress = 90mIndeterminate = false, mMin = 0, mMax = 2750
12-10 11:33:54.173 V/StagefrightPlayer( 311): getCurrentPosition
12-10 11:33:54.183 V/AudioSessionOutALSA( 311): Timestamp returned = 9229666
12-10 11:33:54.183 V/MediaPlayer-JNI(22137): getCurrentPosition: 9230 (msec)
12-10 11:33:54.203 V/StagefrightPlayer( 311): getCurrentPosition
12-10 11:33:54.213 V/AudioSessionOutALSA( 311): Timestamp returned = 9251000
12-10 11:33:54.213 V/MediaPlayer-JNI(22137): getCurrentPosition: 9251 (msec)
12-10 11:33:54.273 V/StagefrightPlayer( 311): getCurrentPosition
12-10 11:33:54.293 V/AudioSessionOutALSA( 311): Timestamp returned = 9325666
12-10 11:33:54.293 V/MediaPlayer-JNI(22137): getCurrentPosition: 9326 (msec)
12-10 11:33:54.293 D/ProgressBar(22137): setProgress = 93
12-10 11:33:54.293 D/ProgressBar(22137): setProgress = 93, fromUser = false
12-10 11:33:54.293 D/ProgressBar(22137): mProgress = 92mIndeterminate = false, mMin = 0, mMax = 2750
12-10 11:33:54.293 V/StagefrightPlayer( 311): getCurrentPosition
12-10 11:33:54.313 V/AudioSessionOutALSA( 311): Timestamp returned = 9347000
12-10 11:33:54.313 V/MediaPlayer-JNI(22137): getCurrentPosition: 9347 (msec)
12-10 11:33:54.403 V/StagefrightPlayer( 311): getCurrentPosition
12-10 11:33:54.423 V/AudioSessionOutALSA( 311): Timestamp returned = 9443000
12-10 11:33:54.423 V/MediaPlayer-JNI(22137): getCurrentPosition: 9443 (msec)
12-10 11:33:54.423 D/ProgressBar(22137): setProgress = 94
12-10 11:33:54.423 D/ProgressBar(22137): setProgress = 94, fromUser = false
12-10 11:33:54.423 D/ProgressBar(22137): mProgress = 93mIndeterminate = false, mMin = 0, mMax = 2750
12-10 11:33:54.443 V/StagefrightPlayer( 311): getCurrentPosition
12-10 11:33:54.453 V/AudioSessionOutALSA( 311): Timestamp returned = 9485666
12-10 11:33:54.453 V/MediaPlayer-JNI(22137): getCurrentPosition: 9486 (msec)
12-10 11:33:54.543 V/StagefrightPlayer( 311): getCurrentPosition
12-10 11:33:54.553 V/AudioSessionOutALSA( 311): Timestamp returned = 9581666
12-10 11:33:54.553 V/MediaPlayer-JNI(22137): getCurrentPosition: 9582 (msec)
12-10 11:33:54.553 D/ProgressBar(22137): setProgress = 95
12-10 11:33:54.553 D/ProgressBar(22137): setProgress = 95, fromUser = false
12-10 11:33:54.553 D/ProgressBar(22137): mProgress = 94mIndeterminate = false, mMin = 0, mMax = 2750
12-10 11:33:54.583 V/StagefrightPlayer( 311): getCurrentPosition
12-10 11:33:54.593 V/AudioSessionOutALSA( 311): Timestamp returned = 9624333
12-10 11:33:54.593 V/MediaPlayer-JNI(22137): getCurrentPosition: 9624 (msec)
12-10 11:33:54.683 V/StagefrightPlayer( 311): getCurrentPosition
12-10 11:33:54.693 V/AudioSessionOutALSA( 311): Timestamp returned = 9731000
12-10 11:33:54.693 V/MediaPlayer-JNI(22137): getCurrentPosition: 9731 (msec)
12-10 11:33:54.693 D/ProgressBar(22137): setProgress = 97
12-10 11:33:54.693 D/ProgressBar(22137): setProgress = 97, fromUser = false
12-10 11:33:54.693 D/ProgressBar(22137): mProgress = 95mIndeterminate = false, mMin = 0, mMax = 2750
12-10 11:33:54.693 V/StagefrightPlayer( 311): getCurrentPosition
12-10 11:33:54.713 V/AudioSessionOutALSA( 311): Timestamp returned = 9741666
12-10 11:33:54.723 V/MediaPlayer-JNI(22137): getCurrentPosition: 9742 (msec)
12-10 11:33:54.803 V/StagefrightPlayer( 311): getCurrentPosition
12-10 11:33:54.813 V/AudioSessionOutALSA( 311): Timestamp returned = 9859000
12-10 11:33:54.813 V/MediaPlayer-JNI(22137): getCurrentPosition: 9859 (msec)
12-10 11:33:54.813 D/ProgressBar(22137): setProgress = 98
12-10 11:33:54.813 D/ProgressBar(22137): setProgress = 98, fromUser = false
12-10 11:33:54.813 D/ProgressBar(22137): mProgress = 97mIndeterminate = false, mMin = 0, mMax = 2750
12-10 11:33:54.823 V/StagefrightPlayer( 311): getCurrentPosition
12-10 11:33:54.833 V/AudioSessionOutALSA( 311): Timestamp returned = 9869666
12-10 11:33:54.833 V/MediaPlayer-JNI(22137): getCurrentPosition: 9870 (msec)
12-10 11:33:54.913 V/StagefrightPlayer( 311): getCurrentPosition
12-10 11:33:54.933 V/AudioSessionOutALSA( 311): Timestamp returned = 9965666
12-10 11:33:54.933 V/MediaPlayer-JNI(22137): getCurrentPosition: 9966 (msec)
12-10 11:33:54.933 D/ProgressBar(22137): setProgress = 99
12-10 11:33:54.933 D/ProgressBar(22137): setProgress = 99, fromUser = false
12-10 11:33:54.933 D/ProgressBar(22137): mProgress = 98mIndeterminate = false, mMin = 0, mMax = 2750
12-10 11:33:54.933 V/StagefrightPlayer( 311): getCurrentPosition
12-10 11:33:54.943 V/AudioSessionOutALSA( 311): Timestamp returned = 9987000
12-10 11:33:54.943 V/MediaPlayer-JNI(22137): getCurrentPosition: 9987 (msec)
12-10 11:33:55.033 V/StagefrightPlayer( 311): getCurrentPosition
12-10 11:33:55.043 V/AudioSessionOutALSA( 311): Timestamp returned = 10083000
12-10 11:33:55.043 V/MediaPlayer-JNI(22137): getCurrentPosition: 10083 (msec)
12-10 11:33:55.043 D/ProgressBar(22137): setProgress = 100
12-10 11:33:55.043 D/ProgressBar(22137): setProgress = 100, fromUser = false
12-10 11:33:55.043 D/ProgressBar(22137): mProgress = 99mIndeterminate = false, mMin = 0, mMax = 2750
12-10 11:33:55.043 V/StagefrightPlayer( 311): getCurrentPosition
12-10 11:33:55.063 V/AudioSessionOutALSA( 311): Timestamp returned = 10093666
12-10 11:33:55.063 V/MediaPlayer-JNI(22137): getCurrentPosition: 10094 (msec)
12-10 11:33:55.133 V/StagefrightPlayer( 311): getCurrentPosition
12-10 11:33:55.153 V/AudioSessionOutALSA( 311): Timestamp returned = 10189666
12-10 11:33:55.153 V/MediaPlayer-JNI(22137): getCurrentPosition: 10190 (msec)
12-10 11:33:55.153 V/StagefrightPlayer( 311): getCurrentPosition
12-10 11:33:55.163 V/AudioSessionOutALSA( 311): Timestamp returned = 10200333
12-10 11:33:55.163 V/MediaPlayer-JNI(22137): getCurrentPosition: 10200 (msec)
12-10 11:33:55.163 D/ProgressBar(22137): setProgress = 102
12-10 11:33:55.163 D/ProgressBar(22137): setProgress = 102, fromUser = false
12-10 11:33:55.163 D/ProgressBar(22137): mProgress = 100mIndeterminate = false, mMin = 0, mMax = 2750
12-10 11:33:55.163 V/StagefrightPlayer( 311): getCurrentPosition
12-10 11:33:55.173 V/AudioSessionOutALSA( 311): Timestamp returned = 10211000
12-10 11:33:55.173 V/MediaPlayer-JNI(22137): getCurrentPosition: 10211 (msec)
12-10 11:33:55.183 V/StagefrightPlayer( 311): getCurrentPosition
12-10 11:33:55.203 V/AudioSessionOutALSA( 311): Timestamp returned = 10232333
12-10 11:33:55.203 V/MediaPlayer-JNI(22137): getCurrentPosition: 10232 (msec)
12-10 11:33:55.263 V/StagefrightPlayer( 311): getCurrentPosition
12-10 11:33:55.273 V/AudioSessionOutALSA( 311): Timestamp returned = 10317666
12-10 11:33:55.273 V/MediaPlayer-JNI(22137): getCurrentPosition: 10318 (msec)
12-10 11:33:55.273 D/ProgressBar(22137): setProgress = 103
12-10 11:33:55.273 D/ProgressBar(22137): setProgress = 103, fromUser = false
12-10 11:33:55.273 D/ProgressBar(22137): mProgress = 102mIndeterminate = false, mMin = 0, mMax = 2750
12-10 11:33:55.273 V/StagefrightPlayer( 311): getCurrentPosition
12-10 11:33:55.293 V/AudioSessionOutALSA( 311): Timestamp returned = 10328333
12-10 11:33:55.293 V/MediaPlayer-JNI(22137): getCurrentPosition: 10328 (msec)
12-10 11:33:55.373 V/StagefrightPlayer( 311): getCurrentPosition
12-10 11:33:55.393 V/AudioSessionOutALSA( 311): Timestamp returned = 10424333
12-10 11:33:55.393 V/MediaPlayer-JNI(22137): getCurrentPosition: 10424 (msec)
12-10 11:33:55.393 D/ProgressBar(22137): setProgress = 104
12-10 11:33:55.393 D/ProgressBar(22137): setProgress = 104, fromUser = false
12-10 11:33:55.393 D/ProgressBar(22137): mProgress = 103mIndeterminate = false, mMin = 0, mMax = 2750
12-10 11:33:55.393 V/StagefrightPlayer( 311): getCurrentPosition
12-10 11:33:55.403 V/AudioSessionOutALSA( 311): Timestamp returned = 10445666
12-10 11:33:55.413 V/MediaPlayer-JNI(22137): getCurrentPosition: 10446 (msec)
12-10 11:33:55.503 V/StagefrightPlayer( 311): getCurrentPosition
12-10 11:33:55.513 V/AudioSessionOutALSA( 311): Timestamp returned = 10541666
12-10 11:33:55.513 V/MediaPlayer-JNI(22137): getCurrentPosition: 10542 (msec)
12-10 11:33:55.513 D/ProgressBar(22137): setProgress = 105
12-10 11:33:55.513 D/ProgressBar(22137): setProgress = 105, fromUser = false
12-10 11:33:55.513 D/ProgressBar(22137): mProgress = 104mIndeterminate = false, mMin = 0, mMax = 2750
12-10 11:33:55.513 V/StagefrightPlayer( 311): getCurrentPosition
12-10 11:33:55.523 V/AudioSessionOutALSA( 311): Timestamp returned = 10563000
12-10 11:33:55.523 V/MediaPlayer-JNI(22137): getCurrentPosition: 10563 (msec)
12-10 11:33:55.613 V/StagefrightPlayer( 311): getCurrentPosition
12-10 11:33:55.633 V/AudioSessionOutALSA( 311): Timestamp returned = 10669666
12-10 11:33:55.633 V/MediaPlayer-JNI(22137): getCurrentPosition: 10670 (msec)
12-10 11:33:55.633 D/ProgressBar(22137): setProgress = 106
12-10 11:33:55.633 D/ProgressBar(22137): setProgress = 106, fromUser = false
12-10 11:33:55.633 D/ProgressBar(22137): mProgress = 105mIndeterminate = false, mMin = 0, mMax = 2750
12-10 11:33:55.643 V/StagefrightPlayer( 311): getCurrentPosition
12-10 11:33:55.653 V/AudioSessionOutALSA( 311): Timestamp returned = 10691000
12-10 11:33:55.653 V/MediaPlayer-JNI(22137): getCurrentPosition: 10691 (msec)
12-10 11:33:55.743 V/StagefrightPlayer( 311): getCurrentPosition
12-10 11:33:55.753 V/AudioSessionOutALSA( 311): Timestamp returned = 10797666
12-10 11:33:55.753 V/MediaPlayer-JNI(22137): getCurrentPosition: 10798 (msec)
12-10 11:33:55.753 D/ProgressBar(22137): setProgress = 107
12-10 11:33:55.753 D/ProgressBar(22137): setProgress = 107, fromUser = false
12-10 11:33:55.753 D/ProgressBar(22137): mProgress = 106mIndeterminate = false, mMin = 0, mMax = 2750
12-10 11:33:55.753 V/StagefrightPlayer( 311): getCurrentPosition
12-10 11:33:55.773 V/AudioSessionOutALSA( 311): Timestamp returned = 10808333
12-10 11:33:55.773 V/MediaPlayer-JNI(22137): getCurrentPosition: 10808 (msec)
12-10 11:33:55.853 V/StagefrightPlayer( 311): getCurrentPosition
12-10 11:33:55.863 V/AudioSessionOutALSA( 311): Timestamp returned = 10904333
12-10 11:33:55.873 V/MediaPlayer-JNI(22137): getCurrentPosition: 10904 (msec)
12-10 11:33:55.873 D/ProgressBar(22137): setProgress = 109
12-10 11:33:55.873 D/ProgressBar(22137): setProgress = 109, fromUser = false
12-10 11:33:55.873 D/ProgressBar(22137): mProgress = 107mIndeterminate = false, mMin = 0, mMax = 2750
12-10 11:33:55.873 V/StagefrightPlayer( 311): getCurrentPosition
12-10 11:33:55.883 V/AudioSessionOutALSA( 311): Timestamp returned = 10925666
12-10 11:33:55.883 V/MediaPlayer-JNI(22137): getCurrentPosition: 10926 (msec)
12-10 11:33:55.973 V/StagefrightPlayer( 311): getCurrentPosition
12-10 11:33:55.983 V/AudioSessionOutALSA( 311): Timestamp returned = 11021666
12-10 11:33:55.983 V/MediaPlayer-JNI(22137): getCurrentPosition: 11022 (msec)
12-10 11:33:55.983 D/ProgressBar(22137): setProgress = 110
12-10 11:33:55.983 D/ProgressBar(22137): setProgress = 110, fromUser = false
12-10 11:33:55.983 D/ProgressBar(22137): mProgress = 109mIndeterminate = false, mMin = 0, mMax = 2750
12-10 11:33:55.983 V/StagefrightPlayer( 311): getCurrentPosition
12-10 11:33:56.003 V/AudioSessionOutALSA( 311): Timestamp returned = 11032333
12-10 11:33:56.013 V/MediaPlayer-JNI(22137): getCurrentPosition: 11032 (msec)
12-10 11:33:56.083 V/StagefrightPlayer( 311): getCurrentPosition
12-10 11:33:56.093 V/AudioSessionOutALSA( 311): Timestamp returned = 11139000
12-10 11:33:56.093 V/MediaPlayer-JNI(22137): getCurrentPosition: 11139 (msec)
12-10 11:33:56.093 D/ProgressBar(22137): setProgress = 111
12-10 11:33:56.093 D/ProgressBar(22137): setProgress = 111, fromUser = false
12-10 11:33:56.093 D/ProgressBar(22137): mProgress = 110mIndeterminate = false, mMin = 0, mMax = 2750
12-10 11:33:56.093 V/StagefrightPlayer( 311): getCurrentPosition
12-10 11:33:56.113 V/AudioSessionOutALSA( 311): Timestamp returned = 11149666
12-10 11:33:56.113 V/MediaPlayer-JNI(22137): getCurrentPosition: 11150 (msec)
12-10 11:33:56.163 V/StagefrightPlayer( 311): getCurrentPosition
12-10 11:33:56.173 V/AudioSessionOutALSA( 311): Timestamp returned = 11203000
12-10 11:33:56.173 V/MediaPlayer-JNI(22137): getCurrentPosition: 11203 (msec)
12-10 11:33:56.193 V/StagefrightPlayer( 311): getCurrentPosition
12-10 11:33:56.213 V/AudioSessionOutALSA( 311): Timestamp returned = 11245666
12-10 11:33:56.213 V/MediaPlayer-JNI(22137): getCurrentPosition: 11246 (msec)
12-10 11:33:56.213 D/ProgressBar(22137): setProgress = 112
12-10 11:33:56.213 D/ProgressBar(22137): setProgress = 112, fromUser = false
12-10 11:33:56.213 D/ProgressBar(22137): mProgress = 111mIndeterminate = false, mMin = 0, mMax = 2750
12-10 11:33:56.213 V/StagefrightPlayer( 311): getCurrentPosition
12-10 11:33:56.233 V/AudioSessionOutALSA( 311): Timestamp returned = 11267000
12-10 11:33:56.233 V/MediaPlayer-JNI(22137): getCurrentPosition: 11267 (msec)
12-10 11:33:56.233 V/StagefrightPlayer( 311): getCurrentPosition
12-10 11:33:56.243 V/AudioSessionOutALSA( 311): Timestamp returned = 11288333
12-10 11:33:56.243 V/MediaPlayer-JNI(22137): getCurrentPosition: 11288 (msec)
12-10 11:33:56.343 V/StagefrightPlayer( 311): getCurrentPosition
12-10 11:33:56.353 V/AudioSessionOutALSA( 311): Timestamp returned = 11395000
12-10 11:33:56.353 V/MediaPlayer-JNI(22137): getCurrentPosition: 11395 (msec)
12-10 11:33:56.353 D/ProgressBar(22137): setProgress = 113
12-10 11:33:56.353 D/ProgressBar(22137): setProgress = 113, fromUser = false
12-10 11:33:56.353 D/ProgressBar(22137): mProgress = 112mIndeterminate = false, mMin = 0, mMax = 2750
12-10 11:33:56.403 V/StagefrightPlayer( 311): getCurrentPosition
12-10 11:33:56.413 V/AudioSessionOutALSA( 311): Timestamp returned = 11448333
12-10 11:33:56.413 V/MediaPlayer-JNI(22137): getCurrentPosition: 11448 (msec)
12-10 11:33:56.503 V/StagefrightPlayer( 311): getCurrentPosition
12-10 11:33:56.513 V/AudioSessionOutALSA( 311): Timestamp returned = 11544333
12-10 11:33:56.513 V/MediaPlayer-JNI(22137): getCurrentPosition: 11544 (msec)
12-10 11:33:56.513 D/ProgressBar(22137): setProgress = 115
12-10 11:33:56.513 D/ProgressBar(22137): setProgress = 115, fromUser = false
12-10 11:33:56.513 D/ProgressBar(22137): mProgress = 113mIndeterminate = false, mMin = 0, mMax = 2750
12-10 11:33:56.513 V/StagefrightPlayer( 311): getCurrentPosition
12-10 11:33:56.543 V/AudioSessionOutALSA( 311): Timestamp returned = 11565666
12-10 11:33:56.543 V/MediaPlayer-JNI(22137): getCurrentPosition: 11566 (msec)
12-10 11:33:56.613 V/StagefrightPlayer( 311): getCurrentPosition
12-10 11:33:56.623 V/AudioSessionOutALSA( 311): Timestamp returned = 11661666
12-10 11:33:56.623 V/MediaPlayer-JNI(22137): getCurrentPosition: 11662 (msec)
12-10 11:33:56.623 D/ProgressBar(22137): setProgress = 116
12-10 11:33:56.623 D/ProgressBar(22137): setProgress = 116, fromUser = false
12-10 11:33:56.623 D/ProgressBar(22137): mProgress = 115mIndeterminate = false, mMin = 0, mMax = 2750
12-10 11:33:56.623 V/StagefrightPlayer( 311): getCurrentPosition
12-10 11:33:56.633 V/AudioSessionOutALSA( 311): Timestamp returned = 11672333
12-10 11:33:56.633 V/MediaPlayer-JNI(22137): getCurrentPosition: 11672 (msec)
12-10 11:33:56.653 D/MobileDataStateTracker( 722): default: setPolicyDataEnable(enabled=true)
12-10 11:33:56.733 V/StagefrightPlayer( 311): getCurrentPosition
12-10 11:33:56.743 V/AudioSessionOutALSA( 311): Timestamp returned = 11779000
12-10 11:33:56.743 V/MediaPlayer-JNI(22137): getCurrentPosition: 11779 (msec)
12-10 11:33:56.743 D/ProgressBar(22137): setProgress = 117
12-10 11:33:56.743 D/ProgressBar(22137): setProgress = 117, fromUser = false
12-10 11:33:56.743 D/ProgressBar(22137): mProgress = 116mIndeterminate = false, mMin = 0, mMax = 2750
12-10 11:33:56.743 V/StagefrightPlayer( 311): getCurrentPosition
12-10 11:33:56.753 V/AudioSessionOutALSA( 311): Timestamp returned = 11800333
12-10 11:33:56.753 V/MediaPlayer-JNI(22137): getCurrentPosition: 11800 (msec)
12-10 11:33:56.843 V/StagefrightPlayer( 311): getCurrentPosition
12-10 11:33:56.853 V/AudioSessionOutALSA( 311): Timestamp returned = 11885666
12-10 11:33:56.853 V/MediaPlayer-JNI(22137): getCurrentPosition: 11886 (msec)
12-10 11:33:56.853 D/ProgressBar(22137): setProgress = 118
12-10 11:33:56.853 D/ProgressBar(22137): setProgress = 118, fromUser = false
12-10 11:33:56.853 D/ProgressBar(22137): mProgress = 117mIndeterminate = false, mMin = 0, mMax = 2750
12-10 11:33:56.853 V/StagefrightPlayer( 311): getCurrentPosition
12-10 11:33:56.863 V/AudioSessionOutALSA( 311): Timestamp returned = 11907000
12-10 11:33:56.863 V/MediaPlayer-JNI(22137): getCurrentPosition: 11907 (msec)
12-10 11:33:56.953 V/StagefrightPlayer( 311): getCurrentPosition
12-10 11:33:56.963 V/AudioSessionOutALSA( 311): Timestamp returned = 12003000
12-10 11:33:56.963 V/MediaPlayer-JNI(22137): getCurrentPosition: 12003 (msec)
12-10 11:33:56.963 D/ProgressBar(22137): setProgress = 120
12-10 11:33:56.963 D/ProgressBar(22137): setProgress = 120, fromUser = false
12-10 11:33:56.963 D/ProgressBar(22137): mProgress = 118mIndeterminate = false, mMin = 0, mMax = 2750
12-10 11:33:56.963 V/StagefrightPlayer( 311): getCurrentPosition
12-10 11:33:56.973 V/AudioSessionOutALSA( 311): Timestamp returned = 12013666
12-10 11:33:56.973 V/MediaPlayer-JNI(22137): getCurrentPosition: 12014 (msec)
12-10 11:33:57.063 V/StagefrightPlayer( 311): getCurrentPosition
12-10 11:33:57.073 V/AudioSessionOutALSA( 311): Timestamp returned = 12120333
12-10 11:33:57.073 V/MediaPlayer-JNI(22137): getCurrentPosition: 12120 (msec)
12-10 11:33:57.073 D/ProgressBar(22137): setProgress = 121
12-10 11:33:57.073 D/ProgressBar(22137): setProgress = 121, fromUser = false
12-10 11:33:57.073 D/ProgressBar(22137): mProgress = 120mIndeterminate = false, mMin = 0, mMax = 2750
12-10 11:33:57.073 V/StagefrightPlayer( 311): getCurrentPosition
12-10 11:33:57.083 V/AudioSessionOutALSA( 311): Timestamp returned = 12131000
12-10 11:33:57.083 V/MediaPlayer-JNI(22137): getCurrentPosition: 12131 (msec)
12-10 11:33:57.173 V/StagefrightPlayer( 311): getCurrentPosition
12-10 11:33:57.183 V/AudioSessionOutALSA( 311): Timestamp returned = 12227000
12-10 11:33:57.183 V/MediaPlayer-JNI(22137): getCurrentPosition: 12227 (msec)
12-10 11:33:57.183 V/StagefrightPlayer( 311): getCurrentPosition
12-10 11:33:57.193 V/AudioSessionOutALSA( 311): Timestamp returned = 12237666
12-10 11:33:57.193 V/MediaPlayer-JNI(22137): getCurrentPosition: 12238 (msec)
12-10 11:33:57.193 D/ProgressBar(22137): setProgress = 122
12-10 11:33:57.193 D/ProgressBar(22137): setProgress = 122, fromUser = false
12-10 11:33:57.193 D/ProgressBar(22137): mProgress = 121mIndeterminate = false, mMin = 0, mMax = 2750
12-10 11:33:57.193 V/StagefrightPlayer( 311): getCurrentPosition
12-10 11:33:57.213 V/AudioSessionOutALSA( 311): Timestamp returned = 12248333
12-10 11:33:57.213 V/MediaPlayer-JNI(22137): getCurrentPosition: 12248 (msec)
12-10 11:33:57.233 V/StagefrightPlayer( 311): getCurrentPosition
12-10 11:33:57.253 V/AudioSessionOutALSA( 311): Timestamp returned = 12291000
12-10 11:33:57.253 V/MediaPlayer-JNI(22137): getCurrentPosition: 12291 (msec)
12-10 11:33:57.293 V/StagefrightPlayer( 311): getCurrentPosition
12-10 11:33:57.303 V/AudioSessionOutALSA( 311): Timestamp returned = 12344333
12-10 11:33:57.303 V/MediaPlayer-JNI(22137): getCurrentPosition: 12344 (msec)
12-10 11:33:57.303 D/ProgressBar(22137): setProgress = 123
12-10 11:33:57.303 D/ProgressBar(22137): setProgress = 123, fromUser = false
12-10 11:33:57.303 D/ProgressBar(22137): mProgress = 122mIndeterminate = false, mMin = 0, mMax = 2750
12-10 11:33:57.303 V/StagefrightPlayer( 311): getCurrentPosition
12-10 11:33:57.323 V/AudioSessionOutALSA( 311): Timestamp returned = 12355000
12-10 11:33:57.323 V/MediaPlayer-JNI(22137): getCurrentPosition: 12355 (msec)
12-10 11:33:57.403 V/StagefrightPlayer( 311): getCurrentPosition
12-10 11:33:57.423 I/WifiTrafficPoller( 722): Dynamic booster is mCpuFreqIndex_2. mCpuFreqIndex_2 is 8
12-10 11:33:57.423 I/power ( 722): *** acquire_dvfs_lock : lockType : 1 freq : 883200
12-10 11:33:57.423 V/AudioSessionOutALSA( 311): Timestamp returned = 12451000
12-10 11:33:57.423 V/MediaPlayer-JNI(22137): getCurrentPosition: 12451 (msec)
12-10 11:33:57.423 D/ProgressBar(22137): setProgress = 124
12-10 11:33:57.423 D/ProgressBar(22137): setProgress = 124, fromUser = false
12-10 11:33:57.423 D/ProgressBar(22137): mProgress = 123mIndeterminate = false, mMin = 0, mMax = 2750
12-10 11:33:57.423 D/CustomFrequencyManagerService( 722): acquireDVFSLockLocked : type : DVFS_MIN_LIMIT frequency : 883200 uid : 1000 pid : 722 pkgName : android@2
12-10 11:33:57.433 V/StagefrightPlayer( 311): getCurrentPosition
12-10 11:33:57.443 V/AudioSessionOutALSA( 311): Timestamp returned = 12483000
12-10 11:33:57.443 V/MediaPlayer-JNI(22137): getCurrentPosition: 12483 (msec)
12-10 11:33:57.533 V/StagefrightPlayer( 311): getCurrentPosition
12-10 11:33:57.543 V/AudioSessionOutALSA( 311): Timestamp returned = 12589666
12-10 11:33:57.543 V/MediaPlayer-JNI(22137): getCurrentPosition: 12590 (msec)
12-10 11:33:57.543 D/ProgressBar(22137): setProgress = 125
12-10 11:33:57.543 D/ProgressBar(22137): setProgress = 125, fromUser = false
12-10 11:33:57.543 D/ProgressBar(22137): mProgress = 124mIndeterminate = false, mMin = 0, mMax = 2750
12-10 11:33:57.543 V/StagefrightPlayer( 311): getCurrentPosition
12-10 11:33:57.563 V/AudioSessionOutALSA( 311): Timestamp returned = 12600333
12-10 11:33:57.563 V/MediaPlayer-JNI(22137): getCurrentPosition: 12600 (msec)
12-10 11:33:57.643 V/StagefrightPlayer( 311): getCurrentPosition
12-10 11:33:57.663 V/AudioSessionOutALSA( 311): Timestamp returned = 12696333
12-10 11:33:57.663 V/MediaPlayer-JNI(22137): getCurrentPosition: 12696 (msec)
12-10 11:33:57.663 D/ProgressBar(22137): setProgress = 126
12-10 11:33:57.663 D/ProgressBar(22137): setProgress = 126, fromUser = false
12-10 11:33:57.663 D/ProgressBar(22137): mProgress = 125mIndeterminate = false, mMin = 0, mMax = 2750
12-10 11:33:57.663 V/StagefrightPlayer( 311): getCurrentPosition
12-10 11:33:57.673 V/AudioSessionOutALSA( 311): Timestamp returned = 12707000
12-10 11:33:57.673 V/MediaPlayer-JNI(22137): getCurrentPosition: 12707 (msec)
12-10 11:33:57.763 V/StagefrightPlayer( 311): getCurrentPosition
12-10 11:33:57.773 V/AudioSessionOutALSA( 311): Timestamp returned = 12803000
12-10 11:33:57.773 V/MediaPlayer-JNI(22137): getCurrentPosition: 12803 (msec)
12-10 11:33:57.773 D/ProgressBar(22137): setProgress = 128
12-10 11:33:57.773 D/ProgressBar(22137): setProgress = 128, fromUser = false
12-10 11:33:57.773 D/ProgressBar(22137): mProgress = 126mIndeterminate = false, mMin = 0, mMax = 2750
12-10 11:33:57.773 V/StagefrightPlayer( 311): getCurrentPosition
12-10 11:33:57.783 V/AudioSessionOutALSA( 311): Timestamp returned = 12824333
12-10 11:33:57.783 V/MediaPlayer-JNI(22137): getCurrentPosition: 12824 (msec)
12-10 11:33:57.873 V/StagefrightPlayer( 311): getCurrentPosition
12-10 11:33:57.883 V/AudioSessionOutALSA( 311): Timestamp returned = 12931000
12-10 11:33:57.883 V/MediaPlayer-JNI(22137): getCurrentPosition: 12931 (msec)
12-10 11:33:57.883 D/ProgressBar(22137): setProgress = 129
12-10 11:33:57.883 D/ProgressBar(22137): setProgress = 129, fromUser = false
12-10 11:33:57.883 D/ProgressBar(22137): mProgress = 128mIndeterminate = false, mMin = 0, mMax = 2750
12-10 11:33:57.883 V/StagefrightPlayer( 311): getCurrentPosition
12-10 11:33:57.893 V/AudioSessionOutALSA( 311): Timestamp returned = 12931000
12-10 11:33:57.893 V/MediaPlayer-JNI(22137): getCurrentPosition: 12931 (msec)
12-10 11:33:57.983 V/StagefrightPlayer( 311): getCurrentPosition
12-10 11:33:57.993 V/AudioSessionOutALSA( 311): Timestamp returned = 13037666
12-10 11:33:57.993 V/MediaPlayer-JNI(22137): getCurrentPosition: 13038 (msec)
12-10 11:33:57.993 D/ProgressBar(22137): setProgress = 130
12-10 11:33:57.993 D/ProgressBar(22137): setProgress = 130, fromUser = false
12-10 11:33:57.993 D/ProgressBar(22137): mProgress = 129mIndeterminate = false, mMin = 0, mMax = 2750
12-10 11:33:58.003 V/StagefrightPlayer( 311): getCurrentPosition
12-10 11:33:58.013 V/AudioSessionOutALSA( 311): Timestamp returned = 13048333
12-10 11:33:58.013 V/MediaPlayer-JNI(22137): getCurrentPosition: 13048 (msec)
12-10 11:33:58.093 V/StagefrightPlayer( 311): getCurrentPosition
12-10 11:33:58.113 V/AudioSessionOutALSA( 311): Timestamp returned = 13144333
12-10 11:33:58.113 V/MediaPlayer-JNI(22137): getCurrentPosition: 13144 (msec)
12-10 11:33:58.113 D/ProgressBar(22137): setProgress = 131
12-10 11:33:58.113 D/ProgressBar(22137): setProgress = 131, fromUser = false
12-10 11:33:58.113 D/ProgressBar(22137): mProgress = 130mIndeterminate = false, mMin = 0, mMax = 2750
12-10 11:33:58.113 V/StagefrightPlayer( 311): getCurrentPosition
12-10 11:33:58.123 V/AudioSessionOutALSA( 311): Timestamp returned = 13155000
12-10 11:33:58.123 V/MediaPlayer-JNI(22137): getCurrentPosition: 13155 (msec)
12-10 11:33:58.183 V/StagefrightPlayer( 311): getCurrentPosition
12-10 11:33:58.193 V/AudioSessionOutALSA( 311): Timestamp returned = 13240333
12-10 11:33:58.193 V/MediaPlayer-JNI(22137): getCurrentPosition: 13240 (msec)
12-10 11:33:58.213 V/StagefrightPlayer( 311): getCurrentPosition
12-10 11:33:58.223 V/AudioSessionOutALSA( 311): Timestamp returned = 13261666
12-10 11:33:58.223 V/MediaPlayer-JNI(22137): getCurrentPosition: 13262 (msec)
12-10 11:33:58.223 D/ProgressBar(22137): setProgress = 132
12-10 11:33:58.223 D/ProgressBar(22137): setProgress = 132, fromUser = false
12-10 11:33:58.223 D/ProgressBar(22137): mProgress = 131mIndeterminate = false, mMin = 0, mMax = 2750
12-10 11:33:58.223 V/StagefrightPlayer( 311): getCurrentPosition
12-10 11:33:58.233 V/AudioSessionOutALSA( 311): Timestamp returned = 13272333
12-10 11:33:58.233 V/MediaPlayer-JNI(22137): getCurrentPosition: 13272 (msec)
12-10 11:33:58.253 V/StagefrightPlayer( 311): getCurrentPosition
12-10 11:33:58.263 V/AudioSessionOutALSA( 311): Timestamp returned = 13293666
12-10 11:33:58.263 V/MediaPlayer-JNI(22137): getCurrentPosition: 13294 (msec)
12-10 11:33:58.323 V/StagefrightPlayer( 311): getCurrentPosition
12-10 11:33:58.333 V/AudioSessionOutALSA( 311): Timestamp returned = 13379000
12-10 11:33:58.333 V/MediaPlayer-JNI(22137): getCurrentPosition: 13379 (msec)
12-10 11:33:58.333 D/ProgressBar(22137): setProgress = 133
12-10 11:33:58.333 D/ProgressBar(22137): setProgress = 133, fromUser = false
12-10 11:33:58.333 D/ProgressBar(22137): mProgress = 132mIndeterminate = false, mMin = 0, mMax = 2750
12-10 11:33:58.333 V/StagefrightPlayer( 311): getCurrentPosition
12-10 11:33:58.353 V/AudioSessionOutALSA( 311): Timestamp returned = 13389666
12-10 11:33:58.353 V/MediaPlayer-JNI(22137): getCurrentPosition: 13390 (msec)
12-10 11:33:58.433 V/StagefrightPlayer( 311): getCurrentPosition
12-10 11:33:58.453 V/AudioSessionOutALSA( 311): Timestamp returned = 13485666
12-10 11:33:58.453 V/MediaPlayer-JNI(22137): getCurrentPosition: 13486 (msec)
12-10 11:33:58.453 D/ProgressBar(22137): setProgress = 134
12-10 11:33:58.453 D/ProgressBar(22137): setProgress = 134, fromUser = false
12-10 11:33:58.453 D/ProgressBar(22137): mProgress = 133mIndeterminate = false, mMin = 0, mMax = 2750
12-10 11:33:58.453 V/StagefrightPlayer( 311): getCurrentPosition
12-10 11:33:58.463 V/AudioSessionOutALSA( 311): Timestamp returned = 13496333
12-10 11:33:58.463 V/MediaPlayer-JNI(22137): getCurrentPosition: 13496 (msec)
12-10 11:33:58.553 V/StagefrightPlayer( 311): getCurrentPosition
12-10 11:33:58.563 V/AudioSessionOutALSA( 311): Timestamp returned = 13603000
12-10 11:33:58.563 V/MediaPlayer-JNI(22137): getCurrentPosition: 13603 (msec)
12-10 11:33:58.563 D/ProgressBar(22137): setProgress = 136
12-10 11:33:58.563 D/ProgressBar(22137): setProgress = 136, fromUser = false
12-10 11:33:58.563 D/ProgressBar(22137): mProgress = 134mIndeterminate = false, mMin = 0, mMax = 2750
12-10 11:33:58.563 V/StagefrightPlayer( 311): getCurrentPosition
12-10 11:33:58.573 V/AudioSessionOutALSA( 311): Timestamp returned = 13613666
12-10 11:33:58.573 V/MediaPlayer-JNI(22137): getCurrentPosition: 13614 (msec)
12-10 11:33:58.663 V/StagefrightPlayer( 311): getCurrentPosition
12-10 11:33:58.673 V/AudioSessionOutALSA( 311): Timestamp returned = 13720333
12-10 11:33:58.673 V/MediaPlayer-JNI(22137): getCurrentPosition: 13720 (msec)
12-10 11:33:58.673 D/ProgressBar(22137): setProgress = 137
12-10 11:33:58.673 D/ProgressBar(22137): setProgress = 137, fromUser = false
12-10 11:33:58.673 D/ProgressBar(22137): mProgress = 136mIndeterminate = false, mMin = 0, mMax = 2750
12-10 11:33:58.673 V/StagefrightPlayer( 311): getCurrentPosition
12-10 11:33:58.683 V/AudioSessionOutALSA( 311): Timestamp returned = 13731000
12-10 11:33:58.683 V/MediaPlayer-JNI(22137): getCurrentPosition: 13731 (msec)
12-10 11:33:58.773 V/StagefrightPlayer( 311): getCurrentPosition
12-10 11:33:58.793 V/AudioSessionOutALSA( 311): Timestamp returned = 13827000
12-10 11:33:58.793 V/MediaPlayer-JNI(22137): getCurrentPosition: 13827 (msec)
12-10 11:33:58.793 D/ProgressBar(22137): setProgress = 138
12-10 11:33:58.793 D/ProgressBar(22137): setProgress = 138, fromUser = false
12-10 11:33:58.793 D/ProgressBar(22137): mProgress = 137mIndeterminate = false, mMin = 0, mMax = 2750
12-10 11:33:58.793 V/StagefrightPlayer( 311): getCurrentPosition
12-10 11:33:58.803 V/AudioSessionOutALSA( 311): Timestamp returned = 13837666
12-10 11:33:58.803 V/MediaPlayer-JNI(22137): getCurrentPosition: 13838 (msec)
12-10 11:33:58.893 V/StagefrightPlayer( 311): getCurrentPosition
12-10 11:33:58.903 V/AudioSessionOutALSA( 311): Timestamp returned = 13944333
12-10 11:33:58.903 V/MediaPlayer-JNI(22137): getCurrentPosition: 13944 (msec)
12-10 11:33:58.903 D/ProgressBar(22137): setProgress = 139
12-10 11:33:58.903 D/ProgressBar(22137): setProgress = 139, fromUser = false
12-10 11:33:58.903 D/ProgressBar(22137): mProgress = 138mIndeterminate = false, mMin = 0, mMax = 2750
12-10 11:33:58.903 V/StagefrightPlayer( 311): getCurrentPosition
12-10 11:33:58.913 V/AudioSessionOutALSA( 311): Timestamp returned = 13955000
12-10 11:33:58.913 V/MediaPlayer-JNI(22137): getCurrentPosition: 13955 (msec)
12-10 11:33:59.003 V/StagefrightPlayer( 311): getCurrentPosition
12-10 11:33:59.013 V/AudioSessionOutALSA( 311): Timestamp returned = 14051000
12-10 11:33:59.013 V/MediaPlayer-JNI(22137): getCurrentPosition: 14051 (msec)
12-10 11:33:59.013 D/ProgressBar(22137): setProgress = 140
12-10 11:33:59.013 D/ProgressBar(22137): setProgress = 140, fromUser = false
12-10 11:33:59.013 D/ProgressBar(22137): mProgress = 139mIndeterminate = false, mMin = 0, mMax = 2750
12-10 11:33:59.013 V/StagefrightPlayer( 311): getCurrentPosition
12-10 11:33:59.033 V/AudioSessionOutALSA( 311): Timestamp returned = 14061666
12-10 11:33:59.033 V/MediaPlayer-JNI(22137): getCurrentPosition: 14062 (msec)
12-10 11:33:59.113 V/StagefrightPlayer( 311): getCurrentPosition
12-10 11:33:59.123 V/AudioSessionOutALSA( 311): Timestamp returned = 14168333
12-10 11:33:59.123 V/MediaPlayer-JNI(22137): getCurrentPosition: 14168 (msec)
12-10 11:33:59.123 D/ProgressBar(22137): setProgress = 141
12-10 11:33:59.123 D/ProgressBar(22137): setProgress = 141, fromUser = false
12-10 11:33:59.123 D/ProgressBar(22137): mProgress = 140mIndeterminate = false, mMin = 0, mMax = 2750
12-10 11:33:59.133 V/StagefrightPlayer( 311): getCurrentPosition
12-10 11:33:59.143 V/AudioSessionOutALSA( 311): Timestamp returned = 14179000
12-10 11:33:59.143 V/MediaPlayer-JNI(22137): getCurrentPosition: 14179 (msec)
12-10 11:33:59.193 V/StagefrightPlayer( 311): getCurrentPosition
