12-10 11:36:58.773 E/mm-camera( 330): port_isp_mct_ctrl_cmd: E, identity = 0x30002
12-10 11:36:58.773 E/mm-camera( 330): module_faceproc_client_handle_ctrl_parm:1969] param 27
12-10 11:36:58.773 E/mm-camera( 330): port_isp_mct_ctrl_cmd: X, identity = 0x30002
12-10 11:36:58.773 E/mm-camera( 330): port_isp_mct_ctrl_cmd: type=3
12-10 11:36:58.773 E/mm-camera( 330): port_isp_mct_ctrl_cmd: E, identity = 0x30002
12-10 11:36:58.773 E/mm-camera( 330): module_faceproc_client_handle_ctrl_parm:1969] param 28
12-10 11:36:58.773 E/mm-camera( 330): port_isp_mct_ctrl_cmd: X, identity = 0x30002
12-10 11:36:58.773 E/mm-camera( 330): port_isp_mct_ctrl_cmd: type=3
12-10 11:36:58.773 E/mm-camera( 330): port_isp_mct_ctrl_cmd: E, identity = 0x30002
12-10 11:36:58.773 E/mm-camera( 330): cpp_hw_params_update_wnr_params:3088 Update WNR
12-10 11:36:58.773 E/mm-camera( 330): module_faceproc_client_handle_ctrl_parm:1969] param 29
12-10 11:36:58.773 E/mm-camera( 330): port_isp_mct_ctrl_cmd: X, identity = 0x30002
12-10 11:36:58.773 E/mm-camera( 330): port_isp_mct_ctrl_cmd: type=3
12-10 11:36:58.773 E/mm-camera( 330): port_isp_mct_ctrl_cmd: E, identity = 0x30002
12-10 11:36:58.773 E/mm-camera( 330): module_faceproc_client_handle_ctrl_parm:1969] param 31
12-10 11:36:58.773 E/mm-camera( 330): port_isp_mct_ctrl_cmd: X, identity = 0x30002
12-10 11:36:58.773 E/mm-camera( 330): port_isp_mct_ctrl_cmd: type=3
12-10 11:36:58.773 E/mm-camera( 330): port_isp_mct_ctrl_cmd: E, identity = 0x30002
12-10 11:36:58.773 E/mm-camera( 330): module_faceproc_client_handle_ctrl_parm:1969] param 33
12-10 11:36:58.773 E/mm-camera( 330): port_isp_mct_ctrl_cmd: X, identity = 0x30002
12-10 11:36:58.773 E/mm-camera( 330): port_isp_mct_ctrl_cmd: type=3
12-10 11:36:58.773 E/mm-camera( 330): port_isp_mct_ctrl_cmd: E, identity = 0x30002
12-10 11:36:58.773 E/mm-camera( 330): module_faceproc_client_handle_ctrl_parm:1969] param 34
12-10 11:36:58.773 E/mm-camera( 330): port_isp_mct_ctrl_cmd: X, identity = 0x30002
12-10 11:36:58.773 E/mm-camera( 330): port_isp_mct_ctrl_cmd: type=3
12-10 11:36:58.773 E/mm-camera( 330): port_isp_mct_ctrl_cmd: E, identity = 0x30002
12-10 11:36:58.773 E/mm-camera( 330): module_faceproc_client_handle_ctrl_parm:1969] param 45
12-10 11:36:58.773 E/mm-camera( 330): port_isp_mct_ctrl_cmd: X, identity = 0x30002
12-10 11:36:58.773 E/mm-camera( 330): port_isp_mct_ctrl_cmd: type=3
12-10 11:36:58.773 E/mm-camera( 330): port_isp_mct_ctrl_cmd: E, identity = 0x30002
12-10 11:36:58.773 E/mm-camera( 330): stats_port_proc_downstream_set_parm pip recording hint value: 0
12-10 11:36:58.773 E/mm-camera( 330): module_faceproc_client_handle_ctrl_parm:1969] param 52
12-10 11:36:58.773 E/mm-camera( 330): port_isp_mct_ctrl_cmd: X, identity = 0x30002
12-10 11:36:58.773 E/mm-camera( 330): port_isp_mct_ctrl_cmd: type=3
12-10 11:36:58.773 E/mm-camera( 330): port_isp_mct_ctrl_cmd: E, identity = 0x30002
12-10 11:36:58.773 E/mm-camera( 330): isp_set_hal_param: CAM_INTF_PARM_LIVE_FRAMEWORK
12-10 11:36:58.773 E/mm-camera( 330): isp_util_set_live_framework: mode : -1215316300
12-10 11:36:58.773 E/mm-camera( 330): isp_util_save_live_framework: aswoogi (0)
12-10 11:36:58.773 E/mm-camera( 330): module_faceproc_client_handle_ctrl_parm:1969] param 53
12-10 11:36:58.773 E/mm-camera( 330): port_isp_mct_ctrl_cmd: X, identity = 0x30002
12-10 11:36:58.773 E/mm-camera( 330): main: return true, return type 0
12-10 11:36:58.773 E/mm-camera( 330): server_process_hal_event:__DBG__ E event id=3
12-10 11:36:58.773 E/mm-camera( 330): server_process_hal_event:__DBG__ X sucess event id=3
12-10 11:36:58.773 E/mm-camera( 330): mct_pipeline_process_set:command=8000004
12-10 11:36:58.773 E/mm-camera( 330): main: return true, return type 0
12-10 11:36:58.773 W/QCamera2HWI( 311): preparePreview: X mCameraId=1
12-10 11:36:58.773 W/QCamera2HWI( 311): startPreview: E mCameraId=1
12-10 11:36:58.773 W/QCamera2HWI( 311): skip 8 frames in Front camera
12-10 11:36:58.773 W/QCameraChannel( 311): QCameraChannel::start(): bundleInfo.num_of_streams=1
12-10 11:36:58.773 W/QCameraStream( 311): getBufs: [MEM_DBG] Enter: mDynBufAlloc: 0
12-10 11:36:58.773 W/QCamera2HWI( 311): allocateStreamBuf: stream type 6, buf using cached memory = 0
12-10 11:36:58.773 W/QCameraHWI_Mem( 311): int qcamera::QCameraMemory::alloc(int, int, int): use reserved mm heap memory
12-10 11:36:58.773 W/QCameraHWI_Mem( 311): int qcamera::QCameraMemory::alloc(int, int, int): use reserved mm heap memory
12-10 11:36:58.773 W/QCameraHWI_Mem( 311): int qcamera::QCameraMemory::alloc(int, int, int): use reserved mm heap memory
12-10 11:36:58.773 W/QCameraHWI_Mem( 311): int qcamera::QCameraMemory::alloc(int, int, int): use reserved mm heap memory
12-10 11:36:58.773 W/QCameraHWI_Mem( 311): int qcamera::QCameraMemory::alloc(int, int, int): use reserved mm heap memory
12-10 11:36:58.773 W/QCameraHWI_Mem( 311): int qcamera::QCameraMemory::alloc(int, int, int): use reserved mm heap memory
12-10 11:36:58.773 W/QCameraHWI_Mem( 311): int qcamera::QCameraMemory::alloc(int, int, int): use reserved mm heap memory
12-10 11:36:58.773 W/QCameraHWI_Mem( 311): int qcamera::QCameraMemory::alloc(int, int, int): use reserved mm heap memory
12-10 11:36:58.773 W/QCameraHWI_Mem( 311): int qcamera::QCameraMemory::alloc(int, int, int): use reserved mm heap memory
12-10 11:36:58.773 W/QCameraHWI_Mem( 311): int qcamera::QCameraMemory::alloc(int, int, int): use reserved mm heap memory
12-10 11:36:58.773 W/QCameraHWI_Mem( 311): int qcamera::QCameraMemory::alloc(int, int, int): use reserved mm heap memory
12-10 11:36:58.773 W/QCameraHWI_Mem( 311): int qcamera::QCameraMemory::alloc(int, int, int): use reserved mm heap memory
12-10 11:36:58.773 W/QCameraHWI_Mem( 311): int qcamera::QCameraMemory::alloc(int, int, int): use reserved mm heap memory
12-10 11:36:58.773 W/QCameraHWI_Mem( 311): int qcamera::QCameraMemory::alloc(int, int, int): use reserved mm heap memory
12-10 11:36:58.773 W/QCameraHWI_Mem( 311): int qcamera::QCameraMemory::alloc(int, int, int): use reserved mm heap memory
12-10 11:36:58.773 W/QCameraHWI_Mem( 311): int qcamera::QCameraMemory::alloc(int, int, int): use reserved mm heap memory
12-10 11:36:58.773 W/QCameraHWI_Mem( 311): int qcamera::QCameraMemory::alloc(int, int, int): use reserved mm heap memory
12-10 11:36:58.773 W/QCameraHWI_Mem( 311): int qcamera::QCameraMemory::alloc(int, int, int): use reserved mm heap memory
12-10 11:36:58.773 W/QCameraHWI_Mem( 311): int qcamera::QCameraMemory::alloc(int, int, int): use reserved mm heap memory
12-10 11:36:58.773 W/QCameraHWI_Mem( 311): int qcamera::QCameraMemory::alloc(int, int, int): use reserved mm heap memory
12-10 11:36:58.773 W/QCameraStream( 311): getBufs: [MEM_DBG] frame_len: 269872, numBufAlloc: 20
12-10 11:36:58.773 W/QCameraStream( 311): getBufs: [MEM_DBG] All mNumBufs: 20
12-10 11:36:58.773 E/mm-camera( 330): main: return true, return type 1
12-10 11:36:58.773 E/mm-camera( 330): main: return true, return type 1
12-10 11:36:58.773 E/mm-camera( 330): main: return true, return type 1
12-10 11:36:58.773 E/mm-camera( 330): main: return true, return type 1
12-10 11:36:58.773 E/mm-camera( 330): main: return true, return type 1
12-10 11:36:58.773 E/mm-camera( 330): main: return true, return type 1
12-10 11:36:58.773 E/mm-camera( 330): main: return true, return type 1
12-10 11:36:58.773 E/mm-camera( 330): main: return true, return type 1
12-10 11:36:58.773 E/mm-camera( 330): main: return true, return type 1
12-10 11:36:58.773 E/mm-camera( 330): main: return true, return type 1
12-10 11:36:58.773 E/mm-camera( 330): main: return true, return type 1
12-10 11:36:58.773 E/mm-camera( 330): main: return true, return type 1
12-10 11:36:58.773 E/mm-camera( 330): main: return true, return type 1
12-10 11:36:58.773 E/mm-camera( 330): main: return true, return type 1
12-10 11:36:58.773 E/mm-camera( 330): main: return true, return type 1
12-10 11:36:58.773 E/mm-camera( 330): main: return true, return type 1
12-10 11:36:58.773 E/mm-camera( 330): main: return true, return type 1
12-10 11:36:58.773 E/mm-camera( 330): main: return true, return type 1
12-10 11:36:58.773 E/mm-camera( 330): main: return true, return type 1
12-10 11:36:58.773 E/mm-camera( 330): main: return true, return type 1
12-10 11:36:58.773 E/mm-camera( 330): main: return true, return type 1
12-10 11:36:58.773 E/mm-camera( 330): main: return true, return type 1
12-10 11:36:58.773 E/mm-camera( 330): main: return true, return type 1
12-10 11:36:58.773 E/mm-camera( 330): main: return true, return type 1
12-10 11:36:58.773 E/mm-camera( 330): main: return true, return type 1
12-10 11:36:58.773 E/mm-camera( 330): main: return true, return type 1
12-10 11:36:58.773 E/mm-camera( 330): main: return true, return type 1
12-10 11:36:58.773 E/mm-camera( 330): main: return true, return type 1
12-10 11:36:58.773 E/mm-camera( 330): main: return true, return type 1
12-10 11:36:58.773 E/mm-camera( 330): main: return true, return type 1
12-10 11:36:58.773 E/mm-camera( 330): main: return true, return type 1
12-10 11:36:58.773 E/mm-camera( 330): main: return true, return type 1
12-10 11:36:58.773 E/mm-camera( 330): main: return true, return type 1
12-10 11:36:58.773 E/mm-camera( 330): main: return true, return type 1
12-10 11:36:58.773 E/mm-camera( 330): main: return true, return type 1
12-10 11:36:58.773 E/mm-camera( 330): main: return true, return type 1
12-10 11:36:58.773 E/mm-camera( 330): main: return true, return type 1
12-10 11:36:58.773 E/mm-camera( 330): main: return true, return type 1
12-10 11:36:58.773 E/mm-camera( 330): main: return true, return type 1
12-10 11:36:58.773 E/mm-camera( 330): main: return true, return type 1
12-10 11:36:58.773 E/mm-camera-intf( 311): mm_stream_request_buf: buf_num = 20, stream type = 6
12-10 11:36:58.773 E/mm-camera-intf( 311): mm_stream_streamon: E, my_handle = 0x69500, fd = 107, state = 6
12-10 11:36:58.773 E/mm-camera( 330): server_process_hal_event:__DBG__ E event id=3
12-10 11:36:58.773 E/mm-camera( 330): server_process_hal_event:__DBG__ X sucess event id=3
12-10 11:36:58.773 E/mm-camera( 330): mct_pipeline_process_set:command=8000008
12-10 11:36:58.773 E/mm-camera( 330): mct_pipeline_process_set: stream_type = 6
12-10 11:36:58.783 E/mm-camera( 330): main: return true, return type 0
12-10 11:36:58.783 W/QCameraStream( 311): getBufs: [MEM_DBG] Enter: mDynBufAlloc: 0
12-10 11:36:58.783 W/QCamera2HWI( 311): allocateStreamBuf: stream type 1, buf using cached memory = 0
12-10 11:36:58.783 I/QCamera2HWI( 311): allocateStreamBuf : No display mode
12-10 11:36:58.783 W/QCameraHWI_Mem( 311): int qcamera::QCameraMemory::alloc(int, int, int): use reserved mm heap memory
12-10 11:36:58.783 W/QCameraHWI_Mem( 311): int qcamera::QCameraMemory::alloc(int, int, int): use reserved mm heap memory
12-10 11:36:58.783 W/QCameraHWI_Mem( 311): int qcamera::QCameraMemory::alloc(int, int, int): use reserved mm heap memory
12-10 11:36:58.783 W/QCameraHWI_Mem( 311): int qcamera::QCameraMemory::alloc(int, int, int): use reserved mm heap memory
12-10 11:36:58.783 W/QCameraHWI_Mem( 311): int qcamera::QCameraMemory::alloc(int, int, int): use reserved mm heap memory
12-10 11:36:58.783 W/QCameraHWI_Mem( 311): int qcamera::QCameraMemory::alloc(int, int, int): use reserved mm heap memory
12-10 11:36:58.783 W/QCameraStream( 311): getBufs: [MEM_DBG] frame_len: 118784, numBufAlloc: 6
12-10 11:36:58.783 W/QCameraStream( 311): getBufs: [MEM_DBG] All mNumBufs: 6
12-10 11:36:58.783 E/mm-camera( 330): main: return true, return type 1
12-10 11:36:58.783 E/mm-camera( 330): mct_stream_create_buffers: plane idx = 0, offset 0, stride 320, scanline = 240
12-10 11:36:58.783 E/mm-camera( 330): mct_stream_create_buffers: plane idx = 1, offset 0, stride 320, scanline = 120
12-10 11:36:58.783 E/mm-camera( 330): main: return true, return type 1
12-10 11:36:58.783 E/mm-camera( 330): main: return true, return type 1
12-10 11:36:58.783 E/mm-camera( 330): mct_stream_create_buffers: plane idx = 0, offset 0, stride 320, scanline = 240
12-10 11:36:58.783 E/mm-camera( 330): mct_stream_create_buffers: plane idx = 1, offset 0, stride 320, scanline = 120
12-10 11:36:58.783 E/mm-camera( 330): main: return true, return type 1
12-10 11:36:58.783 E/mm-camera( 330): main: return true, return type 1
12-10 11:36:58.783 E/mm-camera( 330): mct_stream_create_buffers: plane idx = 0, offset 0, stride 320, scanline = 240
12-10 11:36:58.783 E/mm-camera( 330): mct_stream_create_buffers: plane idx = 1, offset 0, stride 320, scanline = 120
12-10 11:36:58.783 E/mm-camera( 330): main: return true, return type 1
12-10 11:36:58.783 E/mm-camera( 330): main: return true, return type 1
12-10 11:36:58.783 E/mm-camera( 330): mct_stream_create_buffers: plane idx = 0, offset 0, stride 320, scanline = 240
12-10 11:36:58.783 E/mm-camera( 330): mct_stream_create_buffers: plane idx = 1, offset 0, stride 320, scanline = 120
12-10 11:36:58.783 E/mm-camera( 330): main: return true, return type 1
12-10 11:36:58.783 E/mm-camera( 330): main: return true, return type 1
12-10 11:36:58.783 E/mm-camera( 330): mct_stream_create_buffers: plane idx = 0, offset 0, stride 320, scanline = 240
12-10 11:36:58.783 E/mm-camera( 330): mct_stream_create_buffers: plane idx = 1, offset 0, stride 320, scanline = 120
12-10 11:36:58.783 E/mm-camera( 330): main: return true, return type 1
12-10 11:36:58.783 E/mm-camera( 330): main: return true, return type 1
12-10 11:36:58.783 E/mm-camera( 330): mct_stream_create_buffers: plane idx = 0, offset 0, stride 320, scanline = 240
12-10 11:36:58.783 E/mm-camera( 330): mct_stream_create_buffers: plane idx = 1, offset 0, stride 320, scanline = 120
12-10 11:36:58.783 E/mm-camera( 330): main: return true, return type 1
12-10 11:36:58.783 E/mm-camera-intf( 311): mm_stream_request_buf: buf_num = 6, stream type = 1
12-10 11:36:58.783 E/mm-camera-intf( 311): mm_stream_streamon: E, my_handle = 0x69601, fd = 110, state = 6
12-10 11:36:58.783 E/mm-camera( 330): server_process_hal_event:__DBG__ E event id=3
12-10 11:36:58.783 E/mm-camera( 330): server_process_hal_event:__DBG__ X sucess event id=3
12-10 11:36:58.783 E/mm-camera( 330): mct_pipeline_process_set:command=8000008
12-10 11:36:58.783 E/mm-camera( 330): mct_pipeline_process_set: stream_type = 1
12-10 11:36:58.783 E/mm-camera-sensor( 330): module_sensor_module_process_event:3470 bundle session id 3 stream id 2
12-10 11:36:58.783 E/mm-camera-sensor( 330): module_sensor_module_process_event:3471 event identity 30002
12-10 11:36:58.783 E/mm-camera-sensor( 330): module_sensor_module_process_event:3473 E STATEDBG MCT_EVENT_CONTROL_STREAMON
12-10 11:36:58.783 E/mm-camera-sensor( 330): sensor_util_change_state:1116 STATEDBG Enter
12-10 11:36:58.783 E/mm-camera-sensor( 330): sensor_util_change_state:1123 STATEDBG Enter cur state 0 new state 3
12-10 11:36:58.783 E/mm-camera-sensor( 330): sensor_util_change_state:1162 STATEDBG Exit cur state 3 new state 3
12-10 11:36:58.783 E/mm-camera-sensor( 330): sensor_util_change_state:1166 STATEDBG Exit
12-10 11:36:58.783 E/mm-camera-sensor( 330): port_sensor_handle_stream_on:433 E
12-10 11:36:58.783 E/mm-camera-sensor( 330): port_sensor_handle_stream_on:476 type 1 ide 30002 w 320 h 240 stream on 0
12-10 11:36:58.783 E/mm-camera-sensor( 330): port_sensor_handle_stream_on:480 bundle id -1
12-10 11:36:58.783 E/mm-camera-sensor( 330): port_sensor_handle_fast_aec_mode:231 E
12-10 11:36:58.783 E/mm-camera-sensor( 330): port_sensor_handle_fast_aec_mode:251 is_fast_aec_required 1
12-10 11:36:58.783 E/mm-camera-sensor( 330): port_sensor_handle_fast_aec_mode:370 before module_sensor_stream_on
12-10 11:36:58.783 E/mm-camera-sensor( 330): module_sensor_stream_on:1787 ide 30002 SENSOR_START_STREAM
12-10 11:36:58.783 E/mm-camera-sensor( 330): module_sensor_is_ready_for_stream_on:1112 any bundle started 0
12-10 11:36:58.783 E/mm-camera-sensor( 330): module_sensor_is_ready_for_stream_on:1124 s_bundle->stream_on_count 0
12-10 11:36:58.783 E/mm-camera-sensor( 330): module_sensor_is_ready_for_stream_on:1125 is_bundle_started 0
12-10 11:36:58.783 E/mm-camera-sensor( 330): sensor_set_vt_mode:2608 vt mode 3
12-10 11:36:58.783 E/mm-camera-sensor( 330): sensor_set_vt_mode:2610 JAY PIP mode, VT data: 3
12-10 11:36:58.783 E/mm-camera-sensor( 330): sensor_set_pip_mode:2626 pip mode 0
12-10 11:36:58.783 E/mm-camera-sensor( 330): sensor_set_pip_mode:2628 JAY PIP mode, data: 0
12-10 11:36:58.783 E/mm-camera-sensor( 330): sensor_set_shot_mode:2646 shot mode 0
12-10 11:36:58.783 E/mm-camera-sensor( 330): modules_sensor_set_new_resolution:307 SENSOR_SET_RESOLUTION 320*240 mask 2
12-10 11:36:58.783 E/mm-camera-sensor( 330): sensor_set_resolution:2013 width 320, height 240
12-10 11:36:58.783 E/mm-camera-sensor( 330): sensor_set_resolution:2015 stream mask 2 hfr mode 0 fps 30.000000
12-10 11:36:58.783 E/mm-camera-sensor( 330): sensor_pick_resolution:1725 requested aspect ratio 133
12-10 11:36:58.783 E/mm-camera-sensor( 330): sensor_pick_resolution:1927
12-10 11:36:58.783 E/mm-camera-sensor( 330): sensor_set_resolution:2042 cur res 14 new res 0
12-10 11:36:58.783 E/mm-camera-sensor( 330): sensor_set_resolution:2086
12-10 11:36:58.783 E/mm-camera-sensor( 330): sensor_set_resolution:2089 current_fps_div 1024
12-10 11:36:58.783 E/mm-camera-sensor( 330): sensor_get_resolution_info:2467 skip 1 frames
12-10 11:36:58.783 E/mm-camera-sensor( 330):
12-10 11:36:58.783 E/mm-camera-sensor( 330): sensor_get_resolution_info:2550 full 1920 1080 out 1920 1080 offset 0 0 scale 1
12-10 11:36:58.783 E/mm-camera( 330): receive MCT_EVENT_MODULE_SET_STREAM_CONFIG
12-10 11:36:58.783 E/mm-camera( 330): ispif_util_dump_sensor_cfg: sensor dim: width = 1936, heght = 1090, fmt = 29, is_bayer = 1
12-10 11:36:58.783 E/mm-camera( 330): ispif_util_dump_sensor_cfg: camif_crop: first_pix = 8, last_pix = 1927, first_line = 4, last_line = 1083, max_fps = 30
12-10 11:36:58.783 E/mm-camera( 330): ispif_sink_port_config <-----
12-10 11:36:58.783 E/mm-camera( 330): reserve_camif_resource: is_ispif = 1, sess_idx = 0, fps = 30, num_isps = 1 op clk: 91500000
12-10 11:36:58.783 E/mm-camera( 330): isp_sink_port_stream_config: E, session_id = 3, stream_id = 2, stream_type = 1
12-10 11:36:58.783 E/mm-camera( 330): isp_sink_port_stream_config: session_id = 3, stream_id = 2, is_split = 0
12-10 11:36:58.783 E/mm-camera( 330): isp_sink_port_stream_config: old vfe_id_mask = 0x0, new vfe_id_mask = 0x1
12-10 11:36:58.783 E/mm-camera( 330): module_faceproc_port_event_func:590] MCT_EVENT_MODULE_SET_STREAM_CONFIG, w = 1936, h = 1090
12-10 11:36:58.783 E/mm-camera( 330): after port_ispif_forward_event_to_peer
12-10 11:36:58.783 E/mm-camera-sensor( 330): chromatix name libchromatix_s5k6b2yx_smart_stay.so
12-10 11:36:58.783 E/mm-camera-sensor( 330): chromatix_load_library:50 libchromatix_s5k6b2yx_smart_stay.so load from phone
12-10 11:36:58.783 E/mm-camera-sensor( 330): chromatix_load_library:58 chromatix from phone libchromatix_s5k6b2yx_smart_stay.so
12-10 11:36:58.783 E/mm-camera( 330): load_chromatix:340-ppppp
12-10 11:36:58.783 E/mm-camera( 330): load_chromatix:480-ppppp
12-10 11:36:58.783 E/mm-camera-sensor( 330): chromatix_load_library:50 libchromatix_s5k6b2yx_zslshot.so load from phone
12-10 11:36:58.783 E/mm-camera-sensor( 330): chromatix_load_library:58 chromatix from phone libchromatix_s5k6b2yx_zslshot.so
12-10 11:36:58.783 E/mm-camera( 330): load_chromatix:340-ppppp
12-10 11:36:58.783 E/mm-camera( 330): load_chromatix:480-ppppp
12-10 11:36:58.783 E/mm-camera-sensor( 330): chromatix_load_common_library:110 libchromatix_s5k6b2yx_common.so load from phone
12-10 11:36:58.793 V/StagefrightPlayer( 311): getCurrentPosition
12-10 11:36:58.793 E/mm-camera-sensor( 330): chromatix_load_common_library:118 common chromatix from phone libchromatix_s5k6b2yx_common.so
12-10 11:36:58.793 E/mm-camera( 330): load_chromatix:33 common start-ccccc
12-10 11:36:58.793 E/mm-camera( 330): load_chromatix:47 common end -ccccc
12-10 11:36:58.793 E/mm-camera-sensor( 330): sensor_set_chromatix, chx : 0xb3f8c028, common chx : 0xb3f9ee44
12-10 11:36:58.793 E/mm-camera( 330): cpp_module_handle_chromatix_ptr_event:627 calling cpp_module_util_get_asf_wnr_params for normal
12-10 11:36:58.793 E/mm-camera( 330): isp40_util_get_params: CDS Control : 0, Set hystersis trigger A: 298.000000, B: 301.000000
12-10 11:36:58.793 E/mm-camera( 330): port_isp_mct_ctrl_cmd: type=1
12-10 11:36:58.793 E/mm-camera( 330): port_isp_mct_ctrl_cmd: E, identity = 0x30002, STREAMON
12-10 11:36:58.793 W/mm-camera( 330): q3a_aecawb_thread_en_q_msg: [SYNC_CHECK] int sem!
12-10 11:36:58.793 W/mm-camera( 330): q3a_aecawb_thread_en_q_msg: [SYNC_CHECK] lock sem!
12-10 11:36:58.793 W/mm-camera( 330): q3a_aecawb_thread_en_q_msg: [SYNC_CHECK] unlock sem!
12-10 11:36:58.793 E/mm-camera( 330): module_faceproc_client_start:1645] E
12-10 11:36:58.793 E/mm-camera( 330): module_faceproc_client_exec:1207] E
12-10 11:36:58.793 E/mm-camera-img( 330): img_comp_set_param:97] param 515
12-10 11:36:58.793 E/mm-camera-img( 330): faceproc_comp_set_param:124] param 0x203
12-10 11:36:58.793 E/mm-camera-img( 330): faceproc_comp_set_param:145] mode 1
12-10 11:36:58.793 E/mm-camera-img( 330): img_comp_set_param:97] param 513
12-10 11:36:58.793 E/mm-camera-img( 330): faceproc_comp_set_param:124] param 0x201
12-10 11:36:58.793 E/mm-camera-img( 330): faceproc_comp_cfg_debug:230] FaceProc cfg hist enable 0
12-10 11:36:58.793 E/mm-camera-img( 330): faceproc_comp_cfg_debug:233] FaceProc cfg max_height 1088
12-10 11:36:58.793 E/mm-camera-img( 330): faceproc_comp_cfg_debug:236] FaceProc cfg max_width 1920
12-10 11:36:58.793 E/mm-camera-img( 330): faceproc_comp_cfg_debug:239] FaceProc cfg face_orientation_hint 4
12-10 11:36:58.793 E/mm-camera-img( 330): faceproc_comp_cfg_debug:242] FaceProc cfg max_face_size 1000
12-10 11:36:58.793 E/mm-camera-img( 330): faceproc_comp_cfg_debug:245] FaceProc cfg max_num_face_to_detect 10
12-10 11:36:58.793 E/mm-camera-img( 330): faceproc_comp_cfg_debug:248] FaceProc cfg min_face_size 100
12-10 11:36:58.793 E/mm-camera-img( 330): faceproc_comp_cfg_debug:251] FaceProc cfg rotation_range 45
12-10 11:36:58.793 E/mm-camera-img( 330): faceproc_comp_eng_config:1394] Face proc number of faces set 10
12-10 11:36:58.793 E/mm-camera-img( 330): GetDtRequiredMovieMemSiz bmem 304217 wmem 8857012 rc=0
12-10 11:36:58.793 E/mm-camera-img( 330): After GetDtRequiredMovieMemSiz bmem 315213 wmem 9425332 rc = 0
12-10 11:36:58.793 E/mm-camera-img( 330): GetDtRequiredMovieMemSiz1 value rc=0
12-10 11:36:58.793 E/mm-camera-img( 330): SetWMemoryArea rc=0
12-10 11:36:58.793 E/mm-camera-img( 330): SetBMemoryArea rc=0
12-10 11:36:58.793 E/mm-camera-img( 330): img_comp_start: before wait
12-10 11:36:58.793 E/mm-camera-img( 330): img_comp_start: after wait
12-10 11:36:58.793 E/mm-camera-img( 330): face_proc_thread_loop:367] state 1 abort 0
12-10 11:36:58.793 E/mm-camera( 330): module_faceproc_client_exec:1277] X rc 0
12-10 11:36:58.793 E/mm-camera( 330): module_faceproc_client_start:1685] X
12-10 11:36:58.793 E/mm-camera-img( 330): img_q_wait: before wait
12-10 11:36:58.793 E/mm-camera-img( 330): mod_imglib_map_fd_buffer:253] p_buf 0xb782ff88 p_buf_info 0xb79243c8
12-10 11:36:58.793 E/mm-camera-img( 330): mod_imglib_map_fd_buffer:271] buffer cnt 0 idx 0 addr 0xb1ce8000
12-10 11:36:58.793 E/mm-camera-img( 330): mod_imglib_map_fd_buffer:253] p_buf 0xb7930560 p_buf_info 0xb79243c8
12-10 11:36:58.793 E/mm-camera-img( 330): mod_imglib_map_fd_buffer:271] buffer cnt 1 idx 1 addr 0xb1ccb000
12-10 11:36:58.793 E/mm-camera-img( 330): mod_imglib_map_fd_buffer:253] p_buf 0xb78b2ad0 p_buf_info 0xb79243c8
12-10 11:36:58.793 E/mm-camera-img( 330): mod_imglib_map_fd_buffer:271] buffer cnt 2 idx 2 addr 0xb1cae000
12-10 11:36:58.793 E/mm-camera-img( 330): mod_imglib_map_fd_buffer:253] p_buf 0xb78434e0 p_buf_info 0xb79243c8
12-10 11:36:58.793 E/mm-camera-img( 330): mod_imglib_map_fd_buffer:271] buffer cnt 3 idx 3 addr 0xb1c91000
12-10 11:36:58.793 E/mm-camera-img( 330): mod_imglib_map_fd_buffer:253] p_buf 0xb78bf240 p_buf_info 0xb79243c8
12-10 11:36:58.793 E/mm-camera-img( 330): mod_imglib_map_fd_buffer:271] buffer cnt 4 idx 4 addr 0xb1c74000
12-10 11:36:58.793 E/mm-camera-img( 330): mod_imglib_map_fd_buffer:253] p_buf 0xb782fc18 p_buf_info 0xb79243c8
12-10 11:36:58.793 E/mm-camera-img( 330): mod_imglib_map_fd_buffer:271] buffer cnt 5 idx 5 addr 0xb1c57000
12-10 11:36:58.793 E/mm-camera( 330): module_faceproc_client_map_buffers:1507] dim 320x240
12-10 11:36:58.793 E/mm-camera( 330): cpp_module_handle_streamon_event:1747, identity=0x30002, stream-on done
12-10 11:36:58.793 W/mm-camera( 330): q3a_aecawb_thread_en_q_msg: [SYNC_CHECK] int sem!
12-10 11:36:58.793 W/mm-camera( 330): q3a_aecawb_thread_en_q_msg: [SYNC_CHECK] lock sem!
12-10 11:36:58.793 W/mm-camera( 330): q3a_aecawb_thread_en_q_msg: [SYNC_CHECK] unlock sem!
12-10 11:36:58.793 E/mm-camera( 330): cpp_hw_params_update_wnr_params:3088 Update WNR
12-10 11:36:58.793 E/mm-camera( 330): cpp_hw_params_update_wnr_params:3113 invalid trigger input 0.000000
12-10 11:36:58.793 E/mm-camera( 330): port_isp_mct_ctrl_cmd: E, identity = 0x30002, isp_streamon
12-10 11:36:58.793 E/mm-camera( 330): isp_streamon: E, session_id = 3
12-10 11:36:58.793 E/mm-camera( 330): isp_proc_async_command: E ISP_ASYNC_COMMAND_STREAMON = 3
12-10 11:36:58.793 E/mm-camera( 330): isp_proc_streamon: E, session_id = 3, stream_id = 2, stream_type = 1 num_bufs 6
12-10 11:36:58.793 E/mm-camera( 330): isp_validate_buf_request: total 6 current buffer count 6 for stream 2
12-10 11:36:58.793 E/mm-camera( 330): isp_fmt_to_pix_pattern: format 29
12-10 11:36:58.793 E/mm-camera( 330): isp_hw_proc_set_recording_hint: recording_hint: 0
12-10 11:36:58.793 E/mm-camera( 330): isp_util_set_flash_mode: E flashmode=0
12-10 11:36:58.793 E/mm-camera( 330): isp_proc_streamon: set_all_saved_params done, session_id = 3
12-10 11:36:58.793 E/mm-camera( 330): module_faceproc_port_event_func:617] MCT_EVENT_MODULE_ISP_OUTPUT_DIM, w = 320, h = 240
12-10 11:36:58.793 E/mm-camera( 330): isp_proc_streamon: sending dim downstream done, session_id = 3
12-10 11:36:58.793 E/mm-camera( 330): isp_hw_subscribe_one_v4l2_event: event_type = 0x8000200, is_subscribe = 1
12-10 11:36:58.793 E/mm-camera( 330): isp_hw_subscribe_one_v4l2_event: event_type = 0x8000201, is_subscribe = 1
12-10 11:36:58.793 E/mm-camera( 330): isp_hw_subscribe_one_v4l2_event: event_type = 0x8000202, is_subscribe = 1
12-10 11:36:58.793 E/mm-camera( 330): isp_hw_subscribe_one_v4l2_event: event_type = 0x8000203, is_subscribe = 1
12-10 11:36:58.793 E/mm-camera( 330): isp_hw_subscribe_one_v4l2_event: event_type = 0x8000204, is_subscribe = 1
12-10 11:36:58.793 E/mm-camera( 330): isp_hw_subscribe_one_v4l2_event: event_type = 0x8000205, is_subscribe = 1
12-10 11:36:58.793 E/mm-camera( 330): isp_hw_subscribe_one_v4l2_event: event_type = 0x8000206, is_subscribe = 1
12-10 11:36:58.793 E/mm-camera( 330): isp_hw_subscribe_one_v4l2_event: event_type = 0x8000207, is_subscribe = 1
12-10 11:36:58.793 E/mm-camera( 330): isp_hw_subscribe_one_v4l2_event: event_type = 0x8000208, is_subscribe = 1
12-10 11:36:58.793 E/mm-camera( 330): isp_hw_subscribe_one_v4l2_event: event_type = 0x8000209, is_subscribe = 1
12-10 11:36:58.793 E/mm-camera( 330): isp_hw_subscribe_one_v4l2_event: event_type = 0x800020a, is_subscribe = 1
12-10 11:36:58.793 E/mm-camera( 330): isp_hw_subscribe_one_v4l2_event: event_type = 0x800020b, is_subscribe = 1
12-10 11:36:58.793 E/mm-camera( 330): isp_hw_subscribe_one_v4l2_event: event_type = 0x8000009, is_subscribe = 1
12-10 11:36:58.793 E/mm-camera( 330): isp_hw_subscribe_one_v4l2_event: event_type = 0x8000007, is_subscribe = 1
12-10 11:36:58.793 E/mm-camera( 330): isp_fmt_to_pix_pattern: format 29
12-10 11:36:58.793 E/mm-camera( 330): gamma_set_solarize_table: xx82: E
12-10 11:36:58.793 E/mm-camera( 330): color_xform_config: recording_hint 0
12-10 11:36:58.793 E/mm-camera( 330): linearization_set_params: param_id is not supported in this module
12-10 11:36:58.793 E/mm-camera( 330): mesh_rolloff_set_params: param_id is not supported in this module
12-10 11:36:58.793 E/mm-camera( 330): wb_set_params: param_id is not supported in this module
12-10 11:36:58.793 E/mm-camera( 330): demosaic_set_params: param_id 7, is not supported in this module
12-10 11:36:58.793 E/mm-camera( 330): demux_set_params: param_id 7, is not supported in this module
12-10 11:36:58.793 E/mm-camera( 330): mce_set_params: param_id is not supported in this module
12-10 11:36:58.793 E/mm-camera( 330): sce_set_params: param_id is not supported in this module
12-10 11:36:58.793 E/mm-camera( 330): isp_pipeline_util_trigger_update: No active streams
12-10 11:36:58.793 E/mm-camera( 330): rs_stats_config: Tao, demosaic_width = 1920, demosaic_height = 1080, max_h_reg_num = 8, calculated_h_reg_num = 4
12-10 11:36:58.793 E/mm-camera( 330): ihist_stats_config: entry->is_ispif_split 0
12-10 11:36:58.793 E/mm-camera( 330): rgnHOffset 0
12-10 11:36:58.793 E/mm-camera( 330): isp_fmt_to_pix_pattern: format 29
12-10 11:36:58.803 V/AudioSessionOutALSA( 311): Timestamp returned = 193837666
12-10 11:36:58.803 V/MediaPlayer-JNI(22137): getCurrentPosition: 193838 (msec)
12-10 11:36:58.803 D/ProgressBar(22137): setProgress = 1938
12-10 11:36:58.803 D/ProgressBar(22137): setProgress = 1938, fromUser = false
12-10 11:36:58.803 D/ProgressBar(22137): mProgress = 1936mIndeterminate = false, mMin = 0, mMax = 2750
12-10 11:36:58.803 E/mm-camera( 330): stats_action_buf_config: cfg = 1, stats_mask = 0x7b8
12-10 11:36:58.803 E/mm-camera( 330): isp_validate_buf_request: total 4 current buffer count 4 for stream -2147418109
12-10 11:36:58.803 E/mm-camera( 330): isp_request_kernel_bufq: stream_id -2147418109 total_num_buf 4 current 4
12-10 11:36:58.803 V/StagefrightPlayer( 311): getCurrentPosition
12-10 11:36:58.803 E/mm-camera( 330): isp_validate_buf_request: total 4 current buffer count 4 for stream -2147418108
12-10 11:36:58.803 E/mm-camera( 330): isp_request_kernel_bufq: stream_id -2147418108 total_num_buf 4 current 4
12-10 11:36:58.803 E/mm-camera( 330): isp_validate_buf_request: total 4 current buffer count 4 for stream -2147418107
12-10 11:36:58.803 E/mm-camera( 330): isp_request_kernel_bufq: stream_id -2147418107 total_num_buf 4 current 4
12-10 11:36:58.803 E/mm-camera( 330): isp_validate_buf_request: total 4 current buffer count 4 for stream -2147418105
12-10 11:36:58.803 E/mm-camera( 330): isp_request_kernel_bufq: stream_id -2147418105 total_num_buf 4 current 4
12-10 11:36:58.803 E/mm-camera( 330): isp_validate_buf_request: total 4 current buffer count 4 for stream -2147418104
12-10 11:36:58.803 E/mm-camera( 330): isp_request_kernel_bufq: stream_id -2147418104 total_num_buf 4 current 4
12-10 11:36:58.803 E/mm-camera( 330): isp_validate_buf_request: total 4 current buffer count 4 for stream -2147418103
12-10 11:36:58.803 E/mm-camera( 330): isp_request_kernel_bufq: stream_id -2147418103 total_num_buf 4 current 4
12-10 11:36:58.803 E/mm-camera( 330): isp_validate_buf_request: total 4 current buffer count 4 for stream -2147418102
12-10 11:36:58.803 E/mm-camera( 330): isp_request_kernel_bufq: stream_id -2147418102 total_num_buf 4 current 4
12-10 11:36:58.803 E/mm-camera( 330): stats_action: stats mask = 0x7b8
12-10 11:36:58.803 E/mm-camera( 330): isp_request_kernel_bufq: stream_id 2 total_num_buf 6 current 6
12-10 11:36:58.803 E/mm-camera( 330): isp_axi_util_subscribe_v4l2_event: event_type = 0x8000100, is_subscribe = 1
12-10 11:36:58.803 E/mm-camera( 330): isp_proc_async_command: X ISP_ASYNC_COMMAND_STREAMON = 3
12-10 11:36:58.803 E/mm-camera( 330): isp_streamon: X, session_id = 3
12-10 11:36:58.803 E/mm-camera( 330): isp_proc_async_command: X, session_id = 3, async_cmd_id = 1
12-10 11:36:58.803 E/mm-camera( 330): port_isp_mct_ctrl_cmd: X, identity = 0x30002, isp_streamon
12-10 11:36:58.803 E/mm-camera( 330): port_isp_send_streamon_done_event_downstream: notify stream done downstream
12-10 11:36:58.803 E/mm-camera( 330): port_isp_mct_ctrl_cmd: X, identity = 0x30002, done STREAMON
12-10 11:36:58.803 E/mm-camera( 330): port_isp_mct_ctrl_cmd: X, identity = 0x30002, STREAMON, ret = 0
12-10 11:36:58.803 E/mm-camera( 330): ispif_hw_reset: ispif init
12-10 11:36:58.803 E/mm-camera( 330): ispif_proc_streamon: ispif_hw_reset done
12-10 11:36:58.803 E/mm-camera( 330): ispif_streamon: session_id = 3, active_streams = 1
12-10 11:36:58.803 E/mm-camera-sensor( 330): module_sensor_stream_on:2028 ide 30002 SENSOR_START_STREAM
12-10 11:36:58.803 E/mm-camera( 330): start_sof_check_thread: Starting SOF timeout thread
12-10 11:36:58.803 E/mm-camera-sensor( 330): port_sensor_handle_fast_aec_mode:401 X
12-10 11:36:58.803 E/mm-camera-sensor( 330): port_sensor_handle_stream_on:569 X
12-10 11:36:58.803 E/mm-camera-sensor( 330): sensor_util_change_state:1116 STATEDBG Enter
12-10 11:36:58.803 E/mm-camera-sensor( 330): sensor_util_change_state:1123 STATEDBG Enter cur state 3 new state 0
12-10 11:36:58.803 E/mm-camera-sensor( 330): sensor_util_change_state:1162 STATEDBG Exit cur state 0 new state 0
12-10 11:36:58.803 E/mm-camera-sensor( 330): sensor_util_change_state:1166 STATEDBG Exit
12-10 11:36:58.803 E/mm-camera-sensor( 330): module_sensor_module_process_event:3485 X STATEDBG MCT_EVENT_CONTROL_STREAMON
12-10 11:36:58.803 E/mm-camera( 330): main: return true, return type 0
12-10 11:36:58.813 W/QCamera2HWI( 311): startPreview: X mCameraId=1
12-10 11:36:58.813 W/QCamera2HWI( 311): [KPI Perf] start_preview: X, ret 0
12-10 11:36:58.813 E/SmartFaceManager( 722): Listener does not implements SmartFaceInfoListener2
12-10 11:36:58.813 V/AudioSessionOutALSA( 311): Timestamp returned = 193859000
12-10 11:36:58.813 V/MediaPlayer-JNI(22137): getCurrentPosition: 193859 (msec)
12-10 11:36:58.813 E/CameraController( 722): StartPreview() X
12-10 11:36:58.813 E/CameraController( 722): handleMessage signal: 1
12-10 11:36:58.813 E/CameraController( 722): handleMessage(1) before let go!{ what=1 when=-311ms arg1=4 }
12-10 11:36:58.813 E/CameraController( 722): handleMessage(1) after let go!{ what=1 when=-311ms arg1=4 }
12-10 11:36:58.813 E/CameraController( 722): handleMessage, lock.unlock before
12-10 11:36:58.813 E/CameraController( 722): handleMessage(1) after unlock{ what=1 when=-311ms arg1=4 }
12-10 11:36:58.813 E/CameraController( 722): waitHere, 310ms
12-10 11:36:58.813 E/CameraController( 722): Wait for 1 DONE!
12-10 11:36:58.813 E/CameraController( 722): sendMessageAndWait, lock.unlock before
12-10 11:36:58.813 E/CameraController( 722): sendMessageAndWait, lock.unlock after
12-10 11:36:58.813 E/CameraController( 722): openCamera E
12-10 11:36:58.823 I/wpa_supplicant( 5738): nl80211: Received scan results (12 BSSes)
12-10 11:36:58.823 D/Tethering( 722): interfaceLinkStateChanged wlan0, true
12-10 11:36:58.823 D/Tethering( 722): interfaceStatusChanged wlan0, true
12-10 11:36:58.843 E/mm-camera( 330): cpp_module_handle_sof_notify_event:574, sending bus msg, session_id=3, R1=0, R2=0
12-10 11:36:58.843 E/mm-camera-intf( 311): mm_stream_read_msm_frame: VIDIOC_DQBUF buf_index 0, frame_idx 1, stream type 6, time stamp 1386693418 848356000
12-10 11:36:58.843 D/WifiNotificationController( 722): showOngoingWifiNotification id:17303681
12-10 11:36:58.863 W/SystemClock( 1227): time going backwards: prev 785573388857859(ioctl) vs now 785573388713640(ioctl), tid=1567
12-10 11:36:58.873 E/mm-camera( 330): cpp_module_handle_sof_notify_event:574, sending bus msg, session_id=3, R1=0, R2=0
12-10 11:36:58.873 E/mm-camera( 330): cpp_hw_params_update_wnr_params:3088 Update WNR
12-10 11:36:58.873 E/mm-camera-intf( 311): mm_stream_read_msm_frame: VIDIOC_DQBUF buf_index 1, frame_idx 2, stream type 6, time stamp 1386693418 881783000
12-10 11:36:58.873 E/mm-camera( 330): isp_proc_async_command: ISP_ASYNC_COMMAND_UV_SUBSAMPLE
12-10 11:36:58.873 E/mm-camera( 330): awb_process: E gains(r=1.387203,g=1.050000,b=1.710355), color_temp=4804
12-10 11:36:58.883 V/StagefrightPlayer( 311): getCurrentPosition
12-10 11:36:58.893 V/AudioSessionOutALSA( 311): Timestamp returned = 193923000
12-10 11:36:58.893 V/MediaPlayer-JNI(22137): getCurrentPosition: 193923 (msec)
12-10 11:36:58.893 I/ActivityManager( 722): Kill com.melodis.midomiMusicIdentifier.freemium (pid 20631): provider com.google.android.apps.plus.content.AdsProvider in dying process com.google.android.apps.plus
12-10 11:36:58.903 V/StagefrightPlayer( 311): getCurrentPosition
12-10 11:36:58.903 D/ContexualWidgetMonitor( 722): action =com.android.internal.policy.impl.keyguard.sec.REMOTE_REMOVED
12-10 11:36:58.903 E/mm-camera( 330): cpp_module_handle_buf_divert_event:58, iden=0x30002, frame_id:2
12-10 11:36:58.903 E/mm-camera( 330): cpp_module_put_new_ack_in_list: __dbg: channel_id = 2
12-10 11:36:58.903 E/mm-camera( 330): be_stats_counter 1
12-10 11:36:58.903 E/mm-camera( 330): module_faceproc_client_handle_buffer:1809] count 0
12-10 11:36:58.903 E/mm-camera( 330): module_faceproc_client_send_info:1751] active index 1 face_cnt 0
12-10 11:36:58.903 E/mm-camera( 330): module_faceproc_client_send_info:1763] face_cnt 0
12-10 11:36:58.903 E/mm-camera( 330): module_faceproc_client_send_faceinfo:683] Invalid scale factors
12-10 11:36:58.903 E/mm-camera( 330): module_faceproc_client_handle_buffer:1827] img_idx 0
12-10 11:36:58.903 E/mm-camera( 330): module_faceproc_client_handle_buffer:1840] buffer 0 0xb784d230 0xb1ce8000
12-10 11:36:58.913 D/ContexualWidgetMonitor( 722): pkg =null
12-10 11:36:58.913 D/ContexualWidgetMonitor( 722): mCheckMissedEvent =false
12-10 11:36:58.913 E/mm-camera-img( 330): faceproc_comp_queue_buffer:655] q_count 1
12-10 11:36:58.913 E/mm-camera-img( 330): img_q_wait:225] after wait count 1
12-10 11:36:58.913 E/mm-camera-img( 330): img_q_wait:229] data 0xb78b4088
12-10 11:36:58.913 E/mm-camera-img( 330): faceproc_fd_execute:1142] E
12-10 11:36:58.913 E/mm-camera( 330): cpp_module_handle_sof_notify_event:574, sending bus msg, session_id=3, R1=5, R2=5
12-10 11:36:58.913 E/mm-camera( 330): cpp_hw_params_update_wnr_params:3088 Update WNR
12-10 11:36:58.913 E/mm-camera-intf( 311): mm_stream_read_msm_frame: VIDIOC_DQBUF buf_index 2, frame_idx 3, stream type 6, time stamp 1386693418 915237000
12-10 11:36:58.913 E/mm-camera-intf( 311): mm_stream_read_msm_frame: VIDIOC_DQBUF buf_index 3, frame_idx 2, stream type 1, time stamp 441324 359322000
12-10 11:36:58.913 E/mm-camera( 330): awb_process: E gains(r=1.387203,g=1.050000,b=1.710355), color_temp=4804
12-10 11:36:58.913 E/mm-camera-img( 330): faceproc_fd_execute:1174] no faces detected X
12-10 11:36:58.913 E/mm-camera-img( 330): face_proc_thread_loop:420] state 2 abort 0
12-10 11:36:58.913 E/mm-camera( 330): module_faceproc_client_event_handler:1120] buffer idx 0
12-10 11:36:58.913 E/mm-camera-img( 330): face_proc_thread_loop:428] send event
12-10 11:36:58.913 E/mm-camera-img( 330): img_comp_get_param:163] param 514
12-10 11:36:58.913 E/mm-camera-img( 330): faceproc_fd_output:848] num_faces 0
12-10 11:36:58.913 E/mm-camera-img( 330): face_proc_thread_loop:430] send event
12-10 11:36:58.913 E/mm-camera-img( 330): img_q_wait: before wait
12-10 11:36:58.913 V/AudioSessionOutALSA( 311): Timestamp returned = 193955000
12-10 11:36:58.913 V/MediaPlayer-JNI(22137): getCurrentPosition: 193955 (msec)
12-10 11:36:58.913 D/ProgressBar(22137): setProgress = 1939
12-10 11:36:58.913 D/ProgressBar(22137): setProgress = 1939, fromUser = false
12-10 11:36:58.913 D/ProgressBar(22137): mProgress = 1938mIndeterminate = false, mMin = 0, mMax = 2750
12-10 11:36:58.913 V/StagefrightPlayer( 311): getCurrentPosition
12-10 11:36:58.923 V/AudioSessionOutALSA( 311): Timestamp returned = 193965666
12-10 11:36:58.923 V/MediaPlayer-JNI(22137): getCurrentPosition: 193966 (msec)
12-10 11:36:58.943 E/mm-camera( 330): cpp_module_handle_buf_divert_event:58, iden=0x30002, frame_id:3
12-10 11:36:58.943 E/mm-camera( 330): cpp_module_put_new_ack_in_list: __dbg: channel_id = 2
12-10 11:36:58.943 E/mm-camera( 330): be_stats_counter 1
12-10 11:36:58.943 E/mm-camera( 330): module_faceproc_client_handle_buffer:1809] count 1
12-10 11:36:58.943 E/mm-camera( 330): cpp_module_handle_sof_notify_event:574, sending bus msg, session_id=3, R1=5, R2=5
12-10 11:36:58.943 E/mm-camera( 330): isp_axi_stream_set_stream_update: cannot find stream, session_id = 0, stream_id = 0
12-10 11:36:58.943 E/mm-camera( 330): isp_proc_async_command: after ISP_UV_SWITCH_STATE_FINISHING session = 3
12-10 11:36:58.943 E/mm-camera( 330): isp_proc_async_command: X, session_id = 3, async_cmd_id = 0
12-10 11:36:58.943 E/mm-camera-intf( 311): mm_stream_read_msm_frame: VIDIOC_DQBUF buf_index 3, frame_idx 4, stream type 6, time stamp 1386693418 948641000
12-10 11:36:58.943 E/mm-camera-intf( 311): mm_stream_read_msm_frame: VIDIOC_DQBUF buf_index 4, frame_idx 3, stream type 1, time stamp 441324 392751000
12-10 11:36:58.943 E/mm-camera( 330): cpp_hw_params_update_wnr_params:3088 Update WNR
12-10 11:36:58.943 E/mm-camera( 330): awb_process: E gains(r=1.387203,g=1.050000,b=1.710355), color_temp=4804
12-10 11:36:58.963 V/StagefrightPlayer( 311): getCurrentPosition
12-10 11:36:58.963 D/Sensorhubs( 320): readContextData: 1, 1, 7, -1
12-10 11:36:58.963 D/SensorHubManager( 722): onGetSensorHubDataLocked: library = 1, 1, 7, -1
12-10 11:36:58.963 D/CAE ( 722): onGetSensorHubData(SensorHubParserProvider.java:66) - onGetSensorHubData Event [event buffer len :4]
12-10 11:36:58.963 I/CAE ( 722): parse(SensorHubParserProvider.java:136) - buffer size = 4
12-10 11:36:58.963 I/CAE ( 722): parse(SensorHubParserProvider.java:147) - 1, 1, 7, -1,
12-10 11:36:58.963 D/CAE ( 722): display(ContextProvider.java:553) - ================= AUTO_ROTATION =================
12-10 11:36:58.963 I/CAE ( 722): display(ContextProvider.java:569) - Angle=[-1]
12-10 11:36:58.963 I/ActivityManager( 722): Process com.melodis.midomiMusicIdentifier.freemium (pid 20631) (adj 10) has died.
12-10 11:36:58.973 D/SContextService( 722): updateSContext() : event = Auto Rotation
12-10 11:36:58.973 V/WindowOrientationListener( 722): mSContextAutoRotationListener.onSContextChanged, Rotation: -1
12-10 11:36:58.973 V/AudioSessionOutALSA( 311): Timestamp returned = 194019000
12-10 11:36:58.973 V/MediaPlayer-JNI(22137): getCurrentPosition: 194019 (msec)
12-10 11:36:58.973 E/mm-camera( 330): cpp_module_handle_buf_divert_event:58, iden=0x30002, frame_id:4
12-10 11:36:58.973 E/mm-camera( 330): cpp_module_put_new_ack_in_list: __dbg: channel_id = 2
12-10 11:36:58.973 E/mm-camera( 330): module_faceproc_client_handle_buffer:1809] count 0
12-10 11:36:58.973 E/mm-camera( 330): module_faceproc_client_send_info:1751] active index 0 face_cnt 0
12-10 11:36:58.973 E/mm-camera( 330): module_faceproc_client_send_info:1763] face_cnt 0
12-10 11:36:58.973 E/mm-camera( 330): module_faceproc_client_send_faceinfo:692] 1.000000 1.000000 0 0 out scale 1.000000 1.000000
12-10 11:36:58.973 E/mm-camera( 330): module_faceproc_client_send_faceinfo:694] Num face detected 0
12-10 11:36:58.973 E/mm-camera( 330): module_faceproc_faces_stabilization:586] GJ Invalid input no faces
12-10 11:36:58.973 E/mm-camera( 330): [FD_ZOOM_DBG] FD_Imglib Num face detected 0
12-10 11:36:58.973 E/mm-camera( 330): module_faceproc_client_send_faceinfo:735] session id 3 mct_mod 0xb7822320
12-10 11:36:58.973 E/mm-camera( 330): module_faceproc_client_handle_buffer:1827] img_idx 1
12-10 11:36:58.973 E/mm-camera( 330): module_faceproc_client_handle_buffer:1840] buffer 2 0xb7864940 0xb1cae000
12-10 11:36:58.973 E/mm-camera-img( 330): faceproc_comp_queue_buffer:655] q_count 1
12-10 11:36:58.973 E/mm-camera( 330): be_stats_counter 1
12-10 11:36:58.973 E/mm-camera-img( 330): img_q_wait:225] after wait count 1
12-10 11:36:58.973 E/mm-camera-img( 330): img_q_wait:229] data 0xb78b4248
12-10 11:36:58.973 E/mm-camera-img( 330): faceproc_fd_execute:1142] E
12-10 11:36:58.973 E/mm-camera-img( 330): faceproc_fd_execute:1174] no faces detected X
12-10 11:36:58.973 E/mm-camera-img( 330): face_proc_thread_loop:420] state 2 abort 0
12-10 11:36:58.973 E/mm-camera( 330): module_faceproc_client_event_handler:1120] buffer idx 1
12-10 11:36:58.973 E/mm-camera-img( 330): face_proc_thread_loop:428] send event
12-10 11:36:58.973 E/mm-camera-img( 330): img_comp_get_param:163] param 514
12-10 11:36:58.973 E/mm-camera-img( 330): faceproc_fd_output:848] num_faces 0
12-10 11:36:58.973 E/mm-camera-img( 330): face_proc_thread_loop:430] send event
12-10 11:36:58.973 E/mm-camera-img( 330): img_q_wait: before wait
12-10 11:36:58.973 E/mm-camera( 330): cpp_module_handle_sof_notify_event:574, sending bus msg, session_id=3, R1=5, R2=5
12-10 11:36:58.973 E/mm-camera-intf( 311): mm_stream_read_msm_frame: VIDIOC_DQBUF buf_index 4, frame_idx 5, stream type 6, time stamp 1386693418 982065000
12-10 11:36:58.973 E/mm-camera-intf( 311): mm_stream_read_msm_frame: VIDIOC_DQBUF buf_index 5, frame_idx 4, stream type 1, time stamp 441324 426175000
12-10 11:36:58.973 E/mm-camera( 330): cpp_hw_params_update_wnr_params:3088 Update WNR
12-10 11:36:58.973 E/mm-camera( 330): awb_process: E gains(r=1.387203,g=1.050000,b=1.710355), color_temp=4804
12-10 11:36:59.003 E/mm-camera( 330): be_stats_counter 1
12-10 11:36:59.013 E/mm-camera( 330): cpp_module_handle_sof_notify_event:574, sending bus msg, session_id=3, R1=0, R2=0
12-10 11:36:59.013 E/mm-camera( 330): cpp_hw_params_update_wnr_params:3088 Update WNR
12-10 11:36:59.013 E/mm-camera-intf( 311): mm_stream_read_msm_frame: VIDIOC_DQBUF buf_index 5, frame_idx 6, stream type 6, time stamp 1386693419 15494000
12-10 11:36:59.013 E/mm-camera( 330): awb_process: E gains(r=1.387203,g=1.050000,b=1.710355), color_temp=4804
12-10 11:36:59.013 V/StagefrightPlayer( 311): getCurrentPosition
12-10 11:36:59.023 V/AudioSessionOutALSA( 311): Timestamp returned = 194061666
12-10 11:36:59.023 V/MediaPlayer-JNI(22137): getCurrentPosition: 194062 (msec)
12-10 11:36:59.023 D/ProgressBar(22137): setProgress = 1940
12-10 11:36:59.023 D/ProgressBar(22137): setProgress = 1940, fromUser = false
12-10 11:36:59.023 D/ProgressBar(22137): mProgress = 1939mIndeterminate = false, mMin = 0, mMax = 2750
12-10 11:36:59.023 V/StagefrightPlayer( 311): getCurrentPosition
12-10 11:36:59.033 V/AudioSessionOutALSA( 311): Timestamp returned = 194072333
12-10 11:36:59.033 V/MediaPlayer-JNI(22137): getCurrentPosition: 194072 (msec)
12-10 11:36:59.043 E/mm-camera( 330): cpp_module_handle_buf_divert_event:58, iden=0x30002, frame_id:6
12-10 11:36:59.043 E/mm-camera( 330): cpp_module_put_new_ack_in_list: __dbg: channel_id = 2
12-10 11:36:59.043 E/mm-camera( 330): be_stats_counter 1
12-10 11:36:59.043 E/mm-camera( 330): module_faceproc_client_handle_buffer:1809] count 1
12-10 11:36:59.043 E/mm-camera-intf( 311): mm_stream_read_msm_frame: VIDIOC_DQBUF buf_index 3, frame_idx 6, stream type 1, time stamp 441324 493030000
12-10 11:36:59.043 E/mm-camera( 330): awb_process: E gains(r=1.387203,g=1.050000,b=1.710355), color_temp=4804
12-10 11:36:59.113 E/mm-camera( 330): cpp_module_handle_sof_notify_event:574, sending bus msg, session_id=3, R1=5, R2=5
12-10 11:36:59.113 E/mm-camera( 330): cpp_hw_params_update_wnr_params:3088 Update WNR
12-10 11:36:59.113 E/mm-camera-intf( 311): mm_stream_read_msm_frame: VIDIOC_DQBUF buf_index 6, frame_idx 7, stream type 6, time stamp 1386693419 115561000
12-10 11:36:59.123 V/StagefrightPlayer( 311): getCurrentPosition
12-10 11:36:59.143 V/AudioSessionOutALSA( 311): Timestamp returned = 194179000
12-10 11:36:59.143 V/MediaPlayer-JNI(22137): getCurrentPosition: 194179 (msec)
12-10 11:36:59.143 D/ProgressBar(22137): setProgress = 1941
12-10 11:36:59.143 D/ProgressBar(22137): setProgress = 1941, fromUser = false
12-10 11:36:59.143 D/ProgressBar(22137): mProgress = 1940mIndeterminate = false, mMin = 0, mMax = 2750
12-10 11:36:59.143 E/mm-camera( 330): cpp_module_handle_buf_divert_event:58, iden=0x30002, frame_id:7
12-10 11:36:59.143 E/mm-camera( 330): cpp_module_put_new_ack_in_list: __dbg: channel_id = 2
12-10 11:36:59.143 E/mm-camera( 330): module_faceproc_client_handle_buffer:1809] count 0
12-10 11:36:59.143 E/mm-camera( 330): module_faceproc_client_send_info:1751] active index 1 face_cnt 0
12-10 11:36:59.143 E/mm-camera( 330): module_faceproc_client_send_info:1763] face_cnt 0
12-10 11:36:59.143 E/mm-camera( 330): module_faceproc_client_send_faceinfo:692] 1.000000 1.000000 0 0 out scale 1.000000 1.000000
12-10 11:36:59.143 E/mm-camera( 330): module_faceproc_client_send_faceinfo:694] Num face detected 0
12-10 11:36:59.143 E/mm-camera( 330): module_faceproc_faces_stabilization:586] GJ Invalid input no faces
12-10 11:36:59.143 E/mm-camera( 330): [FD_ZOOM_DBG] FD_Imglib Num face detected 0
12-10 11:36:59.143 E/mm-camera( 330): module_faceproc_client_send_faceinfo:735] session id 3 mct_mod 0xb7822320
12-10 11:36:59.143 E/mm-camera( 330): module_faceproc_client_handle_buffer:1827] img_idx 2
12-10 11:36:59.143 E/mm-camera( 330): module_faceproc_client_handle_buffer:1840] buffer 0 0xb7949728 0xb1ce8000
12-10 11:36:59.143 E/mm-camera-img( 330): faceproc_comp_queue_buffer:655] q_count 1
12-10 11:36:59.143 E/mm-camera-img( 330): img_q_wait:225] after wait count 1
12-10 11:36:59.143 E/mm-camera-img( 330): img_q_wait:229] data 0xb78b4408
12-10 11:36:59.143 E/mm-camera-img( 330): faceproc_fd_execute:1142] E
12-10 11:36:59.143 E/mm-camera-img( 330): faceproc_fd_execute:1174] no faces detected X
12-10 11:36:59.143 E/mm-camera-img( 330): face_proc_thread_loop:420] state 2 abort 0
12-10 11:36:59.143 E/mm-camera( 330): module_faceproc_client_event_handler:1120] buffer idx 2
12-10 11:36:59.143 E/mm-camera-img( 330): face_proc_thread_loop:428] send event
12-10 11:36:59.143 E/mm-camera-img( 330): img_comp_get_param:163] param 514
12-10 11:36:59.143 E/mm-camera-img( 330): faceproc_fd_output:848] num_faces 0
12-10 11:36:59.143 E/mm-camera-img( 330): face_proc_thread_loop:430] send event
12-10 11:36:59.143 E/mm-camera-img( 330): img_q_wait: before wait
12-10 11:36:59.143 E/mm-camera( 330): be_stats_counter 1
12-10 11:36:59.143 E/mm-camera-intf( 311): mm_stream_read_msm_frame: VIDIOC_DQBUF buf_index 4, frame_idx 7, stream type 1, time stamp 441324 593084000
