12-10 11:34:44.423 D/ProgressBar(22137): setProgress = 594, fromUser = false
12-10 11:34:44.423 D/ProgressBar(22137): mProgress = 593mIndeterminate = false, mMin = 0, mMax = 2750
12-10 11:34:44.423 V/StagefrightPlayer( 311): getCurrentPosition
12-10 11:34:44.433 V/AudioSessionOutALSA( 311): Timestamp returned = 59480333
12-10 11:34:44.433 V/MediaPlayer-JNI(22137): getCurrentPosition: 59480 (msec)
12-10 11:34:44.523 V/StagefrightPlayer( 311): getCurrentPosition
12-10 11:34:44.533 V/AudioSessionOutALSA( 311): Timestamp returned = 59576333
12-10 11:34:44.533 V/MediaPlayer-JNI(22137): getCurrentPosition: 59576 (msec)
12-10 11:34:44.533 D/ProgressBar(22137): setProgress = 595
12-10 11:34:44.533 D/ProgressBar(22137): setProgress = 595, fromUser = false
12-10 11:34:44.533 D/ProgressBar(22137): mProgress = 594mIndeterminate = false, mMin = 0, mMax = 2750
12-10 11:34:44.543 V/StagefrightPlayer( 311): getCurrentPosition
12-10 11:34:44.553 V/AudioSessionOutALSA( 311): Timestamp returned = 59587000
12-10 11:34:44.553 V/MediaPlayer-JNI(22137): getCurrentPosition: 59587 (msec)
12-10 11:34:44.643 V/StagefrightPlayer( 311): getCurrentPosition
12-10 11:34:44.653 V/AudioSessionOutALSA( 311): Timestamp returned = 59683000
12-10 11:34:44.653 V/MediaPlayer-JNI(22137): getCurrentPosition: 59683 (msec)
12-10 11:34:44.653 D/ProgressBar(22137): setProgress = 596
12-10 11:34:44.653 D/ProgressBar(22137): setProgress = 596, fromUser = false
12-10 11:34:44.653 D/ProgressBar(22137): mProgress = 595mIndeterminate = false, mMin = 0, mMax = 2750
12-10 11:34:44.653 V/StagefrightPlayer( 311): getCurrentPosition
12-10 11:34:44.663 V/AudioSessionOutALSA( 311): Timestamp returned = 59704333
12-10 11:34:44.663 V/MediaPlayer-JNI(22137): getCurrentPosition: 59704 (msec)
12-10 11:34:44.753 V/StagefrightPlayer( 311): getCurrentPosition
12-10 11:34:44.763 V/AudioSessionOutALSA( 311): Timestamp returned = 59811000
12-10 11:34:44.763 V/MediaPlayer-JNI(22137): getCurrentPosition: 59811 (msec)
12-10 11:34:44.763 D/ProgressBar(22137): setProgress = 598
12-10 11:34:44.763 D/ProgressBar(22137): setProgress = 598, fromUser = false
12-10 11:34:44.763 D/ProgressBar(22137): mProgress = 596mIndeterminate = false, mMin = 0, mMax = 2750
12-10 11:34:44.773 V/StagefrightPlayer( 311): getCurrentPosition
12-10 11:34:44.783 V/AudioSessionOutALSA( 311): Timestamp returned = 59811000
12-10 11:34:44.783 V/MediaPlayer-JNI(22137): getCurrentPosition: 59811 (msec)
12-10 11:34:44.873 V/StagefrightPlayer( 311): getCurrentPosition
12-10 11:34:44.883 V/AudioSessionOutALSA( 311): Timestamp returned = 59917666
12-10 11:34:44.883 V/MediaPlayer-JNI(22137): getCurrentPosition: 59918 (msec)
12-10 11:34:44.883 D/ProgressBar(22137): setProgress = 599
12-10 11:34:44.883 D/ProgressBar(22137): setProgress = 599, fromUser = false
12-10 11:34:44.883 D/ProgressBar(22137): mProgress = 598mIndeterminate = false, mMin = 0, mMax = 2750
12-10 11:34:44.883 V/StagefrightPlayer( 311): getCurrentPosition
12-10 11:34:44.893 V/AudioSessionOutALSA( 311): Timestamp returned = 59939000
12-10 11:34:44.893 V/MediaPlayer-JNI(22137): getCurrentPosition: 59939 (msec)
12-10 11:34:44.893 V/StagefrightPlayer( 311): getCurrentPosition
12-10 11:34:44.903 V/AudioSessionOutALSA( 311): Timestamp returned = 59949666
12-10 11:34:44.903 V/MediaPlayer-JNI(22137): getCurrentPosition: 59950 (msec)
12-10 11:34:44.983 V/StagefrightPlayer( 311): getCurrentPosition
12-10 11:34:44.993 V/AudioSessionOutALSA( 311): Timestamp returned = 60035000
12-10 11:34:44.993 V/MediaPlayer-JNI(22137): getCurrentPosition: 60035 (msec)
12-10 11:34:44.993 D/ProgressBar(22137): setProgress = 600
12-10 11:34:44.993 D/ProgressBar(22137): setProgress = 600, fromUser = false
12-10 11:34:44.993 D/ProgressBar(22137): mProgress = 599mIndeterminate = false, mMin = 0, mMax = 2750
12-10 11:34:44.993 V/StagefrightPlayer( 311): getCurrentPosition
12-10 11:34:45.013 V/AudioSessionOutALSA( 311): Timestamp returned = 60045666
12-10 11:34:45.013 V/StagefrightPlayer( 311): getCurrentPosition
12-10 11:34:45.013 V/MediaPlayer-JNI(22137): getCurrentPosition: 60046 (msec)
12-10 11:34:45.023 V/AudioSessionOutALSA( 311): Timestamp returned = 60067000
12-10 11:34:45.023 V/MediaPlayer-JNI(22137): getCurrentPosition: 60067 (msec)
12-10 11:34:45.093 V/StagefrightPlayer( 311): getCurrentPosition
12-10 11:34:45.113 V/AudioSessionOutALSA( 311): Timestamp returned = 60141666
12-10 11:34:45.113 V/MediaPlayer-JNI(22137): getCurrentPosition: 60142 (msec)
12-10 11:34:45.113 D/ProgressBar(22137): setProgress = 601
12-10 11:34:45.113 D/ProgressBar(22137): setProgress = 601, fromUser = false
12-10 11:34:45.113 D/ProgressBar(22137): mProgress = 600mIndeterminate = false, mMin = 0, mMax = 2750
12-10 11:34:45.113 V/StagefrightPlayer( 311): getCurrentPosition
12-10 11:34:45.123 V/AudioSessionOutALSA( 311): Timestamp returned = 60163000
12-10 11:34:45.123 V/MediaPlayer-JNI(22137): getCurrentPosition: 60163 (msec)
12-10 11:34:45.213 V/StagefrightPlayer( 311): getCurrentPosition
12-10 11:34:45.223 V/AudioSessionOutALSA( 311): Timestamp returned = 60269666
12-10 11:34:45.223 V/MediaPlayer-JNI(22137): getCurrentPosition: 60270 (msec)
12-10 11:34:45.223 D/ProgressBar(22137): setProgress = 602
12-10 11:34:45.223 D/ProgressBar(22137): setProgress = 602, fromUser = false
12-10 11:34:45.223 D/ProgressBar(22137): mProgress = 601mIndeterminate = false, mMin = 0, mMax = 2750
12-10 11:34:45.223 V/StagefrightPlayer( 311): getCurrentPosition
12-10 11:34:45.243 V/AudioSessionOutALSA( 311): Timestamp returned = 60280333
12-10 11:34:45.243 V/MediaPlayer-JNI(22137): getCurrentPosition: 60280 (msec)
12-10 11:34:45.323 V/StagefrightPlayer( 311): getCurrentPosition
12-10 11:34:45.343 V/AudioSessionOutALSA( 311): Timestamp returned = 60376333
12-10 11:34:45.343 V/MediaPlayer-JNI(22137): getCurrentPosition: 60376 (msec)
12-10 11:34:45.343 D/ProgressBar(22137): setProgress = 603
12-10 11:34:45.343 D/ProgressBar(22137): setProgress = 603, fromUser = false
12-10 11:34:45.343 D/ProgressBar(22137): mProgress = 602mIndeterminate = false, mMin = 0, mMax = 2750
12-10 11:34:45.343 V/StagefrightPlayer( 311): getCurrentPosition
12-10 11:34:45.353 V/AudioSessionOutALSA( 311): Timestamp returned = 60397666
12-10 11:34:45.353 V/MediaPlayer-JNI(22137): getCurrentPosition: 60398 (msec)
12-10 11:34:45.443 V/StagefrightPlayer( 311): getCurrentPosition
12-10 11:34:45.453 V/AudioSessionOutALSA( 311): Timestamp returned = 60493666
12-10 11:34:45.453 V/MediaPlayer-JNI(22137): getCurrentPosition: 60494 (msec)
12-10 11:34:45.453 D/ProgressBar(22137): setProgress = 604
12-10 11:34:45.453 D/ProgressBar(22137): setProgress = 604, fromUser = false
12-10 11:34:45.453 D/ProgressBar(22137): mProgress = 603mIndeterminate = false, mMin = 0, mMax = 2750
12-10 11:34:45.453 V/StagefrightPlayer( 311): getCurrentPosition
12-10 11:34:45.473 V/AudioSessionOutALSA( 311): Timestamp returned = 60504333
12-10 11:34:45.473 V/MediaPlayer-JNI(22137): getCurrentPosition: 60504 (msec)
12-10 11:34:45.553 V/StagefrightPlayer( 311): getCurrentPosition
12-10 11:34:45.563 V/AudioSessionOutALSA( 311): Timestamp returned = 60611000
12-10 11:34:45.563 V/MediaPlayer-JNI(22137): getCurrentPosition: 60611 (msec)
12-10 11:34:45.563 D/ProgressBar(22137): setProgress = 606
12-10 11:34:45.563 D/ProgressBar(22137): setProgress = 606, fromUser = false
12-10 11:34:45.563 D/ProgressBar(22137): mProgress = 604mIndeterminate = false, mMin = 0, mMax = 2750
12-10 11:34:45.573 V/StagefrightPlayer( 311): getCurrentPosition
12-10 11:34:45.583 V/AudioSessionOutALSA( 311): Timestamp returned = 60621666
12-10 11:34:45.583 V/MediaPlayer-JNI(22137): getCurrentPosition: 60622 (msec)
12-10 11:34:45.673 V/StagefrightPlayer( 311): getCurrentPosition
12-10 11:34:45.683 V/AudioSessionOutALSA( 311): Timestamp returned = 60728333
12-10 11:34:45.683 V/MediaPlayer-JNI(22137): getCurrentPosition: 60728 (msec)
12-10 11:34:45.683 D/ProgressBar(22137): setProgress = 607
12-10 11:34:45.683 D/ProgressBar(22137): setProgress = 607, fromUser = false
12-10 11:34:45.683 D/ProgressBar(22137): mProgress = 606mIndeterminate = false, mMin = 0, mMax = 2750
12-10 11:34:45.683 V/StagefrightPlayer( 311): getCurrentPosition
12-10 11:34:45.703 V/AudioSessionOutALSA( 311): Timestamp returned = 60739000
12-10 11:34:45.703 V/MediaPlayer-JNI(22137): getCurrentPosition: 60739 (msec)
12-10 11:34:45.783 V/StagefrightPlayer( 311): getCurrentPosition
12-10 11:34:45.803 V/AudioSessionOutALSA( 311): Timestamp returned = 60835000
12-10 11:34:45.803 V/MediaPlayer-JNI(22137): getCurrentPosition: 60835 (msec)
12-10 11:34:45.803 D/ProgressBar(22137): setProgress = 608
12-10 11:34:45.803 D/ProgressBar(22137): setProgress = 608, fromUser = false
12-10 11:34:45.803 D/ProgressBar(22137): mProgress = 607mIndeterminate = false, mMin = 0, mMax = 2750
12-10 11:34:45.803 V/StagefrightPlayer( 311): getCurrentPosition
12-10 11:34:45.813 V/AudioSessionOutALSA( 311): Timestamp returned = 60856333
12-10 11:34:45.813 V/MediaPlayer-JNI(22137): getCurrentPosition: 60856 (msec)
12-10 11:34:45.893 V/StagefrightPlayer( 311): getCurrentPosition
12-10 11:34:45.913 V/AudioSessionOutALSA( 311): Timestamp returned = 60941666
12-10 11:34:45.913 V/MediaPlayer-JNI(22137): getCurrentPosition: 60942 (msec)
12-10 11:34:45.913 V/StagefrightPlayer( 311): getCurrentPosition
12-10 11:34:45.923 V/AudioSessionOutALSA( 311): Timestamp returned = 60963000
12-10 11:34:45.923 V/MediaPlayer-JNI(22137): getCurrentPosition: 60963 (msec)
12-10 11:34:45.923 D/ProgressBar(22137): setProgress = 609
12-10 11:34:45.923 D/ProgressBar(22137): setProgress = 609, fromUser = false
12-10 11:34:45.923 D/ProgressBar(22137): mProgress = 608mIndeterminate = false, mMin = 0, mMax = 2750
12-10 11:34:45.923 V/StagefrightPlayer( 311): getCurrentPosition
12-10 11:34:45.933 V/AudioSessionOutALSA( 311): Timestamp returned = 60973666
12-10 11:34:45.933 V/MediaPlayer-JNI(22137): getCurrentPosition: 60974 (msec)
12-10 11:34:46.023 V/StagefrightPlayer( 311): getCurrentPosition
12-10 11:34:46.033 V/AudioSessionOutALSA( 311): Timestamp returned = 61080333
12-10 11:34:46.033 V/MediaPlayer-JNI(22137): getCurrentPosition: 61080 (msec)
12-10 11:34:46.033 D/ProgressBar(22137): setProgress = 610
12-10 11:34:46.033 D/ProgressBar(22137): setProgress = 610, fromUser = false
12-10 11:34:46.033 D/ProgressBar(22137): mProgress = 609mIndeterminate = false, mMin = 0, mMax = 2750
12-10 11:34:46.033 V/StagefrightPlayer( 311): getCurrentPosition
12-10 11:34:46.053 V/AudioSessionOutALSA( 311): Timestamp returned = 61091000
12-10 11:34:46.053 V/MediaPlayer-JNI(22137): getCurrentPosition: 61091 (msec)
12-10 11:34:46.053 V/StagefrightPlayer( 311): getCurrentPosition
12-10 11:34:46.063 V/AudioSessionOutALSA( 311): Timestamp returned = 61091000
12-10 11:34:46.063 V/MediaPlayer-JNI(22137): getCurrentPosition: 61091 (msec)
12-10 11:34:46.143 V/StagefrightPlayer( 311): getCurrentPosition
12-10 11:34:46.153 V/AudioSessionOutALSA( 311): Timestamp returned = 61187000
12-10 11:34:46.153 V/MediaPlayer-JNI(22137): getCurrentPosition: 61187 (msec)
12-10 11:34:46.153 D/ProgressBar(22137): setProgress = 611
12-10 11:34:46.153 D/ProgressBar(22137): setProgress = 611, fromUser = false
12-10 11:34:46.153 D/ProgressBar(22137): mProgress = 610mIndeterminate = false, mMin = 0, mMax = 2750
12-10 11:34:46.153 V/StagefrightPlayer( 311): getCurrentPosition
12-10 11:34:46.163 V/AudioSessionOutALSA( 311): Timestamp returned = 61208333
12-10 11:34:46.163 V/MediaPlayer-JNI(22137): getCurrentPosition: 61208 (msec)
12-10 11:34:46.253 V/StagefrightPlayer( 311): getCurrentPosition
12-10 11:34:46.263 V/AudioSessionOutALSA( 311): Timestamp returned = 61304333
12-10 11:34:46.263 V/MediaPlayer-JNI(22137): getCurrentPosition: 61304 (msec)
12-10 11:34:46.263 D/ProgressBar(22137): setProgress = 613
12-10 11:34:46.263 D/ProgressBar(22137): setProgress = 613, fromUser = false
12-10 11:34:46.263 D/ProgressBar(22137): mProgress = 611mIndeterminate = false, mMin = 0, mMax = 2750
12-10 11:34:46.273 V/StagefrightPlayer( 311): getCurrentPosition
12-10 11:34:46.283 V/AudioSessionOutALSA( 311): Timestamp returned = 61315000
12-10 11:34:46.283 V/MediaPlayer-JNI(22137): getCurrentPosition: 61315 (msec)
12-10 11:34:46.373 V/StagefrightPlayer( 311): getCurrentPosition
12-10 11:34:46.383 V/AudioSessionOutALSA( 311): Timestamp returned = 61411000
12-10 11:34:46.383 V/MediaPlayer-JNI(22137): getCurrentPosition: 61411 (msec)
12-10 11:34:46.383 D/ProgressBar(22137): setProgress = 614
12-10 11:34:46.383 D/ProgressBar(22137): setProgress = 614, fromUser = false
12-10 11:34:46.383 D/ProgressBar(22137): mProgress = 613mIndeterminate = false, mMin = 0, mMax = 2750
12-10 11:34:46.383 V/StagefrightPlayer( 311): getCurrentPosition
12-10 11:34:46.393 V/AudioSessionOutALSA( 311): Timestamp returned = 61432333
12-10 11:34:46.393 V/MediaPlayer-JNI(22137): getCurrentPosition: 61432 (msec)
12-10 11:34:46.483 V/StagefrightPlayer( 311): getCurrentPosition
12-10 11:34:46.493 V/AudioSessionOutALSA( 311): Timestamp returned = 61539000
12-10 11:34:46.493 V/MediaPlayer-JNI(22137): getCurrentPosition: 61539 (msec)
12-10 11:34:46.493 D/ProgressBar(22137): setProgress = 615
12-10 11:34:46.493 D/ProgressBar(22137): setProgress = 615, fromUser = false
12-10 11:34:46.493 D/ProgressBar(22137): mProgress = 614mIndeterminate = false, mMin = 0, mMax = 2750
12-10 11:34:46.503 V/StagefrightPlayer( 311): getCurrentPosition
12-10 11:34:46.513 V/AudioSessionOutALSA( 311): Timestamp returned = 61560333
12-10 11:34:46.513 V/MediaPlayer-JNI(22137): getCurrentPosition: 61560 (msec)
12-10 11:34:46.603 V/StagefrightPlayer( 311): getCurrentPosition
12-10 11:34:46.613 V/AudioSessionOutALSA( 311): Timestamp returned = 61656333
12-10 11:34:46.613 V/MediaPlayer-JNI(22137): getCurrentPosition: 61656 (msec)
12-10 11:34:46.613 D/ProgressBar(22137): setProgress = 616
12-10 11:34:46.613 D/ProgressBar(22137): setProgress = 616, fromUser = false
12-10 11:34:46.613 D/ProgressBar(22137): mProgress = 615mIndeterminate = false, mMin = 0, mMax = 2750
12-10 11:34:46.613 V/StagefrightPlayer( 311): getCurrentPosition
12-10 11:34:46.633 V/AudioSessionOutALSA( 311): Timestamp returned = 61667000
12-10 11:34:46.633 V/MediaPlayer-JNI(22137): getCurrentPosition: 61667 (msec)
12-10 11:34:46.713 V/StagefrightPlayer( 311): getCurrentPosition
12-10 11:34:46.733 V/AudioSessionOutALSA( 311): Timestamp returned = 61763000
12-10 11:34:46.733 V/MediaPlayer-JNI(22137): getCurrentPosition: 61763 (msec)
12-10 11:34:46.733 D/ProgressBar(22137): setProgress = 617
12-10 11:34:46.733 D/ProgressBar(22137): setProgress = 617, fromUser = false
12-10 11:34:46.733 D/ProgressBar(22137): mProgress = 616mIndeterminate = false, mMin = 0, mMax = 2750
12-10 11:34:46.733 V/StagefrightPlayer( 311): getCurrentPosition
12-10 11:34:46.743 V/AudioSessionOutALSA( 311): Timestamp returned = 61784333
12-10 11:34:46.743 V/MediaPlayer-JNI(22137): getCurrentPosition: 61784 (msec)
12-10 11:34:46.833 V/StagefrightPlayer( 311): getCurrentPosition
12-10 11:34:46.843 V/AudioSessionOutALSA( 311): Timestamp returned = 61891000
12-10 11:34:46.843 V/MediaPlayer-JNI(22137): getCurrentPosition: 61891 (msec)
12-10 11:34:46.843 D/ProgressBar(22137): setProgress = 618
12-10 11:34:46.843 D/ProgressBar(22137): setProgress = 618, fromUser = false
12-10 11:34:46.843 D/ProgressBar(22137): mProgress = 617mIndeterminate = false, mMin = 0, mMax = 2750
12-10 11:34:46.843 V/StagefrightPlayer( 311): getCurrentPosition
12-10 11:34:46.863 V/AudioSessionOutALSA( 311): Timestamp returned = 61891000
12-10 11:34:46.863 V/MediaPlayer-JNI(22137): getCurrentPosition: 61891 (msec)
12-10 11:34:46.913 V/StagefrightPlayer( 311): getCurrentPosition
12-10 11:34:46.923 V/AudioSessionOutALSA( 311): Timestamp returned = 61965666
12-10 11:34:46.923 V/MediaPlayer-JNI(22137): getCurrentPosition: 61966 (msec)
12-10 11:34:46.943 V/StagefrightPlayer( 311): getCurrentPosition
12-10 11:34:46.963 V/AudioSessionOutALSA( 311): Timestamp returned = 61997666
12-10 11:34:46.963 V/MediaPlayer-JNI(22137): getCurrentPosition: 61998 (msec)
12-10 11:34:46.963 D/ProgressBar(22137): setProgress = 619
12-10 11:34:46.963 D/ProgressBar(22137): setProgress = 619, fromUser = false
12-10 11:34:46.963 D/ProgressBar(22137): mProgress = 618mIndeterminate = false, mMin = 0, mMax = 2750
12-10 11:34:46.963 V/StagefrightPlayer( 311): getCurrentPosition
12-10 11:34:46.973 V/AudioSessionOutALSA( 311): Timestamp returned = 62019000
12-10 11:34:46.973 V/MediaPlayer-JNI(22137): getCurrentPosition: 62019 (msec)
12-10 11:34:47.053 V/StagefrightPlayer( 311): getCurrentPosition
12-10 11:34:47.063 V/AudioSessionOutALSA( 311): Timestamp returned = 62093666
12-10 11:34:47.063 V/MediaPlayer-JNI(22137): getCurrentPosition: 62094 (msec)
12-10 11:34:47.063 V/StagefrightPlayer( 311): getCurrentPosition
12-10 11:34:47.073 V/AudioSessionOutALSA( 311): Timestamp returned = 62115000
12-10 11:34:47.073 V/MediaPlayer-JNI(22137): getCurrentPosition: 62115 (msec)
12-10 11:34:47.073 D/ProgressBar(22137): setProgress = 621
12-10 11:34:47.073 D/ProgressBar(22137): setProgress = 621, fromUser = false
12-10 11:34:47.073 D/ProgressBar(22137): mProgress = 619mIndeterminate = false, mMin = 0, mMax = 2750
12-10 11:34:47.083 V/StagefrightPlayer( 311): getCurrentPosition
12-10 11:34:47.093 V/AudioSessionOutALSA( 311): Timestamp returned = 62125666
12-10 11:34:47.093 V/MediaPlayer-JNI(22137): getCurrentPosition: 62126 (msec)
12-10 11:34:47.183 V/StagefrightPlayer( 311): getCurrentPosition
12-10 11:34:47.193 V/AudioSessionOutALSA( 311): Timestamp returned = 62221666
12-10 11:34:47.193 V/MediaPlayer-JNI(22137): getCurrentPosition: 62222 (msec)
12-10 11:34:47.193 D/ProgressBar(22137): setProgress = 622
12-10 11:34:47.193 D/ProgressBar(22137): setProgress = 622, fromUser = false
12-10 11:34:47.193 D/ProgressBar(22137): mProgress = 621mIndeterminate = false, mMin = 0, mMax = 2750
12-10 11:34:47.193 V/StagefrightPlayer( 311): getCurrentPosition
12-10 11:34:47.203 V/AudioSessionOutALSA( 311): Timestamp returned = 62243000
12-10 11:34:47.203 V/MediaPlayer-JNI(22137): getCurrentPosition: 62243 (msec)
12-10 11:34:47.293 V/StagefrightPlayer( 311): getCurrentPosition
12-10 11:34:47.303 V/AudioSessionOutALSA( 311): Timestamp returned = 62349666
12-10 11:34:47.303 V/MediaPlayer-JNI(22137): getCurrentPosition: 62350 (msec)
12-10 11:34:47.303 D/ProgressBar(22137): setProgress = 623
12-10 11:34:47.303 D/ProgressBar(22137): setProgress = 623, fromUser = false
12-10 11:34:47.303 D/ProgressBar(22137): mProgress = 622mIndeterminate = false, mMin = 0, mMax = 2750
12-10 11:34:47.313 V/StagefrightPlayer( 311): getCurrentPosition
12-10 11:34:47.323 V/AudioSessionOutALSA( 311): Timestamp returned = 62360333
12-10 11:34:47.323 V/MediaPlayer-JNI(22137): getCurrentPosition: 62360 (msec)
12-10 11:34:47.413 V/StagefrightPlayer( 311): getCurrentPosition
12-10 11:34:47.423 V/AudioSessionOutALSA( 311): Timestamp returned = 62456333
12-10 11:34:47.423 V/MediaPlayer-JNI(22137): getCurrentPosition: 62456 (msec)
12-10 11:34:47.423 D/ProgressBar(22137): setProgress = 624
12-10 11:34:47.423 D/ProgressBar(22137): setProgress = 624, fromUser = false
12-10 11:34:47.423 D/ProgressBar(22137): mProgress = 623mIndeterminate = false, mMin = 0, mMax = 2750
12-10 11:34:47.423 V/StagefrightPlayer( 311): getCurrentPosition
12-10 11:34:47.433 V/AudioSessionOutALSA( 311): Timestamp returned = 62477666
12-10 11:34:47.433 V/MediaPlayer-JNI(22137): getCurrentPosition: 62478 (msec)
12-10 11:34:47.523 V/StagefrightPlayer( 311): getCurrentPosition
12-10 11:34:47.533 V/AudioSessionOutALSA( 311): Timestamp returned = 62573666
12-10 11:34:47.533 V/MediaPlayer-JNI(22137): getCurrentPosition: 62574 (msec)
12-10 11:34:47.533 D/ProgressBar(22137): setProgress = 625
12-10 11:34:47.533 D/ProgressBar(22137): setProgress = 625, fromUser = false
12-10 11:34:47.533 D/ProgressBar(22137): mProgress = 624mIndeterminate = false, mMin = 0, mMax = 2750
12-10 11:34:47.543 V/StagefrightPlayer( 311): getCurrentPosition
12-10 11:34:47.553 V/AudioSessionOutALSA( 311): Timestamp returned = 62584333
12-10 11:34:47.553 V/MediaPlayer-JNI(22137): getCurrentPosition: 62584 (msec)
12-10 11:34:47.643 V/StagefrightPlayer( 311): getCurrentPosition
12-10 11:34:47.653 V/AudioSessionOutALSA( 311): Timestamp returned = 62691000
12-10 11:34:47.653 V/MediaPlayer-JNI(22137): getCurrentPosition: 62691 (msec)
12-10 11:34:47.653 D/ProgressBar(22137): setProgress = 626
12-10 11:34:47.653 D/ProgressBar(22137): setProgress = 626, fromUser = false
12-10 11:34:47.653 D/ProgressBar(22137): mProgress = 625mIndeterminate = false, mMin = 0, mMax = 2750
12-10 11:34:47.653 V/StagefrightPlayer( 311): getCurrentPosition
12-10 11:34:47.663 V/AudioSessionOutALSA( 311): Timestamp returned = 62701666
12-10 11:34:47.663 V/MediaPlayer-JNI(22137): getCurrentPosition: 62702 (msec)
12-10 11:34:47.753 V/StagefrightPlayer( 311): getCurrentPosition
12-10 11:34:47.763 V/AudioSessionOutALSA( 311): Timestamp returned = 62808333
12-10 11:34:47.763 V/MediaPlayer-JNI(22137): getCurrentPosition: 62808 (msec)
12-10 11:34:47.763 D/ProgressBar(22137): setProgress = 628
12-10 11:34:47.763 D/ProgressBar(22137): setProgress = 628, fromUser = false
12-10 11:34:47.763 D/ProgressBar(22137): mProgress = 626mIndeterminate = false, mMin = 0, mMax = 2750
12-10 11:34:47.773 V/StagefrightPlayer( 311): getCurrentPosition
12-10 11:34:47.783 V/AudioSessionOutALSA( 311): Timestamp returned = 62829666
12-10 11:34:47.783 V/MediaPlayer-JNI(22137): getCurrentPosition: 62830 (msec)
12-10 11:34:47.873 V/StagefrightPlayer( 311): getCurrentPosition
12-10 11:34:47.883 V/AudioSessionOutALSA( 311): Timestamp returned = 62925666
12-10 11:34:47.883 V/MediaPlayer-JNI(22137): getCurrentPosition: 62926 (msec)
12-10 11:34:47.883 D/ProgressBar(22137): setProgress = 629
12-10 11:34:47.883 D/ProgressBar(22137): setProgress = 629, fromUser = false
12-10 11:34:47.893 D/ProgressBar(22137): mProgress = 628mIndeterminate = false, mMin = 0, mMax = 2750
12-10 11:34:47.893 V/StagefrightPlayer( 311): getCurrentPosition
12-10 11:34:47.903 V/AudioSessionOutALSA( 311): Timestamp returned = 62947000
12-10 11:34:47.903 V/MediaPlayer-JNI(22137): getCurrentPosition: 62947 (msec)
12-10 11:34:47.923 V/StagefrightPlayer( 311): getCurrentPosition
12-10 11:34:47.933 V/AudioSessionOutALSA( 311): Timestamp returned = 62979000
12-10 11:34:47.933 V/MediaPlayer-JNI(22137): getCurrentPosition: 62979 (msec)
12-10 11:34:47.993 V/StagefrightPlayer( 311): getCurrentPosition
12-10 11:34:48.003 V/AudioSessionOutALSA( 311): Timestamp returned = 63043000
12-10 11:34:48.003 V/MediaPlayer-JNI(22137): getCurrentPosition: 63043 (msec)
12-10 11:34:48.003 D/ProgressBar(22137): setProgress = 630
12-10 11:34:48.003 D/ProgressBar(22137): setProgress = 630, fromUser = false
12-10 11:34:48.003 D/ProgressBar(22137): mProgress = 629mIndeterminate = false, mMin = 0, mMax = 2750
12-10 11:34:48.003 V/StagefrightPlayer( 311): getCurrentPosition
12-10 11:34:48.023 V/AudioSessionOutALSA( 311): Timestamp returned = 63053666
12-10 11:34:48.023 V/MediaPlayer-JNI(22137): getCurrentPosition: 63054 (msec)
12-10 11:34:48.063 V/StagefrightPlayer( 311): getCurrentPosition
12-10 11:34:48.073 V/AudioSessionOutALSA( 311): Timestamp returned = 63117666
12-10 11:34:48.073 V/MediaPlayer-JNI(22137): getCurrentPosition: 63118 (msec)
12-10 11:34:48.103 V/StagefrightPlayer( 311): getCurrentPosition
12-10 11:34:48.113 V/AudioSessionOutALSA( 311): Timestamp returned = 63160333
12-10 11:34:48.113 V/MediaPlayer-JNI(22137): getCurrentPosition: 63160 (msec)
12-10 11:34:48.113 D/ProgressBar(22137): setProgress = 631
12-10 11:34:48.113 D/ProgressBar(22137): setProgress = 631, fromUser = false
12-10 11:34:48.123 D/ProgressBar(22137): mProgress = 630mIndeterminate = false, mMin = 0, mMax = 2750
12-10 11:34:48.123 V/StagefrightPlayer( 311): getCurrentPosition
12-10 11:34:48.133 V/AudioSessionOutALSA( 311): Timestamp returned = 63171000
12-10 11:34:48.133 V/MediaPlayer-JNI(22137): getCurrentPosition: 63171 (msec)
12-10 11:34:48.223 V/StagefrightPlayer( 311): getCurrentPosition
12-10 11:34:48.233 V/AudioSessionOutALSA( 311): Timestamp returned = 63277666
12-10 11:34:48.233 V/MediaPlayer-JNI(22137): getCurrentPosition: 63278 (msec)
12-10 11:34:48.233 D/ProgressBar(22137): setProgress = 632
12-10 11:34:48.233 D/ProgressBar(22137): setProgress = 632, fromUser = false
12-10 11:34:48.233 D/ProgressBar(22137): mProgress = 631mIndeterminate = false, mMin = 0, mMax = 2750
12-10 11:34:48.233 V/StagefrightPlayer( 311): getCurrentPosition
12-10 11:34:48.243 V/AudioSessionOutALSA( 311): Timestamp returned = 63288333
12-10 11:34:48.243 V/MediaPlayer-JNI(22137): getCurrentPosition: 63288 (msec)
12-10 11:34:48.333 V/StagefrightPlayer( 311): getCurrentPosition
12-10 11:34:48.353 V/AudioSessionOutALSA( 311): Timestamp returned = 63384333
12-10 11:34:48.353 V/MediaPlayer-JNI(22137): getCurrentPosition: 63384 (msec)
12-10 11:34:48.353 D/ProgressBar(22137): setProgress = 633
12-10 11:34:48.353 D/ProgressBar(22137): setProgress = 633, fromUser = false
12-10 11:34:48.353 D/ProgressBar(22137): mProgress = 632mIndeterminate = false, mMin = 0, mMax = 2750
12-10 11:34:48.353 V/StagefrightPlayer( 311): getCurrentPosition
12-10 11:34:48.363 V/AudioSessionOutALSA( 311): Timestamp returned = 63405666
12-10 11:34:48.363 V/MediaPlayer-JNI(22137): getCurrentPosition: 63406 (msec)
12-10 11:34:48.453 V/StagefrightPlayer( 311): getCurrentPosition
12-10 11:34:48.463 V/AudioSessionOutALSA( 311): Timestamp returned = 63501666
12-10 11:34:48.463 V/MediaPlayer-JNI(22137): getCurrentPosition: 63502 (msec)
12-10 11:34:48.463 D/ProgressBar(22137): setProgress = 635
12-10 11:34:48.463 D/ProgressBar(22137): setProgress = 635, fromUser = false
12-10 11:34:48.463 D/ProgressBar(22137): mProgress = 633mIndeterminate = false, mMin = 0, mMax = 2750
12-10 11:34:48.463 V/StagefrightPlayer( 311): getCurrentPosition
12-10 11:34:48.483 V/AudioSessionOutALSA( 311): Timestamp returned = 63512333
12-10 11:34:48.483 V/MediaPlayer-JNI(22137): getCurrentPosition: 63512 (msec)
12-10 11:34:48.563 V/StagefrightPlayer( 311): getCurrentPosition
12-10 11:34:48.583 V/AudioSessionOutALSA( 311): Timestamp returned = 63619000
12-10 11:34:48.583 V/MediaPlayer-JNI(22137): getCurrentPosition: 63619 (msec)
12-10 11:34:48.583 D/ProgressBar(22137): setProgress = 636
12-10 11:34:48.583 D/ProgressBar(22137): setProgress = 636, fromUser = false
12-10 11:34:48.583 D/ProgressBar(22137): mProgress = 635mIndeterminate = false, mMin = 0, mMax = 2750
12-10 11:34:48.583 V/StagefrightPlayer( 311): getCurrentPosition
12-10 11:34:48.593 V/AudioSessionOutALSA( 311): Timestamp returned = 63640333
12-10 11:34:48.603 V/MediaPlayer-JNI(22137): getCurrentPosition: 63640 (msec)
12-10 11:34:48.683 V/StagefrightPlayer( 311): getCurrentPosition
12-10 11:34:48.693 V/AudioSessionOutALSA( 311): Timestamp returned = 63736333
12-10 11:34:48.693 V/MediaPlayer-JNI(22137): getCurrentPosition: 63736 (msec)
12-10 11:34:48.693 D/ProgressBar(22137): setProgress = 637
12-10 11:34:48.693 D/ProgressBar(22137): setProgress = 637, fromUser = false
12-10 11:34:48.693 D/ProgressBar(22137): mProgress = 636mIndeterminate = false, mMin = 0, mMax = 2750
12-10 11:34:48.693 V/StagefrightPlayer( 311): getCurrentPosition
12-10 11:34:48.713 V/AudioSessionOutALSA( 311): Timestamp returned = 63747000
12-10 11:34:48.713 V/MediaPlayer-JNI(22137): getCurrentPosition: 63747 (msec)
12-10 11:34:48.793 V/StagefrightPlayer( 311): getCurrentPosition
12-10 11:34:48.813 V/AudioSessionOutALSA( 311): Timestamp returned = 63843000
12-10 11:34:48.813 V/MediaPlayer-JNI(22137): getCurrentPosition: 63843 (msec)
12-10 11:34:48.813 D/ProgressBar(22137): setProgress = 638
12-10 11:34:48.813 D/ProgressBar(22137): setProgress = 638, fromUser = false
12-10 11:34:48.813 D/ProgressBar(22137): mProgress = 637mIndeterminate = false, mMin = 0, mMax = 2750
12-10 11:34:48.813 V/StagefrightPlayer( 311): getCurrentPosition
12-10 11:34:48.823 V/AudioSessionOutALSA( 311): Timestamp returned = 63864333
12-10 11:34:48.823 V/MediaPlayer-JNI(22137): getCurrentPosition: 63864 (msec)
12-10 11:34:48.913 V/StagefrightPlayer( 311): getCurrentPosition
12-10 11:34:48.923 V/AudioSessionOutALSA( 311): Timestamp returned = 63971000
12-10 11:34:48.923 V/MediaPlayer-JNI(22137): getCurrentPosition: 63971 (msec)
12-10 11:34:48.923 D/ProgressBar(22137): setProgress = 639
12-10 11:34:48.923 D/ProgressBar(22137): setProgress = 639, fromUser = false
12-10 11:34:48.923 D/ProgressBar(22137): mProgress = 638mIndeterminate = false, mMin = 0, mMax = 2750
12-10 11:34:48.923 V/StagefrightPlayer( 311): getCurrentPosition
12-10 11:34:48.943 V/AudioSessionOutALSA( 311): Timestamp returned = 63971000
12-10 11:34:48.943 V/StagefrightPlayer( 311): getCurrentPosition
12-10 11:34:48.943 V/MediaPlayer-JNI(22137): getCurrentPosition: 63971 (msec)
12-10 11:34:48.953 V/AudioSessionOutALSA( 311): Timestamp returned = 63981666
12-10 11:34:48.953 V/MediaPlayer-JNI(22137): getCurrentPosition: 63982 (msec)
12-10 11:34:49.013 E/Watchdog( 722): !@Sync 14674
12-10 11:34:49.023 V/StagefrightPlayer( 311): getCurrentPosition
12-10 11:34:49.043 V/AudioSessionOutALSA( 311): Timestamp returned = 64077666
12-10 11:34:49.043 V/MediaPlayer-JNI(22137): getCurrentPosition: 64078 (msec)
12-10 11:34:49.043 D/ProgressBar(22137): setProgress = 640
12-10 11:34:49.043 D/ProgressBar(22137): setProgress = 640, fromUser = false
12-10 11:34:49.043 D/ProgressBar(22137): mProgress = 639mIndeterminate = false, mMin = 0, mMax = 2750
12-10 11:34:49.053 V/StagefrightPlayer( 311): getCurrentPosition
12-10 11:34:49.063 V/AudioSessionOutALSA( 311): Timestamp returned = 64099000
12-10 11:34:49.063 V/MediaPlayer-JNI(22137): getCurrentPosition: 64099 (msec)
12-10 11:34:49.073 V/StagefrightPlayer( 311): getCurrentPosition
12-10 11:34:49.083 V/AudioSessionOutALSA( 311): Timestamp returned = 64131000
12-10 11:34:49.083 V/MediaPlayer-JNI(22137): getCurrentPosition: 64131 (msec)
12-10 11:34:49.153 V/StagefrightPlayer( 311): getCurrentPosition
12-10 11:34:49.163 V/AudioSessionOutALSA( 311): Timestamp returned = 64195000
12-10 11:34:49.163 V/MediaPlayer-JNI(22137): getCurrentPosition: 64195 (msec)
12-10 11:34:49.163 D/ProgressBar(22137): setProgress = 641
12-10 11:34:49.163 D/ProgressBar(22137): setProgress = 641, fromUser = false
12-10 11:34:49.163 D/ProgressBar(22137): mProgress = 640mIndeterminate = false, mMin = 0, mMax = 2750
12-10 11:34:49.163 V/StagefrightPlayer( 311): getCurrentPosition
12-10 11:34:49.173 V/AudioSessionOutALSA( 311): Timestamp returned = 64216333
12-10 11:34:49.173 V/MediaPlayer-JNI(22137): getCurrentPosition: 64216 (msec)
12-10 11:34:49.263 V/StagefrightPlayer( 311): getCurrentPosition
12-10 11:34:49.273 V/AudioSessionOutALSA( 311): Timestamp returned = 64312333
12-10 11:34:49.273 V/MediaPlayer-JNI(22137): getCurrentPosition: 64312 (msec)
12-10 11:34:49.273 D/ProgressBar(22137): setProgress = 643
12-10 11:34:49.273 D/ProgressBar(22137): setProgress = 643, fromUser = false
12-10 11:34:49.273 D/ProgressBar(22137): mProgress = 641mIndeterminate = false, mMin = 0, mMax = 2750
12-10 11:34:49.283 V/StagefrightPlayer( 311): getCurrentPosition
12-10 11:34:49.293 V/AudioSessionOutALSA( 311): Timestamp returned = 64323000
12-10 11:34:49.293 V/MediaPlayer-JNI(22137): getCurrentPosition: 64323 (msec)
12-10 11:34:49.383 V/StagefrightPlayer( 311): getCurrentPosition
12-10 11:34:49.393 V/AudioSessionOutALSA( 311): Timestamp returned = 64429666
12-10 11:34:49.393 V/MediaPlayer-JNI(22137): getCurrentPosition: 64430 (msec)
12-10 11:34:49.393 D/ProgressBar(22137): setProgress = 644
12-10 11:34:49.393 D/ProgressBar(22137): setProgress = 644, fromUser = false
12-10 11:34:49.393 D/ProgressBar(22137): mProgress = 643mIndeterminate = false, mMin = 0, mMax = 2750
12-10 11:34:49.393 V/StagefrightPlayer( 311): getCurrentPosition
12-10 11:34:49.403 V/AudioSessionOutALSA( 311): Timestamp returned = 64451000
12-10 11:34:49.403 V/MediaPlayer-JNI(22137): getCurrentPosition: 64451 (msec)
12-10 11:34:49.493 V/StagefrightPlayer( 311): getCurrentPosition
12-10 11:34:49.503 V/AudioSessionOutALSA( 311): Timestamp returned = 64547000
12-10 11:34:49.503 V/MediaPlayer-JNI(22137): getCurrentPosition: 64547 (msec)
12-10 11:34:49.503 D/ProgressBar(22137): setProgress = 645
12-10 11:34:49.503 D/ProgressBar(22137): setProgress = 645, fromUser = false
12-10 11:34:49.503 D/ProgressBar(22137): mProgress = 644mIndeterminate = false, mMin = 0, mMax = 2750
12-10 11:34:49.503 V/StagefrightPlayer( 311): getCurrentPosition
12-10 11:34:49.523 V/AudioSessionOutALSA( 311): Timestamp returned = 64557666
12-10 11:34:49.523 V/MediaPlayer-JNI(22137): getCurrentPosition: 64558 (msec)
12-10 11:34:49.603 V/StagefrightPlayer( 311): getCurrentPosition
12-10 11:34:49.623 V/AudioSessionOutALSA( 311): Timestamp returned = 64653666
12-10 11:34:49.623 V/MediaPlayer-JNI(22137): getCurrentPosition: 64654 (msec)
12-10 11:34:49.623 D/ProgressBar(22137): setProgress = 646
12-10 11:34:49.623 D/ProgressBar(22137): setProgress = 646, fromUser = false
12-10 11:34:49.623 D/ProgressBar(22137): mProgress = 645mIndeterminate = false, mMin = 0, mMax = 2750
12-10 11:34:49.623 V/StagefrightPlayer( 311): getCurrentPosition
12-10 11:34:49.633 V/AudioSessionOutALSA( 311): Timestamp returned = 64675000
12-10 11:34:49.633 V/MediaPlayer-JNI(22137): getCurrentPosition: 64675 (msec)
12-10 11:34:49.723 V/StagefrightPlayer( 311): getCurrentPosition
12-10 11:34:49.733 V/AudioSessionOutALSA( 311): Timestamp returned = 64771000
12-10 11:34:49.733 V/MediaPlayer-JNI(22137): getCurrentPosition: 64771 (msec)
12-10 11:34:49.733 D/ProgressBar(22137): setProgress = 647
12-10 11:34:49.733 D/ProgressBar(22137): setProgress = 647, fromUser = false
12-10 11:34:49.733 D/ProgressBar(22137): mProgress = 646mIndeterminate = false, mMin = 0, mMax = 2750
12-10 11:34:49.733 V/StagefrightPlayer( 311): getCurrentPosition
12-10 11:34:49.753 V/AudioSessionOutALSA( 311): Timestamp returned = 64781666
12-10 11:34:49.753 V/MediaPlayer-JNI(22137): getCurrentPosition: 64782 (msec)
12-10 11:34:49.833 V/StagefrightPlayer( 311): getCurrentPosition
12-10 11:34:49.853 V/AudioSessionOutALSA( 311): Timestamp returned = 64888333
12-10 11:34:49.853 V/MediaPlayer-JNI(22137): getCurrentPosition: 64888 (msec)
12-10 11:34:49.853 D/ProgressBar(22137): setProgress = 648
12-10 11:34:49.853 D/ProgressBar(22137): setProgress = 648, fromUser = false
12-10 11:34:49.853 D/ProgressBar(22137): mProgress = 647mIndeterminate = false, mMin = 0, mMax = 2750
12-10 11:34:49.853 V/StagefrightPlayer( 311): getCurrentPosition
12-10 11:34:49.863 V/AudioSessionOutALSA( 311): pfd[0].revents =1
12-10 11:34:49.863 V/AudioSessionOutALSA( 311): pfd[1].revents =0
12-10 11:34:49.863 V/AudioSessionOutALSA( 311): mAlsaHandle->handle = 0xb77af230
12-10 11:34:49.863 V/AudioSessionOutALSA( 311): After an event occurs
12-10 11:34:49.863 V/AudioSessionOutALSA( 311): mFilledQueue 3
12-10 11:34:49.863 V/AudioSessionOutALSA( 311): Reset mSkipwrite in eventthread entry
12-10 11:34:49.863 V/AudioSessionOutALSA( 311): isBufferAvailable: received a signal to wake up
12-10 11:34:49.863 V/AudioSessionOutALSA( 311): write Empty Queue size() = 1, Filled Queue size() = 3 mReached EOS 0, mEosEventReceived 0 bytes 262080
12-10 11:34:49.863 V/AudioSessionOutALSA( 311): not skipping buffer in write since mSkipWrite = 0, mEmptyQueuesize 1, skip flag -166066003
12-10 11:34:49.863 D/AudioSessionOutALSA( 311): bytes = 262080 , mAlsaHandle->handle->period_size = 262144
12-10 11:34:49.863 D/AudioSessionOutALSA( 311): Copy Metadata = 64, bytes = 262080
12-10 11:34:49.863 V/AudioSessionOutALSA( 311): PCM write before memcpy start
12-10 11:34:49.863 V/AudioSessionOutALSA( 311): PCM write start
12-10 11:34:49.863 V/AudioSessionOutALSA( 311): PCM write complete
12-10 11:34:49.863 D/TunnelPlayer( 311): Fillbuffer after write and seek flag 0
12-10 11:34:49.863 V/AudioSessionOutALSA( 311): Timestamp returned = 64909666
12-10 11:34:49.863 D/TunnelPlayer( 311): FillBuffer: MemBuffer size 262080
12-10 11:34:49.913 D/TunnelPlayer( 311): FillBuffer completed bytesToWrite 262080
12-10 11:34:49.913 V/AudioSessionOutALSA( 311): acquiring mDecoderLock in isBufferAvailable()
12-10 11:34:49.913 V/AudioSessionOutALSA( 311): isBufferAvailable Empty Queue size() = 0, Filled Queue size() = 4
12-10 11:34:49.913 V/AudioSessionOutALSA( 311): Write: waiting on mWriteCv
12-10 11:34:49.913 V/MediaPlayer-JNI(22137): getCurrentPosition: 64910 (msec)
12-10 11:34:49.953 V/StagefrightPlayer( 311): getCurrentPosition
12-10 11:34:49.963 V/AudioSessionOutALSA( 311): Timestamp returned = 65005666
12-10 11:34:49.963 V/MediaPlayer-JNI(22137): getCurrentPosition: 65006 (msec)
12-10 11:34:49.963 V/StagefrightPlayer( 311): getCurrentPosition
12-10 11:34:49.973 V/AudioSessionOutALSA( 311): Timestamp returned = 65016333
12-10 11:34:49.973 V/MediaPlayer-JNI(22137): getCurrentPosition: 65016 (msec)
12-10 11:34:49.973 D/ProgressBar(22137): setProgress = 650
12-10 11:34:49.973 D/ProgressBar(22137): setProgress = 650, fromUser = false
12-10 11:34:49.973 D/ProgressBar(22137): mProgress = 648mIndeterminate = false, mMin = 0, mMax = 2750
12-10 11:34:49.973 V/StagefrightPlayer( 311): getCurrentPosition
12-10 11:34:49.993 V/AudioSessionOutALSA( 311): Timestamp returned = 65027000
12-10 11:34:49.993 V/MediaPlayer-JNI(22137): getCurrentPosition: 65027 (msec)
12-10 11:34:50.083 V/StagefrightPlayer( 311): getCurrentPosition
12-10 11:34:50.093 V/AudioSessionOutALSA( 311): Timestamp returned = 65123000
12-10 11:34:50.093 V/MediaPlayer-JNI(22137): getCurrentPosition: 65123 (msec)
12-10 11:34:50.093 D/ProgressBar(22137): setProgress = 651
12-10 11:34:50.093 D/ProgressBar(22137): setProgress = 651, fromUser = false
12-10 11:34:50.093 D/ProgressBar(22137): mProgress = 650mIndeterminate = false, mMin = 0, mMax = 2750
12-10 11:34:50.093 V/StagefrightPlayer( 311): getCurrentPosition
12-10 11:34:50.113 V/AudioSessionOutALSA( 311): Timestamp returned = 65144333
12-10 11:34:50.113 V/MediaPlayer-JNI(22137): getCurrentPosition: 65144 (msec)
12-10 11:34:50.113 V/StagefrightPlayer( 311): getCurrentPosition
12-10 11:34:50.123 V/AudioSessionOutALSA( 311): Timestamp returned = 65155000
12-10 11:34:50.123 V/MediaPlayer-JNI(22137): getCurrentPosition: 65155 (msec)
12-10 11:34:50.193 V/StagefrightPlayer( 311): getCurrentPosition
12-10 11:34:50.213 V/AudioSessionOutALSA( 311): Timestamp returned = 65251000
12-10 11:34:50.213 V/MediaPlayer-JNI(22137): getCurrentPosition: 65251 (msec)
12-10 11:34:50.213 D/ProgressBar(22137): setProgress = 652
12-10 11:34:50.213 D/ProgressBar(22137): setProgress = 652, fromUser = false
12-10 11:34:50.213 D/ProgressBar(22137): mProgress = 651mIndeterminate = false, mMin = 0, mMax = 2750
12-10 11:34:50.213 V/StagefrightPlayer( 311): getCurrentPosition
12-10 11:34:50.223 V/AudioSessionOutALSA( 311): Timestamp returned = 65261666
12-10 11:34:50.223 V/MediaPlayer-JNI(22137): getCurrentPosition: 65262 (msec)
12-10 11:34:50.313 V/StagefrightPlayer( 311): getCurrentPosition
12-10 11:34:50.323 V/AudioSessionOutALSA( 311): Timestamp returned = 65368333
12-10 11:34:50.323 V/MediaPlayer-JNI(22137): getCurrentPosition: 65368 (msec)
12-10 11:34:50.323 D/ProgressBar(22137): setProgress = 653
12-10 11:34:50.323 D/ProgressBar(22137): setProgress = 653, fromUser = false
12-10 11:34:50.323 D/ProgressBar(22137): mProgress = 652mIndeterminate = false, mMin = 0, mMax = 2750
12-10 11:34:50.323 V/StagefrightPlayer( 311): getCurrentPosition
12-10 11:34:50.343 V/AudioSessionOutALSA( 311): Timestamp returned = 65379000
12-10 11:34:50.343 V/MediaPlayer-JNI(22137): getCurrentPosition: 65379 (msec)
12-10 11:34:50.423 V/StagefrightPlayer( 311): getCurrentPosition
12-10 11:34:50.443 V/AudioSessionOutALSA( 311): Timestamp returned = 65475000
12-10 11:34:50.443 V/MediaPlayer-JNI(22137): getCurrentPosition: 65475 (msec)
12-10 11:34:50.443 D/ProgressBar(22137): setProgress = 654
12-10 11:34:50.443 D/ProgressBar(22137): setProgress = 654, fromUser = false
12-10 11:34:50.443 D/ProgressBar(22137): mProgress = 653mIndeterminate = false, mMin = 0, mMax = 2750
12-10 11:34:50.443 V/StagefrightPlayer( 311): getCurrentPosition
12-10 11:34:50.453 V/AudioSessionOutALSA( 311): Timestamp returned = 65496333
12-10 11:34:50.453 V/MediaPlayer-JNI(22137): getCurrentPosition: 65496 (msec)
12-10 11:34:50.543 V/StagefrightPlayer( 311): getCurrentPosition
12-10 11:34:50.553 V/AudioSessionOutALSA( 311): Timestamp returned = 65592333
12-10 11:34:50.553 V/MediaPlayer-JNI(22137): getCurrentPosition: 65592 (msec)
12-10 11:34:50.553 D/ProgressBar(22137): setProgress = 655
12-10 11:34:50.553 D/ProgressBar(22137): setProgress = 655, fromUser = false
12-10 11:34:50.553 D/ProgressBar(22137): mProgress = 654mIndeterminate = false, mMin = 0, mMax = 2750
12-10 11:34:50.553 V/StagefrightPlayer( 311): getCurrentPosition
12-10 11:34:50.573 V/AudioSessionOutALSA( 311): Timestamp returned = 65603000
12-10 11:34:50.573 V/MediaPlayer-JNI(22137): getCurrentPosition: 65603 (msec)
12-10 11:34:50.653 V/StagefrightPlayer( 311): getCurrentPosition
12-10 11:34:50.673 V/AudioSessionOutALSA( 311): Timestamp returned = 65709666
12-10 11:34:50.673 V/MediaPlayer-JNI(22137): getCurrentPosition: 65710 (msec)
12-10 11:34:50.673 D/ProgressBar(22137): setProgress = 657
12-10 11:34:50.673 D/ProgressBar(22137): setProgress = 657, fromUser = false
12-10 11:34:50.673 D/ProgressBar(22137): mProgress = 655mIndeterminate = false, mMin = 0, mMax = 2750
12-10 11:34:50.673 V/StagefrightPlayer( 311): getCurrentPosition
12-10 11:34:50.683 V/AudioSessionOutALSA( 311): Timestamp returned = 65731000
12-10 11:34:50.683 V/MediaPlayer-JNI(22137): getCurrentPosition: 65731 (msec)
12-10 11:34:50.773 V/StagefrightPlayer( 311): getCurrentPosition
12-10 11:34:50.783 V/AudioSessionOutALSA( 311): Timestamp returned = 65827000
12-10 11:34:50.783 V/MediaPlayer-JNI(22137): getCurrentPosition: 65827 (msec)
12-10 11:34:50.783 D/ProgressBar(22137): setProgress = 658
12-10 11:34:50.783 D/ProgressBar(22137): setProgress = 658, fromUser = false
12-10 11:34:50.783 D/ProgressBar(22137): mProgress = 657mIndeterminate = false, mMin = 0, mMax = 2750
12-10 11:34:50.793 V/StagefrightPlayer( 311): getCurrentPosition
12-10 11:34:50.803 V/AudioSessionOutALSA( 311): Timestamp returned = 65837666
12-10 11:34:50.803 V/MediaPlayer-JNI(22137): getCurrentPosition: 65838 (msec)
12-10 11:34:50.893 V/StagefrightPlayer( 311): getCurrentPosition
12-10 11:34:50.903 V/AudioSessionOutALSA( 311): Timestamp returned = 65933666
12-10 11:34:50.903 V/MediaPlayer-JNI(22137): getCurrentPosition: 65934 (msec)
12-10 11:34:50.903 D/ProgressBar(22137): setProgress = 659
12-10 11:34:50.903 D/ProgressBar(22137): setProgress = 659, fromUser = false
12-10 11:34:50.903 D/ProgressBar(22137): mProgress = 658mIndeterminate = false, mMin = 0, mMax = 2750
12-10 11:34:50.903 V/StagefrightPlayer( 311): getCurrentPosition
12-10 11:34:50.913 V/AudioSessionOutALSA( 311): Timestamp returned = 65955000
12-10 11:34:50.913 V/MediaPlayer-JNI(22137): getCurrentPosition: 65955 (msec)
12-10 11:34:50.963 V/StagefrightPlayer( 311): getCurrentPosition
12-10 11:34:50.973 V/AudioSessionOutALSA( 311): Timestamp returned = 66019000
12-10 11:34:50.973 V/MediaPlayer-JNI(22137): getCurrentPosition: 66019 (msec)
12-10 11:34:51.003 V/StagefrightPlayer( 311): getCurrentPosition
12-10 11:34:51.013 V/AudioSessionOutALSA( 311): Timestamp returned = 66051000
12-10 11:34:51.013 V/MediaPlayer-JNI(22137): getCurrentPosition: 66051 (msec)
12-10 11:34:51.013 D/ProgressBar(22137): setProgress = 660
12-10 11:34:51.013 D/ProgressBar(22137): setProgress = 660, fromUser = false
12-10 11:34:51.013 D/ProgressBar(22137): mProgress = 659mIndeterminate = false, mMin = 0, mMax = 2750
12-10 11:34:51.023 V/StagefrightPlayer( 311): getCurrentPosition
12-10 11:34:51.033 V/AudioSessionOutALSA( 311): Timestamp returned = 66072333
12-10 11:34:51.033 V/MediaPlayer-JNI(22137): getCurrentPosition: 66072 (msec)
12-10 11:34:51.113 V/StagefrightPlayer( 311): getCurrentPosition
12-10 11:34:51.123 V/AudioSessionOutALSA( 311): Timestamp returned = 66168333
12-10 11:34:51.123 V/MediaPlayer-JNI(22137): getCurrentPosition: 66168 (msec)
12-10 11:34:51.123 V/StagefrightPlayer( 311): getCurrentPosition
12-10 11:34:51.133 V/AudioSessionOutALSA( 311): Timestamp returned = 66179000
12-10 11:34:51.133 V/MediaPlayer-JNI(22137): getCurrentPosition: 66179 (msec)
12-10 11:34:51.133 D/ProgressBar(22137): setProgress = 661
12-10 11:34:51.133 D/ProgressBar(22137): setProgress = 661, fromUser = false
12-10 11:34:51.133 D/ProgressBar(22137): mProgress = 660mIndeterminate = false, mMin = 0, mMax = 2750
12-10 11:34:51.133 V/StagefrightPlayer( 311): getCurrentPosition
12-10 11:34:51.153 V/AudioSessionOutALSA( 311): Timestamp returned = 66189666
12-10 11:34:51.153 V/MediaPlayer-JNI(22137): getCurrentPosition: 66190 (msec)
12-10 11:34:51.233 V/StagefrightPlayer( 311): getCurrentPosition
12-10 11:34:51.253 V/AudioSessionOutALSA( 311): Timestamp returned = 66285666
12-10 11:34:51.253 V/MediaPlayer-JNI(22137): getCurrentPosition: 66286 (msec)
12-10 11:34:51.253 D/ProgressBar(22137): setProgress = 662
12-10 11:34:51.253 D/ProgressBar(22137): setProgress = 662, fromUser = false
12-10 11:34:51.253 D/ProgressBar(22137): mProgress = 661mIndeterminate = false, mMin = 0, mMax = 2750
12-10 11:34:51.253 V/StagefrightPlayer( 311): getCurrentPosition
12-10 11:34:51.263 V/AudioSessionOutALSA( 311): Timestamp returned = 66307000
12-10 11:34:51.263 V/MediaPlayer-JNI(22137): getCurrentPosition: 66307 (msec)
12-10 11:34:51.353 V/StagefrightPlayer( 311): getCurrentPosition
12-10 11:34:51.363 V/AudioSessionOutALSA( 311): Timestamp returned = 66403000
12-10 11:34:51.363 V/MediaPlayer-JNI(22137): getCurrentPosition: 66403 (msec)
12-10 11:34:51.363 D/ProgressBar(22137): setProgress = 664
12-10 11:34:51.363 D/ProgressBar(22137): setProgress = 664, fromUser = false
12-10 11:34:51.363 D/ProgressBar(22137): mProgress = 662mIndeterminate = false, mMin = 0, mMax = 2750
12-10 11:34:51.363 V/StagefrightPlayer( 311): getCurrentPosition
12-10 11:34:51.383 V/AudioSessionOutALSA( 311): Timestamp returned = 66413666
12-10 11:34:51.383 V/MediaPlayer-JNI(22137): getCurrentPosition: 66414 (msec)
12-10 11:34:51.463 V/StagefrightPlayer( 311): getCurrentPosition
12-10 11:34:51.483 V/AudioSessionOutALSA( 311): Timestamp returned = 66520333
12-10 11:34:51.483 V/MediaPlayer-JNI(22137): getCurrentPosition: 66520 (msec)
12-10 11:34:51.483 D/ProgressBar(22137): setProgress = 665
12-10 11:34:51.483 D/ProgressBar(22137): setProgress = 665, fromUser = false
12-10 11:34:51.483 D/ProgressBar(22137): mProgress = 664mIndeterminate = false, mMin = 0, mMax = 2750
12-10 11:34:51.483 V/StagefrightPlayer( 311): getCurrentPosition
12-10 11:34:51.493 V/AudioSessionOutALSA( 311): Timestamp returned = 66531000
12-10 11:34:51.493 V/MediaPlayer-JNI(22137): getCurrentPosition: 66531 (msec)
12-10 11:34:51.583 V/StagefrightPlayer( 311): getCurrentPosition
12-10 11:34:51.593 V/AudioSessionOutALSA( 311): Timestamp returned = 66637666
12-10 11:34:51.593 V/MediaPlayer-JNI(22137): getCurrentPosition: 66638 (msec)
12-10 11:34:51.593 D/ProgressBar(22137): setProgress = 666
12-10 11:34:51.593 D/ProgressBar(22137): setProgress = 666, fromUser = false
12-10 11:34:51.593 D/ProgressBar(22137): mProgress = 665mIndeterminate = false, mMin = 0, mMax = 2750
12-10 11:34:51.593 V/StagefrightPlayer( 311): getCurrentPosition
12-10 11:34:51.603 V/AudioSessionOutALSA( 311): Timestamp returned = 66648333
12-10 11:34:51.603 V/MediaPlayer-JNI(22137): getCurrentPosition: 66648 (msec)
12-10 11:34:51.693 V/StagefrightPlayer( 311): getCurrentPosition
12-10 11:34:51.713 V/AudioSessionOutALSA( 311): Timestamp returned = 66744333
12-10 11:34:51.713 V/MediaPlayer-JNI(22137): getCurrentPosition: 66744 (msec)
12-10 11:34:51.713 D/ProgressBar(22137): setProgress = 667
12-10 11:34:51.713 D/ProgressBar(22137): setProgress = 667, fromUser = false
12-10 11:34:51.713 D/ProgressBar(22137): mProgress = 666mIndeterminate = false, mMin = 0, mMax = 2750
12-10 11:34:51.713 V/StagefrightPlayer( 311): getCurrentPosition
12-10 11:34:51.723 V/AudioSessionOutALSA( 311): Timestamp returned = 66765666
12-10 11:34:51.723 V/MediaPlayer-JNI(22137): getCurrentPosition: 66766 (msec)
12-10 11:34:51.813 V/StagefrightPlayer( 311): getCurrentPosition
12-10 11:34:51.823 V/AudioSessionOutALSA( 311): Timestamp returned = 66861666
12-10 11:34:51.823 V/MediaPlayer-JNI(22137): getCurrentPosition: 66862 (msec)
12-10 11:34:51.823 D/ProgressBar(22137): setProgress = 668
12-10 11:34:51.823 D/ProgressBar(22137): setProgress = 668, fromUser = false
12-10 11:34:51.823 D/ProgressBar(22137): mProgress = 667mIndeterminate = false, mMin = 0, mMax = 2750
12-10 11:34:51.823 V/StagefrightPlayer( 311): getCurrentPosition
12-10 11:34:51.843 V/AudioSessionOutALSA( 311): Timestamp returned = 66872333
12-10 11:34:51.843 V/MediaPlayer-JNI(22137): getCurrentPosition: 66872 (msec)
12-10 11:34:51.923 V/StagefrightPlayer( 311): getCurrentPosition
12-10 11:34:51.943 V/AudioSessionOutALSA( 311): Timestamp returned = 66979000
12-10 11:34:51.943 V/MediaPlayer-JNI(22137): getCurrentPosition: 66979 (msec)
12-10 11:34:51.943 D/ProgressBar(22137): setProgress = 669
12-10 11:34:51.943 D/ProgressBar(22137): setProgress = 669, fromUser = false
12-10 11:34:51.943 D/ProgressBar(22137): mProgress = 668mIndeterminate = false, mMin = 0, mMax = 2750
12-10 11:34:51.943 V/StagefrightPlayer( 311): getCurrentPosition
12-10 11:34:51.953 V/AudioSessionOutALSA( 311): Timestamp returned = 67000333
12-10 11:34:51.953 V/MediaPlayer-JNI(22137): getCurrentPosition: 67000 (msec)
12-10 11:34:51.973 V/StagefrightPlayer( 311): getCurrentPosition
12-10 11:34:51.993 V/AudioSessionOutALSA( 311): Timestamp returned = 67021666
12-10 11:34:51.993 V/MediaPlayer-JNI(22137): getCurrentPosition: 67022 (msec)
12-10 11:34:52.043 V/StagefrightPlayer( 311): getCurrentPosition
12-10 11:34:52.053 V/AudioSessionOutALSA( 311): Timestamp returned = 67096333
12-10 11:34:52.053 V/MediaPlayer-JNI(22137): getCurrentPosition: 67096 (msec)
12-10 11:34:52.053 D/ProgressBar(22137): setProgress = 670
