12-10 11:36:28.903 D/ProgressBar(22137): setProgress = 1639
12-10 11:36:28.903 D/ProgressBar(22137): setProgress = 1639, fromUser = false
12-10 11:36:28.903 D/ProgressBar(22137): mProgress = 1638mIndeterminate = false, mMin = 0, mMax = 2750
12-10 11:36:28.903 V/StagefrightPlayer( 311): getCurrentPosition
12-10 11:36:28.913 V/AudioSessionOutALSA( 311): Timestamp returned = 163960333
12-10 11:36:28.913 V/MediaPlayer-JNI(22137): getCurrentPosition: 163960 (msec)
12-10 11:36:29.003 V/StagefrightPlayer( 311): getCurrentPosition
12-10 11:36:29.013 V/AudioSessionOutALSA( 311): Timestamp returned = 164056333
12-10 11:36:29.013 V/MediaPlayer-JNI(22137): getCurrentPosition: 164056 (msec)
12-10 11:36:29.013 D/ProgressBar(22137): setProgress = 1640
12-10 11:36:29.013 D/ProgressBar(22137): setProgress = 1640, fromUser = false
12-10 11:36:29.013 D/ProgressBar(22137): mProgress = 1639mIndeterminate = false, mMin = 0, mMax = 2750
12-10 11:36:29.013 V/StagefrightPlayer( 311): getCurrentPosition
12-10 11:36:29.033 V/AudioSessionOutALSA( 311): Timestamp returned = 164067000
12-10 11:36:29.033 V/MediaPlayer-JNI(22137): getCurrentPosition: 164067 (msec)
12-10 11:36:29.113 V/StagefrightPlayer( 311): getCurrentPosition
12-10 11:36:29.133 V/AudioSessionOutALSA( 311): Timestamp returned = 164163000
12-10 11:36:29.133 V/MediaPlayer-JNI(22137): getCurrentPosition: 164163 (msec)
12-10 11:36:29.133 D/ProgressBar(22137): setProgress = 1641
12-10 11:36:29.133 D/ProgressBar(22137): setProgress = 1641, fromUser = false
12-10 11:36:29.133 D/ProgressBar(22137): mProgress = 1640mIndeterminate = false, mMin = 0, mMax = 2750
12-10 11:36:29.133 V/StagefrightPlayer( 311): getCurrentPosition
12-10 11:36:29.143 V/AudioSessionOutALSA( 311): Timestamp returned = 164184333
12-10 11:36:29.143 V/MediaPlayer-JNI(22137): getCurrentPosition: 164184 (msec)
12-10 11:36:29.233 V/StagefrightPlayer( 311): getCurrentPosition
12-10 11:36:29.243 V/AudioSessionOutALSA( 311): Timestamp returned = 164291000
12-10 11:36:29.243 V/MediaPlayer-JNI(22137): getCurrentPosition: 164291 (msec)
12-10 11:36:29.243 D/ProgressBar(22137): setProgress = 1642
12-10 11:36:29.243 D/ProgressBar(22137): setProgress = 1642, fromUser = false
12-10 11:36:29.243 D/ProgressBar(22137): mProgress = 1641mIndeterminate = false, mMin = 0, mMax = 2750
12-10 11:36:29.243 V/StagefrightPlayer( 311): getCurrentPosition
12-10 11:36:29.263 V/AudioSessionOutALSA( 311): Timestamp returned = 164291000
12-10 11:36:29.263 V/MediaPlayer-JNI(22137): getCurrentPosition: 164291 (msec)
12-10 11:36:29.343 V/StagefrightPlayer( 311): getCurrentPosition
12-10 11:36:29.363 V/AudioSessionOutALSA( 311): Timestamp returned = 164397666
12-10 11:36:29.363 V/MediaPlayer-JNI(22137): getCurrentPosition: 164398 (msec)
12-10 11:36:29.363 D/ProgressBar(22137): setProgress = 1643
12-10 11:36:29.363 D/ProgressBar(22137): setProgress = 1643, fromUser = false
12-10 11:36:29.363 D/ProgressBar(22137): mProgress = 1642mIndeterminate = false, mMin = 0, mMax = 2750
12-10 11:36:29.363 V/StagefrightPlayer( 311): getCurrentPosition
12-10 11:36:29.373 V/AudioSessionOutALSA( 311): Timestamp returned = 164419000
12-10 11:36:29.373 V/MediaPlayer-JNI(22137): getCurrentPosition: 164419 (msec)
12-10 11:36:29.403 V/StagefrightPlayer( 311): getCurrentPosition
12-10 11:36:29.413 V/AudioSessionOutALSA( 311): Timestamp returned = 164451000
12-10 11:36:29.413 V/MediaPlayer-JNI(22137): getCurrentPosition: 164451 (msec)
12-10 11:36:29.463 V/StagefrightPlayer( 311): getCurrentPosition
12-10 11:36:29.473 V/AudioSessionOutALSA( 311): Timestamp returned = 164515000
12-10 11:36:29.473 V/MediaPlayer-JNI(22137): getCurrentPosition: 164515 (msec)
12-10 11:36:29.473 D/ProgressBar(22137): setProgress = 1645
12-10 11:36:29.473 D/ProgressBar(22137): setProgress = 1645, fromUser = false
12-10 11:36:29.473 D/ProgressBar(22137): mProgress = 1643mIndeterminate = false, mMin = 0, mMax = 2750
12-10 11:36:29.473 V/StagefrightPlayer( 311): getCurrentPosition
12-10 11:36:29.493 V/AudioSessionOutALSA( 311): Timestamp returned = 164525666
12-10 11:36:29.493 V/MediaPlayer-JNI(22137): getCurrentPosition: 164526 (msec)
12-10 11:36:29.523 V/StagefrightPlayer( 311): getCurrentPosition
12-10 11:36:29.533 V/AudioSessionOutALSA( 311): Timestamp returned = 164568333
12-10 11:36:29.533 V/MediaPlayer-JNI(22137): getCurrentPosition: 164568 (msec)
12-10 11:36:29.573 V/StagefrightPlayer( 311): getCurrentPosition
12-10 11:36:29.593 V/AudioSessionOutALSA( 311): Timestamp returned = 164621666
12-10 11:36:29.593 V/MediaPlayer-JNI(22137): getCurrentPosition: 164622 (msec)
12-10 11:36:29.593 D/ProgressBar(22137): setProgress = 1646
12-10 11:36:29.593 D/ProgressBar(22137): setProgress = 1646, fromUser = false
12-10 11:36:29.593 D/ProgressBar(22137): mProgress = 1645mIndeterminate = false, mMin = 0, mMax = 2750
12-10 11:36:29.593 V/StagefrightPlayer( 311): getCurrentPosition
12-10 11:36:29.603 V/AudioSessionOutALSA( 311): Timestamp returned = 164643000
12-10 11:36:29.603 V/MediaPlayer-JNI(22137): getCurrentPosition: 164643 (msec)
12-10 11:36:29.693 V/StagefrightPlayer( 311): getCurrentPosition
12-10 11:36:29.703 V/AudioSessionOutALSA( 311): Timestamp returned = 164749666
12-10 11:36:29.703 V/MediaPlayer-JNI(22137): getCurrentPosition: 164750 (msec)
12-10 11:36:29.703 D/ProgressBar(22137): setProgress = 1647
12-10 11:36:29.703 D/ProgressBar(22137): setProgress = 1647, fromUser = false
12-10 11:36:29.703 D/ProgressBar(22137): mProgress = 1646mIndeterminate = false, mMin = 0, mMax = 2750
12-10 11:36:29.723 V/StagefrightPlayer( 311): getCurrentPosition
12-10 11:36:29.733 V/AudioSessionOutALSA( 311): Timestamp returned = 164771000
12-10 11:36:29.733 V/MediaPlayer-JNI(22137): getCurrentPosition: 164771 (msec)
12-10 11:36:29.803 V/StagefrightPlayer( 311): getCurrentPosition
12-10 11:36:29.823 V/AudioSessionOutALSA( 311): Timestamp returned = 164856333
12-10 11:36:29.823 V/MediaPlayer-JNI(22137): getCurrentPosition: 164856 (msec)
12-10 11:36:29.823 D/ProgressBar(22137): setProgress = 1648
12-10 11:36:29.823 D/ProgressBar(22137): setProgress = 1648, fromUser = false
12-10 11:36:29.823 D/ProgressBar(22137): mProgress = 1647mIndeterminate = false, mMin = 0, mMax = 2750
12-10 11:36:29.823 V/StagefrightPlayer( 311): getCurrentPosition
12-10 11:36:29.833 V/AudioSessionOutALSA( 311): Timestamp returned = 164877666
12-10 11:36:29.833 V/MediaPlayer-JNI(22137): getCurrentPosition: 164878 (msec)
12-10 11:36:29.923 V/StagefrightPlayer( 311): getCurrentPosition
12-10 11:36:29.933 V/AudioSessionOutALSA( 311): Timestamp returned = 164973666
12-10 11:36:29.933 V/MediaPlayer-JNI(22137): getCurrentPosition: 164974 (msec)
12-10 11:36:29.933 D/ProgressBar(22137): setProgress = 1649
12-10 11:36:29.933 D/ProgressBar(22137): setProgress = 1649, fromUser = false
12-10 11:36:29.933 D/ProgressBar(22137): mProgress = 1648mIndeterminate = false, mMin = 0, mMax = 2750
12-10 11:36:29.933 V/StagefrightPlayer( 311): getCurrentPosition
12-10 11:36:29.953 V/AudioSessionOutALSA( 311): Timestamp returned = 164984333
12-10 11:36:29.953 V/MediaPlayer-JNI(22137): getCurrentPosition: 164984 (msec)
12-10 11:36:30.033 V/StagefrightPlayer( 311): getCurrentPosition
12-10 11:36:30.053 V/AudioSessionOutALSA( 311): Timestamp returned = 165091000
12-10 11:36:30.053 V/MediaPlayer-JNI(22137): getCurrentPosition: 165091 (msec)
12-10 11:36:30.053 D/ProgressBar(22137): setProgress = 1650
12-10 11:36:30.053 D/ProgressBar(22137): setProgress = 1650, fromUser = false
12-10 11:36:30.053 D/ProgressBar(22137): mProgress = 1649mIndeterminate = false, mMin = 0, mMax = 2750
12-10 11:36:30.053 V/StagefrightPlayer( 311): getCurrentPosition
12-10 11:36:30.063 V/AudioSessionOutALSA( 311): Timestamp returned = 165101666
12-10 11:36:30.063 V/MediaPlayer-JNI(22137): getCurrentPosition: 165102 (msec)
12-10 11:36:30.153 V/StagefrightPlayer( 311): getCurrentPosition
12-10 11:36:30.163 V/AudioSessionOutALSA( 311): Timestamp returned = 165208333
12-10 11:36:30.163 V/MediaPlayer-JNI(22137): getCurrentPosition: 165208 (msec)
12-10 11:36:30.163 D/ProgressBar(22137): setProgress = 1652
12-10 11:36:30.163 D/ProgressBar(22137): setProgress = 1652, fromUser = false
12-10 11:36:30.163 D/ProgressBar(22137): mProgress = 1650mIndeterminate = false, mMin = 0, mMax = 2750
12-10 11:36:30.163 V/StagefrightPlayer( 311): getCurrentPosition
12-10 11:36:30.183 V/AudioSessionOutALSA( 311): Timestamp returned = 165219000
12-10 11:36:30.183 V/MediaPlayer-JNI(22137): getCurrentPosition: 165219 (msec)
12-10 11:36:30.273 V/StagefrightPlayer( 311): getCurrentPosition
12-10 11:36:30.283 V/AudioSessionOutALSA( 311): Timestamp returned = 165315000
12-10 11:36:30.283 V/MediaPlayer-JNI(22137): getCurrentPosition: 165315 (msec)
12-10 11:36:30.283 D/ProgressBar(22137): setProgress = 1653
12-10 11:36:30.283 D/ProgressBar(22137): setProgress = 1653, fromUser = false
12-10 11:36:30.283 D/ProgressBar(22137): mProgress = 1652mIndeterminate = false, mMin = 0, mMax = 2750
12-10 11:36:30.283 V/StagefrightPlayer( 311): getCurrentPosition
12-10 11:36:30.293 V/AudioSessionOutALSA( 311): Timestamp returned = 165336333
12-10 11:36:30.293 V/MediaPlayer-JNI(22137): getCurrentPosition: 165336 (msec)
12-10 11:36:30.383 V/StagefrightPlayer( 311): getCurrentPosition
12-10 11:36:30.393 V/AudioSessionOutALSA( 311): Timestamp returned = 165432333
12-10 11:36:30.393 V/MediaPlayer-JNI(22137): getCurrentPosition: 165432 (msec)
12-10 11:36:30.393 D/ProgressBar(22137): setProgress = 1654
12-10 11:36:30.393 D/ProgressBar(22137): setProgress = 1654, fromUser = false
12-10 11:36:30.393 D/ProgressBar(22137): mProgress = 1653mIndeterminate = false, mMin = 0, mMax = 2750
12-10 11:36:30.403 V/StagefrightPlayer( 311): getCurrentPosition
12-10 11:36:30.413 V/AudioSessionOutALSA( 311): Timestamp returned = 165443000
12-10 11:36:30.413 V/MediaPlayer-JNI(22137): getCurrentPosition: 165443 (msec)
12-10 11:36:30.413 V/StagefrightPlayer( 311): getCurrentPosition
12-10 11:36:30.423 V/AudioSessionOutALSA( 311): Timestamp returned = 165464333
12-10 11:36:30.423 V/MediaPlayer-JNI(22137): getCurrentPosition: 165464 (msec)
12-10 11:36:30.503 V/StagefrightPlayer( 311): getCurrentPosition
12-10 11:36:30.513 V/AudioSessionOutALSA( 311): Timestamp returned = 165549666
12-10 11:36:30.513 V/MediaPlayer-JNI(22137): getCurrentPosition: 165550 (msec)
12-10 11:36:30.513 D/ProgressBar(22137): setProgress = 1655
12-10 11:36:30.513 D/ProgressBar(22137): setProgress = 1655, fromUser = false
12-10 11:36:30.513 D/ProgressBar(22137): mProgress = 1654mIndeterminate = false, mMin = 0, mMax = 2750
12-10 11:36:30.513 V/StagefrightPlayer( 311): getCurrentPosition
12-10 11:36:30.523 V/AudioSessionOutALSA( 311): Timestamp returned = 165571000
12-10 11:36:30.523 V/MediaPlayer-JNI(22137): getCurrentPosition: 165571 (msec)
12-10 11:36:30.533 V/StagefrightPlayer( 311): getCurrentPosition
12-10 11:36:30.543 V/AudioSessionOutALSA( 311): Timestamp returned = 165581666
12-10 11:36:30.543 V/MediaPlayer-JNI(22137): getCurrentPosition: 165582 (msec)
12-10 11:36:30.613 V/StagefrightPlayer( 311): getCurrentPosition
12-10 11:36:30.623 V/AudioSessionOutALSA( 311): Timestamp returned = 165667000
12-10 11:36:30.623 V/MediaPlayer-JNI(22137): getCurrentPosition: 165667 (msec)
12-10 11:36:30.623 D/ProgressBar(22137): setProgress = 1656
12-10 11:36:30.623 D/ProgressBar(22137): setProgress = 1656, fromUser = false
12-10 11:36:30.623 D/ProgressBar(22137): mProgress = 1655mIndeterminate = false, mMin = 0, mMax = 2750
12-10 11:36:30.623 V/StagefrightPlayer( 311): getCurrentPosition
12-10 11:36:30.643 V/AudioSessionOutALSA( 311): Timestamp returned = 165677666
12-10 11:36:30.643 V/MediaPlayer-JNI(22137): getCurrentPosition: 165678 (msec)
12-10 11:36:30.723 V/StagefrightPlayer( 311): getCurrentPosition
12-10 11:36:30.743 V/AudioSessionOutALSA( 311): Timestamp returned = 165773666
12-10 11:36:30.743 V/MediaPlayer-JNI(22137): getCurrentPosition: 165774 (msec)
12-10 11:36:30.743 D/ProgressBar(22137): setProgress = 1657
12-10 11:36:30.743 D/ProgressBar(22137): setProgress = 1657, fromUser = false
12-10 11:36:30.743 D/ProgressBar(22137): mProgress = 1656mIndeterminate = false, mMin = 0, mMax = 2750
12-10 11:36:30.743 V/StagefrightPlayer( 311): getCurrentPosition
12-10 11:36:30.753 V/AudioSessionOutALSA( 311): Timestamp returned = 165795000
12-10 11:36:30.753 V/MediaPlayer-JNI(22137): getCurrentPosition: 165795 (msec)
12-10 11:36:30.843 V/StagefrightPlayer( 311): getCurrentPosition
12-10 11:36:30.853 V/AudioSessionOutALSA( 311): Timestamp returned = 165891000
12-10 11:36:30.853 V/MediaPlayer-JNI(22137): getCurrentPosition: 165891 (msec)
12-10 11:36:30.853 D/ProgressBar(22137): setProgress = 1658
12-10 11:36:30.853 D/ProgressBar(22137): setProgress = 1658, fromUser = false
12-10 11:36:30.853 D/ProgressBar(22137): mProgress = 1657mIndeterminate = false, mMin = 0, mMax = 2750
12-10 11:36:30.853 V/StagefrightPlayer( 311): getCurrentPosition
12-10 11:36:30.873 V/AudioSessionOutALSA( 311): Timestamp returned = 165901666
12-10 11:36:30.873 V/MediaPlayer-JNI(22137): getCurrentPosition: 165902 (msec)
12-10 11:36:30.953 V/StagefrightPlayer( 311): getCurrentPosition
12-10 11:36:30.973 V/AudioSessionOutALSA( 311): Timestamp returned = 166008333
12-10 11:36:30.973 V/MediaPlayer-JNI(22137): getCurrentPosition: 166008 (msec)
12-10 11:36:30.973 D/ProgressBar(22137): setProgress = 1660
12-10 11:36:30.973 D/ProgressBar(22137): setProgress = 1660, fromUser = false
12-10 11:36:30.973 D/ProgressBar(22137): mProgress = 1658mIndeterminate = false, mMin = 0, mMax = 2750
12-10 11:36:30.973 V/StagefrightPlayer( 311): getCurrentPosition
12-10 11:36:30.983 V/AudioSessionOutALSA( 311): Timestamp returned = 166029666
12-10 11:36:30.983 V/MediaPlayer-JNI(22137): getCurrentPosition: 166030 (msec)
12-10 11:36:31.073 V/StagefrightPlayer( 311): getCurrentPosition
12-10 11:36:31.083 V/AudioSessionOutALSA( 311): Timestamp returned = 166125666
12-10 11:36:31.083 V/MediaPlayer-JNI(22137): getCurrentPosition: 166126 (msec)
12-10 11:36:31.083 D/ProgressBar(22137): setProgress = 1661
12-10 11:36:31.083 D/ProgressBar(22137): setProgress = 1661, fromUser = false
12-10 11:36:31.083 D/ProgressBar(22137): mProgress = 1660mIndeterminate = false, mMin = 0, mMax = 2750
12-10 11:36:31.083 V/StagefrightPlayer( 311): getCurrentPosition
12-10 11:36:31.103 V/AudioSessionOutALSA( 311): Timestamp returned = 166136333
12-10 11:36:31.103 V/MediaPlayer-JNI(22137): getCurrentPosition: 166136 (msec)
12-10 11:36:31.183 V/StagefrightPlayer( 311): getCurrentPosition
12-10 11:36:31.203 V/AudioSessionOutALSA( 311): Timestamp returned = 166232333
12-10 11:36:31.203 V/MediaPlayer-JNI(22137): getCurrentPosition: 166232 (msec)
12-10 11:36:31.203 D/ProgressBar(22137): setProgress = 1662
12-10 11:36:31.203 D/ProgressBar(22137): setProgress = 1662, fromUser = false
12-10 11:36:31.203 D/ProgressBar(22137): mProgress = 1661mIndeterminate = false, mMin = 0, mMax = 2750
12-10 11:36:31.203 V/StagefrightPlayer( 311): getCurrentPosition
12-10 11:36:31.213 V/AudioSessionOutALSA( 311): Timestamp returned = 166253666
12-10 11:36:31.213 V/MediaPlayer-JNI(22137): getCurrentPosition: 166254 (msec)
12-10 11:36:31.303 V/StagefrightPlayer( 311): getCurrentPosition
12-10 11:36:31.313 V/AudioSessionOutALSA( 311): Timestamp returned = 166360333
12-10 11:36:31.313 V/MediaPlayer-JNI(22137): getCurrentPosition: 166360 (msec)
12-10 11:36:31.313 D/ProgressBar(22137): setProgress = 1663
12-10 11:36:31.313 D/ProgressBar(22137): setProgress = 1663, fromUser = false
12-10 11:36:31.313 D/ProgressBar(22137): mProgress = 1662mIndeterminate = false, mMin = 0, mMax = 2750
12-10 11:36:31.313 V/StagefrightPlayer( 311): getCurrentPosition
12-10 11:36:31.333 V/AudioSessionOutALSA( 311): Timestamp returned = 166371000
12-10 11:36:31.333 V/MediaPlayer-JNI(22137): getCurrentPosition: 166371 (msec)
12-10 11:36:31.413 V/StagefrightPlayer( 311): getCurrentPosition
12-10 11:36:31.423 V/AudioSessionOutALSA( 311): Timestamp returned = 166467000
12-10 11:36:31.423 V/MediaPlayer-JNI(22137): getCurrentPosition: 166467 (msec)
12-10 11:36:31.423 D/ProgressBar(22137): setProgress = 1664
12-10 11:36:31.423 D/ProgressBar(22137): setProgress = 1664, fromUser = false
12-10 11:36:31.423 D/ProgressBar(22137): mProgress = 1663mIndeterminate = false, mMin = 0, mMax = 2750
12-10 11:36:31.433 V/StagefrightPlayer( 311): getCurrentPosition
12-10 11:36:31.443 V/AudioSessionOutALSA( 311): Timestamp returned = 166488333
12-10 11:36:31.443 V/MediaPlayer-JNI(22137): getCurrentPosition: 166488 (msec)
12-10 11:36:31.443 V/StagefrightPlayer( 311): getCurrentPosition
12-10 11:36:31.453 V/AudioSessionOutALSA( 311): Timestamp returned = 166499000
12-10 11:36:31.453 V/MediaPlayer-JNI(22137): getCurrentPosition: 166499 (msec)
12-10 11:36:31.523 I/PowerManagerService( 722): [PWL] Off : 600s ago
12-10 11:36:31.523 I/PowerManagerService( 722): [PWL] PowerManagerService.WakeLocks: ref count=1
12-10 11:36:31.523 I/PowerManagerService( 722): [PWL] mWakeLockSummary : 0x1
12-10 11:36:31.523 I/PowerManagerService( 722): [PWL] PARTIAL_WAKE_LOCK 'android.media.MediaPlayer' (uid=10015, pid=22137, ws=null) (elapsedTime=166714)
12-10 11:36:31.523 I/PowerManagerService( 722): [PWL] PARTIAL_WAKE_LOCK 'DirectTrack' (uid=1013, pid=311, ws=null) (elapsedTime=166598)
12-10 11:36:31.533 V/StagefrightPlayer( 311): getCurrentPosition
12-10 11:36:31.543 V/AudioSessionOutALSA( 311): Timestamp returned = 166573666
12-10 11:36:31.543 V/MediaPlayer-JNI(22137): getCurrentPosition: 166574 (msec)
12-10 11:36:31.543 D/ProgressBar(22137): setProgress = 1665
12-10 11:36:31.543 D/ProgressBar(22137): setProgress = 1665, fromUser = false
12-10 11:36:31.543 D/ProgressBar(22137): mProgress = 1664mIndeterminate = false, mMin = 0, mMax = 2750
12-10 11:36:31.543 V/StagefrightPlayer( 311): getCurrentPosition
12-10 11:36:31.553 V/AudioSessionOutALSA( 311): Timestamp returned = 166595000
12-10 11:36:31.553 V/MediaPlayer-JNI(22137): getCurrentPosition: 166595 (msec)
12-10 11:36:31.553 V/StagefrightPlayer( 311): getCurrentPosition
12-10 11:36:31.563 V/AudioSessionOutALSA( 311): Timestamp returned = 166605666
12-10 11:36:31.563 V/MediaPlayer-JNI(22137): getCurrentPosition: 166606 (msec)
12-10 11:36:31.643 V/StagefrightPlayer( 311): getCurrentPosition
12-10 11:36:31.653 V/AudioSessionOutALSA( 311): Timestamp returned = 166691000
12-10 11:36:31.653 V/MediaPlayer-JNI(22137): getCurrentPosition: 166691 (msec)
12-10 11:36:31.653 D/ProgressBar(22137): setProgress = 1666
12-10 11:36:31.653 D/ProgressBar(22137): setProgress = 1666, fromUser = false
12-10 11:36:31.653 D/ProgressBar(22137): mProgress = 1665mIndeterminate = false, mMin = 0, mMax = 2750
12-10 11:36:31.663 V/StagefrightPlayer( 311): getCurrentPosition
12-10 11:36:31.673 V/AudioSessionOutALSA( 311): Timestamp returned = 166701666
12-10 11:36:31.673 V/MediaPlayer-JNI(22137): getCurrentPosition: 166702 (msec)
12-10 11:36:31.763 V/StagefrightPlayer( 311): getCurrentPosition
12-10 11:36:31.773 V/AudioSessionOutALSA( 311): Timestamp returned = 166808333
12-10 11:36:31.773 V/MediaPlayer-JNI(22137): getCurrentPosition: 166808 (msec)
12-10 11:36:31.773 D/ProgressBar(22137): setProgress = 1668
12-10 11:36:31.773 D/ProgressBar(22137): setProgress = 1668, fromUser = false
12-10 11:36:31.773 D/ProgressBar(22137): mProgress = 1666mIndeterminate = false, mMin = 0, mMax = 2750
12-10 11:36:31.773 V/StagefrightPlayer( 311): getCurrentPosition
12-10 11:36:31.783 V/AudioSessionOutALSA( 311): Timestamp returned = 166829666
12-10 11:36:31.783 V/MediaPlayer-JNI(22137): getCurrentPosition: 166830 (msec)
12-10 11:36:31.873 V/StagefrightPlayer( 311): getCurrentPosition
12-10 11:36:31.893 V/AudioSessionOutALSA( 311): Timestamp returned = 166925666
12-10 11:36:31.893 V/MediaPlayer-JNI(22137): getCurrentPosition: 166926 (msec)
12-10 11:36:31.893 D/ProgressBar(22137): setProgress = 1669
12-10 11:36:31.893 D/ProgressBar(22137): setProgress = 1669, fromUser = false
12-10 11:36:31.893 D/ProgressBar(22137): mProgress = 1668mIndeterminate = false, mMin = 0, mMax = 2750
12-10 11:36:31.893 V/StagefrightPlayer( 311): getCurrentPosition
12-10 11:36:31.903 V/AudioSessionOutALSA( 311): Timestamp returned = 166947000
12-10 11:36:31.903 V/MediaPlayer-JNI(22137): getCurrentPosition: 166947 (msec)
12-10 11:36:31.993 V/StagefrightPlayer( 311): getCurrentPosition
12-10 11:36:32.003 V/AudioSessionOutALSA( 311): Timestamp returned = 167043000
12-10 11:36:32.003 V/MediaPlayer-JNI(22137): getCurrentPosition: 167043 (msec)
12-10 11:36:32.003 D/ProgressBar(22137): setProgress = 1670
12-10 11:36:32.003 D/ProgressBar(22137): setProgress = 1670, fromUser = false
12-10 11:36:32.003 D/ProgressBar(22137): mProgress = 1669mIndeterminate = false, mMin = 0, mMax = 2750
12-10 11:36:32.003 V/StagefrightPlayer( 311): getCurrentPosition
12-10 11:36:32.023 V/AudioSessionOutALSA( 311): Timestamp returned = 167053666
12-10 11:36:32.023 V/MediaPlayer-JNI(22137): getCurrentPosition: 167054 (msec)
12-10 11:36:32.103 V/StagefrightPlayer( 311): getCurrentPosition
12-10 11:36:32.123 V/AudioSessionOutALSA( 311): Timestamp returned = 167160333
12-10 11:36:32.123 V/MediaPlayer-JNI(22137): getCurrentPosition: 167160 (msec)
12-10 11:36:32.123 D/ProgressBar(22137): setProgress = 1671
12-10 11:36:32.123 D/ProgressBar(22137): setProgress = 1671, fromUser = false
12-10 11:36:32.123 D/ProgressBar(22137): mProgress = 1670mIndeterminate = false, mMin = 0, mMax = 2750
12-10 11:36:32.123 V/StagefrightPlayer( 311): getCurrentPosition
12-10 11:36:32.133 V/AudioSessionOutALSA( 311): Timestamp returned = 167171000
12-10 11:36:32.133 V/MediaPlayer-JNI(22137): getCurrentPosition: 167171 (msec)
12-10 11:36:32.193 I/Monitor ( 722): SIOP:: Current AP = 260, CP = 0
12-10 11:36:32.223 V/StagefrightPlayer( 311): getCurrentPosition
12-10 11:36:32.233 V/AudioSessionOutALSA( 311): Timestamp returned = 167277666
12-10 11:36:32.233 V/MediaPlayer-JNI(22137): getCurrentPosition: 167278 (msec)
12-10 11:36:32.233 D/ProgressBar(22137): setProgress = 1672
12-10 11:36:32.233 D/ProgressBar(22137): setProgress = 1672, fromUser = false
12-10 11:36:32.233 D/ProgressBar(22137): mProgress = 1671mIndeterminate = false, mMin = 0, mMax = 2750
12-10 11:36:32.233 V/StagefrightPlayer( 311): getCurrentPosition
12-10 11:36:32.253 V/AudioSessionOutALSA( 311): Timestamp returned = 167288333
12-10 11:36:32.253 V/MediaPlayer-JNI(22137): getCurrentPosition: 167288 (msec)
12-10 11:36:32.333 V/StagefrightPlayer( 311): getCurrentPosition
12-10 11:36:32.343 V/AudioSessionOutALSA( 311): Timestamp returned = 167384333
12-10 11:36:32.353 V/MediaPlayer-JNI(22137): getCurrentPosition: 167384 (msec)
12-10 11:36:32.353 D/ProgressBar(22137): setProgress = 1673
12-10 11:36:32.353 D/ProgressBar(22137): setProgress = 1673, fromUser = false
12-10 11:36:32.353 D/ProgressBar(22137): mProgress = 1672mIndeterminate = false, mMin = 0, mMax = 2750
12-10 11:36:32.353 V/StagefrightPlayer( 311): getCurrentPosition
12-10 11:36:32.363 V/AudioSessionOutALSA( 311): Timestamp returned = 167405666
12-10 11:36:32.363 V/MediaPlayer-JNI(22137): getCurrentPosition: 167406 (msec)
12-10 11:36:32.443 V/StagefrightPlayer( 311): getCurrentPosition
12-10 11:36:32.453 V/AudioSessionOutALSA( 311): Timestamp returned = 167491000
12-10 11:36:32.453 V/MediaPlayer-JNI(22137): getCurrentPosition: 167491 (msec)
12-10 11:36:32.453 V/StagefrightPlayer( 311): getCurrentPosition
12-10 11:36:32.463 V/AudioSessionOutALSA( 311): Timestamp returned = 167501666
12-10 11:36:32.463 V/MediaPlayer-JNI(22137): getCurrentPosition: 167502 (msec)
12-10 11:36:32.463 D/ProgressBar(22137): setProgress = 1675
12-10 11:36:32.463 D/ProgressBar(22137): setProgress = 1675, fromUser = false
12-10 11:36:32.463 D/ProgressBar(22137): mProgress = 1673mIndeterminate = false, mMin = 0, mMax = 2750
12-10 11:36:32.473 V/StagefrightPlayer( 311): getCurrentPosition
12-10 11:36:32.483 V/AudioSessionOutALSA( 311): Timestamp returned = 167512333
12-10 11:36:32.483 V/MediaPlayer-JNI(22137): getCurrentPosition: 167512 (msec)
12-10 11:36:32.553 V/StagefrightPlayer( 311): getCurrentPosition
12-10 11:36:32.563 V/AudioSessionOutALSA( 311): Timestamp returned = 167608333
12-10 11:36:32.563 V/MediaPlayer-JNI(22137): getCurrentPosition: 167608 (msec)
12-10 11:36:32.563 V/StagefrightPlayer( 311): getCurrentPosition
12-10 11:36:32.583 V/AudioSessionOutALSA( 311): Timestamp returned = 167619000
12-10 11:36:32.583 V/MediaPlayer-JNI(22137): getCurrentPosition: 167619 (msec)
12-10 11:36:32.583 D/ProgressBar(22137): setProgress = 1676
12-10 11:36:32.583 D/ProgressBar(22137): setProgress = 1676, fromUser = false
12-10 11:36:32.583 D/ProgressBar(22137): mProgress = 1675mIndeterminate = false, mMin = 0, mMax = 2750
12-10 11:36:32.583 V/StagefrightPlayer( 311): getCurrentPosition
12-10 11:36:32.593 V/AudioSessionOutALSA( 311): Timestamp returned = 167640333
12-10 11:36:32.593 V/MediaPlayer-JNI(22137): getCurrentPosition: 167640 (msec)
12-10 11:36:32.683 V/StagefrightPlayer( 311): getCurrentPosition
12-10 11:36:32.693 V/AudioSessionOutALSA( 311): Timestamp returned = 167736333
12-10 11:36:32.693 V/MediaPlayer-JNI(22137): getCurrentPosition: 167736 (msec)
12-10 11:36:32.693 D/ProgressBar(22137): setProgress = 1677
12-10 11:36:32.693 D/ProgressBar(22137): setProgress = 1677, fromUser = false
12-10 11:36:32.693 D/ProgressBar(22137): mProgress = 1676mIndeterminate = false, mMin = 0, mMax = 2750
12-10 11:36:32.693 V/StagefrightPlayer( 311): getCurrentPosition
12-10 11:36:32.713 V/AudioSessionOutALSA( 311): Timestamp returned = 167747000
12-10 11:36:32.713 V/MediaPlayer-JNI(22137): getCurrentPosition: 167747 (msec)
12-10 11:36:32.793 V/StagefrightPlayer( 311): getCurrentPosition
12-10 11:36:32.813 V/AudioSessionOutALSA( 311): Timestamp returned = 167843000
12-10 11:36:32.813 V/MediaPlayer-JNI(22137): getCurrentPosition: 167843 (msec)
12-10 11:36:32.813 D/ProgressBar(22137): setProgress = 1678
12-10 11:36:32.813 D/ProgressBar(22137): setProgress = 1678, fromUser = false
12-10 11:36:32.813 D/ProgressBar(22137): mProgress = 1677mIndeterminate = false, mMin = 0, mMax = 2750
12-10 11:36:32.813 V/StagefrightPlayer( 311): getCurrentPosition
12-10 11:36:32.823 V/AudioSessionOutALSA( 311): Timestamp returned = 167864333
12-10 11:36:32.823 V/MediaPlayer-JNI(22137): getCurrentPosition: 167864 (msec)
12-10 11:36:32.913 V/StagefrightPlayer( 311): getCurrentPosition
12-10 11:36:32.923 V/AudioSessionOutALSA( 311): Timestamp returned = 167971000
12-10 11:36:32.923 V/MediaPlayer-JNI(22137): getCurrentPosition: 167971 (msec)
12-10 11:36:32.923 D/ProgressBar(22137): setProgress = 1679
12-10 11:36:32.923 D/ProgressBar(22137): setProgress = 1679, fromUser = false
12-10 11:36:32.923 D/ProgressBar(22137): mProgress = 1678mIndeterminate = false, mMin = 0, mMax = 2750
12-10 11:36:32.923 V/StagefrightPlayer( 311): getCurrentPosition
12-10 11:36:32.943 V/AudioSessionOutALSA( 311): Timestamp returned = 167971000
12-10 11:36:32.943 V/MediaPlayer-JNI(22137): getCurrentPosition: 167971 (msec)
12-10 11:36:33.023 V/StagefrightPlayer( 311): getCurrentPosition
12-10 11:36:33.043 V/AudioSessionOutALSA( 311): Timestamp returned = 168077666
12-10 11:36:33.043 V/MediaPlayer-JNI(22137): getCurrentPosition: 168078 (msec)
12-10 11:36:33.043 D/ProgressBar(22137): setProgress = 1680
12-10 11:36:33.043 D/ProgressBar(22137): setProgress = 1680, fromUser = false
12-10 11:36:33.043 D/ProgressBar(22137): mProgress = 1679mIndeterminate = false, mMin = 0, mMax = 2750
12-10 11:36:33.043 V/StagefrightPlayer( 311): getCurrentPosition
12-10 11:36:33.053 V/AudioSessionOutALSA( 311): Timestamp returned = 168099000
12-10 11:36:33.053 V/MediaPlayer-JNI(22137): getCurrentPosition: 168099 (msec)
12-10 11:36:33.143 V/StagefrightPlayer( 311): getCurrentPosition
12-10 11:36:33.153 V/AudioSessionOutALSA( 311): Timestamp returned = 168195000
12-10 11:36:33.153 V/MediaPlayer-JNI(22137): getCurrentPosition: 168195 (msec)
12-10 11:36:33.153 D/ProgressBar(22137): setProgress = 1681
12-10 11:36:33.153 D/ProgressBar(22137): setProgress = 1681, fromUser = false
12-10 11:36:33.153 D/ProgressBar(22137): mProgress = 1680mIndeterminate = false, mMin = 0, mMax = 2750
12-10 11:36:33.163 V/StagefrightPlayer( 311): getCurrentPosition
12-10 11:36:33.173 V/AudioSessionOutALSA( 311): Timestamp returned = 168205666
12-10 11:36:33.173 V/MediaPlayer-JNI(22137): getCurrentPosition: 168206 (msec)
12-10 11:36:33.263 V/StagefrightPlayer( 311): getCurrentPosition
12-10 11:36:33.273 V/AudioSessionOutALSA( 311): Timestamp returned = 168301666
12-10 11:36:33.273 V/MediaPlayer-JNI(22137): getCurrentPosition: 168302 (msec)
12-10 11:36:33.273 D/ProgressBar(22137): setProgress = 1683
12-10 11:36:33.273 D/ProgressBar(22137): setProgress = 1683, fromUser = false
12-10 11:36:33.273 D/ProgressBar(22137): mProgress = 1681mIndeterminate = false, mMin = 0, mMax = 2750
12-10 11:36:33.273 V/StagefrightPlayer( 311): getCurrentPosition
12-10 11:36:33.283 V/AudioSessionOutALSA( 311): Timestamp returned = 168323000
12-10 11:36:33.283 V/MediaPlayer-JNI(22137): getCurrentPosition: 168323 (msec)
12-10 11:36:33.373 V/StagefrightPlayer( 311): getCurrentPosition
12-10 11:36:33.383 V/AudioSessionOutALSA( 311): Timestamp returned = 168429666
12-10 11:36:33.383 V/MediaPlayer-JNI(22137): getCurrentPosition: 168430 (msec)
12-10 11:36:33.383 D/ProgressBar(22137): setProgress = 1684
12-10 11:36:33.383 D/ProgressBar(22137): setProgress = 1684, fromUser = false
12-10 11:36:33.383 D/ProgressBar(22137): mProgress = 1683mIndeterminate = false, mMin = 0, mMax = 2750
12-10 11:36:33.383 V/StagefrightPlayer( 311): getCurrentPosition
12-10 11:36:33.403 V/AudioSessionOutALSA( 311): Timestamp returned = 168440333
12-10 11:36:33.403 V/MediaPlayer-JNI(22137): getCurrentPosition: 168440 (msec)
12-10 11:36:33.453 V/StagefrightPlayer( 311): getCurrentPosition
12-10 11:36:33.463 V/AudioSessionOutALSA( 311): Timestamp returned = 168504333
12-10 11:36:33.463 V/MediaPlayer-JNI(22137): getCurrentPosition: 168504 (msec)
12-10 11:36:33.483 V/StagefrightPlayer( 311): getCurrentPosition
12-10 11:36:33.503 V/AudioSessionOutALSA( 311): Timestamp returned = 168536333
12-10 11:36:33.503 V/MediaPlayer-JNI(22137): getCurrentPosition: 168536 (msec)
12-10 11:36:33.503 D/ProgressBar(22137): setProgress = 1685
12-10 11:36:33.503 D/ProgressBar(22137): setProgress = 1685, fromUser = false
12-10 11:36:33.503 D/ProgressBar(22137): mProgress = 1684mIndeterminate = false, mMin = 0, mMax = 2750
12-10 11:36:33.503 V/StagefrightPlayer( 311): getCurrentPosition
12-10 11:36:33.513 V/AudioSessionOutALSA( 311): Timestamp returned = 168557666
12-10 11:36:33.513 V/MediaPlayer-JNI(22137): getCurrentPosition: 168558 (msec)
12-10 11:36:33.573 V/StagefrightPlayer( 311): getCurrentPosition
12-10 11:36:33.583 V/AudioSessionOutALSA( 311): Timestamp returned = 168611000
12-10 11:36:33.583 V/MediaPlayer-JNI(22137): getCurrentPosition: 168611 (msec)
12-10 11:36:33.603 V/StagefrightPlayer( 311): getCurrentPosition
12-10 11:36:33.613 V/AudioSessionOutALSA( 311): Timestamp returned = 168653666
12-10 11:36:33.613 V/MediaPlayer-JNI(22137): getCurrentPosition: 168654 (msec)
12-10 11:36:33.613 D/ProgressBar(22137): setProgress = 1686
12-10 11:36:33.613 D/ProgressBar(22137): setProgress = 1686, fromUser = false
12-10 11:36:33.613 D/ProgressBar(22137): mProgress = 1685mIndeterminate = false, mMin = 0, mMax = 2750
12-10 11:36:33.613 V/StagefrightPlayer( 311): getCurrentPosition
12-10 11:36:33.633 V/AudioSessionOutALSA( 311): Timestamp returned = 168664333
12-10 11:36:33.633 V/MediaPlayer-JNI(22137): getCurrentPosition: 168664 (msec)
12-10 11:36:33.713 V/StagefrightPlayer( 311): getCurrentPosition
12-10 11:36:33.733 V/AudioSessionOutALSA( 311): Timestamp returned = 168771000
12-10 11:36:33.733 V/MediaPlayer-JNI(22137): getCurrentPosition: 168771 (msec)
12-10 11:36:33.733 D/ProgressBar(22137): setProgress = 1687
12-10 11:36:33.733 D/ProgressBar(22137): setProgress = 1687, fromUser = false
12-10 11:36:33.733 D/ProgressBar(22137): mProgress = 1686mIndeterminate = false, mMin = 0, mMax = 2750
12-10 11:36:33.733 V/StagefrightPlayer( 311): getCurrentPosition
12-10 11:36:33.743 V/AudioSessionOutALSA( 311): Timestamp returned = 168781666
12-10 11:36:33.743 V/MediaPlayer-JNI(22137): getCurrentPosition: 168782 (msec)
12-10 11:36:33.833 V/StagefrightPlayer( 311): getCurrentPosition
12-10 11:36:33.843 V/AudioSessionOutALSA( 311): Timestamp returned = 168888333
12-10 11:36:33.843 V/MediaPlayer-JNI(22137): getCurrentPosition: 168888 (msec)
12-10 11:36:33.843 D/ProgressBar(22137): setProgress = 1688
12-10 11:36:33.843 D/ProgressBar(22137): setProgress = 1688, fromUser = false
12-10 11:36:33.843 D/ProgressBar(22137): mProgress = 1687mIndeterminate = false, mMin = 0, mMax = 2750
12-10 11:36:33.843 V/StagefrightPlayer( 311): getCurrentPosition
12-10 11:36:33.863 V/AudioSessionOutALSA( 311): Timestamp returned = 168899000
12-10 11:36:33.863 V/MediaPlayer-JNI(22137): getCurrentPosition: 168899 (msec)
12-10 11:36:33.943 V/StagefrightPlayer( 311): getCurrentPosition
12-10 11:36:33.963 V/AudioSessionOutALSA( 311): Timestamp returned = 168995000
12-10 11:36:33.963 V/MediaPlayer-JNI(22137): getCurrentPosition: 168995 (msec)
12-10 11:36:33.963 D/ProgressBar(22137): setProgress = 1689
12-10 11:36:33.963 D/ProgressBar(22137): setProgress = 1689, fromUser = false
12-10 11:36:33.963 D/ProgressBar(22137): mProgress = 1688mIndeterminate = false, mMin = 0, mMax = 2750
12-10 11:36:33.963 V/StagefrightPlayer( 311): getCurrentPosition
12-10 11:36:33.973 V/AudioSessionOutALSA( 311): Timestamp returned = 169016333
12-10 11:36:33.973 V/MediaPlayer-JNI(22137): getCurrentPosition: 169016 (msec)
12-10 11:36:34.063 V/StagefrightPlayer( 311): getCurrentPosition
12-10 11:36:34.073 V/AudioSessionOutALSA( 311): Timestamp returned = 169112333
12-10 11:36:34.073 V/MediaPlayer-JNI(22137): getCurrentPosition: 169112 (msec)
12-10 11:36:34.073 D/ProgressBar(22137): setProgress = 1691
12-10 11:36:34.073 D/ProgressBar(22137): setProgress = 1691, fromUser = false
12-10 11:36:34.073 D/ProgressBar(22137): mProgress = 1689mIndeterminate = false, mMin = 0, mMax = 2750
12-10 11:36:34.073 V/StagefrightPlayer( 311): getCurrentPosition
12-10 11:36:34.093 V/AudioSessionOutALSA( 311): Timestamp returned = 169123000
12-10 11:36:34.093 V/MediaPlayer-JNI(22137): getCurrentPosition: 169123 (msec)
12-10 11:36:34.173 V/StagefrightPlayer( 311): getCurrentPosition
12-10 11:36:34.193 V/AudioSessionOutALSA( 311): Timestamp returned = 169229666
12-10 11:36:34.193 V/MediaPlayer-JNI(22137): getCurrentPosition: 169230 (msec)
12-10 11:36:34.193 D/ProgressBar(22137): setProgress = 1692
12-10 11:36:34.193 D/ProgressBar(22137): setProgress = 1692, fromUser = false
12-10 11:36:34.193 D/ProgressBar(22137): mProgress = 1691mIndeterminate = false, mMin = 0, mMax = 2750
12-10 11:36:34.193 V/StagefrightPlayer( 311): getCurrentPosition
12-10 11:36:34.203 V/AudioSessionOutALSA( 311): Timestamp returned = 169251000
12-10 11:36:34.203 V/MediaPlayer-JNI(22137): getCurrentPosition: 169251 (msec)
12-10 11:36:34.293 V/StagefrightPlayer( 311): getCurrentPosition
12-10 11:36:34.303 V/AudioSessionOutALSA( 311): Timestamp returned = 169347000
12-10 11:36:34.303 V/MediaPlayer-JNI(22137): getCurrentPosition: 169347 (msec)
12-10 11:36:34.303 D/ProgressBar(22137): setProgress = 1693
12-10 11:36:34.303 D/ProgressBar(22137): setProgress = 1693, fromUser = false
12-10 11:36:34.303 D/ProgressBar(22137): mProgress = 1692mIndeterminate = false, mMin = 0, mMax = 2750
12-10 11:36:34.303 V/StagefrightPlayer( 311): getCurrentPosition
12-10 11:36:34.323 V/AudioSessionOutALSA( 311): Timestamp returned = 169357666
12-10 11:36:34.323 V/MediaPlayer-JNI(22137): getCurrentPosition: 169358 (msec)
12-10 11:36:34.403 V/StagefrightPlayer( 311): getCurrentPosition
12-10 11:36:34.423 V/AudioSessionOutALSA( 311): Timestamp returned = 169453666
12-10 11:36:34.423 V/MediaPlayer-JNI(22137): getCurrentPosition: 169454 (msec)
12-10 11:36:34.423 D/ProgressBar(22137): setProgress = 1694
12-10 11:36:34.423 D/ProgressBar(22137): setProgress = 1694, fromUser = false
12-10 11:36:34.423 D/ProgressBar(22137): mProgress = 1693mIndeterminate = false, mMin = 0, mMax = 2750
12-10 11:36:34.423 V/StagefrightPlayer( 311): getCurrentPosition
12-10 11:36:34.433 V/AudioSessionOutALSA( 311): Timestamp returned = 169475000
12-10 11:36:34.433 V/MediaPlayer-JNI(22137): getCurrentPosition: 169475 (msec)
12-10 11:36:34.463 V/StagefrightPlayer( 311): getCurrentPosition
12-10 11:36:34.483 V/AudioSessionOutALSA( 311): Timestamp returned = 169517666
12-10 11:36:34.483 V/MediaPlayer-JNI(22137): getCurrentPosition: 169518 (msec)
12-10 11:36:34.523 V/StagefrightPlayer( 311): getCurrentPosition
12-10 11:36:34.533 V/AudioSessionOutALSA( 311): Timestamp returned = 169571000
12-10 11:36:34.533 V/MediaPlayer-JNI(22137): getCurrentPosition: 169571 (msec)
12-10 11:36:34.533 D/ProgressBar(22137): setProgress = 1695
12-10 11:36:34.533 D/ProgressBar(22137): setProgress = 1695, fromUser = false
12-10 11:36:34.533 D/ProgressBar(22137): mProgress = 1694mIndeterminate = false, mMin = 0, mMax = 2750
12-10 11:36:34.533 V/StagefrightPlayer( 311): getCurrentPosition
12-10 11:36:34.553 V/AudioSessionOutALSA( 311): Timestamp returned = 169581666
12-10 11:36:34.553 V/MediaPlayer-JNI(22137): getCurrentPosition: 169582 (msec)
12-10 11:36:34.583 V/StagefrightPlayer( 311): getCurrentPosition
12-10 11:36:34.593 V/AudioSessionOutALSA( 311): Timestamp returned = 169635000
12-10 11:36:34.593 V/MediaPlayer-JNI(22137): getCurrentPosition: 169635 (msec)
12-10 11:36:34.643 V/StagefrightPlayer( 311): getCurrentPosition
12-10 11:36:34.653 V/AudioSessionOutALSA( 311): Timestamp returned = 169688333
12-10 11:36:34.653 V/MediaPlayer-JNI(22137): getCurrentPosition: 169688 (msec)
12-10 11:36:34.653 D/ProgressBar(22137): setProgress = 1696
12-10 11:36:34.653 D/ProgressBar(22137): setProgress = 1696, fromUser = false
12-10 11:36:34.653 D/ProgressBar(22137): mProgress = 1695mIndeterminate = false, mMin = 0, mMax = 2750
12-10 11:36:34.653 V/StagefrightPlayer( 311): getCurrentPosition
12-10 11:36:34.663 V/AudioSessionOutALSA( 311): Timestamp returned = 169709666
12-10 11:36:34.663 V/MediaPlayer-JNI(22137): getCurrentPosition: 169710 (msec)
12-10 11:36:34.753 V/StagefrightPlayer( 311): getCurrentPosition
12-10 11:36:34.763 V/AudioSessionOutALSA( 311): Timestamp returned = 169805666
12-10 11:36:34.763 V/MediaPlayer-JNI(22137): getCurrentPosition: 169806 (msec)
12-10 11:36:34.763 D/ProgressBar(22137): setProgress = 1698
12-10 11:36:34.763 D/ProgressBar(22137): setProgress = 1698, fromUser = false
12-10 11:36:34.763 D/ProgressBar(22137): mProgress = 1696mIndeterminate = false, mMin = 0, mMax = 2750
12-10 11:36:34.763 V/StagefrightPlayer( 311): getCurrentPosition
12-10 11:36:34.783 V/AudioSessionOutALSA( 311): Timestamp returned = 169816333
12-10 11:36:34.783 V/MediaPlayer-JNI(22137): getCurrentPosition: 169816 (msec)
12-10 11:36:34.863 V/StagefrightPlayer( 311): getCurrentPosition
12-10 11:36:34.883 V/AudioSessionOutALSA( 311): Timestamp returned = 169912333
12-10 11:36:34.883 V/MediaPlayer-JNI(22137): getCurrentPosition: 169912 (msec)
12-10 11:36:34.883 D/ProgressBar(22137): setProgress = 1699
12-10 11:36:34.883 D/ProgressBar(22137): setProgress = 1699, fromUser = false
12-10 11:36:34.883 D/ProgressBar(22137): mProgress = 1698mIndeterminate = false, mMin = 0, mMax = 2750
12-10 11:36:34.883 V/StagefrightPlayer( 311): getCurrentPosition
12-10 11:36:34.893 V/AudioSessionOutALSA( 311): Timestamp returned = 169933666
12-10 11:36:34.893 V/MediaPlayer-JNI(22137): getCurrentPosition: 169934 (msec)
12-10 11:36:34.983 V/StagefrightPlayer( 311): getCurrentPosition
12-10 11:36:34.993 V/AudioSessionOutALSA( 311): Timestamp returned = 170040333
12-10 11:36:34.993 V/MediaPlayer-JNI(22137): getCurrentPosition: 170040 (msec)
12-10 11:36:34.993 D/ProgressBar(22137): setProgress = 1700
12-10 11:36:34.993 D/ProgressBar(22137): setProgress = 1700, fromUser = false
12-10 11:36:34.993 D/ProgressBar(22137): mProgress = 1699mIndeterminate = false, mMin = 0, mMax = 2750
12-10 11:36:34.993 V/StagefrightPlayer( 311): getCurrentPosition
12-10 11:36:35.013 V/AudioSessionOutALSA( 311): Timestamp returned = 170051000
12-10 11:36:35.013 V/MediaPlayer-JNI(22137): getCurrentPosition: 170051 (msec)
12-10 11:36:35.093 V/StagefrightPlayer( 311): getCurrentPosition
12-10 11:36:35.113 V/AudioSessionOutALSA( 311): Timestamp returned = 170147000
12-10 11:36:35.113 V/MediaPlayer-JNI(22137): getCurrentPosition: 170147 (msec)
12-10 11:36:35.113 D/ProgressBar(22137): setProgress = 1701
12-10 11:36:35.113 D/ProgressBar(22137): setProgress = 1701, fromUser = false
12-10 11:36:35.113 D/ProgressBar(22137): mProgress = 1700mIndeterminate = false, mMin = 0, mMax = 2750
12-10 11:36:35.113 V/StagefrightPlayer( 311): getCurrentPosition
12-10 11:36:35.123 V/AudioSessionOutALSA( 311): Timestamp returned = 170168333
12-10 11:36:35.123 V/MediaPlayer-JNI(22137): getCurrentPosition: 170168 (msec)
12-10 11:36:35.213 V/StagefrightPlayer( 311): getCurrentPosition
12-10 11:36:35.223 V/AudioSessionOutALSA( 311): Timestamp returned = 170264333
12-10 11:36:35.223 V/MediaPlayer-JNI(22137): getCurrentPosition: 170264 (msec)
12-10 11:36:35.223 D/ProgressBar(22137): setProgress = 1702
12-10 11:36:35.223 D/ProgressBar(22137): setProgress = 1702, fromUser = false
12-10 11:36:35.223 D/ProgressBar(22137): mProgress = 1701mIndeterminate = false, mMin = 0, mMax = 2750
12-10 11:36:35.223 V/StagefrightPlayer( 311): getCurrentPosition
12-10 11:36:35.243 V/AudioSessionOutALSA( 311): Timestamp returned = 170275000
12-10 11:36:35.243 V/MediaPlayer-JNI(22137): getCurrentPosition: 170275 (msec)
12-10 11:36:35.323 V/StagefrightPlayer( 311): getCurrentPosition
12-10 11:36:35.343 V/AudioSessionOutALSA( 311): Timestamp returned = 170371000
12-10 11:36:35.343 V/MediaPlayer-JNI(22137): getCurrentPosition: 170371 (msec)
12-10 11:36:35.343 D/ProgressBar(22137): setProgress = 1703
12-10 11:36:35.343 D/ProgressBar(22137): setProgress = 1703, fromUser = false
12-10 11:36:35.343 D/ProgressBar(22137): mProgress = 1702mIndeterminate = false, mMin = 0, mMax = 2750
12-10 11:36:35.343 V/StagefrightPlayer( 311): getCurrentPosition
12-10 11:36:35.353 V/AudioSessionOutALSA( 311): Timestamp returned = 170392333
12-10 11:36:35.353 V/MediaPlayer-JNI(22137): getCurrentPosition: 170392 (msec)
12-10 11:36:35.443 V/StagefrightPlayer( 311): getCurrentPosition
12-10 11:36:35.453 V/AudioSessionOutALSA( 311): Timestamp returned = 170499000
12-10 11:36:35.453 V/MediaPlayer-JNI(22137): getCurrentPosition: 170499 (msec)
12-10 11:36:35.453 D/ProgressBar(22137): setProgress = 1704
12-10 11:36:35.453 D/ProgressBar(22137): setProgress = 1704, fromUser = false
12-10 11:36:35.453 D/ProgressBar(22137): mProgress = 1703mIndeterminate = false, mMin = 0, mMax = 2750
12-10 11:36:35.453 V/StagefrightPlayer( 311): getCurrentPosition
12-10 11:36:35.473 V/AudioSessionOutALSA( 311): Timestamp returned = 170509666
12-10 11:36:35.473 V/MediaPlayer-JNI(22137): getCurrentPosition: 170510 (msec)
12-10 11:36:35.483 V/StagefrightPlayer( 311): getCurrentPosition
12-10 11:36:35.493 V/AudioSessionOutALSA( 311): Timestamp returned = 170531000
12-10 11:36:35.493 V/MediaPlayer-JNI(22137): getCurrentPosition: 170531 (msec)
12-10 11:36:35.563 V/StagefrightPlayer( 311): getCurrentPosition
12-10 11:36:35.573 V/AudioSessionOutALSA( 311): Timestamp returned = 170605666
12-10 11:36:35.573 V/MediaPlayer-JNI(22137): getCurrentPosition: 170606 (msec)
12-10 11:36:35.573 D/ProgressBar(22137): setProgress = 1706
12-10 11:36:35.573 D/ProgressBar(22137): setProgress = 1706, fromUser = false
12-10 11:36:35.573 D/ProgressBar(22137): mProgress = 1704mIndeterminate = false, mMin = 0, mMax = 2750
12-10 11:36:35.573 V/StagefrightPlayer( 311): getCurrentPosition
12-10 11:36:35.583 V/AudioSessionOutALSA( 311): Timestamp returned = 170627000
12-10 11:36:35.583 V/MediaPlayer-JNI(22137): getCurrentPosition: 170627 (msec)
12-10 11:36:35.593 V/StagefrightPlayer( 311): getCurrentPosition
12-10 11:36:35.603 V/AudioSessionOutALSA( 311): Timestamp returned = 170648333
12-10 11:36:35.603 V/MediaPlayer-JNI(22137): getCurrentPosition: 170648 (msec)
12-10 11:36:35.673 V/StagefrightPlayer( 311): getCurrentPosition
12-10 11:36:35.683 V/AudioSessionOutALSA( 311): Timestamp returned = 170723000
12-10 11:36:35.683 V/MediaPlayer-JNI(22137): getCurrentPosition: 170723 (msec)
12-10 11:36:35.683 D/ProgressBar(22137): setProgress = 1707
12-10 11:36:35.683 D/ProgressBar(22137): setProgress = 1707, fromUser = false
12-10 11:36:35.683 D/ProgressBar(22137): mProgress = 1706mIndeterminate = false, mMin = 0, mMax = 2750
12-10 11:36:35.693 V/StagefrightPlayer( 311): getCurrentPosition
12-10 11:36:35.703 V/AudioSessionOutALSA( 311): Timestamp returned = 170733666
12-10 11:36:35.703 V/MediaPlayer-JNI(22137): getCurrentPosition: 170734 (msec)
12-10 11:36:35.793 V/StagefrightPlayer( 311): getCurrentPosition
12-10 11:36:35.803 V/AudioSessionOutALSA( 311): Timestamp returned = 170840333
12-10 11:36:35.803 V/MediaPlayer-JNI(22137): getCurrentPosition: 170840 (msec)
12-10 11:36:35.803 D/ProgressBar(22137): setProgress = 1708
12-10 11:36:35.803 D/ProgressBar(22137): setProgress = 1708, fromUser = false
12-10 11:36:35.803 D/ProgressBar(22137): mProgress = 1707mIndeterminate = false, mMin = 0, mMax = 2750
12-10 11:36:35.803 V/StagefrightPlayer( 311): getCurrentPosition
12-10 11:36:35.813 V/AudioSessionOutALSA( 311): Timestamp returned = 170851000
12-10 11:36:35.813 V/MediaPlayer-JNI(22137): getCurrentPosition: 170851 (msec)
12-10 11:36:35.903 V/StagefrightPlayer( 311): getCurrentPosition
12-10 11:36:35.913 V/AudioSessionOutALSA( 311): Timestamp returned = 170957666
12-10 11:36:35.913 V/MediaPlayer-JNI(22137): getCurrentPosition: 170958 (msec)
12-10 11:36:35.913 D/ProgressBar(22137): setProgress = 1709
12-10 11:36:35.913 D/ProgressBar(22137): setProgress = 1709, fromUser = false
12-10 11:36:35.913 D/ProgressBar(22137): mProgress = 1708mIndeterminate = false, mMin = 0, mMax = 2750
12-10 11:36:35.923 V/StagefrightPlayer( 311): getCurrentPosition
12-10 11:36:35.933 V/AudioSessionOutALSA( 311): Timestamp returned = 170979000
12-10 11:36:35.933 V/MediaPlayer-JNI(22137): getCurrentPosition: 170979 (msec)
12-10 11:36:36.023 V/StagefrightPlayer( 311): getCurrentPosition
12-10 11:36:36.033 V/AudioSessionOutALSA( 311): Timestamp returned = 171075000
12-10 11:36:36.033 V/MediaPlayer-JNI(22137): getCurrentPosition: 171075 (msec)
12-10 11:36:36.033 D/ProgressBar(22137): setProgress = 1710
12-10 11:36:36.033 D/ProgressBar(22137): setProgress = 1710, fromUser = false
12-10 11:36:36.033 D/ProgressBar(22137): mProgress = 1709mIndeterminate = false, mMin = 0, mMax = 2750
12-10 11:36:36.033 V/StagefrightPlayer( 311): getCurrentPosition
12-10 11:36:36.053 V/AudioSessionOutALSA( 311): Timestamp returned = 171085666
12-10 11:36:36.053 V/MediaPlayer-JNI(22137): getCurrentPosition: 171086 (msec)
12-10 11:36:36.133 V/StagefrightPlayer( 311): getCurrentPosition
12-10 11:36:36.153 V/AudioSessionOutALSA( 311): Timestamp returned = 171181666
12-10 11:36:36.153 V/MediaPlayer-JNI(22137): getCurrentPosition: 171182 (msec)
12-10 11:36:36.153 D/ProgressBar(22137): setProgress = 1711
12-10 11:36:36.153 D/ProgressBar(22137): setProgress = 1711, fromUser = false
12-10 11:36:36.153 D/ProgressBar(22137): mProgress = 1710mIndeterminate = false, mMin = 0, mMax = 2750
12-10 11:36:36.153 V/StagefrightPlayer( 311): getCurrentPosition
12-10 11:36:36.163 V/AudioSessionOutALSA( 311): Timestamp returned = 171203000
12-10 11:36:36.163 V/MediaPlayer-JNI(22137): getCurrentPosition: 171203 (msec)
12-10 11:36:36.253 V/StagefrightPlayer( 311): getCurrentPosition
12-10 11:36:36.263 V/AudioSessionOutALSA( 311): Timestamp returned = 171309666
12-10 11:36:36.263 V/MediaPlayer-JNI(22137): getCurrentPosition: 171310 (msec)
12-10 11:36:36.263 D/ProgressBar(22137): setProgress = 1713
12-10 11:36:36.263 D/ProgressBar(22137): setProgress = 1713, fromUser = false
12-10 11:36:36.263 D/ProgressBar(22137): mProgress = 1711mIndeterminate = false, mMin = 0, mMax = 2750
12-10 11:36:36.263 V/StagefrightPlayer( 311): getCurrentPosition
12-10 11:36:36.283 V/AudioSessionOutALSA( 311): Timestamp returned = 171320333
12-10 11:36:36.283 V/MediaPlayer-JNI(22137): getCurrentPosition: 171320 (msec)
12-10 11:36:36.343 V/AudioSessionOutALSA( 311): pfd[0].revents =1
12-10 11:36:36.343 V/AudioSessionOutALSA( 311): pfd[1].revents =0
12-10 11:36:36.343 V/AudioSessionOutALSA( 311): mAlsaHandle->handle = 0xb77af230
12-10 11:36:36.343 V/AudioSessionOutALSA( 311): After an event occurs
12-10 11:36:36.343 V/AudioSessionOutALSA( 311): mFilledQueue 3
12-10 11:36:36.343 V/AudioSessionOutALSA( 311): Reset mSkipwrite in eventthread entry
12-10 11:36:36.343 V/AudioSessionOutALSA( 311): isBufferAvailable: received a signal to wake up
12-10 11:36:36.343 V/AudioSessionOutALSA( 311): write Empty Queue size() = 1, Filled Queue size() = 3 mReached EOS 0, mEosEventReceived 0 bytes 262080
12-10 11:36:36.343 V/AudioSessionOutALSA( 311): not skipping buffer in write since mSkipWrite = 0, mEmptyQueuesize 1, skip flag -166066003
12-10 11:36:36.343 D/AudioSessionOutALSA( 311): bytes = 262080 , mAlsaHandle->handle->period_size = 262144
12-10 11:36:36.343 D/AudioSessionOutALSA( 311): Copy Metadata = 64, bytes = 262080
12-10 11:36:36.343 V/AudioSessionOutALSA( 311): PCM write before memcpy start
12-10 11:36:36.343 V/AudioSessionOutALSA( 311): PCM write start
12-10 11:36:36.343 V/AudioSessionOutALSA( 311): PCM write complete
12-10 11:36:36.343 D/TunnelPlayer( 311): Fillbuffer after write and seek flag 0
12-10 11:36:36.343 D/TunnelPlayer( 311): FillBuffer: MemBuffer size 262080
12-10 11:36:36.363 V/StagefrightPlayer( 311): getCurrentPosition
12-10 11:36:36.383 V/AudioSessionOutALSA( 311): Timestamp returned = 171427000
12-10 11:36:36.413 D/TunnelPlayer( 311): FillBuffer completed bytesToWrite 262080
12-10 11:36:36.413 V/AudioSessionOutALSA( 311): acquiring mDecoderLock in isBufferAvailable()
12-10 11:36:36.413 V/AudioSessionOutALSA( 311): isBufferAvailable Empty Queue size() = 0, Filled Queue size() = 4
