12-10 11:33:44.923 W/AudioPolicyManagerBase( 311): stream type [13], return media strategy
12-10 11:33:44.923 W/AudioPolicyManagerBase( 311): stream type [13], return media strategy
12-10 11:33:44.923 W/AudioPolicyManagerBase( 311): stream type [13], return media strategy
12-10 11:33:44.923 W/AudioPolicyManagerBase( 311): stream type [13], return media strategy
12-10 11:33:44.923 W/AudioPolicyManagerBase( 311): stream type [13], return media strategy
12-10 11:33:44.923 W/AudioPolicyManagerBase( 311): stream type [13], return media strategy
12-10 11:33:44.923 W/AudioPolicyManagerBase( 311): stream type [13], return media strategy
12-10 11:33:44.923 V/AudioPolicyManagerBase( 311): getNewDevice() selected device 8
12-10 11:33:44.923 V/AudioPolicyManagerBase( 311): getOutput() returns new direct output 3013
12-10 11:33:44.923 E/AudioFlinger( 311): setting observer mOutputDesc track 0xb8578a80, obv 0xb8578a90
12-10 11:33:44.923 V/AudioSessionOutALSA( 311): Registering the callback
12-10 11:33:44.923 V/AudioSink( 311): setVolume
12-10 11:33:44.923 V/AudioSessionOutALSA( 311): Setting stream volume to 21430599 (available range is 0 to 0x2000)
12-10 11:33:44.923 D/AudioSessionOutALSA( 311): setCompressedVolume(21430599)
12-10 11:33:44.923 D/AudioSessionOutALSA( 311): Setting Compressed volume to 21430599 (available range is 0 to 100)
12-10 11:33:44.923 W/ServiceManager( 311): Permission failure: android.permission.MODIFY_AUDIO_SETTINGS from uid=10015 pid=22137
12-10 11:33:44.923 E/ ( 311): Request requires android.permission.MODIFY_AUDIO_SETTINGS
12-10 11:33:44.923 E/AudioFlinger( 311): setParameters Permission denied!
12-10 11:33:44.923 V/AudioSink( 311): start
12-10 11:33:44.923 V/AudioSessionOutALSA( 311): Setting stream volume to 21430599 (available range is 0 to 0x2000)
12-10 11:33:44.923 D/AudioSessionOutALSA( 311): setCompressedVolume(21430599)
12-10 11:33:44.923 D/AudioSessionOutALSA( 311): Setting Compressed volume to 21430599 (available range is 0 to 100)
12-10 11:33:44.923 V/AudioPolicyManagerBase( 311): startOutput() output 3013, stream 3, session 0
12-10 11:33:44.923 V/AudioPolicyManagerBase( 311): changeRefCount() stream 3, count 1
12-10 11:33:44.923 W/AudioPolicyManagerBase( 311): stream type [13], return media strategy
12-10 11:33:44.923 W/AudioPolicyManagerBase( 311): stream type [13], return media strategy
12-10 11:33:44.923 W/AudioPolicyManagerBase( 311): stream type [13], return media strategy
12-10 11:33:44.923 W/AudioPolicyManagerBase( 311): stream type [13], return media strategy
12-10 11:33:44.923 W/AudioPolicyManagerBase( 311): stream type [13], return media strategy
12-10 11:33:44.923 W/AudioPolicyManagerBase( 311): stream type [13], return media strategy
12-10 11:33:44.923 V/AudioPolicyManagerBase( 311): getNewDevice() selected device 8
12-10 11:33:44.923 V/AudioPolicyManagerBase( 311): setOutputDevice() output 3013 device 0008 force 0 delayMs 0
12-10 11:33:44.923 V/AudioPolicyManagerBase( 311): setOutputDevice() prevDevice 0008
12-10 11:33:44.923 V/AudioPolicyManagerBase( 311): setOutputDevice() setting same device 0008 or null device for output 3013
12-10 11:33:44.923 V/AudioPolicyManagerBase( 311): checkOutputForStrategy(000a,0008,3)
12-10 11:33:44.923 V/AudioPolicyManagerBase( 311): getOutputsForDevice device 000a -> 000a
12-10 11:33:44.923 V/AudioPolicyManagerBase( 311): getOutputsForDevice device 0008 -> 0008
12-10 11:33:44.923 D/TunnelPlayer( 311): FillBuffer: MemBuffer size 262080
12-10 11:33:44.943 D/TunnelPlayer( 311): FillBuffer completed bytesToWrite 262080
12-10 11:33:44.943 V/AudioSessionOutALSA( 311): acquiring mDecoderLock in isBufferAvailable()
12-10 11:33:44.943 V/AudioSessionOutALSA( 311): isBufferAvailable Empty Queue size() = 4, Filled Queue size() = 0
12-10 11:33:44.943 V/AudioSessionOutALSA( 311): write Empty Queue size() = 4, Filled Queue size() = 0 mReached EOS 0, mEosEventReceived 0 bytes 262080
12-10 11:33:44.943 V/AudioSessionOutALSA( 311): not skipping buffer in write since mSkipWrite = 0, mEmptyQueuesize 4, skip flag -166066003
12-10 11:33:44.943 D/AudioSessionOutALSA( 311): bytes = 262080 , mAlsaHandle->handle->period_size = 262144
12-10 11:33:44.943 D/AudioSessionOutALSA( 311): Copy Metadata = 64, bytes = 262080
12-10 11:33:44.943 V/AudioSessionOutALSA( 311): PCM write before memcpy start
12-10 11:33:44.943 V/AudioSessionOutALSA( 311): PCM write start
12-10 11:33:44.943 D/alsa_pcm( 311): start
12-10 11:33:44.943 V/AudioSessionOutALSA( 311): PCM write complete
12-10 11:33:44.943 D/TunnelPlayer( 311): Fillbuffer after write and seek flag 0
12-10 11:33:44.943 D/TunnelPlayer( 311): FillBuffer: MemBuffer size 262080
12-10 11:33:44.953 D/TunnelPlayer( 311): FillBuffer completed bytesToWrite 262080
12-10 11:33:44.953 V/AudioSessionOutALSA( 311): acquiring mDecoderLock in isBufferAvailable()
12-10 11:33:44.953 V/AudioSessionOutALSA( 311): isBufferAvailable Empty Queue size() = 3, Filled Queue size() = 1
12-10 11:33:44.953 V/AudioSessionOutALSA( 311): write Empty Queue size() = 3, Filled Queue size() = 1 mReached EOS 0, mEosEventReceived 0 bytes 262080
12-10 11:33:44.953 V/AudioSessionOutALSA( 311): not skipping buffer in write since mSkipWrite = 0, mEmptyQueuesize 3, skip flag -166066003
12-10 11:33:44.953 D/AudioSessionOutALSA( 311): bytes = 262080 , mAlsaHandle->handle->period_size = 262144
12-10 11:33:44.953 D/AudioSessionOutALSA( 311): Copy Metadata = 64, bytes = 262080
12-10 11:33:44.953 V/AudioSessionOutALSA( 311): PCM write before memcpy start
12-10 11:33:44.953 V/AudioSessionOutALSA( 311): PCM write start
12-10 11:33:44.953 V/AudioSessionOutALSA( 311): PCM write complete
12-10 11:33:44.953 D/TunnelPlayer( 311): Fillbuffer after write and seek flag 0
12-10 11:33:44.953 D/TunnelPlayer( 311): FillBuffer: MemBuffer size 262080
12-10 11:33:44.963 D/TunnelPlayer( 311): FillBuffer completed bytesToWrite 262080
12-10 11:33:44.963 V/AudioSessionOutALSA( 311): acquiring mDecoderLock in isBufferAvailable()
12-10 11:33:44.963 V/AudioSessionOutALSA( 311): isBufferAvailable Empty Queue size() = 2, Filled Queue size() = 2
12-10 11:33:44.963 V/AudioSessionOutALSA( 311): write Empty Queue size() = 2, Filled Queue size() = 2 mReached EOS 0, mEosEventReceived 0 bytes 262080
12-10 11:33:44.963 V/AudioSessionOutALSA( 311): not skipping buffer in write since mSkipWrite = 0, mEmptyQueuesize 2, skip flag -166066003
12-10 11:33:44.963 D/AudioSessionOutALSA( 311): bytes = 262080 , mAlsaHandle->handle->period_size = 262144
12-10 11:33:44.963 D/AudioSessionOutALSA( 311): Copy Metadata = 64, bytes = 262080
12-10 11:33:44.963 V/AudioSessionOutALSA( 311): PCM write before memcpy start
12-10 11:33:44.963 V/AudioSessionOutALSA( 311): PCM write start
12-10 11:33:44.963 V/AudioSessionOutALSA( 311): PCM write complete
12-10 11:33:44.963 D/TunnelPlayer( 311): Fillbuffer after write and seek flag 0
12-10 11:33:44.963 D/TunnelPlayer( 311): FillBuffer: MemBuffer size 262080
12-10 11:33:44.973 D/TunnelPlayer( 311): FillBuffer completed bytesToWrite 262080
12-10 11:33:44.973 V/AudioSessionOutALSA( 311): acquiring mDecoderLock in isBufferAvailable()
12-10 11:33:44.973 V/AudioSessionOutALSA( 311): isBufferAvailable Empty Queue size() = 1, Filled Queue size() = 3
12-10 11:33:44.973 V/AudioSessionOutALSA( 311): write Empty Queue size() = 1, Filled Queue size() = 3 mReached EOS 0, mEosEventReceived 0 bytes 262080
12-10 11:33:44.973 V/AudioSessionOutALSA( 311): not skipping buffer in write since mSkipWrite = 0, mEmptyQueuesize 1, skip flag -166066003
12-10 11:33:44.973 D/AudioSessionOutALSA( 311): bytes = 262080 , mAlsaHandle->handle->period_size = 262144
12-10 11:33:44.973 D/AudioSessionOutALSA( 311): Copy Metadata = 64, bytes = 262080
12-10 11:33:44.973 V/AudioSessionOutALSA( 311): PCM write before memcpy start
12-10 11:33:44.973 V/AudioSessionOutALSA( 311): PCM write start
12-10 11:33:44.973 V/AudioSessionOutALSA( 311): PCM write complete
12-10 11:33:44.973 D/TunnelPlayer( 311): Fillbuffer after write and seek flag 0
12-10 11:33:44.973 D/TunnelPlayer( 311): FillBuffer: MemBuffer size 262080
12-10 11:33:44.983 D/TunnelPlayer( 311): FillBuffer completed bytesToWrite 262080
12-10 11:33:44.983 V/AudioSessionOutALSA( 311): acquiring mDecoderLock in isBufferAvailable()
12-10 11:33:44.983 V/AudioSessionOutALSA( 311): isBufferAvailable Empty Queue size() = 0, Filled Queue size() = 4
12-10 11:33:44.983 V/AudioSessionOutALSA( 311): Write: waiting on mWriteCv
12-10 11:33:44.983 V/AwesomePlayer( 311): addBatteryData
12-10 11:33:44.983 V/StagefrightPlayer( 311): getCurrentPosition
12-10 11:33:44.993 V/AudioSessionOutALSA( 311): Timestamp returned = 35000
12-10 11:33:44.993 V/MediaPlayer-JNI(22137): getCurrentPosition: 35 (msec)
12-10 11:33:45.013 E/BluetoothAVRCP( 1681): No Title present in intent
12-10 11:33:45.013 E/BluetoothAVRCP( 1681): Playstate hasnt changed yet : 1
12-10 11:33:45.013 D/BluetoothAVRCP( 1681): updateMetaData
12-10 11:33:45.013 D/BluetoothAVRCP - KEY( 1681): track_count_int_key
12-10 11:33:45.013 D/BluetoothAVRCP - KEY( 1681): com.amazon.mp3.playstate_reason
12-10 11:33:45.013 D/BluetoothAVRCP - KEY( 1681): com.amazon.mp3.previous_playstate
12-10 11:33:45.013 D/BluetoothAVRCP - KEY( 1681): com.amazon.mp3.playstate
12-10 11:33:45.013 D/BluetoothAVRCP - KEY( 1681): repeat_state_key
12-10 11:33:45.013 D/BluetoothAVRCP - KEY( 1681): com.amazon.mp3.id
12-10 11:33:45.013 D/BluetoothAVRCP - KEY( 1681): shuffle_enabled_key
12-10 11:33:45.013 D/BluetoothAVRCP - KEY( 1681): track_position_int_key
12-10 11:33:45.013 W/BluetoothAVRCP( 1681): updateMetaData: title is null
12-10 11:33:45.023 D/STATUSBAR-StatusBarManagerService( 722): sendNotification(2) - 1337
12-10 11:33:45.033 D/ContexualWidgetMonitor( 722): action =com.android.server.NotificationManagerService.NotificationArrived
12-10 11:33:45.033 D/ContexualWidgetMonitor( 722): pkg =null
12-10 11:33:45.033 D/ContexualWidgetMonitor( 722): mCheckMissedEvent =false
12-10 11:33:45.033 D/CMASMessage( 722): received MISSED_EVENT intent !!
12-10 11:33:45.043 V/StagefrightPlayer( 311): getCurrentPosition
12-10 11:33:45.053 V/AudioSessionOutALSA( 311): Timestamp returned = 99000
12-10 11:33:45.053 V/MediaPlayer-JNI(22137): getCurrentPosition: 99 (msec)
12-10 11:33:45.053 D/ProgressBar(22137): setProgress = 0
12-10 11:33:45.053 D/ProgressBar(22137): setProgress = 0, fromUser = false
12-10 11:33:45.053 D/ProgressBar(22137): mProgress = 0mIndeterminate = false, mMin = 0, mMax = 2750
12-10 11:33:45.053 D/STATUSBAR-StatusBarManagerService( 722): sendNotification(2) - 1337
12-10 11:33:45.063 D/ContexualWidgetMonitor( 722): action =com.android.server.NotificationManagerService.NotificationArrived
12-10 11:33:45.063 D/ContexualWidgetMonitor( 722): pkg =null
12-10 11:33:45.063 D/ContexualWidgetMonitor( 722): mCheckMissedEvent =false
12-10 11:33:45.063 D/CMASMessage( 722): received MISSED_EVENT intent !!
12-10 11:33:45.073 E/MP-Decision( 1904): Action to bring core 1 online
12-10 11:33:45.073 V/StagefrightPlayer( 311): getCurrentPosition
12-10 11:33:45.083 V/AudioSessionOutALSA( 311): Timestamp returned = 131000
12-10 11:33:45.083 V/MediaPlayer-JNI(22137): getCurrentPosition: 131 (msec)
12-10 11:33:45.093 V/StagefrightPlayer( 311): getCurrentPosition
12-10 11:33:45.103 V/AudioSessionOutALSA( 311): Timestamp returned = 141666
12-10 11:33:45.103 V/MediaPlayer-JNI(22137): getCurrentPosition: 142 (msec)
12-10 11:33:45.103 D/ProgressBar(22137): setProgress = 1
12-10 11:33:45.103 D/ProgressBar(22137): setProgress = 1, fromUser = false
12-10 11:33:45.103 D/ProgressBar(22137): mProgress = 0mIndeterminate = false, mMin = 0, mMax = 2750
12-10 11:33:45.103 V/StagefrightPlayer( 311): getCurrentPosition
12-10 11:33:45.123 V/AudioSessionOutALSA( 311): Timestamp returned = 152333
12-10 11:33:45.123 E/MP-Decision( 1904): Action to bring core 2 online
12-10 11:33:45.123 V/MediaPlayer-JNI(22137): getCurrentPosition: 152 (msec)
12-10 11:33:45.203 V/StagefrightPlayer( 311): getCurrentPosition
12-10 11:33:45.213 V/AudioSessionOutALSA( 311): Timestamp returned = 259000
12-10 11:33:45.213 V/MediaPlayer-JNI(22137): getCurrentPosition: 259 (msec)
12-10 11:33:45.213 D/ProgressBar(22137): setProgress = 2
12-10 11:33:45.213 D/ProgressBar(22137): setProgress = 2, fromUser = false
12-10 11:33:45.213 D/ProgressBar(22137): mProgress = 1mIndeterminate = false, mMin = 0, mMax = 2750
12-10 11:33:45.213 V/StagefrightPlayer( 311): getCurrentPosition
12-10 11:33:45.223 V/AudioSessionOutALSA( 311): Timestamp returned = 269666
12-10 11:33:45.223 V/MediaPlayer-JNI(22137): getCurrentPosition: 270 (msec)
12-10 11:33:45.313 V/StagefrightPlayer( 311): getCurrentPosition
12-10 11:33:45.323 E/MP-Decision( 1904): Action to bring core 2 offline
12-10 11:33:45.323 E/MP-Decision( 1904): Action to bring core 1 offline
12-10 11:33:45.323 V/AudioSessionOutALSA( 311): Timestamp returned = 365666
12-10 11:33:45.323 V/MediaPlayer-JNI(22137): getCurrentPosition: 366 (msec)
12-10 11:33:45.323 D/ProgressBar(22137): setProgress = 3
12-10 11:33:45.323 D/ProgressBar(22137): setProgress = 3, fromUser = false
12-10 11:33:45.323 D/ProgressBar(22137): mProgress = 2mIndeterminate = false, mMin = 0, mMax = 2750
12-10 11:33:45.323 V/StagefrightPlayer( 311): getCurrentPosition
12-10 11:33:45.333 V/AudioSessionOutALSA( 311): Timestamp returned = 376333
12-10 11:33:45.333 V/MediaPlayer-JNI(22137): getCurrentPosition: 376 (msec)
12-10 11:33:45.373 V/AudioHardwareALSA( 311): releaseAudioSessionWakelock() release_wake_lock(AudioSessionOutLock)
12-10 11:33:45.423 V/StagefrightPlayer( 311): getCurrentPosition
12-10 11:33:45.443 V/AudioSessionOutALSA( 311): Timestamp returned = 472333
12-10 11:33:45.443 V/MediaPlayer-JNI(22137): getCurrentPosition: 472 (msec)
12-10 11:33:45.443 D/ProgressBar(22137): setProgress = 4
12-10 11:33:45.443 D/ProgressBar(22137): setProgress = 4, fromUser = false
12-10 11:33:45.443 D/ProgressBar(22137): mProgress = 3mIndeterminate = false, mMin = 0, mMax = 2750
12-10 11:33:45.443 V/StagefrightPlayer( 311): getCurrentPosition
12-10 11:33:45.453 V/AudioSessionOutALSA( 311): Timestamp returned = 483000
12-10 11:33:45.453 V/MediaPlayer-JNI(22137): getCurrentPosition: 483 (msec)
12-10 11:33:45.543 V/StagefrightPlayer( 311): getCurrentPosition
12-10 11:33:45.553 V/AudioSessionOutALSA( 311): Timestamp returned = 600333
12-10 11:33:45.553 V/MediaPlayer-JNI(22137): getCurrentPosition: 600 (msec)
12-10 11:33:45.553 D/ProgressBar(22137): setProgress = 6
12-10 11:33:45.553 D/ProgressBar(22137): setProgress = 6, fromUser = false
12-10 11:33:45.553 D/ProgressBar(22137): mProgress = 4mIndeterminate = false, mMin = 0, mMax = 2750
12-10 11:33:45.553 V/StagefrightPlayer( 311): getCurrentPosition
12-10 11:33:45.563 V/AudioSessionOutALSA( 311): Timestamp returned = 611000
12-10 11:33:45.563 V/MediaPlayer-JNI(22137): getCurrentPosition: 611 (msec)
12-10 11:33:45.653 V/StagefrightPlayer( 311): getCurrentPosition
12-10 11:33:45.663 V/AudioSessionOutALSA( 311): Timestamp returned = 707000
12-10 11:33:45.663 V/MediaPlayer-JNI(22137): getCurrentPosition: 707 (msec)
12-10 11:33:45.663 D/ProgressBar(22137): setProgress = 7
12-10 11:33:45.663 D/ProgressBar(22137): setProgress = 7, fromUser = false
12-10 11:33:45.663 D/ProgressBar(22137): mProgress = 6mIndeterminate = false, mMin = 0, mMax = 2750
12-10 11:33:45.673 V/StagefrightPlayer( 311): getCurrentPosition
12-10 11:33:45.683 V/AudioSessionOutALSA( 311): Timestamp returned = 717666
12-10 11:33:45.683 V/MediaPlayer-JNI(22137): getCurrentPosition: 718 (msec)
12-10 11:33:45.763 W/System.err(22137): [DEBUG] GbaRequest - GbaRequest: Constructor Called 222 userAgent null
12-10 11:33:45.763 W/System.err(22137): [DEBUG] NafRequest - NafRequest: NafRequest constructor===useragent null
12-10 11:33:45.773 V/StagefrightPlayer( 311): getCurrentPosition
12-10 11:33:45.783 V/AudioSessionOutALSA( 311): Timestamp returned = 813666
12-10 11:33:45.783 V/MediaPlayer-JNI(22137): getCurrentPosition: 814 (msec)
12-10 11:33:45.783 D/ProgressBar(22137): setProgress = 8
12-10 11:33:45.783 D/ProgressBar(22137): setProgress = 8, fromUser = false
12-10 11:33:45.783 D/ProgressBar(22137): mProgress = 7mIndeterminate = false, mMin = 0, mMax = 2750
12-10 11:33:45.783 V/StagefrightPlayer( 311): getCurrentPosition
12-10 11:33:45.793 V/AudioSessionOutALSA( 311): Timestamp returned = 835000
12-10 11:33:45.793 V/MediaPlayer-JNI(22137): getCurrentPosition: 835 (msec)
12-10 11:33:45.883 V/StagefrightPlayer( 311): getCurrentPosition
12-10 11:33:45.893 V/AudioSessionOutALSA( 311): Timestamp returned = 931000
12-10 11:33:45.893 V/MediaPlayer-JNI(22137): getCurrentPosition: 931 (msec)
12-10 11:33:45.893 D/ProgressBar(22137): setProgress = 9
12-10 11:33:45.893 D/ProgressBar(22137): setProgress = 9, fromUser = false
12-10 11:33:45.893 D/ProgressBar(22137): mProgress = 8mIndeterminate = false, mMin = 0, mMax = 2750
12-10 11:33:45.893 V/StagefrightPlayer( 311): getCurrentPosition
12-10 11:33:45.913 V/AudioSessionOutALSA( 311): Timestamp returned = 941666
12-10 11:33:45.913 V/MediaPlayer-JNI(22137): getCurrentPosition: 942 (msec)
12-10 11:33:45.993 V/StagefrightPlayer( 311): getCurrentPosition
12-10 11:33:46.003 V/AudioSessionOutALSA( 311): Timestamp returned = 1037666
12-10 11:33:46.003 V/MediaPlayer-JNI(22137): getCurrentPosition: 1038 (msec)
12-10 11:33:46.003 V/StagefrightPlayer( 311): getCurrentPosition
12-10 11:33:46.013 V/AudioSessionOutALSA( 311): Timestamp returned = 1059000
12-10 11:33:46.013 V/MediaPlayer-JNI(22137): getCurrentPosition: 1059 (msec)
12-10 11:33:46.013 V/StagefrightPlayer( 311): getCurrentPosition
12-10 11:33:46.023 V/AudioSessionOutALSA( 311): Timestamp returned = 1069666
12-10 11:33:46.023 V/MediaPlayer-JNI(22137): getCurrentPosition: 1070 (msec)
12-10 11:33:46.023 D/ProgressBar(22137): setProgress = 10
12-10 11:33:46.023 D/ProgressBar(22137): setProgress = 10, fromUser = false
12-10 11:33:46.023 D/ProgressBar(22137): mProgress = 9mIndeterminate = false, mMin = 0, mMax = 2750
12-10 11:33:46.033 V/StagefrightPlayer( 311): getCurrentPosition
12-10 11:33:46.043 V/AudioSessionOutALSA( 311): Timestamp returned = 1080333
12-10 11:33:46.043 V/MediaPlayer-JNI(22137): getCurrentPosition: 1080 (msec)
12-10 11:33:46.133 V/StagefrightPlayer( 311): getCurrentPosition
12-10 11:33:46.143 V/AudioSessionOutALSA( 311): Timestamp returned = 1176333
12-10 11:33:46.153 V/MediaPlayer-JNI(22137): getCurrentPosition: 1176 (msec)
12-10 11:33:46.153 D/ProgressBar(22137): setProgress = 11
12-10 11:33:46.153 D/ProgressBar(22137): setProgress = 11, fromUser = false
12-10 11:33:46.153 D/ProgressBar(22137): mProgress = 10mIndeterminate = false, mMin = 0, mMax = 2750
12-10 11:33:46.153 V/StagefrightPlayer( 311): getCurrentPosition
12-10 11:33:46.173 V/AudioSessionOutALSA( 311): Timestamp returned = 1208333
12-10 11:33:46.173 V/MediaPlayer-JNI(22137): getCurrentPosition: 1208 (msec)
12-10 11:33:46.253 V/StagefrightPlayer( 311): getCurrentPosition
12-10 11:33:46.273 V/AudioSessionOutALSA( 311): Timestamp returned = 1304333
12-10 11:33:46.273 V/MediaPlayer-JNI(22137): getCurrentPosition: 1304 (msec)
12-10 11:33:46.273 D/ProgressBar(22137): setProgress = 13
12-10 11:33:46.273 D/ProgressBar(22137): setProgress = 13, fromUser = false
12-10 11:33:46.273 D/ProgressBar(22137): mProgress = 11mIndeterminate = false, mMin = 0, mMax = 2750
12-10 11:33:46.273 V/StagefrightPlayer( 311): getCurrentPosition
12-10 11:33:46.283 V/AudioSessionOutALSA( 311): Timestamp returned = 1325666
12-10 11:33:46.283 V/MediaPlayer-JNI(22137): getCurrentPosition: 1326 (msec)
12-10 11:33:46.373 V/StagefrightPlayer( 311): getCurrentPosition
12-10 11:33:46.383 V/AudioSessionOutALSA( 311): Timestamp returned = 1421666
12-10 11:33:46.383 V/MediaPlayer-JNI(22137): getCurrentPosition: 1422 (msec)
12-10 11:33:46.383 D/ProgressBar(22137): setProgress = 14
12-10 11:33:46.383 D/ProgressBar(22137): setProgress = 14, fromUser = false
12-10 11:33:46.383 D/ProgressBar(22137): mProgress = 13mIndeterminate = false, mMin = 0, mMax = 2750
12-10 11:33:46.383 V/StagefrightPlayer( 311): getCurrentPosition
12-10 11:33:46.403 V/AudioSessionOutALSA( 311): Timestamp returned = 1432333
12-10 11:33:46.403 V/MediaPlayer-JNI(22137): getCurrentPosition: 1432 (msec)
12-10 11:33:46.483 V/StagefrightPlayer( 311): getCurrentPosition
12-10 11:33:46.493 V/AudioSessionOutALSA( 311): Timestamp returned = 1539000
12-10 11:33:46.493 V/MediaPlayer-JNI(22137): getCurrentPosition: 1539 (msec)
12-10 11:33:46.493 D/ProgressBar(22137): setProgress = 15
12-10 11:33:46.493 D/ProgressBar(22137): setProgress = 15, fromUser = false
12-10 11:33:46.493 D/ProgressBar(22137): mProgress = 14mIndeterminate = false, mMin = 0, mMax = 2750
12-10 11:33:46.503 V/StagefrightPlayer( 311): getCurrentPosition
12-10 11:33:46.513 V/AudioSessionOutALSA( 311): Timestamp returned = 1560333
12-10 11:33:46.513 V/MediaPlayer-JNI(22137): getCurrentPosition: 1560 (msec)
12-10 11:33:46.603 V/StagefrightPlayer( 311): getCurrentPosition
12-10 11:33:46.613 V/AudioSessionOutALSA( 311): Timestamp returned = 1645666
12-10 11:33:46.613 V/MediaPlayer-JNI(22137): getCurrentPosition: 1646 (msec)
12-10 11:33:46.613 D/ProgressBar(22137): setProgress = 16
12-10 11:33:46.613 D/ProgressBar(22137): setProgress = 16, fromUser = false
12-10 11:33:46.613 D/ProgressBar(22137): mProgress = 15mIndeterminate = false, mMin = 0, mMax = 2750
12-10 11:33:46.633 V/StagefrightPlayer( 311): getCurrentPosition
12-10 11:33:46.643 V/AudioSessionOutALSA( 311): Timestamp returned = 1677666
12-10 11:33:46.643 V/MediaPlayer-JNI(22137): getCurrentPosition: 1678 (msec)
12-10 11:33:46.733 V/StagefrightPlayer( 311): getCurrentPosition
12-10 11:33:46.743 V/AudioSessionOutALSA( 311): Timestamp returned = 1773666
12-10 11:33:46.743 V/MediaPlayer-JNI(22137): getCurrentPosition: 1774 (msec)
12-10 11:33:46.743 D/ProgressBar(22137): setProgress = 17
12-10 11:33:46.743 D/ProgressBar(22137): setProgress = 17, fromUser = false
12-10 11:33:46.743 D/ProgressBar(22137): mProgress = 16mIndeterminate = false, mMin = 0, mMax = 2750
12-10 11:33:46.753 V/StagefrightPlayer( 311): getCurrentPosition
12-10 11:33:46.773 V/AudioSessionOutALSA( 311): Timestamp returned = 1805666
12-10 11:33:46.773 V/MediaPlayer-JNI(22137): getCurrentPosition: 1806 (msec)
12-10 11:33:46.853 V/StagefrightPlayer( 311): getCurrentPosition
12-10 11:33:46.863 V/AudioSessionOutALSA( 311): Timestamp returned = 1901666
12-10 11:33:46.863 V/MediaPlayer-JNI(22137): getCurrentPosition: 1902 (msec)
12-10 11:33:46.863 D/ProgressBar(22137): setProgress = 19
12-10 11:33:46.863 D/ProgressBar(22137): setProgress = 19, fromUser = false
12-10 11:33:46.863 D/ProgressBar(22137): mProgress = 17mIndeterminate = false, mMin = 0, mMax = 2750
12-10 11:33:46.883 V/StagefrightPlayer( 311): getCurrentPosition
12-10 11:33:46.893 V/AudioSessionOutALSA( 311): Timestamp returned = 1923000
12-10 11:33:46.893 V/MediaPlayer-JNI(22137): getCurrentPosition: 1923 (msec)
12-10 11:33:46.973 V/StagefrightPlayer( 311): getCurrentPosition
12-10 11:33:46.983 V/AudioSessionOutALSA( 311): Timestamp returned = 2029666
12-10 11:33:46.983 V/MediaPlayer-JNI(22137): getCurrentPosition: 2030 (msec)
12-10 11:33:46.983 D/ProgressBar(22137): setProgress = 20
12-10 11:33:46.983 D/ProgressBar(22137): setProgress = 20, fromUser = false
12-10 11:33:46.983 D/ProgressBar(22137): mProgress = 19mIndeterminate = false, mMin = 0, mMax = 2750
12-10 11:33:46.993 V/StagefrightPlayer( 311): getCurrentPosition
12-10 11:33:47.003 V/AudioSessionOutALSA( 311): Timestamp returned = 2051000
12-10 11:33:47.003 V/StagefrightPlayer( 311): getCurrentPosition
12-10 11:33:47.003 V/MediaPlayer-JNI(22137): getCurrentPosition: 2051 (msec)
12-10 11:33:47.013 V/AudioSessionOutALSA( 311): Timestamp returned = 2051000
12-10 11:33:47.013 V/MediaPlayer-JNI(22137): getCurrentPosition: 2051 (msec)
12-10 11:33:47.023 V/StagefrightPlayer( 311): getCurrentPosition
12-10 11:33:47.033 V/AudioSessionOutALSA( 311): Timestamp returned = 2072333
12-10 11:33:47.033 V/MediaPlayer-JNI(22137): getCurrentPosition: 2072 (msec)
12-10 11:33:47.103 V/StagefrightPlayer( 311): getCurrentPosition
12-10 11:33:47.113 V/AudioSessionOutALSA( 311): Timestamp returned = 2157666
12-10 11:33:47.113 V/MediaPlayer-JNI(22137): getCurrentPosition: 2158 (msec)
12-10 11:33:47.113 D/ProgressBar(22137): setProgress = 21
12-10 11:33:47.113 D/ProgressBar(22137): setProgress = 21, fromUser = false
12-10 11:33:47.113 D/ProgressBar(22137): mProgress = 20mIndeterminate = false, mMin = 0, mMax = 2750
12-10 11:33:47.163 V/StagefrightPlayer( 311): getCurrentPosition
12-10 11:33:47.173 V/AudioSessionOutALSA( 311): Timestamp returned = 2211000
12-10 11:33:47.173 V/MediaPlayer-JNI(22137): getCurrentPosition: 2211 (msec)
12-10 11:33:47.263 V/StagefrightPlayer( 311): getCurrentPosition
12-10 11:33:47.273 V/AudioSessionOutALSA( 311): Timestamp returned = 2317666
12-10 11:33:47.273 V/MediaPlayer-JNI(22137): getCurrentPosition: 2318 (msec)
12-10 11:33:47.273 D/ProgressBar(22137): setProgress = 23
12-10 11:33:47.273 D/ProgressBar(22137): setProgress = 23, fromUser = false
12-10 11:33:47.273 D/ProgressBar(22137): mProgress = 21mIndeterminate = false, mMin = 0, mMax = 2750
12-10 11:33:47.293 V/StagefrightPlayer( 311): getCurrentPosition
12-10 11:33:47.303 V/AudioSessionOutALSA( 311): Timestamp returned = 2349666
12-10 11:33:47.303 V/MediaPlayer-JNI(22137): getCurrentPosition: 2350 (msec)
12-10 11:33:47.393 V/StagefrightPlayer( 311): getCurrentPosition
12-10 11:33:47.403 V/AudioSessionOutALSA( 311): Timestamp returned = 2435000
12-10 11:33:47.403 V/MediaPlayer-JNI(22137): getCurrentPosition: 2435 (msec)
12-10 11:33:47.403 D/ProgressBar(22137): setProgress = 24
12-10 11:33:47.403 D/ProgressBar(22137): setProgress = 24, fromUser = false
12-10 11:33:47.403 D/ProgressBar(22137): mProgress = 23mIndeterminate = false, mMin = 0, mMax = 2750
12-10 11:33:47.403 V/StagefrightPlayer( 311): getCurrentPosition
12-10 11:33:47.413 V/AudioSessionOutALSA( 311): Timestamp returned = 2456333
12-10 11:33:47.413 V/MediaPlayer-JNI(22137): getCurrentPosition: 2456 (msec)
12-10 11:33:47.503 V/StagefrightPlayer( 311): getCurrentPosition
12-10 11:33:47.513 V/AudioSessionOutALSA( 311): Timestamp returned = 2552333
12-10 11:33:47.513 V/MediaPlayer-JNI(22137): getCurrentPosition: 2552 (msec)
12-10 11:33:47.513 D/ProgressBar(22137): setProgress = 25
12-10 11:33:47.513 D/ProgressBar(22137): setProgress = 25, fromUser = false
12-10 11:33:47.513 D/ProgressBar(22137): mProgress = 24mIndeterminate = false, mMin = 0, mMax = 2750
12-10 11:33:47.513 V/StagefrightPlayer( 311): getCurrentPosition
12-10 11:33:47.533 V/AudioSessionOutALSA( 311): Timestamp returned = 2563000
12-10 11:33:47.533 V/MediaPlayer-JNI(22137): getCurrentPosition: 2563 (msec)
12-10 11:33:47.623 V/StagefrightPlayer( 311): getCurrentPosition
12-10 11:33:47.633 V/AudioSessionOutALSA( 311): Timestamp returned = 2680333
12-10 11:33:47.633 V/MediaPlayer-JNI(22137): getCurrentPosition: 2680 (msec)
12-10 11:33:47.633 D/ProgressBar(22137): setProgress = 26
12-10 11:33:47.633 D/ProgressBar(22137): setProgress = 26, fromUser = false
12-10 11:33:47.633 D/ProgressBar(22137): mProgress = 25mIndeterminate = false, mMin = 0, mMax = 2750
12-10 11:33:47.633 V/StagefrightPlayer( 311): getCurrentPosition
12-10 11:33:47.653 V/AudioSessionOutALSA( 311): Timestamp returned = 2691000
12-10 11:33:47.653 V/MediaPlayer-JNI(22137): getCurrentPosition: 2691 (msec)
12-10 11:33:47.743 V/StagefrightPlayer( 311): getCurrentPosition
12-10 11:33:47.753 V/AudioSessionOutALSA( 311): Timestamp returned = 2797666
12-10 11:33:47.753 V/MediaPlayer-JNI(22137): getCurrentPosition: 2798 (msec)
12-10 11:33:47.753 D/ProgressBar(22137): setProgress = 27
12-10 11:33:47.753 D/ProgressBar(22137): setProgress = 27, fromUser = false
12-10 11:33:47.753 D/ProgressBar(22137): mProgress = 26mIndeterminate = false, mMin = 0, mMax = 2750
12-10 11:33:47.763 V/StagefrightPlayer( 311): getCurrentPosition
12-10 11:33:47.783 V/AudioSessionOutALSA( 311): Timestamp returned = 2808333
12-10 11:33:47.803 V/MediaPlayer-JNI(22137): getCurrentPosition: 2808 (msec)
12-10 11:33:47.873 V/StagefrightPlayer( 311): getCurrentPosition
12-10 11:33:47.883 V/AudioSessionOutALSA( 311): Timestamp returned = 2925666
12-10 11:33:47.883 V/MediaPlayer-JNI(22137): getCurrentPosition: 2926 (msec)
12-10 11:33:47.883 D/ProgressBar(22137): setProgress = 29
12-10 11:33:47.883 D/ProgressBar(22137): setProgress = 29, fromUser = false
12-10 11:33:47.883 D/ProgressBar(22137): mProgress = 27mIndeterminate = false, mMin = 0, mMax = 2750
12-10 11:33:47.913 V/StagefrightPlayer( 311): getCurrentPosition
12-10 11:33:47.933 V/AudioSessionOutALSA( 311): Timestamp returned = 2968333
12-10 11:33:47.933 V/MediaPlayer-JNI(22137): getCurrentPosition: 2968 (msec)
12-10 11:33:48.013 V/StagefrightPlayer( 311): getCurrentPosition
12-10 11:33:48.033 V/AudioSessionOutALSA( 311): Timestamp returned = 3064333
12-10 11:33:48.033 V/MediaPlayer-JNI(22137): getCurrentPosition: 3064 (msec)
12-10 11:33:48.033 V/StagefrightPlayer( 311): getCurrentPosition
12-10 11:33:48.043 V/AudioSessionOutALSA( 311): Timestamp returned = 3085666
12-10 11:33:48.043 V/MediaPlayer-JNI(22137): getCurrentPosition: 3086 (msec)
12-10 11:33:48.043 D/ProgressBar(22137): setProgress = 30
12-10 11:33:48.043 D/ProgressBar(22137): setProgress = 30, fromUser = false
12-10 11:33:48.043 D/ProgressBar(22137): mProgress = 29mIndeterminate = false, mMin = 0, mMax = 2750
12-10 11:33:48.073 V/StagefrightPlayer( 311): getCurrentPosition
12-10 11:33:48.083 V/AudioSessionOutALSA( 311): Timestamp returned = 3128333
12-10 11:33:48.083 V/MediaPlayer-JNI(22137): getCurrentPosition: 3128 (msec)
12-10 11:33:48.083 V/StagefrightPlayer( 311): getCurrentPosition
12-10 11:33:48.103 V/AudioSessionOutALSA( 311): Timestamp returned = 3139000
12-10 11:33:48.103 V/MediaPlayer-JNI(22137): getCurrentPosition: 3139 (msec)
12-10 11:33:48.173 V/StagefrightPlayer( 311): getCurrentPosition
12-10 11:33:48.193 V/AudioSessionOutALSA( 311): Timestamp returned = 3224333
12-10 11:33:48.193 V/MediaPlayer-JNI(22137): getCurrentPosition: 3224 (msec)
12-10 11:33:48.193 D/ProgressBar(22137): setProgress = 32
12-10 11:33:48.193 D/ProgressBar(22137): setProgress = 32, fromUser = false
12-10 11:33:48.193 D/ProgressBar(22137): mProgress = 30mIndeterminate = false, mMin = 0, mMax = 2750
12-10 11:33:48.223 V/StagefrightPlayer( 311): getCurrentPosition
12-10 11:33:48.233 V/AudioSessionOutALSA( 311): Timestamp returned = 3267000
12-10 11:33:48.233 V/MediaPlayer-JNI(22137): getCurrentPosition: 3267 (msec)
12-10 11:33:48.323 V/StagefrightPlayer( 311): getCurrentPosition
12-10 11:33:48.333 V/AudioSessionOutALSA( 311): Timestamp returned = 3363000
12-10 11:33:48.333 V/MediaPlayer-JNI(22137): getCurrentPosition: 3363 (msec)
12-10 11:33:48.333 D/ProgressBar(22137): setProgress = 33
12-10 11:33:48.333 D/ProgressBar(22137): setProgress = 33, fromUser = false
12-10 11:33:48.333 D/ProgressBar(22137): mProgress = 32mIndeterminate = false, mMin = 0, mMax = 2750
12-10 11:33:48.343 V/StagefrightPlayer( 311): getCurrentPosition
12-10 11:33:48.353 V/AudioSessionOutALSA( 311): Timestamp returned = 3384333
12-10 11:33:48.363 V/MediaPlayer-JNI(22137): getCurrentPosition: 3384 (msec)
12-10 11:33:48.443 V/StagefrightPlayer( 311): getCurrentPosition
12-10 11:33:48.453 V/AudioSessionOutALSA( 311): Timestamp returned = 3491000
12-10 11:33:48.453 V/MediaPlayer-JNI(22137): getCurrentPosition: 3491 (msec)
12-10 11:33:48.453 D/ProgressBar(22137): setProgress = 34
12-10 11:33:48.453 D/ProgressBar(22137): setProgress = 34, fromUser = false
12-10 11:33:48.453 D/ProgressBar(22137): mProgress = 33mIndeterminate = false, mMin = 0, mMax = 2750
12-10 11:33:48.463 V/StagefrightPlayer( 311): getCurrentPosition
12-10 11:33:48.473 V/AudioSessionOutALSA( 311): Timestamp returned = 3501666
12-10 11:33:48.473 V/MediaPlayer-JNI(22137): getCurrentPosition: 3502 (msec)
12-10 11:33:48.553 D/MobileDataStateTracker( 722): default: setPolicyDataEnable(enabled=true)
12-10 11:33:48.563 V/StagefrightPlayer( 311): getCurrentPosition
12-10 11:33:48.573 V/AudioSessionOutALSA( 311): Timestamp returned = 3608333
12-10 11:33:48.573 V/MediaPlayer-JNI(22137): getCurrentPosition: 3608 (msec)
12-10 11:33:48.573 D/ProgressBar(22137): setProgress = 36
12-10 11:33:48.573 D/ProgressBar(22137): setProgress = 36, fromUser = false
12-10 11:33:48.573 D/ProgressBar(22137): mProgress = 34mIndeterminate = false, mMin = 0, mMax = 2750
12-10 11:33:48.593 V/StagefrightPlayer( 311): getCurrentPosition
12-10 11:33:48.613 V/AudioSessionOutALSA( 311): Timestamp returned = 3651000
12-10 11:33:48.613 V/MediaPlayer-JNI(22137): getCurrentPosition: 3651 (msec)
12-10 11:33:48.693 V/StagefrightPlayer( 311): getCurrentPosition
12-10 11:33:48.703 V/AudioSessionOutALSA( 311): Timestamp returned = 3747000
12-10 11:33:48.703 V/MediaPlayer-JNI(22137): getCurrentPosition: 3747 (msec)
12-10 11:33:48.713 D/ProgressBar(22137): setProgress = 37
12-10 11:33:48.713 D/ProgressBar(22137): setProgress = 37, fromUser = false
12-10 11:33:48.713 D/ProgressBar(22137): mProgress = 36mIndeterminate = false, mMin = 0, mMax = 2750
12-10 11:33:48.713 V/StagefrightPlayer( 311): getCurrentPosition
12-10 11:33:48.723 V/AudioSessionOutALSA( 311): Timestamp returned = 3757666
12-10 11:33:48.723 V/MediaPlayer-JNI(22137): getCurrentPosition: 3758 (msec)
12-10 11:33:48.813 V/StagefrightPlayer( 311): getCurrentPosition
12-10 11:33:48.823 V/AudioSessionOutALSA( 311): Timestamp returned = 3853666
12-10 11:33:48.823 V/MediaPlayer-JNI(22137): getCurrentPosition: 3854 (msec)
12-10 11:33:48.823 D/ProgressBar(22137): setProgress = 38
12-10 11:33:48.823 D/ProgressBar(22137): setProgress = 38, fromUser = false
12-10 11:33:48.823 D/ProgressBar(22137): mProgress = 37mIndeterminate = false, mMin = 0, mMax = 2750
12-10 11:33:48.823 V/StagefrightPlayer( 311): getCurrentPosition
12-10 11:33:48.833 V/AudioSessionOutALSA( 311): Timestamp returned = 3875000
12-10 11:33:48.833 V/MediaPlayer-JNI(22137): getCurrentPosition: 3875 (msec)
12-10 11:33:48.923 V/StagefrightPlayer( 311): getCurrentPosition
12-10 11:33:48.933 V/AudioSessionOutALSA( 311): Timestamp returned = 3971000
12-10 11:33:48.933 V/MediaPlayer-JNI(22137): getCurrentPosition: 3971 (msec)
12-10 11:33:48.933 D/ProgressBar(22137): setProgress = 39
12-10 11:33:48.933 D/ProgressBar(22137): setProgress = 39, fromUser = false
12-10 11:33:48.933 D/ProgressBar(22137): mProgress = 38mIndeterminate = false, mMin = 0, mMax = 2750
12-10 11:33:48.933 V/StagefrightPlayer( 311): getCurrentPosition
12-10 11:33:48.943 V/AudioSessionOutALSA( 311): Timestamp returned = 3981666
12-10 11:33:48.943 V/MediaPlayer-JNI(22137): getCurrentPosition: 3982 (msec)
12-10 11:33:49.013 E/Watchdog( 722): !@Sync 14672
12-10 11:33:49.033 V/StagefrightPlayer( 311): getCurrentPosition
12-10 11:33:49.043 V/AudioSessionOutALSA( 311): Timestamp returned = 4088333
12-10 11:33:49.043 V/MediaPlayer-JNI(22137): getCurrentPosition: 4088 (msec)
12-10 11:33:49.043 D/ProgressBar(22137): setProgress = 40
12-10 11:33:49.043 D/ProgressBar(22137): setProgress = 40, fromUser = false
12-10 11:33:49.043 D/ProgressBar(22137): mProgress = 39mIndeterminate = false, mMin = 0, mMax = 2750
12-10 11:33:49.043 V/StagefrightPlayer( 311): getCurrentPosition
12-10 11:33:49.053 V/AudioSessionOutALSA( 311): Timestamp returned = 4099000
12-10 11:33:49.053 V/MediaPlayer-JNI(22137): getCurrentPosition: 4099 (msec)
12-10 11:33:49.053 V/StagefrightPlayer( 311): getCurrentPosition
12-10 11:33:49.063 V/AudioSessionOutALSA( 311): Timestamp returned = 4109666
12-10 11:33:49.063 V/MediaPlayer-JNI(22137): getCurrentPosition: 4110 (msec)
12-10 11:33:49.083 V/StagefrightPlayer( 311): getCurrentPosition
12-10 11:33:49.093 V/AudioSessionOutALSA( 311): Timestamp returned = 4131000
12-10 11:33:49.093 V/MediaPlayer-JNI(22137): getCurrentPosition: 4131 (msec)
12-10 11:33:49.143 V/StagefrightPlayer( 311): getCurrentPosition
12-10 11:33:49.153 V/AudioSessionOutALSA( 311): Timestamp returned = 4195000
12-10 11:33:49.153 V/MediaPlayer-JNI(22137): getCurrentPosition: 4195 (msec)
12-10 11:33:49.153 D/ProgressBar(22137): setProgress = 41
12-10 11:33:49.153 D/ProgressBar(22137): setProgress = 41, fromUser = false
12-10 11:33:49.153 D/ProgressBar(22137): mProgress = 40mIndeterminate = false, mMin = 0, mMax = 2750
12-10 11:33:49.153 V/StagefrightPlayer( 311): getCurrentPosition
12-10 11:33:49.173 V/AudioSessionOutALSA( 311): Timestamp returned = 4205666
12-10 11:33:49.173 V/MediaPlayer-JNI(22137): getCurrentPosition: 4206 (msec)
12-10 11:33:49.263 V/StagefrightPlayer( 311): getCurrentPosition
12-10 11:33:49.263 V/AlarmManager( 722): waitForAlarm result :4
12-10 11:33:49.273 V/AudioSessionOutALSA( 311): Timestamp returned = 4312333
12-10 11:33:49.273 V/MediaPlayer-JNI(22137): getCurrentPosition: 4312 (msec)
12-10 11:33:49.273 D/ProgressBar(22137): setProgress = 43
12-10 11:33:49.273 D/ProgressBar(22137): setProgress = 43, fromUser = false
12-10 11:33:49.273 D/ProgressBar(22137): mProgress = 41mIndeterminate = false, mMin = 0, mMax = 2750
12-10 11:33:49.273 V/AlarmManager( 722): trigger ELAPSED_REALTIME_WAKEUP or RTC_WAKEUP
12-10 11:33:49.293 V/StagefrightPlayer( 311): getCurrentPosition
12-10 11:33:49.303 V/AudioSessionOutALSA( 311): Timestamp returned = 4333666
12-10 11:33:49.303 V/MediaPlayer-JNI(22137): getCurrentPosition: 4334 (msec)
12-10 11:33:49.393 V/StagefrightPlayer( 311): getCurrentPosition
12-10 11:33:49.403 V/AudioSessionOutALSA( 311): Timestamp returned = 4451000
12-10 11:33:49.403 V/MediaPlayer-JNI(22137): getCurrentPosition: 4451 (msec)
12-10 11:33:49.403 D/ProgressBar(22137): setProgress = 44
12-10 11:33:49.403 D/ProgressBar(22137): setProgress = 44, fromUser = false
12-10 11:33:49.403 D/ProgressBar(22137): mProgress = 43mIndeterminate = false, mMin = 0, mMax = 2750
12-10 11:33:49.433 V/StagefrightPlayer( 311): getCurrentPosition
12-10 11:33:49.443 V/AudioSessionOutALSA( 311): Timestamp returned = 4483000
12-10 11:33:49.443 V/MediaPlayer-JNI(22137): getCurrentPosition: 4483 (msec)
12-10 11:33:49.493 E/SPPClientService( 3465): [PushClientService] onStartCommand. F:false, D:false, E:false, T:false, S:false, R:false
12-10 11:33:49.533 V/StagefrightPlayer( 311): getCurrentPosition
12-10 11:33:49.543 V/AudioSessionOutALSA( 311): Timestamp returned = 4589666
12-10 11:33:49.543 V/MediaPlayer-JNI(22137): getCurrentPosition: 4590 (msec)
12-10 11:33:49.543 D/ProgressBar(22137): setProgress = 45
12-10 11:33:49.543 D/ProgressBar(22137): setProgress = 45, fromUser = false
12-10 11:33:49.543 D/ProgressBar(22137): mProgress = 44mIndeterminate = false, mMin = 0, mMax = 2750
12-10 11:33:49.543 V/StagefrightPlayer( 311): getCurrentPosition
12-10 11:33:49.563 V/AudioSessionOutALSA( 311): Timestamp returned = 4600333
12-10 11:33:49.573 V/MediaPlayer-JNI(22137): getCurrentPosition: 4600 (msec)
12-10 11:33:49.643 V/StagefrightPlayer( 311): getCurrentPosition
12-10 11:33:49.663 V/AudioSessionOutALSA( 311): Timestamp returned = 4696333
12-10 11:33:49.663 V/MediaPlayer-JNI(22137): getCurrentPosition: 4696 (msec)
12-10 11:33:49.663 D/ProgressBar(22137): setProgress = 46
12-10 11:33:49.663 D/ProgressBar(22137): setProgress = 46, fromUser = false
12-10 11:33:49.663 D/ProgressBar(22137): mProgress = 45mIndeterminate = false, mMin = 0, mMax = 2750
12-10 11:33:49.663 V/StagefrightPlayer( 311): getCurrentPosition
12-10 11:33:49.673 V/AudioSessionOutALSA( 311): Timestamp returned = 4717666
12-10 11:33:49.673 V/MediaPlayer-JNI(22137): getCurrentPosition: 4718 (msec)
12-10 11:33:49.763 V/StagefrightPlayer( 311): getCurrentPosition
12-10 11:33:49.773 V/AudioSessionOutALSA( 311): Timestamp returned = 4813666
12-10 11:33:49.773 V/MediaPlayer-JNI(22137): getCurrentPosition: 4814 (msec)
12-10 11:33:49.773 D/ProgressBar(22137): setProgress = 48
12-10 11:33:49.773 D/ProgressBar(22137): setProgress = 48, fromUser = false
12-10 11:33:49.773 D/ProgressBar(22137): mProgress = 46mIndeterminate = false, mMin = 0, mMax = 2750
12-10 11:33:49.773 V/StagefrightPlayer( 311): getCurrentPosition
12-10 11:33:49.793 V/AudioSessionOutALSA( 311): Timestamp returned = 4824333
12-10 11:33:49.793 V/MediaPlayer-JNI(22137): getCurrentPosition: 4824 (msec)
12-10 11:33:49.873 V/StagefrightPlayer( 311): getCurrentPosition
12-10 11:33:49.883 V/AudioSessionOutALSA( 311): Timestamp returned = 4931000
12-10 11:33:49.883 V/MediaPlayer-JNI(22137): getCurrentPosition: 4931 (msec)
12-10 11:33:49.883 D/ProgressBar(22137): setProgress = 49
12-10 11:33:49.883 D/ProgressBar(22137): setProgress = 49, fromUser = false
12-10 11:33:49.883 D/ProgressBar(22137): mProgress = 48mIndeterminate = false, mMin = 0, mMax = 2750
12-10 11:33:49.893 V/StagefrightPlayer( 311): getCurrentPosition
12-10 11:33:49.903 V/AudioSessionOutALSA( 311): Timestamp returned = 4931000
12-10 11:33:49.903 V/MediaPlayer-JNI(22137): getCurrentPosition: 4931 (msec)
12-10 11:33:49.993 V/StagefrightPlayer( 311): getCurrentPosition
12-10 11:33:50.003 V/AudioSessionOutALSA( 311): Timestamp returned = 5037666
12-10 11:33:50.003 V/MediaPlayer-JNI(22137): getCurrentPosition: 5038 (msec)
12-10 11:33:50.003 D/ProgressBar(22137): setProgress = 50
12-10 11:33:50.003 D/ProgressBar(22137): setProgress = 50, fromUser = false
12-10 11:33:50.003 D/ProgressBar(22137): mProgress = 49mIndeterminate = false, mMin = 0, mMax = 2750
12-10 11:33:50.003 V/StagefrightPlayer( 311): getCurrentPosition
12-10 11:33:50.013 V/AudioSessionOutALSA( 311): Timestamp returned = 5059000
12-10 11:33:50.023 V/MediaPlayer-JNI(22137): getCurrentPosition: 5059 (msec)
12-10 11:33:50.053 V/StagefrightPlayer( 311): getCurrentPosition
12-10 11:33:50.063 V/AudioSessionOutALSA( 311): Timestamp returned = 5101666
12-10 11:33:50.063 V/MediaPlayer-JNI(22137): getCurrentPosition: 5102 (msec)
12-10 11:33:50.093 V/StagefrightPlayer( 311): getCurrentPosition
12-10 11:33:50.113 V/AudioSessionOutALSA( 311): Timestamp returned = 5144333
12-10 11:33:50.113 V/MediaPlayer-JNI(22137): getCurrentPosition: 5144 (msec)
12-10 11:33:50.113 V/StagefrightPlayer( 311): getCurrentPosition
12-10 11:33:50.123 V/AudioSessionOutALSA( 311): Timestamp returned = 5155000
12-10 11:33:50.123 V/MediaPlayer-JNI(22137): getCurrentPosition: 5155 (msec)
12-10 11:33:50.123 D/ProgressBar(22137): setProgress = 51
12-10 11:33:50.123 D/ProgressBar(22137): setProgress = 51, fromUser = false
12-10 11:33:50.123 D/ProgressBar(22137): mProgress = 50mIndeterminate = false, mMin = 0, mMax = 2750
12-10 11:33:50.123 V/StagefrightPlayer( 311): getCurrentPosition
12-10 11:33:50.133 V/AudioSessionOutALSA( 311): Timestamp returned = 5176333
12-10 11:33:50.133 V/MediaPlayer-JNI(22137): getCurrentPosition: 5176 (msec)
12-10 11:33:50.223 V/StagefrightPlayer( 311): getCurrentPosition
12-10 11:33:50.233 V/AudioSessionOutALSA( 311): Timestamp returned = 5272333
12-10 11:33:50.233 V/MediaPlayer-JNI(22137): getCurrentPosition: 5272 (msec)
12-10 11:33:50.233 D/ProgressBar(22137): setProgress = 52
12-10 11:33:50.233 D/ProgressBar(22137): setProgress = 52, fromUser = false
12-10 11:33:50.233 D/ProgressBar(22137): mProgress = 51mIndeterminate = false, mMin = 0, mMax = 2750
12-10 11:33:50.243 V/StagefrightPlayer( 311): getCurrentPosition
12-10 11:33:50.253 V/AudioSessionOutALSA( 311): Timestamp returned = 5293666
12-10 11:33:50.253 V/MediaPlayer-JNI(22137): getCurrentPosition: 5294 (msec)
12-10 11:33:50.343 V/StagefrightPlayer( 311): getCurrentPosition
12-10 11:33:50.353 V/AudioSessionOutALSA( 311): Timestamp returned = 5400333
12-10 11:33:50.353 V/MediaPlayer-JNI(22137): getCurrentPosition: 5400 (msec)
12-10 11:33:50.353 D/ProgressBar(22137): setProgress = 54
12-10 11:33:50.353 D/ProgressBar(22137): setProgress = 54, fromUser = false
12-10 11:33:50.353 D/ProgressBar(22137): mProgress = 52mIndeterminate = false, mMin = 0, mMax = 2750
12-10 11:33:50.363 V/StagefrightPlayer( 311): getCurrentPosition
12-10 11:33:50.373 V/AudioSessionOutALSA( 311): Timestamp returned = 5411000
12-10 11:33:50.373 V/MediaPlayer-JNI(22137): getCurrentPosition: 5411 (msec)
12-10 11:33:50.463 V/StagefrightPlayer( 311): getCurrentPosition
12-10 11:33:50.473 V/AudioSessionOutALSA( 311): Timestamp returned = 5507000
12-10 11:33:50.473 V/MediaPlayer-JNI(22137): getCurrentPosition: 5507 (msec)
12-10 11:33:50.473 D/ProgressBar(22137): setProgress = 55
12-10 11:33:50.473 D/ProgressBar(22137): setProgress = 55, fromUser = false
12-10 11:33:50.473 D/ProgressBar(22137): mProgress = 54mIndeterminate = false, mMin = 0, mMax = 2750
12-10 11:33:50.473 V/StagefrightPlayer( 311): getCurrentPosition
12-10 11:33:50.483 V/AudioSessionOutALSA( 311): Timestamp returned = 5528333
12-10 11:33:50.483 V/MediaPlayer-JNI(22137): getCurrentPosition: 5528 (msec)
12-10 11:33:50.573 V/StagefrightPlayer( 311): getCurrentPosition
12-10 11:33:50.583 V/AudioSessionOutALSA( 311): Timestamp returned = 5624333
12-10 11:33:50.583 V/MediaPlayer-JNI(22137): getCurrentPosition: 5624 (msec)
12-10 11:33:50.583 D/ProgressBar(22137): setProgress = 56
12-10 11:33:50.583 D/ProgressBar(22137): setProgress = 56, fromUser = false
12-10 11:33:50.583 D/ProgressBar(22137): mProgress = 55mIndeterminate = false, mMin = 0, mMax = 2750
12-10 11:33:50.583 V/StagefrightPlayer( 311): getCurrentPosition
12-10 11:33:50.613 V/AudioSessionOutALSA( 311): Timestamp returned = 5635000
12-10 11:33:50.613 V/MediaPlayer-JNI(22137): getCurrentPosition: 5635 (msec)
12-10 11:33:50.683 V/StagefrightPlayer( 311): getCurrentPosition
12-10 11:33:50.703 V/AudioSessionOutALSA( 311): Timestamp returned = 5731000
12-10 11:33:50.703 V/MediaPlayer-JNI(22137): getCurrentPosition: 5731 (msec)
12-10 11:33:50.703 D/ProgressBar(22137): setProgress = 57
12-10 11:33:50.703 D/ProgressBar(22137): setProgress = 57, fromUser = false
12-10 11:33:50.703 D/ProgressBar(22137): mProgress = 56mIndeterminate = false, mMin = 0, mMax = 2750
12-10 11:33:50.703 V/StagefrightPlayer( 311): getCurrentPosition
12-10 11:33:50.713 V/AudioSessionOutALSA( 311): Timestamp returned = 5752333
12-10 11:33:50.713 V/MediaPlayer-JNI(22137): getCurrentPosition: 5752 (msec)
12-10 11:33:50.803 V/StagefrightPlayer( 311): getCurrentPosition
12-10 11:33:50.813 V/AudioSessionOutALSA( 311): Timestamp returned = 5859000
12-10 11:33:50.813 V/MediaPlayer-JNI(22137): getCurrentPosition: 5859 (msec)
12-10 11:33:50.813 D/ProgressBar(22137): setProgress = 58
12-10 11:33:50.813 D/ProgressBar(22137): setProgress = 58, fromUser = false
12-10 11:33:50.813 D/ProgressBar(22137): mProgress = 57mIndeterminate = false, mMin = 0, mMax = 2750
12-10 11:33:50.813 V/StagefrightPlayer( 311): getCurrentPosition
12-10 11:33:50.833 V/AudioSessionOutALSA( 311): Timestamp returned = 5869666
12-10 11:33:50.833 V/MediaPlayer-JNI(22137): getCurrentPosition: 5870 (msec)
12-10 11:33:50.913 V/StagefrightPlayer( 311): getCurrentPosition
12-10 11:33:50.933 V/AudioSessionOutALSA( 311): Timestamp returned = 5965666
12-10 11:33:50.933 V/MediaPlayer-JNI(22137): getCurrentPosition: 5966 (msec)
12-10 11:33:50.933 D/ProgressBar(22137): setProgress = 59
12-10 11:33:50.933 D/ProgressBar(22137): setProgress = 59, fromUser = false
12-10 11:33:50.933 D/ProgressBar(22137): mProgress = 58mIndeterminate = false, mMin = 0, mMax = 2750
12-10 11:33:50.933 V/StagefrightPlayer( 311): getCurrentPosition
12-10 11:33:50.943 V/AudioSessionOutALSA( 311): Timestamp returned = 5987000
12-10 11:33:50.943 V/MediaPlayer-JNI(22137): getCurrentPosition: 5987 (msec)
12-10 11:33:51.033 V/StagefrightPlayer( 311): getCurrentPosition
12-10 11:33:51.043 V/AudioSessionOutALSA( 311): Timestamp returned = 6083000
12-10 11:33:51.043 V/MediaPlayer-JNI(22137): getCurrentPosition: 6083 (msec)
12-10 11:33:51.043 D/ProgressBar(22137): setProgress = 60
12-10 11:33:51.043 D/ProgressBar(22137): setProgress = 60, fromUser = false
12-10 11:33:51.043 D/ProgressBar(22137): mProgress = 59mIndeterminate = false, mMin = 0, mMax = 2750
12-10 11:33:51.043 V/StagefrightPlayer( 311): getCurrentPosition
12-10 11:33:51.063 V/AudioSessionOutALSA( 311): Timestamp returned = 6093666
12-10 11:33:51.073 V/StagefrightPlayer( 311): getCurrentPosition
12-10 11:33:51.073 V/MediaPlayer-JNI(22137): getCurrentPosition: 6094 (msec)
12-10 11:33:51.083 V/AudioSessionOutALSA( 311): Timestamp returned = 6115000
12-10 11:33:51.083 V/MediaPlayer-JNI(22137): getCurrentPosition: 6115 (msec)
12-10 11:33:51.113 V/StagefrightPlayer( 311): getCurrentPosition
12-10 11:33:51.123 V/AudioSessionOutALSA( 311): Timestamp returned = 6157666
12-10 11:33:51.123 V/MediaPlayer-JNI(22137): getCurrentPosition: 6158 (msec)
12-10 11:33:51.143 V/StagefrightPlayer( 311): getCurrentPosition
12-10 11:33:51.153 V/AudioSessionOutALSA( 311): Timestamp returned = 6200333
12-10 11:33:51.153 V/MediaPlayer-JNI(22137): getCurrentPosition: 6200 (msec)
12-10 11:33:51.153 D/ProgressBar(22137): setProgress = 62
12-10 11:33:51.153 D/ProgressBar(22137): setProgress = 62, fromUser = false
12-10 11:33:51.153 D/ProgressBar(22137): mProgress = 60mIndeterminate = false, mMin = 0, mMax = 2750
12-10 11:33:51.163 V/StagefrightPlayer( 311): getCurrentPosition
12-10 11:33:51.173 V/AudioSessionOutALSA( 311): Timestamp returned = 6211000
12-10 11:33:51.173 V/MediaPlayer-JNI(22137): getCurrentPosition: 6211 (msec)
12-10 11:33:51.263 V/StagefrightPlayer( 311): getCurrentPosition
12-10 11:33:51.273 V/AudioSessionOutALSA( 311): Timestamp returned = 6307000
12-10 11:33:51.273 V/MediaPlayer-JNI(22137): getCurrentPosition: 6307 (msec)
12-10 11:33:51.273 D/ProgressBar(22137): setProgress = 63
12-10 11:33:51.273 D/ProgressBar(22137): setProgress = 63, fromUser = false
12-10 11:33:51.273 D/ProgressBar(22137): mProgress = 62mIndeterminate = false, mMin = 0, mMax = 2750
12-10 11:33:51.273 V/StagefrightPlayer( 311): getCurrentPosition
12-10 11:33:51.283 V/AudioSessionOutALSA( 311): Timestamp returned = 6328333
12-10 11:33:51.293 V/MediaPlayer-JNI(22137): getCurrentPosition: 6328 (msec)
12-10 11:33:51.373 V/StagefrightPlayer( 311): getCurrentPosition
12-10 11:33:51.383 V/AudioSessionOutALSA( 311): Timestamp returned = 6424333
12-10 11:33:51.383 V/MediaPlayer-JNI(22137): getCurrentPosition: 6424 (msec)
12-10 11:33:51.383 D/ProgressBar(22137): setProgress = 64
