12-10 11:34:37.023 D/ProgressBar(22137): mProgress = 519mIndeterminate = false, mMin = 0, mMax = 2750
12-10 11:34:37.023 V/StagefrightPlayer( 311): getCurrentPosition
12-10 11:34:37.033 V/AudioSessionOutALSA( 311): Timestamp returned = 52077666
12-10 11:34:37.033 V/MediaPlayer-JNI(22137): getCurrentPosition: 52078 (msec)
12-10 11:34:37.123 V/StagefrightPlayer( 311): getCurrentPosition
12-10 11:34:37.133 V/AudioSessionOutALSA( 311): Timestamp returned = 52173666
12-10 11:34:37.133 V/MediaPlayer-JNI(22137): getCurrentPosition: 52174 (msec)
12-10 11:34:37.133 D/ProgressBar(22137): setProgress = 521
12-10 11:34:37.133 D/ProgressBar(22137): setProgress = 521, fromUser = false
12-10 11:34:37.133 D/ProgressBar(22137): mProgress = 520mIndeterminate = false, mMin = 0, mMax = 2750
12-10 11:34:37.133 V/StagefrightPlayer( 311): getCurrentPosition
12-10 11:34:37.163 V/AudioSessionOutALSA( 311): Timestamp returned = 52184333
12-10 11:34:37.163 V/MediaPlayer-JNI(22137): getCurrentPosition: 52184 (msec)
12-10 11:34:37.193 D/BatteryService( 722): update start
12-10 11:34:37.203 D/BatteryService( 722): level:82, scale:100, status:3, health:2, present:true, voltage: 4070, temperature: 243, technology: Li-ion, AC powered:false, USB powered:false, Wireless powered:false, icon:17303549, invalid charger:0, online:1, charge type:0, current avg:450
12-10 11:34:37.203 D/BatteryService( 722): Sending ACTION_BATTERY_CHANGED.
12-10 11:34:37.213 D/STATUSBAR-BatteryController( 1133): onReceive() - ACTION_BATTERY_CHANGED
12-10 11:34:37.213 D/STATUSBAR-BatteryController( 1133): onReceive() - BATTERY_STATUS_DISCHARGING: tw_stat_sys_battery
12-10 11:34:37.233 I/BusinessExecutor( 1550): registered Task#79456 : BatteryEventSource$1
12-10 11:34:37.233 I/BusinessExecutor( 1550): Task#79456 : #run() called
12-10 11:34:37.233 I/BusinessExecutor( 1550): Task#79456 : #run() ended
12-10 11:34:37.233 V/StagefrightPlayer( 311): getCurrentPosition
12-10 11:34:37.243 V/AudioSessionOutALSA( 311): Timestamp returned = 52291000
12-10 11:34:37.243 V/MediaPlayer-JNI(22137): getCurrentPosition: 52291 (msec)
12-10 11:34:37.243 D/ProgressBar(22137): setProgress = 522
12-10 11:34:37.243 D/ProgressBar(22137): setProgress = 522, fromUser = false
12-10 11:34:37.243 D/ProgressBar(22137): mProgress = 521mIndeterminate = false, mMin = 0, mMax = 2750
12-10 11:34:37.243 D/STATUSBAR-IconMerger( 1133): checkOverflow(216), More:false, Req:false Child:3
12-10 11:34:37.243 D/STATUSBAR-PhoneStatusBar( 1133): mBrightnessEnablebySettings = true mBrightnessEnablebyBattery = true mBrightnessEnablebyDisableFlag = true
12-10 11:34:37.253 D/HeadsetStateMachine( 1681): Disconnected process message: 10
12-10 11:34:37.263 V/StagefrightPlayer( 311): getCurrentPosition
12-10 11:34:37.273 V/AudioSessionOutALSA( 311): Timestamp returned = 52301666
12-10 11:34:37.273 V/MediaPlayer-JNI(22137): getCurrentPosition: 52302 (msec)
12-10 11:34:37.363 V/StagefrightPlayer( 311): getCurrentPosition
12-10 11:34:37.373 V/AudioSessionOutALSA( 311): Timestamp returned = 52419000
12-10 11:34:37.373 V/MediaPlayer-JNI(22137): getCurrentPosition: 52419 (msec)
12-10 11:34:37.373 D/ProgressBar(22137): setProgress = 524
12-10 11:34:37.373 D/ProgressBar(22137): setProgress = 524, fromUser = false
12-10 11:34:37.373 D/ProgressBar(22137): mProgress = 522mIndeterminate = false, mMin = 0, mMax = 2750
12-10 11:34:37.373 V/StagefrightPlayer( 311): getCurrentPosition
12-10 11:34:37.393 V/AudioSessionOutALSA( 311): Timestamp returned = 52429666
12-10 11:34:37.393 V/MediaPlayer-JNI(22137): getCurrentPosition: 52430 (msec)
12-10 11:34:37.473 V/StagefrightPlayer( 311): getCurrentPosition
12-10 11:34:37.493 V/AudioSessionOutALSA( 311): Timestamp returned = 52525666
12-10 11:34:37.493 V/MediaPlayer-JNI(22137): getCurrentPosition: 52526 (msec)
12-10 11:34:37.493 D/ProgressBar(22137): setProgress = 525
12-10 11:34:37.493 D/ProgressBar(22137): setProgress = 525, fromUser = false
12-10 11:34:37.493 D/ProgressBar(22137): mProgress = 524mIndeterminate = false, mMin = 0, mMax = 2750
12-10 11:34:37.493 V/StagefrightPlayer( 311): getCurrentPosition
12-10 11:34:37.503 V/AudioSessionOutALSA( 311): Timestamp returned = 52547000
12-10 11:34:37.503 V/MediaPlayer-JNI(22137): getCurrentPosition: 52547 (msec)
12-10 11:34:37.603 V/StagefrightPlayer( 311): getCurrentPosition
12-10 11:34:37.623 V/AudioSessionOutALSA( 311): Timestamp returned = 52653666
12-10 11:34:37.623 V/MediaPlayer-JNI(22137): getCurrentPosition: 52654 (msec)
12-10 11:34:37.623 D/ProgressBar(22137): setProgress = 526
12-10 11:34:37.623 D/ProgressBar(22137): setProgress = 526, fromUser = false
12-10 11:34:37.623 D/ProgressBar(22137): mProgress = 525mIndeterminate = false, mMin = 0, mMax = 2750
12-10 11:34:37.623 V/StagefrightPlayer( 311): getCurrentPosition
12-10 11:34:37.633 V/AudioSessionOutALSA( 311): Timestamp returned = 52675000
12-10 11:34:37.633 V/MediaPlayer-JNI(22137): getCurrentPosition: 52675 (msec)
12-10 11:34:37.723 V/StagefrightPlayer( 311): getCurrentPosition
12-10 11:34:37.733 V/AudioSessionOutALSA( 311): Timestamp returned = 52771000
12-10 11:34:37.733 V/MediaPlayer-JNI(22137): getCurrentPosition: 52771 (msec)
12-10 11:34:37.733 D/ProgressBar(22137): setProgress = 527
12-10 11:34:37.733 D/ProgressBar(22137): setProgress = 527, fromUser = false
12-10 11:34:37.733 D/ProgressBar(22137): mProgress = 526mIndeterminate = false, mMin = 0, mMax = 2750
12-10 11:34:37.733 V/StagefrightPlayer( 311): getCurrentPosition
12-10 11:34:37.753 V/AudioSessionOutALSA( 311): Timestamp returned = 52781666
12-10 11:34:37.753 V/MediaPlayer-JNI(22137): getCurrentPosition: 52782 (msec)
12-10 11:34:37.773 V/StagefrightPlayer( 311): getCurrentPosition
12-10 11:34:37.783 V/AudioSessionOutALSA( 311): Timestamp returned = 52824333
12-10 11:34:37.783 V/MediaPlayer-JNI(22137): getCurrentPosition: 52824 (msec)
12-10 11:34:37.843 V/StagefrightPlayer( 311): getCurrentPosition
12-10 11:34:37.853 V/AudioSessionOutALSA( 311): Timestamp returned = 52888333
12-10 11:34:37.853 V/MediaPlayer-JNI(22137): getCurrentPosition: 52888 (msec)
12-10 11:34:37.853 D/ProgressBar(22137): setProgress = 528
12-10 11:34:37.853 D/ProgressBar(22137): setProgress = 528, fromUser = false
12-10 11:34:37.853 D/ProgressBar(22137): mProgress = 527mIndeterminate = false, mMin = 0, mMax = 2750
12-10 11:34:37.853 V/StagefrightPlayer( 311): getCurrentPosition
12-10 11:34:37.863 V/AudioSessionOutALSA( 311): Timestamp returned = 52909666
12-10 11:34:37.863 V/MediaPlayer-JNI(22137): getCurrentPosition: 52910 (msec)
12-10 11:34:37.893 V/StagefrightPlayer( 311): getCurrentPosition
12-10 11:34:37.903 V/AudioSessionOutALSA( 311): Timestamp returned = 52941666
12-10 11:34:37.903 V/MediaPlayer-JNI(22137): getCurrentPosition: 52942 (msec)
12-10 11:34:37.953 V/StagefrightPlayer( 311): getCurrentPosition
12-10 11:34:37.963 V/AudioSessionOutALSA( 311): Timestamp returned = 53005666
12-10 11:34:37.963 V/MediaPlayer-JNI(22137): getCurrentPosition: 53006 (msec)
12-10 11:34:37.963 D/ProgressBar(22137): setProgress = 530
12-10 11:34:37.963 D/ProgressBar(22137): setProgress = 530, fromUser = false
12-10 11:34:37.963 D/ProgressBar(22137): mProgress = 528mIndeterminate = false, mMin = 0, mMax = 2750
12-10 11:34:37.973 V/StagefrightPlayer( 311): getCurrentPosition
12-10 11:34:37.983 V/AudioSessionOutALSA( 311): Timestamp returned = 53016333
12-10 11:34:37.983 V/MediaPlayer-JNI(22137): getCurrentPosition: 53016 (msec)
12-10 11:34:38.073 V/StagefrightPlayer( 311): getCurrentPosition
12-10 11:34:38.083 V/AudioSessionOutALSA( 311): Timestamp returned = 53112333
12-10 11:34:38.083 V/MediaPlayer-JNI(22137): getCurrentPosition: 53112 (msec)
12-10 11:34:38.083 D/ProgressBar(22137): setProgress = 531
12-10 11:34:38.083 D/ProgressBar(22137): setProgress = 531, fromUser = false
12-10 11:34:38.083 D/ProgressBar(22137): mProgress = 530mIndeterminate = false, mMin = 0, mMax = 2750
12-10 11:34:38.083 V/StagefrightPlayer( 311): getCurrentPosition
12-10 11:34:38.093 V/AudioSessionOutALSA( 311): Timestamp returned = 53133666
12-10 11:34:38.093 V/MediaPlayer-JNI(22137): getCurrentPosition: 53134 (msec)
12-10 11:34:38.183 V/StagefrightPlayer( 311): getCurrentPosition
12-10 11:34:38.193 V/AudioSessionOutALSA( 311): Timestamp returned = 53240333
12-10 11:34:38.193 V/MediaPlayer-JNI(22137): getCurrentPosition: 53240 (msec)
12-10 11:34:38.193 D/ProgressBar(22137): setProgress = 532
12-10 11:34:38.193 D/ProgressBar(22137): setProgress = 532, fromUser = false
12-10 11:34:38.193 D/ProgressBar(22137): mProgress = 531mIndeterminate = false, mMin = 0, mMax = 2750
12-10 11:34:38.203 V/StagefrightPlayer( 311): getCurrentPosition
12-10 11:34:38.213 V/AudioSessionOutALSA( 311): Timestamp returned = 53251000
12-10 11:34:38.213 V/MediaPlayer-JNI(22137): getCurrentPosition: 53251 (msec)
12-10 11:34:38.303 V/StagefrightPlayer( 311): getCurrentPosition
12-10 11:34:38.313 V/AudioSessionOutALSA( 311): Timestamp returned = 53347000
12-10 11:34:38.313 V/MediaPlayer-JNI(22137): getCurrentPosition: 53347 (msec)
12-10 11:34:38.313 D/ProgressBar(22137): setProgress = 533
12-10 11:34:38.313 D/ProgressBar(22137): setProgress = 533, fromUser = false
12-10 11:34:38.313 D/ProgressBar(22137): mProgress = 532mIndeterminate = false, mMin = 0, mMax = 2750
12-10 11:34:38.313 V/StagefrightPlayer( 311): getCurrentPosition
12-10 11:34:38.323 V/AudioSessionOutALSA( 311): Timestamp returned = 53368333
12-10 11:34:38.323 V/MediaPlayer-JNI(22137): getCurrentPosition: 53368 (msec)
12-10 11:34:38.413 V/StagefrightPlayer( 311): getCurrentPosition
12-10 11:34:38.423 V/AudioSessionOutALSA( 311): Timestamp returned = 53464333
12-10 11:34:38.423 V/MediaPlayer-JNI(22137): getCurrentPosition: 53464 (msec)
12-10 11:34:38.423 D/ProgressBar(22137): setProgress = 534
12-10 11:34:38.423 D/ProgressBar(22137): setProgress = 534, fromUser = false
12-10 11:34:38.423 D/ProgressBar(22137): mProgress = 533mIndeterminate = false, mMin = 0, mMax = 2750
12-10 11:34:38.433 V/StagefrightPlayer( 311): getCurrentPosition
12-10 11:34:38.443 V/AudioSessionOutALSA( 311): Timestamp returned = 53475000
12-10 11:34:38.443 V/MediaPlayer-JNI(22137): getCurrentPosition: 53475 (msec)
12-10 11:34:38.533 V/StagefrightPlayer( 311): getCurrentPosition
12-10 11:34:38.543 V/AudioSessionOutALSA( 311): Timestamp returned = 53581666
12-10 11:34:38.543 V/MediaPlayer-JNI(22137): getCurrentPosition: 53582 (msec)
12-10 11:34:38.543 D/ProgressBar(22137): setProgress = 535
12-10 11:34:38.543 D/ProgressBar(22137): setProgress = 535, fromUser = false
12-10 11:34:38.543 D/ProgressBar(22137): mProgress = 534mIndeterminate = false, mMin = 0, mMax = 2750
12-10 11:34:38.543 V/StagefrightPlayer( 311): getCurrentPosition
12-10 11:34:38.553 V/AudioSessionOutALSA( 311): Timestamp returned = 53592333
12-10 11:34:38.553 V/MediaPlayer-JNI(22137): getCurrentPosition: 53592 (msec)
12-10 11:34:38.643 V/StagefrightPlayer( 311): getCurrentPosition
12-10 11:34:38.663 V/AudioSessionOutALSA( 311): Timestamp returned = 53699000
12-10 11:34:38.663 V/MediaPlayer-JNI(22137): getCurrentPosition: 53699 (msec)
12-10 11:34:38.663 D/ProgressBar(22137): setProgress = 536
12-10 11:34:38.663 D/ProgressBar(22137): setProgress = 536, fromUser = false
12-10 11:34:38.663 D/ProgressBar(22137): mProgress = 535mIndeterminate = false, mMin = 0, mMax = 2750
12-10 11:34:38.663 V/StagefrightPlayer( 311): getCurrentPosition
12-10 11:34:38.673 V/AudioSessionOutALSA( 311): Timestamp returned = 53720333
12-10 11:34:38.673 V/MediaPlayer-JNI(22137): getCurrentPosition: 53720 (msec)
12-10 11:34:38.763 V/StagefrightPlayer( 311): getCurrentPosition
12-10 11:34:38.773 V/AudioSessionOutALSA( 311): Timestamp returned = 53816333
12-10 11:34:38.773 V/MediaPlayer-JNI(22137): getCurrentPosition: 53816 (msec)
12-10 11:34:38.773 D/ProgressBar(22137): setProgress = 538
12-10 11:34:38.773 D/ProgressBar(22137): setProgress = 538, fromUser = false
12-10 11:34:38.773 D/ProgressBar(22137): mProgress = 536mIndeterminate = false, mMin = 0, mMax = 2750
12-10 11:34:38.773 V/StagefrightPlayer( 311): getCurrentPosition
12-10 11:34:38.783 V/AudioSessionOutALSA( 311): Timestamp returned = 53827000
12-10 11:34:38.793 V/StagefrightPlayer( 311): getCurrentPosition
12-10 11:34:38.793 V/MediaPlayer-JNI(22137): getCurrentPosition: 53827 (msec)
12-10 11:34:38.803 V/AudioSessionOutALSA( 311): Timestamp returned = 53837666
12-10 11:34:38.803 V/MediaPlayer-JNI(22137): getCurrentPosition: 53838 (msec)
12-10 11:34:38.873 V/StagefrightPlayer( 311): getCurrentPosition
12-10 11:34:38.893 V/AudioSessionOutALSA( 311): Timestamp returned = 53923000
12-10 11:34:38.893 V/MediaPlayer-JNI(22137): getCurrentPosition: 53923 (msec)
12-10 11:34:38.893 D/ProgressBar(22137): setProgress = 539
12-10 11:34:38.893 D/ProgressBar(22137): setProgress = 539, fromUser = false
12-10 11:34:38.893 D/ProgressBar(22137): mProgress = 538mIndeterminate = false, mMin = 0, mMax = 2750
12-10 11:34:38.893 V/StagefrightPlayer( 311): getCurrentPosition
12-10 11:34:38.903 V/AudioSessionOutALSA( 311): Timestamp returned = 53944333
12-10 11:34:38.903 V/MediaPlayer-JNI(22137): getCurrentPosition: 53944 (msec)
12-10 11:34:38.903 V/StagefrightPlayer( 311): getCurrentPosition
12-10 11:34:38.923 V/AudioSessionOutALSA( 311): Timestamp returned = 53955000
12-10 11:34:38.923 V/MediaPlayer-JNI(22137): getCurrentPosition: 53955 (msec)
12-10 11:34:38.993 V/StagefrightPlayer( 311): getCurrentPosition
12-10 11:34:39.003 V/AudioSessionOutALSA( 311): Timestamp returned = 54051000
12-10 11:34:39.003 V/MediaPlayer-JNI(22137): getCurrentPosition: 54051 (msec)
12-10 11:34:39.003 D/ProgressBar(22137): setProgress = 540
12-10 11:34:39.003 D/ProgressBar(22137): setProgress = 540, fromUser = false
12-10 11:34:39.003 D/ProgressBar(22137): mProgress = 539mIndeterminate = false, mMin = 0, mMax = 2750
12-10 11:34:39.003 V/StagefrightPlayer( 311): getCurrentPosition
12-10 11:34:39.013 V/AudioSessionOutALSA( 311): Timestamp returned = 54051000
12-10 11:34:39.013 V/MediaPlayer-JNI(22137): getCurrentPosition: 54051 (msec)
12-10 11:34:39.103 V/StagefrightPlayer( 311): getCurrentPosition
12-10 11:34:39.113 V/AudioSessionOutALSA( 311): Timestamp returned = 54157666
12-10 11:34:39.113 V/MediaPlayer-JNI(22137): getCurrentPosition: 54158 (msec)
12-10 11:34:39.113 D/ProgressBar(22137): setProgress = 541
12-10 11:34:39.113 D/ProgressBar(22137): setProgress = 541, fromUser = false
12-10 11:34:39.113 D/ProgressBar(22137): mProgress = 540mIndeterminate = false, mMin = 0, mMax = 2750
12-10 11:34:39.123 V/StagefrightPlayer( 311): getCurrentPosition
12-10 11:34:39.133 V/AudioSessionOutALSA( 311): Timestamp returned = 54168333
12-10 11:34:39.133 V/MediaPlayer-JNI(22137): getCurrentPosition: 54168 (msec)
12-10 11:34:39.223 V/StagefrightPlayer( 311): getCurrentPosition
12-10 11:34:39.233 V/AudioSessionOutALSA( 311): Timestamp returned = 54275000
12-10 11:34:39.233 V/MediaPlayer-JNI(22137): getCurrentPosition: 54275 (msec)
12-10 11:34:39.233 D/ProgressBar(22137): setProgress = 542
12-10 11:34:39.233 D/ProgressBar(22137): setProgress = 542, fromUser = false
12-10 11:34:39.233 D/ProgressBar(22137): mProgress = 541mIndeterminate = false, mMin = 0, mMax = 2750
12-10 11:34:39.233 V/StagefrightPlayer( 311): getCurrentPosition
12-10 11:34:39.253 V/AudioSessionOutALSA( 311): Timestamp returned = 54285666
12-10 11:34:39.253 V/MediaPlayer-JNI(22137): getCurrentPosition: 54286 (msec)
12-10 11:34:39.333 V/StagefrightPlayer( 311): getCurrentPosition
12-10 11:34:39.353 V/AudioSessionOutALSA( 311): Timestamp returned = 54381666
12-10 11:34:39.353 V/MediaPlayer-JNI(22137): getCurrentPosition: 54382 (msec)
12-10 11:34:39.353 D/ProgressBar(22137): setProgress = 543
12-10 11:34:39.353 D/ProgressBar(22137): setProgress = 543, fromUser = false
12-10 11:34:39.353 D/ProgressBar(22137): mProgress = 542mIndeterminate = false, mMin = 0, mMax = 2750
12-10 11:34:39.353 V/StagefrightPlayer( 311): getCurrentPosition
12-10 11:34:39.363 V/AudioSessionOutALSA( 311): Timestamp returned = 54403000
12-10 11:34:39.363 V/MediaPlayer-JNI(22137): getCurrentPosition: 54403 (msec)
12-10 11:34:39.453 V/StagefrightPlayer( 311): getCurrentPosition
12-10 11:34:39.463 V/AudioSessionOutALSA( 311): Timestamp returned = 54509666
12-10 11:34:39.463 V/MediaPlayer-JNI(22137): getCurrentPosition: 54510 (msec)
12-10 11:34:39.463 D/ProgressBar(22137): setProgress = 545
12-10 11:34:39.463 D/ProgressBar(22137): setProgress = 545, fromUser = false
12-10 11:34:39.463 D/ProgressBar(22137): mProgress = 543mIndeterminate = false, mMin = 0, mMax = 2750
12-10 11:34:39.463 V/StagefrightPlayer( 311): getCurrentPosition
12-10 11:34:39.483 V/AudioSessionOutALSA( 311): Timestamp returned = 54520333
12-10 11:34:39.483 V/MediaPlayer-JNI(22137): getCurrentPosition: 54520 (msec)
12-10 11:34:39.563 V/StagefrightPlayer( 311): getCurrentPosition
12-10 11:34:39.583 V/AudioSessionOutALSA( 311): Timestamp returned = 54616333
12-10 11:34:39.583 V/MediaPlayer-JNI(22137): getCurrentPosition: 54616 (msec)
12-10 11:34:39.583 D/ProgressBar(22137): setProgress = 546
12-10 11:34:39.583 D/ProgressBar(22137): setProgress = 546, fromUser = false
12-10 11:34:39.583 D/ProgressBar(22137): mProgress = 545mIndeterminate = false, mMin = 0, mMax = 2750
12-10 11:34:39.583 V/StagefrightPlayer( 311): getCurrentPosition
12-10 11:34:39.593 V/AudioSessionOutALSA( 311): Timestamp returned = 54637666
12-10 11:34:39.593 V/MediaPlayer-JNI(22137): getCurrentPosition: 54638 (msec)
12-10 11:34:39.683 V/StagefrightPlayer( 311): getCurrentPosition
12-10 11:34:39.693 V/AudioSessionOutALSA( 311): Timestamp returned = 54733666
12-10 11:34:39.693 V/MediaPlayer-JNI(22137): getCurrentPosition: 54734 (msec)
12-10 11:34:39.693 D/ProgressBar(22137): setProgress = 547
12-10 11:34:39.693 D/ProgressBar(22137): setProgress = 547, fromUser = false
12-10 11:34:39.693 D/ProgressBar(22137): mProgress = 546mIndeterminate = false, mMin = 0, mMax = 2750
12-10 11:34:39.703 V/StagefrightPlayer( 311): getCurrentPosition
12-10 11:34:39.713 V/AudioSessionOutALSA( 311): Timestamp returned = 54744333
12-10 11:34:39.713 V/MediaPlayer-JNI(22137): getCurrentPosition: 54744 (msec)
12-10 11:34:39.803 V/StagefrightPlayer( 311): getCurrentPosition
12-10 11:34:39.813 V/AudioSessionOutALSA( 311): Timestamp returned = 54851000
12-10 11:34:39.813 V/MediaPlayer-JNI(22137): getCurrentPosition: 54851 (msec)
12-10 11:34:39.813 D/ProgressBar(22137): setProgress = 548
12-10 11:34:39.813 D/ProgressBar(22137): setProgress = 548, fromUser = false
12-10 11:34:39.813 D/ProgressBar(22137): mProgress = 547mIndeterminate = false, mMin = 0, mMax = 2750
12-10 11:34:39.813 V/StagefrightPlayer( 311): getCurrentPosition
12-10 11:34:39.823 V/AudioSessionOutALSA( 311): Timestamp returned = 54861666
12-10 11:34:39.823 V/MediaPlayer-JNI(22137): getCurrentPosition: 54862 (msec)
12-10 11:34:39.823 V/StagefrightPlayer( 311): getCurrentPosition
12-10 11:34:39.833 V/AudioSessionOutALSA( 311): Timestamp returned = 54872333
12-10 11:34:39.833 V/MediaPlayer-JNI(22137): getCurrentPosition: 54872 (msec)
12-10 11:34:39.913 V/StagefrightPlayer( 311): getCurrentPosition
12-10 11:34:39.923 V/AudioSessionOutALSA( 311): Timestamp returned = 54968333
12-10 11:34:39.923 V/MediaPlayer-JNI(22137): getCurrentPosition: 54968 (msec)
12-10 11:34:39.923 D/ProgressBar(22137): setProgress = 549
12-10 11:34:39.923 D/ProgressBar(22137): setProgress = 549, fromUser = false
12-10 11:34:39.923 D/ProgressBar(22137): mProgress = 548mIndeterminate = false, mMin = 0, mMax = 2750
12-10 11:34:39.923 V/StagefrightPlayer( 311): getCurrentPosition
12-10 11:34:39.943 V/AudioSessionOutALSA( 311): Timestamp returned = 54979000
12-10 11:34:39.943 V/MediaPlayer-JNI(22137): getCurrentPosition: 54979 (msec)
12-10 11:34:39.943 V/StagefrightPlayer( 311): getCurrentPosition
12-10 11:34:39.953 V/AudioSessionOutALSA( 311): Timestamp returned = 54989666
12-10 11:34:39.953 V/MediaPlayer-JNI(22137): getCurrentPosition: 54990 (msec)
12-10 11:34:40.023 V/StagefrightPlayer( 311): getCurrentPosition
12-10 11:34:40.043 V/AudioSessionOutALSA( 311): Timestamp returned = 55075000
12-10 11:34:40.043 V/MediaPlayer-JNI(22137): getCurrentPosition: 55075 (msec)
12-10 11:34:40.043 D/ProgressBar(22137): setProgress = 550
12-10 11:34:40.043 D/ProgressBar(22137): setProgress = 550, fromUser = false
12-10 11:34:40.043 D/ProgressBar(22137): mProgress = 549mIndeterminate = false, mMin = 0, mMax = 2750
12-10 11:34:40.043 V/StagefrightPlayer( 311): getCurrentPosition
12-10 11:34:40.053 V/AudioSessionOutALSA( 311): Timestamp returned = 55096333
12-10 11:34:40.053 V/MediaPlayer-JNI(22137): getCurrentPosition: 55096 (msec)
12-10 11:34:40.143 V/StagefrightPlayer( 311): getCurrentPosition
12-10 11:34:40.153 V/AudioSessionOutALSA( 311): Timestamp returned = 55192333
12-10 11:34:40.153 V/MediaPlayer-JNI(22137): getCurrentPosition: 55192 (msec)
12-10 11:34:40.153 D/ProgressBar(22137): setProgress = 551
12-10 11:34:40.153 D/ProgressBar(22137): setProgress = 551, fromUser = false
12-10 11:34:40.153 D/ProgressBar(22137): mProgress = 550mIndeterminate = false, mMin = 0, mMax = 2750
12-10 11:34:40.153 V/StagefrightPlayer( 311): getCurrentPosition
12-10 11:34:40.173 V/AudioSessionOutALSA( 311): Timestamp returned = 55203000
12-10 11:34:40.173 V/MediaPlayer-JNI(22137): getCurrentPosition: 55203 (msec)
12-10 11:34:40.253 V/StagefrightPlayer( 311): getCurrentPosition
12-10 11:34:40.273 V/AudioSessionOutALSA( 311): Timestamp returned = 55309666
12-10 11:34:40.273 V/MediaPlayer-JNI(22137): getCurrentPosition: 55310 (msec)
12-10 11:34:40.273 D/ProgressBar(22137): setProgress = 553
12-10 11:34:40.273 D/ProgressBar(22137): setProgress = 553, fromUser = false
12-10 11:34:40.273 D/ProgressBar(22137): mProgress = 551mIndeterminate = false, mMin = 0, mMax = 2750
12-10 11:34:40.273 V/StagefrightPlayer( 311): getCurrentPosition
12-10 11:34:40.283 V/AudioSessionOutALSA( 311): Timestamp returned = 55331000
12-10 11:34:40.283 V/MediaPlayer-JNI(22137): getCurrentPosition: 55331 (msec)
12-10 11:34:40.373 V/StagefrightPlayer( 311): getCurrentPosition
12-10 11:34:40.383 V/AudioSessionOutALSA( 311): Timestamp returned = 55427000
12-10 11:34:40.383 V/MediaPlayer-JNI(22137): getCurrentPosition: 55427 (msec)
12-10 11:34:40.383 D/ProgressBar(22137): setProgress = 554
12-10 11:34:40.383 D/ProgressBar(22137): setProgress = 554, fromUser = false
12-10 11:34:40.383 D/ProgressBar(22137): mProgress = 553mIndeterminate = false, mMin = 0, mMax = 2750
12-10 11:34:40.393 V/StagefrightPlayer( 311): getCurrentPosition
12-10 11:34:40.403 V/AudioSessionOutALSA( 311): Timestamp returned = 55437666
12-10 11:34:40.403 V/MediaPlayer-JNI(22137): getCurrentPosition: 55438 (msec)
12-10 11:34:40.493 V/StagefrightPlayer( 311): getCurrentPosition
12-10 11:34:40.503 V/AudioSessionOutALSA( 311): Timestamp returned = 55533666
12-10 11:34:40.503 V/MediaPlayer-JNI(22137): getCurrentPosition: 55534 (msec)
12-10 11:34:40.503 D/ProgressBar(22137): setProgress = 555
12-10 11:34:40.503 D/ProgressBar(22137): setProgress = 555, fromUser = false
12-10 11:34:40.503 D/ProgressBar(22137): mProgress = 554mIndeterminate = false, mMin = 0, mMax = 2750
12-10 11:34:40.503 V/StagefrightPlayer( 311): getCurrentPosition
12-10 11:34:40.513 V/AudioSessionOutALSA( 311): Timestamp returned = 55555000
12-10 11:34:40.513 V/MediaPlayer-JNI(22137): getCurrentPosition: 55555 (msec)
12-10 11:34:40.603 V/StagefrightPlayer( 311): getCurrentPosition
12-10 11:34:40.613 V/AudioSessionOutALSA( 311): Timestamp returned = 55651000
12-10 11:34:40.613 V/MediaPlayer-JNI(22137): getCurrentPosition: 55651 (msec)
12-10 11:34:40.613 D/ProgressBar(22137): setProgress = 556
12-10 11:34:40.613 D/ProgressBar(22137): setProgress = 556, fromUser = false
12-10 11:34:40.613 D/ProgressBar(22137): mProgress = 555mIndeterminate = false, mMin = 0, mMax = 2750
12-10 11:34:40.613 V/StagefrightPlayer( 311): getCurrentPosition
12-10 11:34:40.633 V/AudioSessionOutALSA( 311): Timestamp returned = 55661666
12-10 11:34:40.633 V/MediaPlayer-JNI(22137): getCurrentPosition: 55662 (msec)
12-10 11:34:40.713 V/StagefrightPlayer( 311): getCurrentPosition
12-10 11:34:40.733 V/AudioSessionOutALSA( 311): Timestamp returned = 55768333
12-10 11:34:40.733 V/MediaPlayer-JNI(22137): getCurrentPosition: 55768 (msec)
12-10 11:34:40.733 D/ProgressBar(22137): setProgress = 557
12-10 11:34:40.733 D/ProgressBar(22137): setProgress = 557, fromUser = false
12-10 11:34:40.733 D/ProgressBar(22137): mProgress = 556mIndeterminate = false, mMin = 0, mMax = 2750
12-10 11:34:40.733 V/StagefrightPlayer( 311): getCurrentPosition
12-10 11:34:40.743 V/AudioSessionOutALSA( 311): Timestamp returned = 55789666
12-10 11:34:40.743 V/MediaPlayer-JNI(22137): getCurrentPosition: 55790 (msec)
12-10 11:34:40.823 V/StagefrightPlayer( 311): getCurrentPosition
12-10 11:34:40.833 V/AudioSessionOutALSA( 311): Timestamp returned = 55875000
12-10 11:34:40.833 V/MediaPlayer-JNI(22137): getCurrentPosition: 55875 (msec)
12-10 11:34:40.833 V/StagefrightPlayer( 311): getCurrentPosition
12-10 11:34:40.853 V/AudioSessionOutALSA( 311): Timestamp returned = 55885666
12-10 11:34:40.853 V/MediaPlayer-JNI(22137): getCurrentPosition: 55886 (msec)
12-10 11:34:40.853 D/ProgressBar(22137): setProgress = 558
12-10 11:34:40.853 D/ProgressBar(22137): setProgress = 558, fromUser = false
12-10 11:34:40.853 D/ProgressBar(22137): mProgress = 557mIndeterminate = false, mMin = 0, mMax = 2750
12-10 11:34:40.853 V/StagefrightPlayer( 311): getCurrentPosition
12-10 11:34:40.863 V/AudioSessionOutALSA( 311): Timestamp returned = 55907000
12-10 11:34:40.863 V/MediaPlayer-JNI(22137): getCurrentPosition: 55907 (msec)
12-10 11:34:40.943 V/StagefrightPlayer( 311): getCurrentPosition
12-10 11:34:40.953 V/AudioSessionOutALSA( 311): Timestamp returned = 55981666
12-10 11:34:40.953 V/MediaPlayer-JNI(22137): getCurrentPosition: 55982 (msec)
12-10 11:34:40.953 V/StagefrightPlayer( 311): getCurrentPosition
12-10 11:34:40.963 V/AudioSessionOutALSA( 311): Timestamp returned = 56003000
12-10 11:34:40.963 V/MediaPlayer-JNI(22137): getCurrentPosition: 56003 (msec)
12-10 11:34:40.963 D/ProgressBar(22137): setProgress = 560
12-10 11:34:40.963 D/ProgressBar(22137): setProgress = 560, fromUser = false
12-10 11:34:40.963 D/ProgressBar(22137): mProgress = 558mIndeterminate = false, mMin = 0, mMax = 2750
12-10 11:34:40.963 V/StagefrightPlayer( 311): getCurrentPosition
12-10 11:34:40.973 V/AudioSessionOutALSA( 311): Timestamp returned = 56013666
12-10 11:34:40.973 V/MediaPlayer-JNI(22137): getCurrentPosition: 56014 (msec)
12-10 11:34:41.063 V/StagefrightPlayer( 311): getCurrentPosition
12-10 11:34:41.083 V/AudioSessionOutALSA( 311): Timestamp returned = 56120333
12-10 11:34:41.083 V/MediaPlayer-JNI(22137): getCurrentPosition: 56120 (msec)
12-10 11:34:41.083 D/ProgressBar(22137): setProgress = 561
12-10 11:34:41.083 D/ProgressBar(22137): setProgress = 561, fromUser = false
12-10 11:34:41.083 D/ProgressBar(22137): mProgress = 560mIndeterminate = false, mMin = 0, mMax = 2750
12-10 11:34:41.083 V/StagefrightPlayer( 311): getCurrentPosition
12-10 11:34:41.093 V/AudioSessionOutALSA( 311): Timestamp returned = 56131000
12-10 11:34:41.093 V/MediaPlayer-JNI(22137): getCurrentPosition: 56131 (msec)
12-10 11:34:41.183 V/StagefrightPlayer( 311): getCurrentPosition
12-10 11:34:41.193 V/AudioSessionOutALSA( 311): Timestamp returned = 56237666
12-10 11:34:41.193 V/MediaPlayer-JNI(22137): getCurrentPosition: 56238 (msec)
12-10 11:34:41.193 D/ProgressBar(22137): setProgress = 562
12-10 11:34:41.193 D/ProgressBar(22137): setProgress = 562, fromUser = false
12-10 11:34:41.193 D/ProgressBar(22137): mProgress = 561mIndeterminate = false, mMin = 0, mMax = 2750
12-10 11:34:41.193 V/StagefrightPlayer( 311): getCurrentPosition
12-10 11:34:41.213 V/AudioSessionOutALSA( 311): Timestamp returned = 56248333
12-10 11:34:41.213 V/MediaPlayer-JNI(22137): getCurrentPosition: 56248 (msec)
12-10 11:34:41.293 V/StagefrightPlayer( 311): getCurrentPosition
12-10 11:34:41.313 V/AudioSessionOutALSA( 311): Timestamp returned = 56344333
12-10 11:34:41.313 V/MediaPlayer-JNI(22137): getCurrentPosition: 56344 (msec)
12-10 11:34:41.313 D/ProgressBar(22137): setProgress = 563
12-10 11:34:41.313 D/ProgressBar(22137): setProgress = 563, fromUser = false
12-10 11:34:41.313 D/ProgressBar(22137): mProgress = 562mIndeterminate = false, mMin = 0, mMax = 2750
12-10 11:34:41.313 V/StagefrightPlayer( 311): getCurrentPosition
12-10 11:34:41.323 V/AudioSessionOutALSA( 311): Timestamp returned = 56365666
12-10 11:34:41.323 V/MediaPlayer-JNI(22137): getCurrentPosition: 56366 (msec)
12-10 11:34:41.413 V/StagefrightPlayer( 311): getCurrentPosition
12-10 11:34:41.423 V/AudioSessionOutALSA( 311): Timestamp returned = 56461666
12-10 11:34:41.423 V/MediaPlayer-JNI(22137): getCurrentPosition: 56462 (msec)
12-10 11:34:41.423 D/ProgressBar(22137): setProgress = 564
12-10 11:34:41.423 D/ProgressBar(22137): setProgress = 564, fromUser = false
12-10 11:34:41.423 D/ProgressBar(22137): mProgress = 563mIndeterminate = false, mMin = 0, mMax = 2750
12-10 11:34:41.423 V/StagefrightPlayer( 311): getCurrentPosition
12-10 11:34:41.443 V/AudioSessionOutALSA( 311): Timestamp returned = 56472333
12-10 11:34:41.443 V/MediaPlayer-JNI(22137): getCurrentPosition: 56472 (msec)
12-10 11:34:41.533 V/StagefrightPlayer( 311): getCurrentPosition
12-10 11:34:41.543 V/AudioSessionOutALSA( 311): Timestamp returned = 56579000
12-10 11:34:41.543 V/MediaPlayer-JNI(22137): getCurrentPosition: 56579 (msec)
12-10 11:34:41.543 D/ProgressBar(22137): setProgress = 565
12-10 11:34:41.543 D/ProgressBar(22137): setProgress = 565, fromUser = false
12-10 11:34:41.543 D/ProgressBar(22137): mProgress = 564mIndeterminate = false, mMin = 0, mMax = 2750
12-10 11:34:41.543 V/StagefrightPlayer( 311): getCurrentPosition
12-10 11:34:41.553 V/AudioSessionOutALSA( 311): Timestamp returned = 56600333
12-10 11:34:41.553 V/MediaPlayer-JNI(22137): getCurrentPosition: 56600 (msec)
12-10 11:34:41.643 V/StagefrightPlayer( 311): getCurrentPosition
12-10 11:34:41.653 V/AudioSessionOutALSA( 311): Timestamp returned = 56696333
12-10 11:34:41.653 V/MediaPlayer-JNI(22137): getCurrentPosition: 56696 (msec)
12-10 11:34:41.653 D/ProgressBar(22137): setProgress = 566
12-10 11:34:41.653 D/ProgressBar(22137): setProgress = 566, fromUser = false
12-10 11:34:41.653 D/ProgressBar(22137): mProgress = 565mIndeterminate = false, mMin = 0, mMax = 2750
12-10 11:34:41.663 V/StagefrightPlayer( 311): getCurrentPosition
12-10 11:34:41.663 V/AudioSessionOutALSA( 311): pfd[0].revents =1
12-10 11:34:41.663 V/AudioSessionOutALSA( 311): pfd[1].revents =0
12-10 11:34:41.663 V/AudioSessionOutALSA( 311): mAlsaHandle->handle = 0xb77af230
12-10 11:34:41.663 V/AudioSessionOutALSA( 311): After an event occurs
12-10 11:34:41.663 V/AudioSessionOutALSA( 311): mFilledQueue 3
12-10 11:34:41.663 V/AudioSessionOutALSA( 311): Reset mSkipwrite in eventthread entry
12-10 11:34:41.663 V/AudioSessionOutALSA( 311): isBufferAvailable: received a signal to wake up
12-10 11:34:41.663 V/AudioSessionOutALSA( 311): write Empty Queue size() = 1, Filled Queue size() = 3 mReached EOS 0, mEosEventReceived 0 bytes 262080
12-10 11:34:41.663 V/AudioSessionOutALSA( 311): not skipping buffer in write since mSkipWrite = 0, mEmptyQueuesize 1, skip flag -166066003
12-10 11:34:41.663 D/AudioSessionOutALSA( 311): bytes = 262080 , mAlsaHandle->handle->period_size = 262144
12-10 11:34:41.663 D/AudioSessionOutALSA( 311): Copy Metadata = 64, bytes = 262080
12-10 11:34:41.663 V/AudioSessionOutALSA( 311): PCM write before memcpy start
12-10 11:34:41.663 V/AudioSessionOutALSA( 311): PCM write start
12-10 11:34:41.663 V/AudioSessionOutALSA( 311): PCM write complete
12-10 11:34:41.663 D/TunnelPlayer( 311): Fillbuffer after write and seek flag 0
12-10 11:34:41.673 V/AudioSessionOutALSA( 311): Timestamp returned = 56707000
12-10 11:34:41.673 D/TunnelPlayer( 311): FillBuffer: MemBuffer size 262080
12-10 11:34:41.723 D/TunnelPlayer( 311): FillBuffer completed bytesToWrite 262080
12-10 11:34:41.723 V/AudioSessionOutALSA( 311): acquiring mDecoderLock in isBufferAvailable()
12-10 11:34:41.723 V/AudioSessionOutALSA( 311): isBufferAvailable Empty Queue size() = 0, Filled Queue size() = 4
12-10 11:34:41.723 V/AudioSessionOutALSA( 311): Write: waiting on mWriteCv
12-10 11:34:41.733 V/MediaPlayer-JNI(22137): getCurrentPosition: 56707 (msec)
12-10 11:34:41.763 V/StagefrightPlayer( 311): getCurrentPosition
12-10 11:34:41.773 V/AudioSessionOutALSA( 311): Timestamp returned = 56813666
12-10 11:34:41.773 V/MediaPlayer-JNI(22137): getCurrentPosition: 56814 (msec)
12-10 11:34:41.773 D/ProgressBar(22137): setProgress = 568
12-10 11:34:41.773 D/ProgressBar(22137): setProgress = 568, fromUser = false
12-10 11:34:41.773 D/ProgressBar(22137): mProgress = 566mIndeterminate = false, mMin = 0, mMax = 2750
12-10 11:34:41.773 V/StagefrightPlayer( 311): getCurrentPosition
12-10 11:34:41.783 V/AudioSessionOutALSA( 311): Timestamp returned = 56824333
12-10 11:34:41.783 V/MediaPlayer-JNI(22137): getCurrentPosition: 56824 (msec)
12-10 11:34:41.833 V/StagefrightPlayer( 311): getCurrentPosition
12-10 11:34:41.853 V/AudioSessionOutALSA( 311): Timestamp returned = 56888333
12-10 11:34:41.853 V/MediaPlayer-JNI(22137): getCurrentPosition: 56888 (msec)
12-10 11:34:41.873 V/StagefrightPlayer( 311): getCurrentPosition
12-10 11:34:41.883 V/AudioSessionOutALSA( 311): Timestamp returned = 56931000
12-10 11:34:41.883 V/MediaPlayer-JNI(22137): getCurrentPosition: 56931 (msec)
12-10 11:34:41.883 D/ProgressBar(22137): setProgress = 569
12-10 11:34:41.883 D/ProgressBar(22137): setProgress = 569, fromUser = false
12-10 11:34:41.883 D/ProgressBar(22137): mProgress = 568mIndeterminate = false, mMin = 0, mMax = 2750
12-10 11:34:41.893 V/StagefrightPlayer( 311): getCurrentPosition
12-10 11:34:41.903 V/AudioSessionOutALSA( 311): Timestamp returned = 56941666
12-10 11:34:41.903 V/MediaPlayer-JNI(22137): getCurrentPosition: 56942 (msec)
12-10 11:34:41.953 V/StagefrightPlayer( 311): getCurrentPosition
12-10 11:34:41.963 V/AudioSessionOutALSA( 311): Timestamp returned = 57005666
12-10 11:34:41.963 V/MediaPlayer-JNI(22137): getCurrentPosition: 57006 (msec)
12-10 11:34:41.993 V/StagefrightPlayer( 311): getCurrentPosition
12-10 11:34:42.003 V/AudioSessionOutALSA( 311): Timestamp returned = 57048333
12-10 11:34:42.003 V/MediaPlayer-JNI(22137): getCurrentPosition: 57048 (msec)
12-10 11:34:42.003 D/ProgressBar(22137): setProgress = 570
12-10 11:34:42.003 D/ProgressBar(22137): setProgress = 570, fromUser = false
12-10 11:34:42.003 D/ProgressBar(22137): mProgress = 569mIndeterminate = false, mMin = 0, mMax = 2750
12-10 11:34:42.003 V/StagefrightPlayer( 311): getCurrentPosition
12-10 11:34:42.023 V/AudioSessionOutALSA( 311): Timestamp returned = 57059000
12-10 11:34:42.023 V/MediaPlayer-JNI(22137): getCurrentPosition: 57059 (msec)
12-10 11:34:42.103 V/StagefrightPlayer( 311): getCurrentPosition
12-10 11:34:42.113 V/AudioSessionOutALSA( 311): Timestamp returned = 57155000
12-10 11:34:42.113 V/MediaPlayer-JNI(22137): getCurrentPosition: 57155 (msec)
12-10 11:34:42.113 D/ProgressBar(22137): setProgress = 571
12-10 11:34:42.113 D/ProgressBar(22137): setProgress = 571, fromUser = false
12-10 11:34:42.113 D/ProgressBar(22137): mProgress = 570mIndeterminate = false, mMin = 0, mMax = 2750
12-10 11:34:42.123 V/StagefrightPlayer( 311): getCurrentPosition
12-10 11:34:42.133 V/AudioSessionOutALSA( 311): Timestamp returned = 57176333
12-10 11:34:42.133 V/MediaPlayer-JNI(22137): getCurrentPosition: 57176 (msec)
12-10 11:34:42.173 I/Monitor ( 722): SIOP:: Current AP = 260, CP = 0
12-10 11:34:42.223 V/StagefrightPlayer( 311): getCurrentPosition
12-10 11:34:42.233 V/AudioSessionOutALSA( 311): Timestamp returned = 57272333
12-10 11:34:42.233 V/MediaPlayer-JNI(22137): getCurrentPosition: 57272 (msec)
12-10 11:34:42.233 D/ProgressBar(22137): setProgress = 572
12-10 11:34:42.233 D/ProgressBar(22137): setProgress = 572, fromUser = false
12-10 11:34:42.233 D/ProgressBar(22137): mProgress = 571mIndeterminate = false, mMin = 0, mMax = 2750
12-10 11:34:42.233 V/StagefrightPlayer( 311): getCurrentPosition
12-10 11:34:42.243 V/AudioSessionOutALSA( 311): Timestamp returned = 57283000
12-10 11:34:42.243 V/MediaPlayer-JNI(22137): getCurrentPosition: 57283 (msec)
12-10 11:34:42.333 V/StagefrightPlayer( 311): getCurrentPosition
12-10 11:34:42.353 V/AudioSessionOutALSA( 311): Timestamp returned = 57389666
12-10 11:34:42.353 V/MediaPlayer-JNI(22137): getCurrentPosition: 57390 (msec)
12-10 11:34:42.353 D/ProgressBar(22137): setProgress = 573
12-10 11:34:42.353 D/ProgressBar(22137): setProgress = 573, fromUser = false
12-10 11:34:42.353 D/ProgressBar(22137): mProgress = 572mIndeterminate = false, mMin = 0, mMax = 2750
12-10 11:34:42.353 V/StagefrightPlayer( 311): getCurrentPosition
12-10 11:34:42.363 V/AudioSessionOutALSA( 311): Timestamp returned = 57411000
12-10 11:34:42.363 V/MediaPlayer-JNI(22137): getCurrentPosition: 57411 (msec)
12-10 11:34:42.453 V/StagefrightPlayer( 311): getCurrentPosition
12-10 11:34:42.463 V/AudioSessionOutALSA( 311): Timestamp returned = 57507000
12-10 11:34:42.463 V/MediaPlayer-JNI(22137): getCurrentPosition: 57507 (msec)
12-10 11:34:42.463 D/ProgressBar(22137): setProgress = 575
12-10 11:34:42.463 D/ProgressBar(22137): setProgress = 575, fromUser = false
12-10 11:34:42.463 D/ProgressBar(22137): mProgress = 573mIndeterminate = false, mMin = 0, mMax = 2750
12-10 11:34:42.463 V/StagefrightPlayer( 311): getCurrentPosition
12-10 11:34:42.483 V/AudioSessionOutALSA( 311): Timestamp returned = 57517666
12-10 11:34:42.483 V/MediaPlayer-JNI(22137): getCurrentPosition: 57518 (msec)
12-10 11:34:42.563 V/StagefrightPlayer( 311): getCurrentPosition
12-10 11:34:42.583 V/AudioSessionOutALSA( 311): Timestamp returned = 57613666
12-10 11:34:42.583 V/MediaPlayer-JNI(22137): getCurrentPosition: 57614 (msec)
12-10 11:34:42.583 D/ProgressBar(22137): setProgress = 576
12-10 11:34:42.583 D/ProgressBar(22137): setProgress = 576, fromUser = false
12-10 11:34:42.583 D/ProgressBar(22137): mProgress = 575mIndeterminate = false, mMin = 0, mMax = 2750
12-10 11:34:42.583 V/StagefrightPlayer( 311): getCurrentPosition
12-10 11:34:42.593 V/AudioSessionOutALSA( 311): Timestamp returned = 57635000
12-10 11:34:42.593 V/MediaPlayer-JNI(22137): getCurrentPosition: 57635 (msec)
12-10 11:34:42.683 V/StagefrightPlayer( 311): getCurrentPosition
12-10 11:34:42.693 V/AudioSessionOutALSA( 311): Timestamp returned = 57731000
12-10 11:34:42.693 V/MediaPlayer-JNI(22137): getCurrentPosition: 57731 (msec)
12-10 11:34:42.693 D/ProgressBar(22137): setProgress = 577
12-10 11:34:42.693 D/ProgressBar(22137): setProgress = 577, fromUser = false
12-10 11:34:42.693 D/ProgressBar(22137): mProgress = 576mIndeterminate = false, mMin = 0, mMax = 2750
12-10 11:34:42.693 V/StagefrightPlayer( 311): getCurrentPosition
12-10 11:34:42.703 V/AudioSessionOutALSA( 311): Timestamp returned = 57741666
12-10 11:34:42.703 V/MediaPlayer-JNI(22137): getCurrentPosition: 57742 (msec)
12-10 11:34:42.793 V/StagefrightPlayer( 311): getCurrentPosition
12-10 11:34:42.813 V/AudioSessionOutALSA( 311): Timestamp returned = 57848333
12-10 11:34:42.813 V/MediaPlayer-JNI(22137): getCurrentPosition: 57848 (msec)
12-10 11:34:42.813 D/ProgressBar(22137): setProgress = 578
12-10 11:34:42.813 D/ProgressBar(22137): setProgress = 578, fromUser = false
12-10 11:34:42.813 D/ProgressBar(22137): mProgress = 577mIndeterminate = false, mMin = 0, mMax = 2750
12-10 11:34:42.813 V/StagefrightPlayer( 311): getCurrentPosition
12-10 11:34:42.823 V/AudioSessionOutALSA( 311): Timestamp returned = 57869666
12-10 11:34:42.823 V/MediaPlayer-JNI(22137): getCurrentPosition: 57870 (msec)
12-10 11:34:42.853 V/StagefrightPlayer( 311): getCurrentPosition
12-10 11:34:42.863 V/AudioSessionOutALSA( 311): Timestamp returned = 57901666
12-10 11:34:42.863 V/MediaPlayer-JNI(22137): getCurrentPosition: 57902 (msec)
12-10 11:34:42.913 V/StagefrightPlayer( 311): getCurrentPosition
12-10 11:34:42.923 V/AudioSessionOutALSA( 311): Timestamp returned = 57965666
12-10 11:34:42.923 V/MediaPlayer-JNI(22137): getCurrentPosition: 57966 (msec)
12-10 11:34:42.923 D/ProgressBar(22137): setProgress = 579
12-10 11:34:42.923 D/ProgressBar(22137): setProgress = 579, fromUser = false
12-10 11:34:42.923 D/ProgressBar(22137): mProgress = 578mIndeterminate = false, mMin = 0, mMax = 2750
12-10 11:34:42.923 V/StagefrightPlayer( 311): getCurrentPosition
12-10 11:34:42.943 V/AudioSessionOutALSA( 311): Timestamp returned = 57976333
12-10 11:34:42.943 V/MediaPlayer-JNI(22137): getCurrentPosition: 57976 (msec)
12-10 11:34:42.973 V/StagefrightPlayer( 311): getCurrentPosition
12-10 11:34:42.983 V/AudioSessionOutALSA( 311): Timestamp returned = 58029666
12-10 11:34:42.983 V/MediaPlayer-JNI(22137): getCurrentPosition: 58030 (msec)
12-10 11:34:43.023 V/StagefrightPlayer( 311): getCurrentPosition
12-10 11:34:43.043 V/AudioSessionOutALSA( 311): Timestamp returned = 58072333
12-10 11:34:43.043 V/MediaPlayer-JNI(22137): getCurrentPosition: 58072 (msec)
12-10 11:34:43.043 D/ProgressBar(22137): setProgress = 580
12-10 11:34:43.043 D/ProgressBar(22137): setProgress = 580, fromUser = false
12-10 11:34:43.043 D/ProgressBar(22137): mProgress = 579mIndeterminate = false, mMin = 0, mMax = 2750
12-10 11:34:43.043 V/StagefrightPlayer( 311): getCurrentPosition
12-10 11:34:43.053 V/AudioSessionOutALSA( 311): Timestamp returned = 58093666
12-10 11:34:43.053 V/MediaPlayer-JNI(22137): getCurrentPosition: 58094 (msec)
12-10 11:34:43.143 V/StagefrightPlayer( 311): getCurrentPosition
12-10 11:34:43.153 V/AudioSessionOutALSA( 311): Timestamp returned = 58200333
12-10 11:34:43.153 V/MediaPlayer-JNI(22137): getCurrentPosition: 58200 (msec)
12-10 11:34:43.153 D/ProgressBar(22137): setProgress = 582
12-10 11:34:43.153 D/ProgressBar(22137): setProgress = 582, fromUser = false
12-10 11:34:43.153 D/ProgressBar(22137): mProgress = 580mIndeterminate = false, mMin = 0, mMax = 2750
12-10 11:34:43.153 V/StagefrightPlayer( 311): getCurrentPosition
12-10 11:34:43.173 V/AudioSessionOutALSA( 311): Timestamp returned = 58211000
12-10 11:34:43.173 V/MediaPlayer-JNI(22137): getCurrentPosition: 58211 (msec)
12-10 11:34:43.253 V/StagefrightPlayer( 311): getCurrentPosition
12-10 11:34:43.273 V/AudioSessionOutALSA( 311): Timestamp returned = 58307000
12-10 11:34:43.273 V/MediaPlayer-JNI(22137): getCurrentPosition: 58307 (msec)
12-10 11:34:43.273 D/ProgressBar(22137): setProgress = 583
12-10 11:34:43.273 D/ProgressBar(22137): setProgress = 583, fromUser = false
12-10 11:34:43.273 D/ProgressBar(22137): mProgress = 582mIndeterminate = false, mMin = 0, mMax = 2750
12-10 11:34:43.273 V/StagefrightPlayer( 311): getCurrentPosition
12-10 11:34:43.283 V/AudioSessionOutALSA( 311): Timestamp returned = 58328333
12-10 11:34:43.283 V/MediaPlayer-JNI(22137): getCurrentPosition: 58328 (msec)
12-10 11:34:43.373 V/StagefrightPlayer( 311): getCurrentPosition
12-10 11:34:43.383 V/AudioSessionOutALSA( 311): Timestamp returned = 58424333
12-10 11:34:43.383 V/MediaPlayer-JNI(22137): getCurrentPosition: 58424 (msec)
12-10 11:34:43.383 D/ProgressBar(22137): setProgress = 584
12-10 11:34:43.383 D/ProgressBar(22137): setProgress = 584, fromUser = false
12-10 11:34:43.383 D/ProgressBar(22137): mProgress = 583mIndeterminate = false, mMin = 0, mMax = 2750
12-10 11:34:43.383 V/StagefrightPlayer( 311): getCurrentPosition
12-10 11:34:43.403 V/AudioSessionOutALSA( 311): Timestamp returned = 58435000
12-10 11:34:43.403 V/MediaPlayer-JNI(22137): getCurrentPosition: 58435 (msec)
12-10 11:34:43.483 V/StagefrightPlayer( 311): getCurrentPosition
12-10 11:34:43.503 V/AudioSessionOutALSA( 311): Timestamp returned = 58531000
12-10 11:34:43.503 V/MediaPlayer-JNI(22137): getCurrentPosition: 58531 (msec)
12-10 11:34:43.503 D/ProgressBar(22137): setProgress = 585
12-10 11:34:43.503 D/ProgressBar(22137): setProgress = 585, fromUser = false
12-10 11:34:43.503 D/ProgressBar(22137): mProgress = 584mIndeterminate = false, mMin = 0, mMax = 2750
12-10 11:34:43.503 V/StagefrightPlayer( 311): getCurrentPosition
12-10 11:34:43.513 V/AudioSessionOutALSA( 311): Timestamp returned = 58552333
12-10 11:34:43.513 V/MediaPlayer-JNI(22137): getCurrentPosition: 58552 (msec)
12-10 11:34:43.603 V/StagefrightPlayer( 311): getCurrentPosition
12-10 11:34:43.613 V/AudioSessionOutALSA( 311): Timestamp returned = 58659000
12-10 11:34:43.613 V/MediaPlayer-JNI(22137): getCurrentPosition: 58659 (msec)
12-10 11:34:43.613 D/ProgressBar(22137): setProgress = 586
12-10 11:34:43.613 D/ProgressBar(22137): setProgress = 586, fromUser = false
12-10 11:34:43.613 D/ProgressBar(22137): mProgress = 585mIndeterminate = false, mMin = 0, mMax = 2750
12-10 11:34:43.613 V/StagefrightPlayer( 311): getCurrentPosition
12-10 11:34:43.633 V/AudioSessionOutALSA( 311): Timestamp returned = 58669666
12-10 11:34:43.633 V/MediaPlayer-JNI(22137): getCurrentPosition: 58670 (msec)
12-10 11:34:43.723 V/StagefrightPlayer( 311): getCurrentPosition
12-10 11:34:43.733 V/AudioSessionOutALSA( 311): Timestamp returned = 58765666
12-10 11:34:43.733 V/MediaPlayer-JNI(22137): getCurrentPosition: 58766 (msec)
12-10 11:34:43.733 D/ProgressBar(22137): setProgress = 587
12-10 11:34:43.733 D/ProgressBar(22137): setProgress = 587, fromUser = false
12-10 11:34:43.733 D/ProgressBar(22137): mProgress = 586mIndeterminate = false, mMin = 0, mMax = 2750
12-10 11:34:43.733 V/StagefrightPlayer( 311): getCurrentPosition
12-10 11:34:43.743 V/AudioSessionOutALSA( 311): Timestamp returned = 58787000
12-10 11:34:43.743 V/MediaPlayer-JNI(22137): getCurrentPosition: 58787 (msec)
12-10 11:34:43.833 V/StagefrightPlayer( 311): getCurrentPosition
12-10 11:34:43.843 V/AudioSessionOutALSA( 311): Timestamp returned = 58883000
12-10 11:34:43.843 V/MediaPlayer-JNI(22137): getCurrentPosition: 58883 (msec)
12-10 11:34:43.843 D/ProgressBar(22137): setProgress = 588
12-10 11:34:43.843 D/ProgressBar(22137): setProgress = 588, fromUser = false
12-10 11:34:43.843 D/ProgressBar(22137): mProgress = 587mIndeterminate = false, mMin = 0, mMax = 2750
12-10 11:34:43.843 V/StagefrightPlayer( 311): getCurrentPosition
12-10 11:34:43.863 V/AudioSessionOutALSA( 311): Timestamp returned = 58893666
12-10 11:34:43.863 V/MediaPlayer-JNI(22137): getCurrentPosition: 58894 (msec)
12-10 11:34:43.863 V/StagefrightPlayer( 311): getCurrentPosition
12-10 11:34:43.873 V/AudioSessionOutALSA( 311): Timestamp returned = 58915000
12-10 11:34:43.873 V/MediaPlayer-JNI(22137): getCurrentPosition: 58915 (msec)
12-10 11:34:43.953 V/StagefrightPlayer( 311): getCurrentPosition
12-10 11:34:43.963 V/AudioSessionOutALSA( 311): Timestamp returned = 59000333
12-10 11:34:43.963 V/MediaPlayer-JNI(22137): getCurrentPosition: 59000 (msec)
12-10 11:34:43.963 D/ProgressBar(22137): setProgress = 590
12-10 11:34:43.963 D/ProgressBar(22137): setProgress = 590, fromUser = false
12-10 11:34:43.963 D/ProgressBar(22137): mProgress = 588mIndeterminate = false, mMin = 0, mMax = 2750
12-10 11:34:43.963 V/StagefrightPlayer( 311): getCurrentPosition
12-10 11:34:43.973 V/AudioSessionOutALSA( 311): Timestamp returned = 59011000
12-10 11:34:43.973 V/MediaPlayer-JNI(22137): getCurrentPosition: 59011 (msec)
12-10 11:34:43.983 D/AlarmManagerService( 722): Kernel timezone updated to 300 minutes west of GMT
12-10 11:34:43.983 V/StagefrightPlayer( 311): getCurrentPosition
12-10 11:34:43.993 V/AudioSessionOutALSA( 311): Timestamp returned = 59032333
12-10 11:34:44.003 V/MediaPlayer-JNI(22137): getCurrentPosition: 59032 (msec)
12-10 11:34:44.013 D/PopupuiReceiver( 6793): onReceive() getAction : android.intent.action.NETWORK_SET_TIMEZONE
12-10 11:34:44.013 D/PopupuiReceiver( 6793): NETWORK_SET_TIME prevMCCvalue : -111
12-10 11:34:44.013 D/PopupuiReceiver( 6793): gsm.operator.numeric : 311
12-10 11:34:44.023 D/PopupuiReceiver( 6793): MCC init : mccstrcmp
12-10 11:34:44.063 V/StagefrightPlayer( 311): getCurrentPosition
12-10 11:34:44.073 V/AudioSessionOutALSA( 311): Timestamp returned = 59117666
12-10 11:34:44.073 V/MediaPlayer-JNI(22137): getCurrentPosition: 59118 (msec)
12-10 11:34:44.073 D/ProgressBar(22137): setProgress = 591
12-10 11:34:44.073 D/ProgressBar(22137): setProgress = 591, fromUser = false
12-10 11:34:44.073 D/ProgressBar(22137): mProgress = 590mIndeterminate = false, mMin = 0, mMax = 2750
12-10 11:34:44.073 V/StagefrightPlayer( 311): getCurrentPosition
12-10 11:34:44.093 V/AudioSessionOutALSA( 311): Timestamp returned = 59128333
12-10 11:34:44.093 V/MediaPlayer-JNI(22137): getCurrentPosition: 59128 (msec)
12-10 11:34:44.173 V/StagefrightPlayer( 311): getCurrentPosition
12-10 11:34:44.193 V/AudioSessionOutALSA( 311): Timestamp returned = 59224333
12-10 11:34:44.193 V/MediaPlayer-JNI(22137): getCurrentPosition: 59224 (msec)
12-10 11:34:44.193 D/ProgressBar(22137): setProgress = 592
12-10 11:34:44.193 D/ProgressBar(22137): setProgress = 592, fromUser = false
12-10 11:34:44.193 D/ProgressBar(22137): mProgress = 591mIndeterminate = false, mMin = 0, mMax = 2750
12-10 11:34:44.193 V/StagefrightPlayer( 311): getCurrentPosition
12-10 11:34:44.203 V/AudioSessionOutALSA( 311): Timestamp returned = 59245666
12-10 11:34:44.203 V/MediaPlayer-JNI(22137): getCurrentPosition: 59246 (msec)
12-10 11:34:44.293 V/StagefrightPlayer( 311): getCurrentPosition
12-10 11:34:44.303 V/AudioSessionOutALSA( 311): Timestamp returned = 59341666
12-10 11:34:44.303 V/MediaPlayer-JNI(22137): getCurrentPosition: 59342 (msec)
12-10 11:34:44.303 D/ProgressBar(22137): setProgress = 593
12-10 11:34:44.303 D/ProgressBar(22137): setProgress = 593, fromUser = false
12-10 11:34:44.303 D/ProgressBar(22137): mProgress = 592mIndeterminate = false, mMin = 0, mMax = 2750
12-10 11:34:44.303 V/StagefrightPlayer( 311): getCurrentPosition
12-10 11:34:44.323 V/AudioSessionOutALSA( 311): Timestamp returned = 59352333
12-10 11:34:44.323 V/MediaPlayer-JNI(22137): getCurrentPosition: 59352 (msec)
12-10 11:34:44.413 V/StagefrightPlayer( 311): getCurrentPosition
12-10 11:34:44.423 V/AudioSessionOutALSA( 311): Timestamp returned = 59459000
12-10 11:34:44.423 V/MediaPlayer-JNI(22137): getCurrentPosition: 59459 (msec)
12-10 11:34:44.423 D/ProgressBar(22137): setProgress = 594
