12-10 11:35:28.963 V/StagefrightPlayer( 311): getCurrentPosition
12-10 11:35:28.973 V/AudioSessionOutALSA( 311): Timestamp returned = 104013666
12-10 11:35:28.973 V/MediaPlayer-JNI(22137): getCurrentPosition: 104014 (msec)
12-10 11:35:28.973 D/ProgressBar(22137): setProgress = 1040
12-10 11:35:28.973 D/ProgressBar(22137): setProgress = 1040, fromUser = false
12-10 11:35:28.973 D/ProgressBar(22137): mProgress = 1038mIndeterminate = false, mMin = 0, mMax = 2750
12-10 11:35:28.973 V/StagefrightPlayer( 311): getCurrentPosition
12-10 11:35:28.983 V/AudioSessionOutALSA( 311): Timestamp returned = 104024333
12-10 11:35:28.983 V/MediaPlayer-JNI(22137): getCurrentPosition: 104024 (msec)
12-10 11:35:29.073 V/StagefrightPlayer( 311): getCurrentPosition
12-10 11:35:29.093 V/AudioSessionOutALSA( 311): Timestamp returned = 104131000
12-10 11:35:29.093 V/MediaPlayer-JNI(22137): getCurrentPosition: 104131 (msec)
12-10 11:35:29.093 D/ProgressBar(22137): setProgress = 1041
12-10 11:35:29.093 D/ProgressBar(22137): setProgress = 1041, fromUser = false
12-10 11:35:29.093 D/ProgressBar(22137): mProgress = 1040mIndeterminate = false, mMin = 0, mMax = 2750
12-10 11:35:29.093 V/StagefrightPlayer( 311): getCurrentPosition
12-10 11:35:29.103 V/AudioSessionOutALSA( 311): Timestamp returned = 104141666
12-10 11:35:29.103 V/MediaPlayer-JNI(22137): getCurrentPosition: 104142 (msec)
12-10 11:35:29.193 V/StagefrightPlayer( 311): getCurrentPosition
12-10 11:35:29.203 V/AudioSessionOutALSA( 311): Timestamp returned = 104248333
12-10 11:35:29.203 V/MediaPlayer-JNI(22137): getCurrentPosition: 104248 (msec)
12-10 11:35:29.203 D/ProgressBar(22137): setProgress = 1042
12-10 11:35:29.203 D/ProgressBar(22137): setProgress = 1042, fromUser = false
12-10 11:35:29.203 D/ProgressBar(22137): mProgress = 1041mIndeterminate = false, mMin = 0, mMax = 2750
12-10 11:35:29.203 V/StagefrightPlayer( 311): getCurrentPosition
12-10 11:35:29.223 V/AudioSessionOutALSA( 311): Timestamp returned = 104259000
12-10 11:35:29.223 V/MediaPlayer-JNI(22137): getCurrentPosition: 104259 (msec)
12-10 11:35:29.303 V/StagefrightPlayer( 311): getCurrentPosition
12-10 11:35:29.323 V/AudioSessionOutALSA( 311): Timestamp returned = 104355000
12-10 11:35:29.323 V/MediaPlayer-JNI(22137): getCurrentPosition: 104355 (msec)
12-10 11:35:29.323 D/ProgressBar(22137): setProgress = 1043
12-10 11:35:29.323 D/ProgressBar(22137): setProgress = 1043, fromUser = false
12-10 11:35:29.323 D/ProgressBar(22137): mProgress = 1042mIndeterminate = false, mMin = 0, mMax = 2750
12-10 11:35:29.323 V/StagefrightPlayer( 311): getCurrentPosition
12-10 11:35:29.333 V/AudioSessionOutALSA( 311): Timestamp returned = 104376333
12-10 11:35:29.333 V/MediaPlayer-JNI(22137): getCurrentPosition: 104376 (msec)
12-10 11:35:29.423 V/StagefrightPlayer( 311): getCurrentPosition
12-10 11:35:29.433 V/AudioSessionOutALSA( 311): Timestamp returned = 104472333
12-10 11:35:29.433 V/MediaPlayer-JNI(22137): getCurrentPosition: 104472 (msec)
12-10 11:35:29.433 D/ProgressBar(22137): setProgress = 1044
12-10 11:35:29.433 D/ProgressBar(22137): setProgress = 1044, fromUser = false
12-10 11:35:29.433 D/ProgressBar(22137): mProgress = 1043mIndeterminate = false, mMin = 0, mMax = 2750
12-10 11:35:29.433 V/StagefrightPlayer( 311): getCurrentPosition
12-10 11:35:29.453 V/AudioSessionOutALSA( 311): Timestamp returned = 104483000
12-10 11:35:29.453 V/MediaPlayer-JNI(22137): getCurrentPosition: 104483 (msec)
12-10 11:35:29.533 V/StagefrightPlayer( 311): getCurrentPosition
12-10 11:35:29.543 V/AudioSessionOutALSA( 311): Timestamp returned = 104579000
12-10 11:35:29.543 V/MediaPlayer-JNI(22137): getCurrentPosition: 104579 (msec)
12-10 11:35:29.543 V/StagefrightPlayer( 311): getCurrentPosition
12-10 11:35:29.553 V/AudioSessionOutALSA( 311): Timestamp returned = 104600333
12-10 11:35:29.553 V/MediaPlayer-JNI(22137): getCurrentPosition: 104600 (msec)
12-10 11:35:29.553 D/ProgressBar(22137): setProgress = 1046
12-10 11:35:29.553 D/ProgressBar(22137): setProgress = 1046, fromUser = false
12-10 11:35:29.553 D/ProgressBar(22137): mProgress = 1044mIndeterminate = false, mMin = 0, mMax = 2750
12-10 11:35:29.553 V/StagefrightPlayer( 311): getCurrentPosition
12-10 11:35:29.573 V/AudioSessionOutALSA( 311): Timestamp returned = 104611000
12-10 11:35:29.573 V/MediaPlayer-JNI(22137): getCurrentPosition: 104611 (msec)
12-10 11:35:29.653 V/StagefrightPlayer( 311): getCurrentPosition
12-10 11:35:29.673 V/AudioSessionOutALSA( 311): Timestamp returned = 104707000
12-10 11:35:29.673 V/MediaPlayer-JNI(22137): getCurrentPosition: 104707 (msec)
12-10 11:35:29.673 V/StagefrightPlayer( 311): getCurrentPosition
12-10 11:35:29.683 V/AudioSessionOutALSA( 311): Timestamp returned = 104717666
12-10 11:35:29.683 V/MediaPlayer-JNI(22137): getCurrentPosition: 104718 (msec)
12-10 11:35:29.683 D/ProgressBar(22137): setProgress = 1047
12-10 11:35:29.683 D/ProgressBar(22137): setProgress = 1047, fromUser = false
12-10 11:35:29.683 D/ProgressBar(22137): mProgress = 1046mIndeterminate = false, mMin = 0, mMax = 2750
12-10 11:35:29.683 V/StagefrightPlayer( 311): getCurrentPosition
12-10 11:35:29.693 V/AudioSessionOutALSA( 311): Timestamp returned = 104739000
12-10 11:35:29.693 V/MediaPlayer-JNI(22137): getCurrentPosition: 104739 (msec)
12-10 11:35:29.783 V/StagefrightPlayer( 311): getCurrentPosition
12-10 11:35:29.793 V/AudioSessionOutALSA( 311): Timestamp returned = 104835000
12-10 11:35:29.793 V/MediaPlayer-JNI(22137): getCurrentPosition: 104835 (msec)
12-10 11:35:29.793 D/ProgressBar(22137): setProgress = 1048
12-10 11:35:29.793 D/ProgressBar(22137): setProgress = 1048, fromUser = false
12-10 11:35:29.793 D/ProgressBar(22137): mProgress = 1047mIndeterminate = false, mMin = 0, mMax = 2750
12-10 11:35:29.803 V/StagefrightPlayer( 311): getCurrentPosition
12-10 11:35:29.813 V/AudioSessionOutALSA( 311): Timestamp returned = 104845666
12-10 11:35:29.813 V/MediaPlayer-JNI(22137): getCurrentPosition: 104846 (msec)
12-10 11:35:29.903 V/StagefrightPlayer( 311): getCurrentPosition
12-10 11:35:29.913 V/AudioSessionOutALSA( 311): Timestamp returned = 104941666
12-10 11:35:29.913 V/MediaPlayer-JNI(22137): getCurrentPosition: 104942 (msec)
12-10 11:35:29.913 D/ProgressBar(22137): setProgress = 1049
12-10 11:35:29.913 D/ProgressBar(22137): setProgress = 1049, fromUser = false
12-10 11:35:29.913 D/ProgressBar(22137): mProgress = 1048mIndeterminate = false, mMin = 0, mMax = 2750
12-10 11:35:29.913 V/StagefrightPlayer( 311): getCurrentPosition
12-10 11:35:29.923 V/AudioSessionOutALSA( 311): Timestamp returned = 104963000
12-10 11:35:29.923 V/MediaPlayer-JNI(22137): getCurrentPosition: 104963 (msec)
12-10 11:35:30.013 V/StagefrightPlayer( 311): getCurrentPosition
12-10 11:35:30.023 V/AudioSessionOutALSA( 311): Timestamp returned = 105069666
12-10 11:35:30.023 V/MediaPlayer-JNI(22137): getCurrentPosition: 105070 (msec)
12-10 11:35:30.023 D/ProgressBar(22137): setProgress = 1050
12-10 11:35:30.023 D/ProgressBar(22137): setProgress = 1050, fromUser = false
12-10 11:35:30.023 D/ProgressBar(22137): mProgress = 1049mIndeterminate = false, mMin = 0, mMax = 2750
12-10 11:35:30.033 V/StagefrightPlayer( 311): getCurrentPosition
12-10 11:35:30.043 V/AudioSessionOutALSA( 311): Timestamp returned = 105080333
12-10 11:35:30.043 V/MediaPlayer-JNI(22137): getCurrentPosition: 105080 (msec)
12-10 11:35:30.133 V/StagefrightPlayer( 311): getCurrentPosition
12-10 11:35:30.143 V/AudioSessionOutALSA( 311): Timestamp returned = 105176333
12-10 11:35:30.143 V/MediaPlayer-JNI(22137): getCurrentPosition: 105176 (msec)
12-10 11:35:30.143 D/ProgressBar(22137): setProgress = 1051
12-10 11:35:30.143 D/ProgressBar(22137): setProgress = 1051, fromUser = false
12-10 11:35:30.143 D/ProgressBar(22137): mProgress = 1050mIndeterminate = false, mMin = 0, mMax = 2750
12-10 11:35:30.143 V/StagefrightPlayer( 311): getCurrentPosition
12-10 11:35:30.153 V/AudioSessionOutALSA( 311): Timestamp returned = 105197666
12-10 11:35:30.153 V/MediaPlayer-JNI(22137): getCurrentPosition: 105198 (msec)
12-10 11:35:30.243 V/StagefrightPlayer( 311): getCurrentPosition
12-10 11:35:30.253 V/AudioSessionOutALSA( 311): Timestamp returned = 105293666
12-10 11:35:30.253 V/MediaPlayer-JNI(22137): getCurrentPosition: 105294 (msec)
12-10 11:35:30.253 D/ProgressBar(22137): setProgress = 1052
12-10 11:35:30.253 D/ProgressBar(22137): setProgress = 1052, fromUser = false
12-10 11:35:30.253 D/ProgressBar(22137): mProgress = 1051mIndeterminate = false, mMin = 0, mMax = 2750
12-10 11:35:30.263 V/StagefrightPlayer( 311): getCurrentPosition
12-10 11:35:30.273 V/AudioSessionOutALSA( 311): Timestamp returned = 105304333
12-10 11:35:30.273 V/MediaPlayer-JNI(22137): getCurrentPosition: 105304 (msec)
12-10 11:35:30.363 V/StagefrightPlayer( 311): getCurrentPosition
12-10 11:35:30.373 V/AudioSessionOutALSA( 311): Timestamp returned = 105411000
12-10 11:35:30.373 V/MediaPlayer-JNI(22137): getCurrentPosition: 105411 (msec)
12-10 11:35:30.373 D/ProgressBar(22137): setProgress = 1054
12-10 11:35:30.373 D/ProgressBar(22137): setProgress = 1054, fromUser = false
12-10 11:35:30.373 D/ProgressBar(22137): mProgress = 1052mIndeterminate = false, mMin = 0, mMax = 2750
12-10 11:35:30.373 V/StagefrightPlayer( 311): getCurrentPosition
12-10 11:35:30.383 V/AudioSessionOutALSA( 311): Timestamp returned = 105421666
12-10 11:35:30.383 V/MediaPlayer-JNI(22137): getCurrentPosition: 105422 (msec)
12-10 11:35:30.473 V/StagefrightPlayer( 311): getCurrentPosition
12-10 11:35:30.483 V/AudioSessionOutALSA( 311): Timestamp returned = 105528333
12-10 11:35:30.483 V/MediaPlayer-JNI(22137): getCurrentPosition: 105528 (msec)
12-10 11:35:30.483 D/ProgressBar(22137): setProgress = 1055
12-10 11:35:30.483 D/ProgressBar(22137): setProgress = 1055, fromUser = false
12-10 11:35:30.483 D/ProgressBar(22137): mProgress = 1054mIndeterminate = false, mMin = 0, mMax = 2750
12-10 11:35:30.493 V/StagefrightPlayer( 311): getCurrentPosition
12-10 11:35:30.503 V/AudioSessionOutALSA( 311): Timestamp returned = 105549666
12-10 11:35:30.503 V/MediaPlayer-JNI(22137): getCurrentPosition: 105550 (msec)
12-10 11:35:30.543 V/StagefrightPlayer( 311): getCurrentPosition
12-10 11:35:30.553 V/AudioSessionOutALSA( 311): Timestamp returned = 105592333
12-10 11:35:30.553 V/MediaPlayer-JNI(22137): getCurrentPosition: 105592 (msec)
12-10 11:35:30.593 V/StagefrightPlayer( 311): getCurrentPosition
12-10 11:35:30.603 V/AudioSessionOutALSA( 311): Timestamp returned = 105645666
12-10 11:35:30.603 V/MediaPlayer-JNI(22137): getCurrentPosition: 105646 (msec)
12-10 11:35:30.603 D/ProgressBar(22137): setProgress = 1056
12-10 11:35:30.603 D/ProgressBar(22137): setProgress = 1056, fromUser = false
12-10 11:35:30.603 D/ProgressBar(22137): mProgress = 1055mIndeterminate = false, mMin = 0, mMax = 2750
12-10 11:35:30.603 V/StagefrightPlayer( 311): getCurrentPosition
12-10 11:35:30.623 V/AudioSessionOutALSA( 311): Timestamp returned = 105656333
12-10 11:35:30.623 V/MediaPlayer-JNI(22137): getCurrentPosition: 105656 (msec)
12-10 11:35:30.673 V/StagefrightPlayer( 311): getCurrentPosition
12-10 11:35:30.683 V/AudioSessionOutALSA( 311): Timestamp returned = 105731000
12-10 11:35:30.683 V/MediaPlayer-JNI(22137): getCurrentPosition: 105731 (msec)
12-10 11:35:30.703 V/StagefrightPlayer( 311): getCurrentPosition
12-10 11:35:30.723 V/AudioSessionOutALSA( 311): Timestamp returned = 105752333
12-10 11:35:30.723 V/MediaPlayer-JNI(22137): getCurrentPosition: 105752 (msec)
12-10 11:35:30.723 D/ProgressBar(22137): setProgress = 1057
12-10 11:35:30.723 D/ProgressBar(22137): setProgress = 1057, fromUser = false
12-10 11:35:30.723 D/ProgressBar(22137): mProgress = 1056mIndeterminate = false, mMin = 0, mMax = 2750
12-10 11:35:30.723 V/StagefrightPlayer( 311): getCurrentPosition
12-10 11:35:30.733 V/AudioSessionOutALSA( 311): Timestamp returned = 105773666
12-10 11:35:30.733 V/MediaPlayer-JNI(22137): getCurrentPosition: 105774 (msec)
12-10 11:35:30.793 V/AudioSessionOutALSA( 311): pfd[0].revents =1
12-10 11:35:30.793 V/AudioSessionOutALSA( 311): pfd[1].revents =0
12-10 11:35:30.793 V/AudioSessionOutALSA( 311): mAlsaHandle->handle = 0xb77af230
12-10 11:35:30.793 V/AudioSessionOutALSA( 311): After an event occurs
12-10 11:35:30.793 V/AudioSessionOutALSA( 311): mFilledQueue 3
12-10 11:35:30.793 V/AudioSessionOutALSA( 311): Reset mSkipwrite in eventthread entry
12-10 11:35:30.793 V/AudioSessionOutALSA( 311): isBufferAvailable: received a signal to wake up
12-10 11:35:30.793 V/AudioSessionOutALSA( 311): write Empty Queue size() = 1, Filled Queue size() = 3 mReached EOS 0, mEosEventReceived 0 bytes 262080
12-10 11:35:30.793 V/AudioSessionOutALSA( 311): not skipping buffer in write since mSkipWrite = 0, mEmptyQueuesize 1, skip flag -166066003
12-10 11:35:30.793 D/AudioSessionOutALSA( 311): bytes = 262080 , mAlsaHandle->handle->period_size = 262144
12-10 11:35:30.793 D/AudioSessionOutALSA( 311): Copy Metadata = 64, bytes = 262080
12-10 11:35:30.793 V/AudioSessionOutALSA( 311): PCM write before memcpy start
12-10 11:35:30.793 V/AudioSessionOutALSA( 311): PCM write start
12-10 11:35:30.793 V/AudioSessionOutALSA( 311): PCM write complete
12-10 11:35:30.793 D/TunnelPlayer( 311): Fillbuffer after write and seek flag 0
12-10 11:35:30.793 D/TunnelPlayer( 311): FillBuffer: MemBuffer size 262080
12-10 11:35:30.823 V/StagefrightPlayer( 311): getCurrentPosition
12-10 11:35:30.833 V/AudioSessionOutALSA( 311): Timestamp returned = 105880333
12-10 11:35:30.833 V/MediaPlayer-JNI(22137): getCurrentPosition: 105880 (msec)
12-10 11:35:30.833 D/ProgressBar(22137): setProgress = 1058
12-10 11:35:30.833 D/ProgressBar(22137): setProgress = 1058, fromUser = false
12-10 11:35:30.833 D/ProgressBar(22137): mProgress = 1057mIndeterminate = false, mMin = 0, mMax = 2750
12-10 11:35:30.863 D/TunnelPlayer( 311): FillBuffer completed bytesToWrite 262080
12-10 11:35:30.863 V/AudioSessionOutALSA( 311): acquiring mDecoderLock in isBufferAvailable()
12-10 11:35:30.863 V/AudioSessionOutALSA( 311): isBufferAvailable Empty Queue size() = 0, Filled Queue size() = 4
12-10 11:35:30.863 V/AudioSessionOutALSA( 311): Write: waiting on mWriteCv
12-10 11:35:30.863 V/StagefrightPlayer( 311): getCurrentPosition
12-10 11:35:30.873 V/AudioSessionOutALSA( 311): Timestamp returned = 105912333
12-10 11:35:30.873 V/MediaPlayer-JNI(22137): getCurrentPosition: 105912 (msec)
12-10 11:35:30.963 V/StagefrightPlayer( 311): getCurrentPosition
12-10 11:35:30.973 V/AudioSessionOutALSA( 311): Timestamp returned = 106019000
12-10 11:35:30.973 V/MediaPlayer-JNI(22137): getCurrentPosition: 106019 (msec)
12-10 11:35:30.973 D/ProgressBar(22137): setProgress = 1060
12-10 11:35:30.973 D/ProgressBar(22137): setProgress = 1060, fromUser = false
12-10 11:35:30.973 D/ProgressBar(22137): mProgress = 1058mIndeterminate = false, mMin = 0, mMax = 2750
12-10 11:35:30.973 V/StagefrightPlayer( 311): getCurrentPosition
12-10 11:35:30.993 V/AudioSessionOutALSA( 311): Timestamp returned = 106029666
12-10 11:35:30.993 V/MediaPlayer-JNI(22137): getCurrentPosition: 106030 (msec)
12-10 11:35:31.083 V/StagefrightPlayer( 311): getCurrentPosition
12-10 11:35:31.093 V/AudioSessionOutALSA( 311): Timestamp returned = 106125666
12-10 11:35:31.093 V/MediaPlayer-JNI(22137): getCurrentPosition: 106126 (msec)
12-10 11:35:31.093 D/ProgressBar(22137): setProgress = 1061
12-10 11:35:31.093 D/ProgressBar(22137): setProgress = 1061, fromUser = false
12-10 11:35:31.093 D/ProgressBar(22137): mProgress = 1060mIndeterminate = false, mMin = 0, mMax = 2750
12-10 11:35:31.093 V/StagefrightPlayer( 311): getCurrentPosition
12-10 11:35:31.103 V/AudioSessionOutALSA( 311): Timestamp returned = 106147000
12-10 11:35:31.103 V/MediaPlayer-JNI(22137): getCurrentPosition: 106147 (msec)
12-10 11:35:31.193 V/StagefrightPlayer( 311): getCurrentPosition
12-10 11:35:31.203 V/AudioSessionOutALSA( 311): Timestamp returned = 106243000
12-10 11:35:31.203 V/MediaPlayer-JNI(22137): getCurrentPosition: 106243 (msec)
12-10 11:35:31.203 D/ProgressBar(22137): setProgress = 1062
12-10 11:35:31.203 D/ProgressBar(22137): setProgress = 1062, fromUser = false
12-10 11:35:31.203 D/ProgressBar(22137): mProgress = 1061mIndeterminate = false, mMin = 0, mMax = 2750
12-10 11:35:31.203 V/StagefrightPlayer( 311): getCurrentPosition
12-10 11:35:31.223 V/AudioSessionOutALSA( 311): Timestamp returned = 106253666
12-10 11:35:31.223 V/MediaPlayer-JNI(22137): getCurrentPosition: 106254 (msec)
12-10 11:35:31.303 V/StagefrightPlayer( 311): getCurrentPosition
12-10 11:35:31.323 V/AudioSessionOutALSA( 311): Timestamp returned = 106360333
12-10 11:35:31.323 V/MediaPlayer-JNI(22137): getCurrentPosition: 106360 (msec)
12-10 11:35:31.323 D/ProgressBar(22137): setProgress = 1063
12-10 11:35:31.323 D/ProgressBar(22137): setProgress = 1063, fromUser = false
12-10 11:35:31.323 D/ProgressBar(22137): mProgress = 1062mIndeterminate = false, mMin = 0, mMax = 2750
12-10 11:35:31.323 V/StagefrightPlayer( 311): getCurrentPosition
12-10 11:35:31.333 V/AudioSessionOutALSA( 311): Timestamp returned = 106371000
12-10 11:35:31.333 V/MediaPlayer-JNI(22137): getCurrentPosition: 106371 (msec)
12-10 11:35:31.423 V/StagefrightPlayer( 311): getCurrentPosition
12-10 11:35:31.433 V/AudioSessionOutALSA( 311): Timestamp returned = 106477666
12-10 11:35:31.433 V/MediaPlayer-JNI(22137): getCurrentPosition: 106478 (msec)
12-10 11:35:31.433 D/ProgressBar(22137): setProgress = 1064
12-10 11:35:31.433 D/ProgressBar(22137): setProgress = 1064, fromUser = false
12-10 11:35:31.433 D/ProgressBar(22137): mProgress = 1063mIndeterminate = false, mMin = 0, mMax = 2750
12-10 11:35:31.433 V/StagefrightPlayer( 311): getCurrentPosition
12-10 11:35:31.453 V/AudioSessionOutALSA( 311): Timestamp returned = 106488333
12-10 11:35:31.453 V/MediaPlayer-JNI(22137): getCurrentPosition: 106488 (msec)
12-10 11:35:31.543 V/StagefrightPlayer( 311): getCurrentPosition
12-10 11:35:31.553 V/AudioSessionOutALSA( 311): Timestamp returned = 106584333
12-10 11:35:31.553 V/MediaPlayer-JNI(22137): getCurrentPosition: 106584 (msec)
12-10 11:35:31.553 D/ProgressBar(22137): setProgress = 1065
12-10 11:35:31.553 D/ProgressBar(22137): setProgress = 1065, fromUser = false
12-10 11:35:31.553 D/ProgressBar(22137): mProgress = 1064mIndeterminate = false, mMin = 0, mMax = 2750
12-10 11:35:31.553 V/StagefrightPlayer( 311): getCurrentPosition
12-10 11:35:31.563 V/AudioSessionOutALSA( 311): Timestamp returned = 106605666
12-10 11:35:31.563 V/StagefrightPlayer( 311): getCurrentPosition
12-10 11:35:31.563 V/MediaPlayer-JNI(22137): getCurrentPosition: 106606 (msec)
12-10 11:35:31.573 V/AudioSessionOutALSA( 311): Timestamp returned = 106616333
12-10 11:35:31.573 V/MediaPlayer-JNI(22137): getCurrentPosition: 106616 (msec)
12-10 11:35:31.653 V/StagefrightPlayer( 311): getCurrentPosition
12-10 11:35:31.663 V/AudioSessionOutALSA( 311): Timestamp returned = 106701666
12-10 11:35:31.663 V/MediaPlayer-JNI(22137): getCurrentPosition: 106702 (msec)
12-10 11:35:31.663 D/ProgressBar(22137): setProgress = 1067
12-10 11:35:31.663 D/ProgressBar(22137): setProgress = 1067, fromUser = false
12-10 11:35:31.663 D/ProgressBar(22137): mProgress = 1065mIndeterminate = false, mMin = 0, mMax = 2750
12-10 11:35:31.673 V/StagefrightPlayer( 311): getCurrentPosition
12-10 11:35:31.683 V/AudioSessionOutALSA( 311): Timestamp returned = 106712333
12-10 11:35:31.683 V/MediaPlayer-JNI(22137): getCurrentPosition: 106712 (msec)
12-10 11:35:31.683 V/StagefrightPlayer( 311): getCurrentPosition
12-10 11:35:31.693 V/AudioSessionOutALSA( 311): Timestamp returned = 106733666
12-10 11:35:31.693 V/MediaPlayer-JNI(22137): getCurrentPosition: 106734 (msec)
12-10 11:35:31.773 V/StagefrightPlayer( 311): getCurrentPosition
12-10 11:35:31.783 V/AudioSessionOutALSA( 311): Timestamp returned = 106819000
12-10 11:35:31.783 V/MediaPlayer-JNI(22137): getCurrentPosition: 106819 (msec)
12-10 11:35:31.783 D/ProgressBar(22137): setProgress = 1068
12-10 11:35:31.783 D/ProgressBar(22137): setProgress = 1068, fromUser = false
12-10 11:35:31.783 D/ProgressBar(22137): mProgress = 1067mIndeterminate = false, mMin = 0, mMax = 2750
12-10 11:35:31.783 V/StagefrightPlayer( 311): getCurrentPosition
12-10 11:35:31.793 V/AudioSessionOutALSA( 311): Timestamp returned = 106840333
12-10 11:35:31.793 V/MediaPlayer-JNI(22137): getCurrentPosition: 106840 (msec)
12-10 11:35:31.883 V/StagefrightPlayer( 311): getCurrentPosition
12-10 11:35:31.893 V/AudioSessionOutALSA( 311): Timestamp returned = 106936333
12-10 11:35:31.893 V/MediaPlayer-JNI(22137): getCurrentPosition: 106936 (msec)
12-10 11:35:31.893 D/ProgressBar(22137): setProgress = 1069
12-10 11:35:31.893 D/ProgressBar(22137): setProgress = 1069, fromUser = false
12-10 11:35:31.893 D/ProgressBar(22137): mProgress = 1068mIndeterminate = false, mMin = 0, mMax = 2750
12-10 11:35:31.893 V/StagefrightPlayer( 311): getCurrentPosition
12-10 11:35:31.913 V/AudioSessionOutALSA( 311): Timestamp returned = 106947000
12-10 11:35:31.913 V/MediaPlayer-JNI(22137): getCurrentPosition: 106947 (msec)
12-10 11:35:32.003 V/StagefrightPlayer( 311): getCurrentPosition
12-10 11:35:32.013 V/AudioSessionOutALSA( 311): Timestamp returned = 107053666
12-10 11:35:32.013 V/MediaPlayer-JNI(22137): getCurrentPosition: 107054 (msec)
12-10 11:35:32.013 D/ProgressBar(22137): setProgress = 1070
12-10 11:35:32.013 D/ProgressBar(22137): setProgress = 1070, fromUser = false
12-10 11:35:32.013 D/ProgressBar(22137): mProgress = 1069mIndeterminate = false, mMin = 0, mMax = 2750
12-10 11:35:32.013 V/StagefrightPlayer( 311): getCurrentPosition
12-10 11:35:32.033 V/AudioSessionOutALSA( 311): Timestamp returned = 107064333
12-10 11:35:32.033 V/MediaPlayer-JNI(22137): getCurrentPosition: 107064 (msec)
12-10 11:35:32.113 V/StagefrightPlayer( 311): getCurrentPosition
12-10 11:35:32.133 V/AudioSessionOutALSA( 311): Timestamp returned = 107171000
12-10 11:35:32.133 V/MediaPlayer-JNI(22137): getCurrentPosition: 107171 (msec)
12-10 11:35:32.133 D/ProgressBar(22137): setProgress = 1071
12-10 11:35:32.133 D/ProgressBar(22137): setProgress = 1071, fromUser = false
12-10 11:35:32.133 D/ProgressBar(22137): mProgress = 1070mIndeterminate = false, mMin = 0, mMax = 2750
12-10 11:35:32.133 V/StagefrightPlayer( 311): getCurrentPosition
12-10 11:35:32.143 V/AudioSessionOutALSA( 311): Timestamp returned = 107181666
12-10 11:35:32.143 V/MediaPlayer-JNI(22137): getCurrentPosition: 107182 (msec)
12-10 11:35:32.183 I/Monitor ( 722): SIOP:: Current AP = 260, CP = 0
12-10 11:35:32.233 V/StagefrightPlayer( 311): getCurrentPosition
12-10 11:35:32.243 V/AudioSessionOutALSA( 311): Timestamp returned = 107288333
12-10 11:35:32.243 V/MediaPlayer-JNI(22137): getCurrentPosition: 107288 (msec)
12-10 11:35:32.243 D/ProgressBar(22137): setProgress = 1072
12-10 11:35:32.243 D/ProgressBar(22137): setProgress = 1072, fromUser = false
12-10 11:35:32.243 D/ProgressBar(22137): mProgress = 1071mIndeterminate = false, mMin = 0, mMax = 2750
12-10 11:35:32.243 V/StagefrightPlayer( 311): getCurrentPosition
12-10 11:35:32.263 V/AudioSessionOutALSA( 311): Timestamp returned = 107299000
12-10 11:35:32.263 V/MediaPlayer-JNI(22137): getCurrentPosition: 107299 (msec)
12-10 11:35:32.343 V/StagefrightPlayer( 311): getCurrentPosition
12-10 11:35:32.363 V/AudioSessionOutALSA( 311): Timestamp returned = 107395000
12-10 11:35:32.363 V/MediaPlayer-JNI(22137): getCurrentPosition: 107395 (msec)
12-10 11:35:32.363 D/ProgressBar(22137): setProgress = 1073
12-10 11:35:32.363 D/ProgressBar(22137): setProgress = 1073, fromUser = false
12-10 11:35:32.363 D/ProgressBar(22137): mProgress = 1072mIndeterminate = false, mMin = 0, mMax = 2750
12-10 11:35:32.363 V/StagefrightPlayer( 311): getCurrentPosition
12-10 11:35:32.373 V/AudioSessionOutALSA( 311): Timestamp returned = 107416333
12-10 11:35:32.373 V/MediaPlayer-JNI(22137): getCurrentPosition: 107416 (msec)
12-10 11:35:32.463 V/StagefrightPlayer( 311): getCurrentPosition
12-10 11:35:32.473 V/AudioSessionOutALSA( 311): Timestamp returned = 107512333
12-10 11:35:32.473 V/MediaPlayer-JNI(22137): getCurrentPosition: 107512 (msec)
12-10 11:35:32.473 D/ProgressBar(22137): setProgress = 1075
12-10 11:35:32.473 D/ProgressBar(22137): setProgress = 1075, fromUser = false
12-10 11:35:32.473 D/ProgressBar(22137): mProgress = 1073mIndeterminate = false, mMin = 0, mMax = 2750
12-10 11:35:32.473 V/StagefrightPlayer( 311): getCurrentPosition
12-10 11:35:32.493 V/AudioSessionOutALSA( 311): Timestamp returned = 107523000
12-10 11:35:32.493 V/MediaPlayer-JNI(22137): getCurrentPosition: 107523 (msec)
12-10 11:35:32.573 V/StagefrightPlayer( 311): getCurrentPosition
12-10 11:35:32.583 V/AudioSessionOutALSA( 311): Timestamp returned = 107629666
12-10 11:35:32.583 V/MediaPlayer-JNI(22137): getCurrentPosition: 107630 (msec)
12-10 11:35:32.593 V/StagefrightPlayer( 311): getCurrentPosition
12-10 11:35:32.613 V/AudioSessionOutALSA( 311): Timestamp returned = 107651000
12-10 11:35:32.613 V/MediaPlayer-JNI(22137): getCurrentPosition: 107651 (msec)
12-10 11:35:32.613 D/ProgressBar(22137): setProgress = 1076
12-10 11:35:32.613 D/ProgressBar(22137): setProgress = 1076, fromUser = false
12-10 11:35:32.613 D/ProgressBar(22137): mProgress = 1075mIndeterminate = false, mMin = 0, mMax = 2750
12-10 11:35:32.613 V/StagefrightPlayer( 311): getCurrentPosition
12-10 11:35:32.623 V/AudioSessionOutALSA( 311): Timestamp returned = 107661666
12-10 11:35:32.623 V/MediaPlayer-JNI(22137): getCurrentPosition: 107662 (msec)
12-10 11:35:32.703 V/StagefrightPlayer( 311): getCurrentPosition
12-10 11:35:32.713 V/AudioSessionOutALSA( 311): Timestamp returned = 107747000
12-10 11:35:32.713 V/MediaPlayer-JNI(22137): getCurrentPosition: 107747 (msec)
12-10 11:35:32.713 V/StagefrightPlayer( 311): getCurrentPosition
12-10 11:35:32.723 V/AudioSessionOutALSA( 311): Timestamp returned = 107768333
12-10 11:35:32.723 V/MediaPlayer-JNI(22137): getCurrentPosition: 107768 (msec)
12-10 11:35:32.723 D/ProgressBar(22137): setProgress = 1077
12-10 11:35:32.723 D/ProgressBar(22137): setProgress = 1077, fromUser = false
12-10 11:35:32.723 D/ProgressBar(22137): mProgress = 1076mIndeterminate = false, mMin = 0, mMax = 2750
12-10 11:35:32.723 V/StagefrightPlayer( 311): getCurrentPosition
12-10 11:35:32.733 V/AudioSessionOutALSA( 311): Timestamp returned = 107779000
12-10 11:35:32.733 V/MediaPlayer-JNI(22137): getCurrentPosition: 107779 (msec)
12-10 11:35:32.823 V/StagefrightPlayer( 311): getCurrentPosition
12-10 11:35:32.833 V/AudioSessionOutALSA( 311): Timestamp returned = 107875000
12-10 11:35:32.833 V/MediaPlayer-JNI(22137): getCurrentPosition: 107875 (msec)
12-10 11:35:32.833 D/ProgressBar(22137): setProgress = 1078
12-10 11:35:32.833 D/ProgressBar(22137): setProgress = 1078, fromUser = false
12-10 11:35:32.833 D/ProgressBar(22137): mProgress = 1077mIndeterminate = false, mMin = 0, mMax = 2750
12-10 11:35:32.843 V/StagefrightPlayer( 311): getCurrentPosition
12-10 11:35:32.853 V/AudioSessionOutALSA( 311): Timestamp returned = 107896333
12-10 11:35:32.853 V/MediaPlayer-JNI(22137): getCurrentPosition: 107896 (msec)
12-10 11:35:32.943 V/StagefrightPlayer( 311): getCurrentPosition
12-10 11:35:32.953 V/AudioSessionOutALSA( 311): Timestamp returned = 107992333
12-10 11:35:32.953 V/MediaPlayer-JNI(22137): getCurrentPosition: 107992 (msec)
12-10 11:35:32.953 D/ProgressBar(22137): setProgress = 1079
12-10 11:35:32.953 D/ProgressBar(22137): setProgress = 1079, fromUser = false
12-10 11:35:32.953 D/ProgressBar(22137): mProgress = 1078mIndeterminate = false, mMin = 0, mMax = 2750
12-10 11:35:32.953 V/StagefrightPlayer( 311): getCurrentPosition
12-10 11:35:32.963 V/AudioSessionOutALSA( 311): Timestamp returned = 108003000
12-10 11:35:32.963 V/MediaPlayer-JNI(22137): getCurrentPosition: 108003 (msec)
12-10 11:35:33.053 V/StagefrightPlayer( 311): getCurrentPosition
12-10 11:35:33.063 V/AudioSessionOutALSA( 311): Timestamp returned = 108109666
12-10 11:35:33.063 V/MediaPlayer-JNI(22137): getCurrentPosition: 108110 (msec)
12-10 11:35:33.063 D/ProgressBar(22137): setProgress = 1081
12-10 11:35:33.063 D/ProgressBar(22137): setProgress = 1081, fromUser = false
12-10 11:35:33.063 D/ProgressBar(22137): mProgress = 1079mIndeterminate = false, mMin = 0, mMax = 2750
12-10 11:35:33.073 V/StagefrightPlayer( 311): getCurrentPosition
12-10 11:35:33.083 V/AudioSessionOutALSA( 311): Timestamp returned = 108131000
12-10 11:35:33.083 V/MediaPlayer-JNI(22137): getCurrentPosition: 108131 (msec)
12-10 11:35:33.173 V/StagefrightPlayer( 311): getCurrentPosition
12-10 11:35:33.183 V/AudioSessionOutALSA( 311): Timestamp returned = 108227000
12-10 11:35:33.183 V/MediaPlayer-JNI(22137): getCurrentPosition: 108227 (msec)
12-10 11:35:33.183 D/ProgressBar(22137): setProgress = 1082
12-10 11:35:33.183 D/ProgressBar(22137): setProgress = 1082, fromUser = false
12-10 11:35:33.183 D/ProgressBar(22137): mProgress = 1081mIndeterminate = false, mMin = 0, mMax = 2750
12-10 11:35:33.183 V/StagefrightPlayer( 311): getCurrentPosition
12-10 11:35:33.203 V/AudioSessionOutALSA( 311): Timestamp returned = 108237666
12-10 11:35:33.203 V/MediaPlayer-JNI(22137): getCurrentPosition: 108238 (msec)
12-10 11:35:33.283 V/StagefrightPlayer( 311): getCurrentPosition
12-10 11:35:33.293 V/AudioSessionOutALSA( 311): Timestamp returned = 108333666
12-10 11:35:33.293 V/MediaPlayer-JNI(22137): getCurrentPosition: 108334 (msec)
12-10 11:35:33.303 D/ProgressBar(22137): setProgress = 1083
12-10 11:35:33.303 D/ProgressBar(22137): setProgress = 1083, fromUser = false
12-10 11:35:33.303 D/ProgressBar(22137): mProgress = 1082mIndeterminate = false, mMin = 0, mMax = 2750
12-10 11:35:33.303 V/StagefrightPlayer( 311): getCurrentPosition
12-10 11:35:33.313 V/AudioSessionOutALSA( 311): Timestamp returned = 108355000
12-10 11:35:33.313 V/MediaPlayer-JNI(22137): getCurrentPosition: 108355 (msec)
12-10 11:35:33.403 V/StagefrightPlayer( 311): getCurrentPosition
12-10 11:35:33.413 V/AudioSessionOutALSA( 311): Timestamp returned = 108451000
12-10 11:35:33.413 V/MediaPlayer-JNI(22137): getCurrentPosition: 108451 (msec)
12-10 11:35:33.413 D/ProgressBar(22137): setProgress = 1084
12-10 11:35:33.413 D/ProgressBar(22137): setProgress = 1084, fromUser = false
12-10 11:35:33.413 D/ProgressBar(22137): mProgress = 1083mIndeterminate = false, mMin = 0, mMax = 2750
12-10 11:35:33.413 V/StagefrightPlayer( 311): getCurrentPosition
12-10 11:35:33.433 V/AudioSessionOutALSA( 311): Timestamp returned = 108461666
12-10 11:35:33.433 V/MediaPlayer-JNI(22137): getCurrentPosition: 108462 (msec)
12-10 11:35:33.513 V/StagefrightPlayer( 311): getCurrentPosition
12-10 11:35:33.523 V/AudioSessionOutALSA( 311): Timestamp returned = 108568333
12-10 11:35:33.523 V/MediaPlayer-JNI(22137): getCurrentPosition: 108568 (msec)
12-10 11:35:33.523 D/ProgressBar(22137): setProgress = 1085
12-10 11:35:33.523 D/ProgressBar(22137): setProgress = 1085, fromUser = false
12-10 11:35:33.533 D/ProgressBar(22137): mProgress = 1084mIndeterminate = false, mMin = 0, mMax = 2750
12-10 11:35:33.533 V/StagefrightPlayer( 311): getCurrentPosition
12-10 11:35:33.543 V/AudioSessionOutALSA( 311): Timestamp returned = 108589666
12-10 11:35:33.543 V/MediaPlayer-JNI(22137): getCurrentPosition: 108590 (msec)
12-10 11:35:33.593 V/StagefrightPlayer( 311): getCurrentPosition
12-10 11:35:33.603 V/AudioSessionOutALSA( 311): Timestamp returned = 108632333
12-10 11:35:33.603 V/MediaPlayer-JNI(22137): getCurrentPosition: 108632 (msec)
12-10 11:35:33.633 V/StagefrightPlayer( 311): getCurrentPosition
12-10 11:35:33.643 V/AudioSessionOutALSA( 311): Timestamp returned = 108685666
12-10 11:35:33.643 V/MediaPlayer-JNI(22137): getCurrentPosition: 108686 (msec)
12-10 11:35:33.643 D/ProgressBar(22137): setProgress = 1086
12-10 11:35:33.643 D/ProgressBar(22137): setProgress = 1086, fromUser = false
12-10 11:35:33.643 D/ProgressBar(22137): mProgress = 1085mIndeterminate = false, mMin = 0, mMax = 2750
12-10 11:35:33.643 V/StagefrightPlayer( 311): getCurrentPosition
12-10 11:35:33.663 V/AudioSessionOutALSA( 311): Timestamp returned = 108696333
12-10 11:35:33.663 V/MediaPlayer-JNI(22137): getCurrentPosition: 108696 (msec)
12-10 11:35:33.713 V/StagefrightPlayer( 311): getCurrentPosition
12-10 11:35:33.723 V/AudioSessionOutALSA( 311): Timestamp returned = 108771000
12-10 11:35:33.723 V/MediaPlayer-JNI(22137): getCurrentPosition: 108771 (msec)
12-10 11:35:33.743 V/StagefrightPlayer( 311): getCurrentPosition
12-10 11:35:33.753 V/AudioSessionOutALSA( 311): Timestamp returned = 108792333
12-10 11:35:33.753 V/MediaPlayer-JNI(22137): getCurrentPosition: 108792 (msec)
12-10 11:35:33.753 D/ProgressBar(22137): setProgress = 1087
12-10 11:35:33.753 D/ProgressBar(22137): setProgress = 1087, fromUser = false
12-10 11:35:33.753 D/ProgressBar(22137): mProgress = 1086mIndeterminate = false, mMin = 0, mMax = 2750
12-10 11:35:33.763 V/StagefrightPlayer( 311): getCurrentPosition
12-10 11:35:33.773 V/AudioSessionOutALSA( 311): Timestamp returned = 108803000
12-10 11:35:33.773 V/MediaPlayer-JNI(22137): getCurrentPosition: 108803 (msec)
12-10 11:35:33.863 V/StagefrightPlayer( 311): getCurrentPosition
12-10 11:35:33.873 V/AudioSessionOutALSA( 311): Timestamp returned = 108920333
12-10 11:35:33.873 V/MediaPlayer-JNI(22137): getCurrentPosition: 108920 (msec)
12-10 11:35:33.873 D/ProgressBar(22137): setProgress = 1089
12-10 11:35:33.873 D/ProgressBar(22137): setProgress = 1089, fromUser = false
12-10 11:35:33.873 D/ProgressBar(22137): mProgress = 1087mIndeterminate = false, mMin = 0, mMax = 2750
12-10 11:35:33.873 V/StagefrightPlayer( 311): getCurrentPosition
12-10 11:35:33.883 V/AudioSessionOutALSA( 311): Timestamp returned = 108931000
12-10 11:35:33.883 V/MediaPlayer-JNI(22137): getCurrentPosition: 108931 (msec)
12-10 11:35:33.973 V/StagefrightPlayer( 311): getCurrentPosition
12-10 11:35:33.983 V/AudioSessionOutALSA( 311): Timestamp returned = 109027000
12-10 11:35:33.983 V/MediaPlayer-JNI(22137): getCurrentPosition: 109027 (msec)
12-10 11:35:33.983 D/ProgressBar(22137): setProgress = 1090
12-10 11:35:33.983 D/ProgressBar(22137): setProgress = 1090, fromUser = false
12-10 11:35:33.983 D/ProgressBar(22137): mProgress = 1089mIndeterminate = false, mMin = 0, mMax = 2750
12-10 11:35:33.993 V/StagefrightPlayer( 311): getCurrentPosition
12-10 11:35:34.003 V/AudioSessionOutALSA( 311): Timestamp returned = 109048333
12-10 11:35:34.003 V/MediaPlayer-JNI(22137): getCurrentPosition: 109048 (msec)
12-10 11:35:34.093 V/StagefrightPlayer( 311): getCurrentPosition
12-10 11:35:34.103 V/AudioSessionOutALSA( 311): Timestamp returned = 109144333
12-10 11:35:34.103 V/MediaPlayer-JNI(22137): getCurrentPosition: 109144 (msec)
12-10 11:35:34.103 D/ProgressBar(22137): setProgress = 1091
12-10 11:35:34.103 D/ProgressBar(22137): setProgress = 1091, fromUser = false
12-10 11:35:34.103 D/ProgressBar(22137): mProgress = 1090mIndeterminate = false, mMin = 0, mMax = 2750
12-10 11:35:34.103 V/StagefrightPlayer( 311): getCurrentPosition
12-10 11:35:34.113 V/AudioSessionOutALSA( 311): Timestamp returned = 109155000
12-10 11:35:34.113 V/MediaPlayer-JNI(22137): getCurrentPosition: 109155 (msec)
12-10 11:35:34.203 V/StagefrightPlayer( 311): getCurrentPosition
12-10 11:35:34.213 V/AudioSessionOutALSA( 311): Timestamp returned = 109251000
12-10 11:35:34.213 V/MediaPlayer-JNI(22137): getCurrentPosition: 109251 (msec)
12-10 11:35:34.213 D/ProgressBar(22137): setProgress = 1092
12-10 11:35:34.223 D/ProgressBar(22137): setProgress = 1092, fromUser = false
12-10 11:35:34.223 D/ProgressBar(22137): mProgress = 1091mIndeterminate = false, mMin = 0, mMax = 2750
12-10 11:35:34.223 V/StagefrightPlayer( 311): getCurrentPosition
12-10 11:35:34.233 V/AudioSessionOutALSA( 311): Timestamp returned = 109272333
12-10 11:35:34.233 V/MediaPlayer-JNI(22137): getCurrentPosition: 109272 (msec)
12-10 11:35:34.323 V/StagefrightPlayer( 311): getCurrentPosition
12-10 11:35:34.333 V/AudioSessionOutALSA( 311): Timestamp returned = 109379000
12-10 11:35:34.333 V/MediaPlayer-JNI(22137): getCurrentPosition: 109379 (msec)
12-10 11:35:34.333 D/ProgressBar(22137): setProgress = 1093
12-10 11:35:34.333 D/ProgressBar(22137): setProgress = 1093, fromUser = false
12-10 11:35:34.333 D/ProgressBar(22137): mProgress = 1092mIndeterminate = false, mMin = 0, mMax = 2750
12-10 11:35:34.333 V/StagefrightPlayer( 311): getCurrentPosition
12-10 11:35:34.353 V/AudioSessionOutALSA( 311): Timestamp returned = 109389666
12-10 11:35:34.353 V/MediaPlayer-JNI(22137): getCurrentPosition: 109390 (msec)
12-10 11:35:34.433 V/StagefrightPlayer( 311): getCurrentPosition
12-10 11:35:34.453 V/AudioSessionOutALSA( 311): Timestamp returned = 109485666
12-10 11:35:34.453 V/MediaPlayer-JNI(22137): getCurrentPosition: 109486 (msec)
12-10 11:35:34.453 D/ProgressBar(22137): setProgress = 1094
12-10 11:35:34.453 D/ProgressBar(22137): setProgress = 1094, fromUser = false
12-10 11:35:34.453 D/ProgressBar(22137): mProgress = 1093mIndeterminate = false, mMin = 0, mMax = 2750
12-10 11:35:34.453 V/StagefrightPlayer( 311): getCurrentPosition
12-10 11:35:34.463 V/AudioSessionOutALSA( 311): Timestamp returned = 109507000
12-10 11:35:34.463 V/MediaPlayer-JNI(22137): getCurrentPosition: 109507 (msec)
12-10 11:35:34.553 V/StagefrightPlayer( 311): getCurrentPosition
12-10 11:35:34.563 V/AudioSessionOutALSA( 311): Timestamp returned = 109603000
12-10 11:35:34.563 V/MediaPlayer-JNI(22137): getCurrentPosition: 109603 (msec)
12-10 11:35:34.563 D/ProgressBar(22137): setProgress = 1096
12-10 11:35:34.563 D/ProgressBar(22137): setProgress = 1096, fromUser = false
12-10 11:35:34.563 D/ProgressBar(22137): mProgress = 1094mIndeterminate = false, mMin = 0, mMax = 2750
12-10 11:35:34.563 V/StagefrightPlayer( 311): getCurrentPosition
12-10 11:35:34.583 V/AudioSessionOutALSA( 311): Timestamp returned = 109613666
12-10 11:35:34.583 V/MediaPlayer-JNI(22137): getCurrentPosition: 109614 (msec)
12-10 11:35:34.603 V/StagefrightPlayer( 311): getCurrentPosition
12-10 11:35:34.613 V/AudioSessionOutALSA( 311): Timestamp returned = 109656333
12-10 11:35:34.613 V/MediaPlayer-JNI(22137): getCurrentPosition: 109656 (msec)
12-10 11:35:34.673 V/StagefrightPlayer( 311): getCurrentPosition
12-10 11:35:34.683 V/AudioSessionOutALSA( 311): Timestamp returned = 109720333
12-10 11:35:34.683 V/MediaPlayer-JNI(22137): getCurrentPosition: 109720 (msec)
12-10 11:35:34.683 D/ProgressBar(22137): setProgress = 1097
12-10 11:35:34.683 D/ProgressBar(22137): setProgress = 1097, fromUser = false
12-10 11:35:34.683 D/ProgressBar(22137): mProgress = 1096mIndeterminate = false, mMin = 0, mMax = 2750
12-10 11:35:34.683 V/StagefrightPlayer( 311): getCurrentPosition
12-10 11:35:34.693 V/AudioSessionOutALSA( 311): Timestamp returned = 109731000
12-10 11:35:34.693 V/MediaPlayer-JNI(22137): getCurrentPosition: 109731 (msec)
12-10 11:35:34.723 V/StagefrightPlayer( 311): getCurrentPosition
12-10 11:35:34.733 V/AudioSessionOutALSA( 311): Timestamp returned = 109773666
12-10 11:35:34.733 V/MediaPlayer-JNI(22137): getCurrentPosition: 109774 (msec)
12-10 11:35:34.783 V/StagefrightPlayer( 311): getCurrentPosition
12-10 11:35:34.793 V/AudioSessionOutALSA( 311): Timestamp returned = 109837666
12-10 11:35:34.793 V/MediaPlayer-JNI(22137): getCurrentPosition: 109838 (msec)
12-10 11:35:34.793 D/ProgressBar(22137): setProgress = 1098
12-10 11:35:34.793 D/ProgressBar(22137): setProgress = 1098, fromUser = false
12-10 11:35:34.793 D/ProgressBar(22137): mProgress = 1097mIndeterminate = false, mMin = 0, mMax = 2750
12-10 11:35:34.793 V/StagefrightPlayer( 311): getCurrentPosition
12-10 11:35:34.813 V/AudioSessionOutALSA( 311): Timestamp returned = 109848333
12-10 11:35:34.813 V/MediaPlayer-JNI(22137): getCurrentPosition: 109848 (msec)
12-10 11:35:34.903 V/StagefrightPlayer( 311): getCurrentPosition
12-10 11:35:34.913 V/AudioSessionOutALSA( 311): Timestamp returned = 109944333
12-10 11:35:34.913 V/MediaPlayer-JNI(22137): getCurrentPosition: 109944 (msec)
12-10 11:35:34.913 D/ProgressBar(22137): setProgress = 1099
12-10 11:35:34.913 D/ProgressBar(22137): setProgress = 1099, fromUser = false
12-10 11:35:34.913 D/ProgressBar(22137): mProgress = 1098mIndeterminate = false, mMin = 0, mMax = 2750
12-10 11:35:34.913 V/StagefrightPlayer( 311): getCurrentPosition
12-10 11:35:34.923 V/AudioSessionOutALSA( 311): Timestamp returned = 109965666
12-10 11:35:34.923 V/MediaPlayer-JNI(22137): getCurrentPosition: 109966 (msec)
12-10 11:35:35.023 V/StagefrightPlayer( 311): getCurrentPosition
12-10 11:35:35.033 V/AudioSessionOutALSA( 311): Timestamp returned = 110061666
12-10 11:35:35.033 V/MediaPlayer-JNI(22137): getCurrentPosition: 110062 (msec)
12-10 11:35:35.033 D/ProgressBar(22137): setProgress = 1100
12-10 11:35:35.033 D/ProgressBar(22137): setProgress = 1100, fromUser = false
12-10 11:35:35.033 D/ProgressBar(22137): mProgress = 1099mIndeterminate = false, mMin = 0, mMax = 2750
12-10 11:35:35.033 V/StagefrightPlayer( 311): getCurrentPosition
12-10 11:35:35.043 V/AudioSessionOutALSA( 311): Timestamp returned = 110083000
12-10 11:35:35.043 V/MediaPlayer-JNI(22137): getCurrentPosition: 110083 (msec)
12-10 11:35:35.133 V/StagefrightPlayer( 311): getCurrentPosition
12-10 11:35:35.143 V/AudioSessionOutALSA( 311): Timestamp returned = 110189666
12-10 11:35:35.143 V/MediaPlayer-JNI(22137): getCurrentPosition: 110190 (msec)
12-10 11:35:35.143 D/ProgressBar(22137): setProgress = 1101
12-10 11:35:35.143 D/ProgressBar(22137): setProgress = 1101, fromUser = false
12-10 11:35:35.143 D/ProgressBar(22137): mProgress = 1100mIndeterminate = false, mMin = 0, mMax = 2750
12-10 11:35:35.153 V/StagefrightPlayer( 311): getCurrentPosition
12-10 11:35:35.163 V/AudioSessionOutALSA( 311): Timestamp returned = 110211000
12-10 11:35:35.163 V/MediaPlayer-JNI(22137): getCurrentPosition: 110211 (msec)
12-10 11:35:35.253 V/StagefrightPlayer( 311): getCurrentPosition
12-10 11:35:35.263 V/AudioSessionOutALSA( 311): Timestamp returned = 110307000
12-10 11:35:35.263 V/MediaPlayer-JNI(22137): getCurrentPosition: 110307 (msec)
12-10 11:35:35.263 D/ProgressBar(22137): setProgress = 1103
12-10 11:35:35.263 D/ProgressBar(22137): setProgress = 1103, fromUser = false
12-10 11:35:35.263 D/ProgressBar(22137): mProgress = 1101mIndeterminate = false, mMin = 0, mMax = 2750
12-10 11:35:35.263 V/StagefrightPlayer( 311): getCurrentPosition
12-10 11:35:35.283 V/AudioSessionOutALSA( 311): Timestamp returned = 110317666
12-10 11:35:35.283 V/MediaPlayer-JNI(22137): getCurrentPosition: 110318 (msec)
12-10 11:35:35.363 V/StagefrightPlayer( 311): getCurrentPosition
12-10 11:35:35.373 V/AudioSessionOutALSA( 311): Timestamp returned = 110413666
12-10 11:35:35.373 V/MediaPlayer-JNI(22137): getCurrentPosition: 110414 (msec)
12-10 11:35:35.373 D/ProgressBar(22137): setProgress = 1104
12-10 11:35:35.373 D/ProgressBar(22137): setProgress = 1104, fromUser = false
12-10 11:35:35.373 D/ProgressBar(22137): mProgress = 1103mIndeterminate = false, mMin = 0, mMax = 2750
12-10 11:35:35.383 V/StagefrightPlayer( 311): getCurrentPosition
12-10 11:35:35.393 V/AudioSessionOutALSA( 311): Timestamp returned = 110435000
12-10 11:35:35.393 V/MediaPlayer-JNI(22137): getCurrentPosition: 110435 (msec)
12-10 11:35:35.483 V/StagefrightPlayer( 311): getCurrentPosition
12-10 11:35:35.493 V/AudioSessionOutALSA( 311): Timestamp returned = 110531000
12-10 11:35:35.493 V/MediaPlayer-JNI(22137): getCurrentPosition: 110531 (msec)
12-10 11:35:35.493 D/ProgressBar(22137): setProgress = 1105
12-10 11:35:35.493 D/ProgressBar(22137): setProgress = 1105, fromUser = false
12-10 11:35:35.493 D/ProgressBar(22137): mProgress = 1104mIndeterminate = false, mMin = 0, mMax = 2750
12-10 11:35:35.493 V/StagefrightPlayer( 311): getCurrentPosition
12-10 11:35:35.503 V/AudioSessionOutALSA( 311): Timestamp returned = 110541666
12-10 11:35:35.503 V/MediaPlayer-JNI(22137): getCurrentPosition: 110542 (msec)
12-10 11:35:35.593 V/StagefrightPlayer( 311): getCurrentPosition
12-10 11:35:35.613 V/AudioSessionOutALSA( 311): Timestamp returned = 110648333
12-10 11:35:35.613 V/MediaPlayer-JNI(22137): getCurrentPosition: 110648 (msec)
12-10 11:35:35.613 D/ProgressBar(22137): setProgress = 1106
12-10 11:35:35.613 D/ProgressBar(22137): setProgress = 1106, fromUser = false
12-10 11:35:35.613 D/ProgressBar(22137): mProgress = 1105mIndeterminate = false, mMin = 0, mMax = 2750
12-10 11:35:35.613 V/StagefrightPlayer( 311): getCurrentPosition
12-10 11:35:35.623 V/AudioSessionOutALSA( 311): Timestamp returned = 110669666
12-10 11:35:35.623 V/StagefrightPlayer( 311): getCurrentPosition
12-10 11:35:35.623 V/MediaPlayer-JNI(22137): getCurrentPosition: 110670 (msec)
12-10 11:35:35.633 V/AudioSessionOutALSA( 311): Timestamp returned = 110680333
12-10 11:35:35.633 V/MediaPlayer-JNI(22137): getCurrentPosition: 110680 (msec)
12-10 11:35:35.713 V/StagefrightPlayer( 311): getCurrentPosition
12-10 11:35:35.723 V/AudioSessionOutALSA( 311): Timestamp returned = 110765666
12-10 11:35:35.723 V/MediaPlayer-JNI(22137): getCurrentPosition: 110766 (msec)
12-10 11:35:35.723 D/ProgressBar(22137): setProgress = 1107
12-10 11:35:35.723 D/ProgressBar(22137): setProgress = 1107, fromUser = false
12-10 11:35:35.723 D/ProgressBar(22137): mProgress = 1106mIndeterminate = false, mMin = 0, mMax = 2750
12-10 11:35:35.723 V/StagefrightPlayer( 311): getCurrentPosition
12-10 11:35:35.733 V/AudioSessionOutALSA( 311): Timestamp returned = 110776333
12-10 11:35:35.733 V/StagefrightPlayer( 311): getCurrentPosition
12-10 11:35:35.733 V/MediaPlayer-JNI(22137): getCurrentPosition: 110776 (msec)
12-10 11:35:35.753 V/AudioSessionOutALSA( 311): Timestamp returned = 110787000
12-10 11:35:35.753 V/MediaPlayer-JNI(22137): getCurrentPosition: 110787 (msec)
12-10 11:35:35.823 V/StagefrightPlayer( 311): getCurrentPosition
12-10 11:35:35.843 V/AudioSessionOutALSA( 311): Timestamp returned = 110872333
12-10 11:35:35.843 V/MediaPlayer-JNI(22137): getCurrentPosition: 110872 (msec)
12-10 11:35:35.843 D/ProgressBar(22137): setProgress = 1108
12-10 11:35:35.843 D/ProgressBar(22137): setProgress = 1108, fromUser = false
12-10 11:35:35.843 D/ProgressBar(22137): mProgress = 1107mIndeterminate = false, mMin = 0, mMax = 2750
12-10 11:35:35.843 V/StagefrightPlayer( 311): getCurrentPosition
12-10 11:35:35.853 V/AudioSessionOutALSA( 311): Timestamp returned = 110893666
12-10 11:35:35.853 V/MediaPlayer-JNI(22137): getCurrentPosition: 110894 (msec)
12-10 11:35:35.943 V/StagefrightPlayer( 311): getCurrentPosition
12-10 11:35:35.953 V/AudioSessionOutALSA( 311): Timestamp returned = 111000333
12-10 11:35:35.953 V/MediaPlayer-JNI(22137): getCurrentPosition: 111000 (msec)
12-10 11:35:35.953 D/ProgressBar(22137): setProgress = 1110
12-10 11:35:35.953 D/ProgressBar(22137): setProgress = 1110, fromUser = false
12-10 11:35:35.953 D/ProgressBar(22137): mProgress = 1108mIndeterminate = false, mMin = 0, mMax = 2750
12-10 11:35:35.953 V/StagefrightPlayer( 311): getCurrentPosition
12-10 11:35:35.973 V/AudioSessionOutALSA( 311): Timestamp returned = 111011000
12-10 11:35:35.973 V/MediaPlayer-JNI(22137): getCurrentPosition: 111011 (msec)
12-10 11:35:36.053 V/StagefrightPlayer( 311): getCurrentPosition
12-10 11:35:36.073 V/AudioSessionOutALSA( 311): Timestamp returned = 111107000
12-10 11:35:36.073 V/MediaPlayer-JNI(22137): getCurrentPosition: 111107 (msec)
12-10 11:35:36.073 D/ProgressBar(22137): setProgress = 1111
12-10 11:35:36.073 D/ProgressBar(22137): setProgress = 1111, fromUser = false
12-10 11:35:36.073 D/ProgressBar(22137): mProgress = 1110mIndeterminate = false, mMin = 0, mMax = 2750
12-10 11:35:36.073 V/StagefrightPlayer( 311): getCurrentPosition
12-10 11:35:36.083 V/AudioSessionOutALSA( 311): Timestamp returned = 111128333
12-10 11:35:36.083 V/MediaPlayer-JNI(22137): getCurrentPosition: 111128 (msec)
12-10 11:35:36.173 V/StagefrightPlayer( 311): getCurrentPosition
12-10 11:35:36.183 V/AudioSessionOutALSA( 311): Timestamp returned = 111224333
12-10 11:35:36.183 V/MediaPlayer-JNI(22137): getCurrentPosition: 111224 (msec)
12-10 11:35:36.183 D/ProgressBar(22137): setProgress = 1112
12-10 11:35:36.183 D/ProgressBar(22137): setProgress = 1112, fromUser = false
12-10 11:35:36.183 D/ProgressBar(22137): mProgress = 1111mIndeterminate = false, mMin = 0, mMax = 2750
12-10 11:35:36.183 V/StagefrightPlayer( 311): getCurrentPosition
12-10 11:35:36.203 V/AudioSessionOutALSA( 311): Timestamp returned = 111235000
12-10 11:35:36.203 V/MediaPlayer-JNI(22137): getCurrentPosition: 111235 (msec)
12-10 11:35:36.293 V/StagefrightPlayer( 311): getCurrentPosition
12-10 11:35:36.303 V/AudioSessionOutALSA( 311): Timestamp returned = 111331000
12-10 11:35:36.303 V/MediaPlayer-JNI(22137): getCurrentPosition: 111331 (msec)
12-10 11:35:36.303 D/ProgressBar(22137): setProgress = 1113
12-10 11:35:36.303 D/ProgressBar(22137): setProgress = 1113, fromUser = false
12-10 11:35:36.303 D/ProgressBar(22137): mProgress = 1112mIndeterminate = false, mMin = 0, mMax = 2750
12-10 11:35:36.303 V/StagefrightPlayer( 311): getCurrentPosition
12-10 11:35:36.313 V/AudioSessionOutALSA( 311): Timestamp returned = 111352333
12-10 11:35:36.313 V/MediaPlayer-JNI(22137): getCurrentPosition: 111352 (msec)
12-10 11:35:36.403 V/StagefrightPlayer( 311): getCurrentPosition
12-10 11:35:36.413 V/AudioSessionOutALSA( 311): Timestamp returned = 111459000
12-10 11:35:36.413 V/MediaPlayer-JNI(22137): getCurrentPosition: 111459 (msec)
12-10 11:35:36.413 D/ProgressBar(22137): setProgress = 1114
12-10 11:35:36.413 D/ProgressBar(22137): setProgress = 1114, fromUser = false
12-10 11:35:36.413 D/ProgressBar(22137): mProgress = 1113mIndeterminate = false, mMin = 0, mMax = 2750
12-10 11:35:36.413 V/StagefrightPlayer( 311): getCurrentPosition
12-10 11:35:36.433 V/AudioSessionOutALSA( 311): Timestamp returned = 111469666
12-10 11:35:36.433 V/MediaPlayer-JNI(22137): getCurrentPosition: 111470 (msec)
12-10 11:35:36.513 V/StagefrightPlayer( 311): getCurrentPosition
12-10 11:35:36.533 V/AudioSessionOutALSA( 311): Timestamp returned = 111565666
12-10 11:35:36.533 V/MediaPlayer-JNI(22137): getCurrentPosition: 111566 (msec)
12-10 11:35:36.533 D/ProgressBar(22137): setProgress = 1115
12-10 11:35:36.533 D/ProgressBar(22137): setProgress = 1115, fromUser = false
