12-10 11:36:59.143 V/StagefrightPlayer( 311): getCurrentPosition
12-10 11:36:59.153 E/mm-camera( 330): awb_process: E gains(r=1.387203,g=1.050000,b=1.710355), color_temp=4804
12-10 11:36:59.153 V/AudioSessionOutALSA( 311): Timestamp returned = 194200333
12-10 11:36:59.153 V/MediaPlayer-JNI(22137): getCurrentPosition: 194200 (msec)
12-10 11:36:59.163 E/MP-Decision( 1904): Action to bring core 3 offline
12-10 11:36:59.213 E/MP-Decision( 1904): Action to bring core 2 offline
12-10 11:36:59.213 E/mm-camera( 330): cpp_module_handle_sof_notify_event:574, sending bus msg, session_id=3, R1=5, R2=5
12-10 11:36:59.213 E/MP-Decision( 1904): Action to bring core 1 offline
12-10 11:36:59.223 E/mm-camera-intf( 311): mm_stream_read_msm_frame: VIDIOC_DQBUF buf_index 7, frame_idx 8, stream type 6, time stamp 1386693419 215607000
12-10 11:36:59.223 E/mm-camera( 330): cpp_hw_params_update_wnr_params:3088 Update WNR
12-10 11:36:59.243 E/mm-camera( 330): cpp_module_handle_buf_divert_event:58, iden=0x30002, frame_id:8
12-10 11:36:59.243 E/mm-camera( 330): cpp_module_put_new_ack_in_list: __dbg: channel_id = 2
12-10 11:36:59.243 E/mm-camera( 330): be_stats_counter 1
12-10 11:36:59.243 E/mm-camera( 330): module_faceproc_client_handle_buffer:1809] count 1
12-10 11:36:59.243 E/mm-camera( 330): awb_process: E gains(r=1.387203,g=1.050000,b=1.710355), color_temp=4804
12-10 11:36:59.243 E/mm-camera-intf( 311): mm_stream_read_msm_frame: VIDIOC_DQBUF buf_index 5, frame_idx 8, stream type 1, time stamp 441324 693245000
12-10 11:36:59.243 V/StagefrightPlayer( 311): getCurrentPosition
12-10 11:36:59.263 V/AudioSessionOutALSA( 311): Timestamp returned = 194296333
12-10 11:36:59.263 V/MediaPlayer-JNI(22137): getCurrentPosition: 194296 (msec)
12-10 11:36:59.263 D/ProgressBar(22137): setProgress = 1942
12-10 11:36:59.263 D/ProgressBar(22137): setProgress = 1942, fromUser = false
12-10 11:36:59.263 D/ProgressBar(22137): mProgress = 1941mIndeterminate = false, mMin = 0, mMax = 2750
12-10 11:36:59.263 V/StagefrightPlayer( 311): getCurrentPosition
12-10 11:36:59.283 V/AudioSessionOutALSA( 311): Timestamp returned = 194317666
12-10 11:36:59.283 V/MediaPlayer-JNI(22137): getCurrentPosition: 194318 (msec)
12-10 11:36:59.313 E/mm-camera( 330): cpp_module_handle_sof_notify_event:574, sending bus msg, session_id=3, R1=5, R2=5
12-10 11:36:59.313 E/mm-camera( 330): cpp_hw_params_update_wnr_params:3088 Update WNR
12-10 11:36:59.313 E/mm-camera-intf( 311): mm_stream_read_msm_frame: VIDIOC_DQBUF buf_index 8, frame_idx 9, stream type 6, time stamp 1386693419 315646000
12-10 11:36:59.343 E/mm-camera( 330): cpp_module_handle_buf_divert_event:58, iden=0x30002, frame_id:9
12-10 11:36:59.343 E/mm-camera( 330): cpp_module_put_new_ack_in_list: __dbg: channel_id = 2
12-10 11:36:59.343 E/mm-camera( 330): be_stats_counter 1
12-10 11:36:59.343 E/mm-camera( 330): module_faceproc_client_handle_buffer:1809] count 0
12-10 11:36:59.343 E/mm-camera( 330): module_faceproc_client_send_info:1751] active index 0 face_cnt 0
12-10 11:36:59.343 E/mm-camera( 330): module_faceproc_client_send_info:1763] face_cnt 0
12-10 11:36:59.343 E/mm-camera( 330): module_faceproc_client_send_faceinfo:692] 1.000000 1.000000 0 0 out scale 1.000000 1.000000
12-10 11:36:59.343 E/mm-camera( 330): module_faceproc_client_send_faceinfo:694] Num face detected 0
12-10 11:36:59.343 E/mm-camera( 330): module_faceproc_faces_stabilization:586] GJ Invalid input no faces
12-10 11:36:59.343 E/mm-camera( 330): [FD_ZOOM_DBG] FD_Imglib Num face detected 0
12-10 11:36:59.343 E/mm-camera( 330): module_faceproc_client_send_faceinfo:735] session id 3 mct_mod 0xb7822320
12-10 11:36:59.343 E/mm-camera( 330): module_faceproc_client_handle_buffer:1827] img_idx 3
12-10 11:36:59.343 E/mm-camera( 330): module_faceproc_client_handle_buffer:1840] buffer 1 0xb7adacf8 0xb1ccb000
12-10 11:36:59.343 E/mm-camera-img( 330): faceproc_comp_queue_buffer:655] q_count 1
12-10 11:36:59.343 E/mm-camera-img( 330): img_q_wait:225] after wait count 1
12-10 11:36:59.343 E/mm-camera-img( 330): img_q_wait:229] data 0xb78b45c8
12-10 11:36:59.343 E/mm-camera-img( 330): faceproc_fd_execute:1142] E
12-10 11:36:59.343 E/mm-camera-img( 330): faceproc_fd_execute:1174] no faces detected X
12-10 11:36:59.343 E/mm-camera-img( 330): face_proc_thread_loop:420] state 2 abort 0
12-10 11:36:59.343 E/mm-camera( 330): module_faceproc_client_event_handler:1120] buffer idx 3
12-10 11:36:59.343 E/mm-camera-img( 330): face_proc_thread_loop:428] send event
12-10 11:36:59.343 E/mm-camera-img( 330): img_comp_get_param:163] param 514
12-10 11:36:59.343 E/mm-camera-img( 330): faceproc_fd_output:848] num_faces 0
12-10 11:36:59.343 E/mm-camera-img( 330): face_proc_thread_loop:430] send event
12-10 11:36:59.343 E/mm-camera-img( 330): img_q_wait: before wait
12-10 11:36:59.353 E/mm-camera( 330): awb_process: E gains(r=1.387203,g=1.050000,b=1.710355), color_temp=4804
12-10 11:36:59.353 E/mm-camera-intf( 311): mm_stream_read_msm_frame: VIDIOC_DQBUF buf_index 3, frame_idx 9, stream type 1, time stamp 441324 793289000
12-10 11:36:59.363 V/StagefrightPlayer( 311): getCurrentPosition
12-10 11:36:59.373 V/AudioSessionOutALSA( 311): Timestamp returned = 194413666
12-10 11:36:59.373 V/MediaPlayer-JNI(22137): getCurrentPosition: 194414 (msec)
12-10 11:36:59.373 D/ProgressBar(22137): setProgress = 1944
12-10 11:36:59.373 D/ProgressBar(22137): setProgress = 1944, fromUser = false
12-10 11:36:59.373 D/ProgressBar(22137): mProgress = 1942mIndeterminate = false, mMin = 0, mMax = 2750
12-10 11:36:59.393 V/StagefrightPlayer( 311): getCurrentPosition
12-10 11:36:59.403 V/AudioSessionOutALSA( 311): Timestamp returned = 194445666
12-10 11:36:59.403 V/MediaPlayer-JNI(22137): getCurrentPosition: 194446 (msec)
12-10 11:36:59.453 E/mm-camera( 330): cpp_module_handle_sof_notify_event:574, sending bus msg, session_id=3, R1=5, R2=5
12-10 11:36:59.453 E/mm-camera( 330): cpp_hw_params_update_wnr_params:3088 Update WNR
12-10 11:36:59.453 E/mm-camera-intf( 311): mm_stream_read_msm_frame: VIDIOC_DQBUF buf_index 9, frame_idx 10, stream type 6, time stamp 1386693419 457446000
12-10 11:36:59.483 E/mm-camera( 330): cpp_module_handle_buf_divert_event:58, iden=0x30002, frame_id:10
12-10 11:36:59.483 E/mm-camera( 330): cpp_module_put_new_ack_in_list: __dbg: channel_id = 2
12-10 11:36:59.483 E/mm-camera( 330): be_stats_counter 1
12-10 11:36:59.483 E/mm-camera( 330): module_faceproc_client_handle_buffer:1809] count 1
12-10 11:36:59.483 E/mm-camera( 330): awb_process: E gains(r=1.387203,g=1.050000,b=1.710355), color_temp=4804
12-10 11:36:59.493 E/mm-camera-intf( 311): mm_stream_read_msm_frame: VIDIOC_DQBUF buf_index 4, frame_idx 10, stream type 1, time stamp 441324 934963000
12-10 11:36:59.493 V/StagefrightPlayer( 311): getCurrentPosition
12-10 11:36:59.503 V/AudioSessionOutALSA( 311): Timestamp returned = 194541666
12-10 11:36:59.503 V/MediaPlayer-JNI(22137): getCurrentPosition: 194542 (msec)
12-10 11:36:59.503 D/ProgressBar(22137): setProgress = 1945
12-10 11:36:59.503 D/ProgressBar(22137): setProgress = 1945, fromUser = false
12-10 11:36:59.503 D/ProgressBar(22137): mProgress = 1944mIndeterminate = false, mMin = 0, mMax = 2750
12-10 11:36:59.503 V/StagefrightPlayer( 311): getCurrentPosition
12-10 11:36:59.523 V/AudioSessionOutALSA( 311): Timestamp returned = 194552333
12-10 11:36:59.533 D/STATUSBAR-NetworkController( 1133): refreshSignalCluster: data=2 bt=false
12-10 11:36:59.543 V/MediaPlayer-JNI(22137): getCurrentPosition: 194552 (msec)
12-10 11:36:59.553 D/STATUSBAR-IconMerger( 1133): checkOverflow(216), More:false, Req:false Child:3
12-10 11:36:59.593 E/mm-camera( 330): cpp_module_handle_sof_notify_event:574, sending bus msg, session_id=3, R1=5, R2=5
12-10 11:36:59.593 E/mm-camera( 330): cpp_hw_params_update_wnr_params:3088 Update WNR
12-10 11:36:59.593 E/mm-camera-intf( 311): mm_stream_read_msm_frame: VIDIOC_DQBUF buf_index 10, frame_idx 11, stream type 6, time stamp 1386693419 599037000
12-10 11:36:59.603 V/StagefrightPlayer( 311): getCurrentPosition
12-10 11:36:59.613 V/AudioSessionOutALSA( 311): Timestamp returned = 194659000
12-10 11:36:59.623 V/MediaPlayer-JNI(22137): getCurrentPosition: 194659 (msec)
12-10 11:36:59.623 D/ProgressBar(22137): setProgress = 1946
12-10 11:36:59.623 D/ProgressBar(22137): setProgress = 1946, fromUser = false
12-10 11:36:59.623 D/ProgressBar(22137): mProgress = 1945mIndeterminate = false, mMin = 0, mMax = 2750
12-10 11:36:59.623 V/StagefrightPlayer( 311): getCurrentPosition
12-10 11:36:59.623 E/mm-camera( 330): cpp_module_handle_buf_divert_event:58, iden=0x30002, frame_id:11
12-10 11:36:59.623 E/mm-camera( 330): cpp_module_put_new_ack_in_list: __dbg: channel_id = 2
12-10 11:36:59.623 E/mm-camera( 330): be_stats_counter 1
12-10 11:36:59.623 E/mm-camera( 330): module_faceproc_client_handle_buffer:1809] count 0
12-10 11:36:59.623 E/mm-camera( 330): module_faceproc_client_send_info:1751] active index 1 face_cnt 0
12-10 11:36:59.623 E/mm-camera( 330): module_faceproc_client_send_info:1763] face_cnt 0
12-10 11:36:59.623 E/mm-camera( 330): module_faceproc_client_send_faceinfo:692] 1.000000 1.000000 0 0 out scale 1.000000 1.000000
12-10 11:36:59.623 E/mm-camera( 330): module_faceproc_client_send_faceinfo:694] Num face detected 0
12-10 11:36:59.623 E/mm-camera( 330): module_faceproc_faces_stabilization:586] GJ Invalid input no faces
12-10 11:36:59.623 E/mm-camera( 330): [FD_ZOOM_DBG] FD_Imglib Num face detected 0
12-10 11:36:59.623 E/mm-camera( 330): module_faceproc_client_send_faceinfo:735] session id 3 mct_mod 0xb7822320
12-10 11:36:59.623 E/mm-camera( 330): module_faceproc_client_handle_buffer:1827] img_idx 0
12-10 11:36:59.623 E/mm-camera( 330): module_faceproc_client_handle_buffer:1840] buffer 2 0xb784d230 0xb1cae000
12-10 11:36:59.623 E/mm-camera-img( 330): faceproc_comp_queue_buffer:655] q_count 1
12-10 11:36:59.623 E/mm-camera-img( 330): img_q_wait:225] after wait count 1
12-10 11:36:59.623 E/mm-camera-img( 330): img_q_wait:229] data 0xb78b4088
12-10 11:36:59.623 E/mm-camera-img( 330): faceproc_fd_execute:1142] E
12-10 11:36:59.623 E/mm-camera-img( 330): faceproc_fd_execute:1174] no faces detected X
12-10 11:36:59.623 E/mm-camera-img( 330): face_proc_thread_loop:420] state 2 abort 0
12-10 11:36:59.623 E/mm-camera( 330): module_faceproc_client_event_handler:1120] buffer idx 0
12-10 11:36:59.623 E/mm-camera-img( 330): face_proc_thread_loop:428] send event
12-10 11:36:59.623 E/mm-camera-img( 330): img_comp_get_param:163] param 514
12-10 11:36:59.623 E/mm-camera-img( 330): faceproc_fd_output:848] num_faces 0
12-10 11:36:59.633 E/mm-camera-img( 330): face_proc_thread_loop:430] send event
12-10 11:36:59.633 E/mm-camera-img( 330): img_q_wait: before wait
12-10 11:36:59.633 E/mm-camera( 330): awb_process: E gains(r=1.387203,g=1.050000,b=1.710355), color_temp=4804
12-10 11:36:59.633 E/mm-camera-intf( 311): mm_stream_read_msm_frame: VIDIOC_DQBUF buf_index 5, frame_idx 11, stream type 1, time stamp 441325 76515000
12-10 11:36:59.633 W/QCamera2HWI( 311): nodisplay_preview_stream_cb_routine: first preview frame. mCameraId=1
12-10 11:36:59.633 V/SecCameraCoreManager( 311): __data_cb
12-10 11:36:59.633 E/ShotSingle( 311): <=== Exception : metadata is NULL ===>
12-10 11:36:59.633 D/ShotSingle( 311): CAMERA_MSG_PREVIEW_FRAME E
12-10 11:36:59.643 D/Sensorhubs( 320): readContextData: 1, 1, 7, 0
12-10 11:36:59.643 D/SensorHubManager( 722): onGetSensorHubDataLocked: library = 1, 1, 7, 0
12-10 11:36:59.643 D/CAE ( 722): onGetSensorHubData(SensorHubParserProvider.java:66) - onGetSensorHubData Event [event buffer len :4]
12-10 11:36:59.643 I/CAE ( 722): parse(SensorHubParserProvider.java:136) - buffer size = 4
12-10 11:36:59.643 V/AudioSessionOutALSA( 311): Timestamp returned = 194680333
12-10 11:36:59.643 I/CAE ( 722): parse(SensorHubParserProvider.java:147) - 1, 1, 7, 0,
12-10 11:36:59.643 D/CAE ( 722): display(ContextProvider.java:553) - ================= AUTO_ROTATION =================
12-10 11:36:59.643 I/CAE ( 722): display(ContextProvider.java:569) - Angle=[0]
12-10 11:36:59.643 D/SContextService( 722): updateSContext() : event = Auto Rotation
12-10 11:36:59.643 V/WindowOrientationListener( 722): mSContextAutoRotationListener.onSContextChanged, Rotation: 0
12-10 11:36:59.643 V/SecCamera-JNI-Cpp( 722): dataCallback(16, 0x8a8a4eb8)
12-10 11:36:59.653 V/SecCamera-JNI-Cpp( 722): Using callback buffer from queue of length 1
12-10 11:36:59.653 V/SecCamera-JNI-Cpp( 722): Out of buffers, clearing callback!
12-10 11:36:59.653 D/SecCameraCoreManager( 311): disableMsgType: 0x10
12-10 11:36:59.653 W/QCamera2HWI( 311): disable_msg_type : E, msg type 16
12-10 11:36:59.653 W/QCamera2HWI( 311): disable_msg_type : X
12-10 11:36:59.653 D/SecCamera-JNI-Java( 722): handleMessage: 16
12-10 11:36:59.653 V/SecCamera-JNI-Cpp( 722): addCallbackBuffer: 0x10
12-10 11:36:59.653 D/SecCameraCoreManager( 311): enableMsgType: 0x10
12-10 11:36:59.653 W/QCamera2HWI( 311): enable_msg_type : E, msg type 16
12-10 11:36:59.653 E/SmartScreen_JNI( 722): processImage start : prev time [ 635632850 ]
12-10 11:36:59.653 D/SmartScreen_JNI( 722): tmpfile : /data/smart_stay_hash.dmc
12-10 11:36:59.653 D/DMCFaceEngine( 722): caSmartDP_SmartStay : FUNCTION START img width 320, height 240 previous angle 0
12-10 11:36:59.653 D/DMCFaceEngine( 722): caSmartDP_SmartStay : FOR DETECTION LOOP Start
12-10 11:36:59.653 D/DMCFaceEngine( 722): caSmartDP_SmartStay : loop Start with dir 1, width 240 and heighe 320
12-10 11:36:59.653 D/DMCFaceEngine( 722): caIF_RunFaceDetection_SmartStayRotation : FaceDetection Start with width 240, heighe 320
12-10 11:36:59.653 D/DMCFaceEngine( 722): fd_find : OMP 1 Mode
12-10 11:36:59.653 E/SmartFaceService( 722): Orientation: 0
12-10 11:36:59.653 E/SmartFaceService( 722): Calling onPreviewFrame: Thread[Scroll/Pause Worker,5,main]/441325105
12-10 11:36:59.653 E/SmartFaceService( 722): Calling onPreviewFrame: Thread[Stay/Rotation Worker,5,main]/441325105
12-10 11:36:59.653 D/Stay/Rotation Worker( 722): handleMessage: 1
12-10 11:36:59.663 W/QCamera2HWI( 311): enable_msg_type : X
12-10 11:36:59.663 E/SmartFaceManager( 722): No Callback!
12-10 11:36:59.663 D/ShotSingle( 311): CAMERA_MSG_PREVIEW_FRAME X
12-10 11:36:59.713 V/MediaPlayer-JNI(22137): getCurrentPosition: 194680 (msec)
12-10 11:36:59.723 V/StagefrightPlayer( 311): getCurrentPosition
12-10 11:36:59.733 E/mm-camera( 330): cpp_module_handle_sof_notify_event:574, sending bus msg, session_id=3, R1=5, R2=5
12-10 11:36:59.733 E/mm-camera( 330): cpp_hw_params_update_wnr_params:3088 Update WNR
12-10 11:36:59.733 E/mm-camera-intf( 311): mm_stream_read_msm_frame: VIDIOC_DQBUF buf_index 11, frame_idx 12, stream type 6, time stamp 1386693419 740646000
12-10 11:36:59.733 V/AudioSessionOutALSA( 311): Timestamp returned = 194776333
12-10 11:36:59.733 V/MediaPlayer-JNI(22137): getCurrentPosition: 194776 (msec)
12-10 11:36:59.733 D/ProgressBar(22137): setProgress = 1947
12-10 11:36:59.733 D/ProgressBar(22137): setProgress = 1947, fromUser = false
12-10 11:36:59.733 D/ProgressBar(22137): mProgress = 1946mIndeterminate = false, mMin = 0, mMax = 2750
12-10 11:36:59.743 D/DMCFaceEngine( 722): fd_find : Start FD Scanning with iFaceSizeParam 4
12-10 11:36:59.743 D/DMCFaceEngine( 722): caIF_RunFaceDetection_SmartStayRotation : Detected No Face
12-10 11:36:59.743 D/DMCFaceEngine( 722): caSmartDP_SmartStay : loop FD End dir 1 with nResult -1
12-10 11:36:59.743 D/DMCFaceEngine( 722): caSmartDP_SmartStay : loop Start with dir 0, width 320 and heighe 240
12-10 11:36:59.743 D/DMCFaceEngine( 722): caIF_RunFaceDetection_SmartStayRotation : FaceDetection Start with width 320, heighe 240
12-10 11:36:59.743 D/DMCFaceEngine( 722): fd_find : OMP 1 Mode
12-10 11:36:59.763 V/StagefrightPlayer( 311): getCurrentPosition
12-10 11:36:59.763 E/mm-camera( 330): cpp_module_handle_buf_divert_event:58, iden=0x30002, frame_id:12
12-10 11:36:59.763 E/mm-camera( 330): cpp_module_put_new_ack_in_list: __dbg: channel_id = 2
12-10 11:36:59.763 E/mm-camera( 330): be_stats_counter 1
12-10 11:36:59.763 E/mm-camera( 330): module_faceproc_client_handle_buffer:1809] count 1
12-10 11:36:59.763 E/mm-camera( 330): awb_process: E gains(r=1.387203,g=1.050000,b=1.710355), color_temp=4804
12-10 11:36:59.763 E/mm-camera-intf( 311): mm_stream_read_msm_frame: VIDIOC_DQBUF buf_index 3, frame_idx 12, stream type 1, time stamp 441325 218181000
12-10 11:36:59.773 V/SecCameraCoreManager( 311): __data_cb
12-10 11:36:59.773 E/ShotSingle( 311): <=== Exception : metadata is NULL ===>
12-10 11:36:59.773 D/ShotSingle( 311): CAMERA_MSG_PREVIEW_FRAME E
12-10 11:36:59.773 D/ShotSingle( 311): CAMERA_MSG_PREVIEW_FRAME X
12-10 11:36:59.773 V/SecCamera-JNI-Cpp( 722): dataCallback(16, 0x88d6ffd0)
12-10 11:36:59.773 V/SecCamera-JNI-Cpp( 722): Using callback buffer from queue of length 1
12-10 11:36:59.773 V/SecCamera-JNI-Cpp( 722): Out of buffers, clearing callback!
12-10 11:36:59.773 D/SecCameraCoreManager( 311): disableMsgType: 0x10
12-10 11:36:59.773 W/QCamera2HWI( 311): disable_msg_type : E, msg type 16
12-10 11:36:59.773 W/QCamera2HWI( 311): disable_msg_type : X
12-10 11:36:59.773 D/SecCamera-JNI-Java( 722): handleMessage: 16
12-10 11:36:59.773 V/SecCamera-JNI-Cpp( 722): addCallbackBuffer: 0x10
12-10 11:36:59.773 D/SecCameraCoreManager( 311): enableMsgType: 0x10
12-10 11:36:59.773 W/QCamera2HWI( 311): enable_msg_type : E, msg type 16
12-10 11:36:59.773 W/QCamera2HWI( 311): enable_msg_type : X
12-10 11:36:59.773 V/AudioSessionOutALSA( 311): Timestamp returned = 194819000
12-10 11:36:59.773 V/MediaPlayer-JNI(22137): getCurrentPosition: 194819 (msec)
12-10 11:36:59.773 E/SmartFaceService( 722): Orientation: 0
12-10 11:36:59.773 E/SmartFaceService( 722): Calling onPreviewFrame: Thread[Scroll/Pause Worker,5,main]/441325221
12-10 11:36:59.773 E/SmartFaceService( 722): Calling onPreviewFrame: Thread[Stay/Rotation Worker,5,main]/441325222
12-10 11:36:59.793 D/DMCFaceEngine( 722): fd_find : Start FD Scanning with iFaceSizeParam 4
12-10 11:36:59.793 D/DMCFaceEngine( 722): caIF_RunFaceDetection_SmartStayRotation : Detected No Face
12-10 11:36:59.793 D/DMCFaceEngine( 722): caSmartDP_SmartStay : loop FD End dir 0 with nResult -1
12-10 11:36:59.793 D/DMCFaceEngine( 722): caSmartDP_SmartStay : loop Start with dir 2, width 240 and heighe 320
12-10 11:36:59.793 D/DMCFaceEngine( 722): caIF_RunFaceDetection_SmartStayRotation : FaceDetection Start with width 240, heighe 320
12-10 11:36:59.793 D/DMCFaceEngine( 722): fd_find : OMP 1 Mode
12-10 11:36:59.813 E/MP-Decision( 1904): Action to bring core 1 online
12-10 11:36:59.813 E/MP-Decision( 1904): Action to bring core 2 online
12-10 11:36:59.813 E/MP-Decision( 1904): Action to bring core 3 online
12-10 11:36:59.833 D/DMCFaceEngine( 722): fd_find : Start FD Scanning with iFaceSizeParam 4
12-10 11:36:59.833 D/DMCFaceEngine( 722): caIF_RunFaceDetection_SmartStayRotation : Detected No Face
12-10 11:36:59.833 D/DMCFaceEngine( 722): caSmartDP_SmartStay : loop FD End dir 2 with nResult -1
12-10 11:36:59.833 D/DMCFaceEngine( 722): caSmartDP_SmartStay : loop Start with dir 3, width 320 and heighe 240
12-10 11:36:59.833 D/DMCFaceEngine( 722): caIF_RunFaceDetection_SmartStayRotation : FaceDetection Start with width 320, heighe 240
12-10 11:36:59.833 D/DMCFaceEngine( 722): fd_find : OMP 1 Mode
12-10 11:36:59.863 V/StagefrightPlayer( 311): getCurrentPosition
12-10 11:36:59.863 D/DMCFaceEngine( 722): fd_find : Start FD Scanning with iFaceSizeParam 4
12-10 11:36:59.863 D/DMCFaceEngine( 722): caIF_RunFaceDetection_SmartStayRotation : Detected No Face
12-10 11:36:59.863 D/DMCFaceEngine( 722): caSmartDP_SmartStay : loop FD End dir 3 with nResult -1
12-10 11:36:59.863 D/DMCFaceEngine( 722): caSmartDP_SmartStay : FOR DETECTION LOOP Start
12-10 11:36:59.863 D/DMCFaceEngine( 722): caSmartDP_SmartStay : SINGLE EYE DETECTION LOOP START
12-10 11:36:59.863 D/DMCFaceEngine( 722): caSmartDP_SmartStay : single eye detection loop start _ dir 3
12-10 11:36:59.863 D/DMCFaceEngine( 722): caIF_RunEyeDetection_MCT_IRS : caIF_RunEyeDetection_MCT_IRS START
12-10 11:36:59.863 D/DMCFaceEngine( 722): caIF_RunEyeDetection_MCT_IRS : Width 240, Height 320
12-10 11:36:59.873 V/AudioSessionOutALSA( 311): Timestamp returned = 194904333
12-10 11:36:59.873 V/MediaPlayer-JNI(22137): getCurrentPosition: 194904 (msec)
12-10 11:36:59.873 D/ProgressBar(22137): setProgress = 1949
12-10 11:36:59.873 D/ProgressBar(22137): setProgress = 1949, fromUser = false
12-10 11:36:59.873 D/ProgressBar(22137): mProgress = 1947mIndeterminate = false, mMin = 0, mMax = 2750
12-10 11:36:59.873 V/StagefrightPlayer( 311): getCurrentPosition
12-10 11:36:59.873 E/mm-camera( 330): cpp_module_handle_sof_notify_event:574, sending bus msg, session_id=3, R1=5, R2=5
12-10 11:36:59.873 E/mm-camera( 330): cpp_hw_params_update_wnr_params:3088 Update WNR
12-10 11:36:59.873 E/mm-camera-intf( 311): mm_stream_read_msm_frame: VIDIOC_DQBUF buf_index 12, frame_idx 13, stream type 6, time stamp 1386693419 882317000
12-10 11:36:59.883 V/AudioSessionOutALSA( 311): Timestamp returned = 194925666
12-10 11:36:59.883 V/MediaPlayer-JNI(22137): getCurrentPosition: 194926 (msec)
12-10 11:36:59.903 V/StagefrightPlayer( 311): getCurrentPosition
12-10 11:36:59.903 E/mm-camera( 330): cpp_module_handle_buf_divert_event:58, iden=0x30002, frame_id:13
12-10 11:36:59.903 E/mm-camera( 330): cpp_module_put_new_ack_in_list: __dbg: channel_id = 2
12-10 11:36:59.913 E/mm-camera( 330): module_faceproc_client_handle_buffer:1809] count 0
12-10 11:36:59.913 E/mm-camera( 330): module_faceproc_client_send_info:1751] active index 0 face_cnt 0
12-10 11:36:59.913 E/mm-camera( 330): module_faceproc_client_send_info:1763] face_cnt 0
12-10 11:36:59.913 E/mm-camera( 330): module_faceproc_client_send_faceinfo:692] 1.000000 1.000000 0 0 out scale 1.000000 1.000000
12-10 11:36:59.913 E/mm-camera( 330): module_faceproc_client_send_faceinfo:694] Num face detected 0
12-10 11:36:59.913 E/mm-camera( 330): module_faceproc_faces_stabilization:586] GJ Invalid input no faces
12-10 11:36:59.913 E/mm-camera( 330): [FD_ZOOM_DBG] FD_Imglib Num face detected 0
12-10 11:36:59.913 E/mm-camera( 330): module_faceproc_client_send_faceinfo:735] session id 3 mct_mod 0xb7822320
12-10 11:36:59.913 E/mm-camera( 330): module_faceproc_client_handle_buffer:1827] img_idx 1
12-10 11:36:59.913 E/mm-camera( 330): module_faceproc_client_handle_buffer:1840] buffer 0 0xb7864940 0xb1ce8000
12-10 11:36:59.913 E/mm-camera-img( 330): faceproc_comp_queue_buffer:655] q_count 1
12-10 11:36:59.913 E/mm-camera-img( 330): img_q_wait:225] after wait count 1
12-10 11:36:59.913 E/mm-camera-img( 330): img_q_wait:229] data 0xb78b4248
12-10 11:36:59.913 E/mm-camera-img( 330): faceproc_fd_execute:1142] E
12-10 11:36:59.913 E/mm-camera-img( 330): faceproc_fd_execute:1174] no faces detected X
12-10 11:36:59.913 E/mm-camera-img( 330): face_proc_thread_loop:420] state 2 abort 0
12-10 11:36:59.913 E/mm-camera( 330): module_faceproc_client_event_handler:1120] buffer idx 1
12-10 11:36:59.913 E/mm-camera-img( 330): face_proc_thread_loop:428] send event
12-10 11:36:59.913 E/mm-camera-img( 330): img_comp_get_param:163] param 514
12-10 11:36:59.913 E/mm-camera-img( 330): faceproc_fd_output:848] num_faces 0
12-10 11:36:59.913 E/mm-camera-img( 330): face_proc_thread_loop:430] send event
12-10 11:36:59.913 E/mm-camera-img( 330): img_q_wait: before wait
12-10 11:36:59.913 E/mm-camera( 330): be_stats_counter 1
12-10 11:36:59.913 E/mm-camera( 330): awb_process: E gains(r=1.387203,g=1.050000,b=1.710355), color_temp=4804
12-10 11:36:59.913 E/mm-camera-intf( 311): mm_stream_read_msm_frame: VIDIOC_DQBUF buf_index 4, frame_idx 13, stream type 1, time stamp 441325 359855000
12-10 11:36:59.913 V/SecCameraCoreManager( 311): __data_cb
12-10 11:36:59.913 E/ShotSingle( 311): <=== Exception : metadata is NULL ===>
12-10 11:36:59.913 D/ShotSingle( 311): CAMERA_MSG_PREVIEW_FRAME E
12-10 11:36:59.913 D/ShotSingle( 311): CAMERA_MSG_PREVIEW_FRAME X
12-10 11:36:59.913 V/SecCamera-JNI-Cpp( 722): dataCallback(16, 0x88d8a840)
12-10 11:36:59.913 V/SecCamera-JNI-Cpp( 722): Using callback buffer from queue of length 1
12-10 11:36:59.913 V/SecCamera-JNI-Cpp( 722): Out of buffers, clearing callback!
12-10 11:36:59.913 D/SecCameraCoreManager( 311): disableMsgType: 0x10
12-10 11:36:59.913 W/QCamera2HWI( 311): disable_msg_type : E, msg type 16
12-10 11:36:59.913 W/QCamera2HWI( 311): disable_msg_type : X
12-10 11:36:59.913 D/SecCamera-JNI-Java( 722): handleMessage: 16
12-10 11:36:59.913 V/SecCamera-JNI-Cpp( 722): addCallbackBuffer: 0x10
12-10 11:36:59.913 D/SecCameraCoreManager( 311): enableMsgType: 0x10
12-10 11:36:59.913 W/QCamera2HWI( 311): enable_msg_type : E, msg type 16
12-10 11:36:59.913 W/QCamera2HWI( 311): enable_msg_type : X
12-10 11:36:59.913 V/AudioSessionOutALSA( 311): Timestamp returned = 194957666
12-10 11:36:59.913 V/MediaPlayer-JNI(22137): getCurrentPosition: 194958 (msec)
12-10 11:36:59.913 E/SmartFaceService( 722): Orientation: 0
12-10 11:36:59.913 E/SmartFaceService( 722): Calling onPreviewFrame: Thread[Scroll/Pause Worker,5,main]/441325364
12-10 11:36:59.913 E/SmartFaceService( 722): Calling onPreviewFrame: Thread[Stay/Rotation Worker,5,main]/441325364
12-10 11:36:59.943 D/CMASMessage( 722): [update] mShowingCMASText is false
12-10 11:36:59.943 D/CMASMessage( 722): CMASIcon was GONE :
12-10 11:36:59.973 V/StagefrightPlayer( 311): getCurrentPosition
12-10 11:36:59.983 V/AudioSessionOutALSA( 311): Timestamp returned = 195021666
12-10 11:36:59.983 V/MediaPlayer-JNI(22137): getCurrentPosition: 195022 (msec)
12-10 11:36:59.983 D/ProgressBar(22137): setProgress = 1950
12-10 11:36:59.983 D/ProgressBar(22137): setProgress = 1950, fromUser = false
12-10 11:36:59.983 D/ProgressBar(22137): mProgress = 1949mIndeterminate = false, mMin = 0, mMax = 2750
12-10 11:36:59.983 V/StagefrightPlayer( 311): getCurrentPosition
12-10 11:36:59.993 V/AudioSessionOutALSA( 311): Timestamp returned = 195032333
12-10 11:36:59.993 V/MediaPlayer-JNI(22137): getCurrentPosition: 195032 (msec)
12-10 11:36:59.993 V/StagefrightPlayer( 311): getCurrentPosition
12-10 11:36:59.993 V/AlarmManager( 722): waitForAlarm result :8
12-10 11:37:00.003 V/AudioSessionOutALSA( 311): Timestamp returned = 195043000
12-10 11:37:00.003 V/MediaPlayer-JNI(22137): getCurrentPosition: 195043 (msec)
12-10 11:37:00.003 D/KeyguardClockWidgetService(11126): onReceive action=android.intent.action.TIME_TICK
12-10 11:37:00.003 D/KeyguardClockWidgetProvider(11126): refreshSingleClock :{Home} Hour = 11, Min = 37
12-10 11:37:00.013 E/mm-camera( 330): cpp_module_handle_sof_notify_event:574, sending bus msg, session_id=3, R1=5, R2=5
12-10 11:37:00.013 E/mm-camera( 330): cpp_hw_params_update_wnr_params:3088 Update WNR
12-10 11:37:00.023 E/mm-camera-intf( 311): mm_stream_read_msm_frame: VIDIOC_DQBUF buf_index 13, frame_idx 14, stream type 6, time stamp 1386693420 23999000
12-10 11:37:00.023 D/InputReader( 722): Input event: value=1 when=441325474878000
12-10 11:37:00.023 I/InputReader( 722): Touch event's action (Hover) is 0x9 (deviceType=0) [pCnt=1, s=0.11753 ] when=441325474891000
12-10 11:37:00.023 I/InputDispatcher( 722): Delivering touch to: action: 0x9
12-10 11:37:00.023 D/KeyguardClockWidgetProvider(11126): desc Message = It is 11:37 AM
12-10 11:37:00.043 V/AlarmManager( 722): ClockReceiver onReceive() ACTION_TIME_TICK
12-10 11:37:00.053 E/mm-camera( 330): cpp_module_handle_buf_divert_event:58, iden=0x30002, frame_id:14
12-10 11:37:00.053 E/mm-camera( 330): cpp_module_put_new_ack_in_list: __dbg: channel_id = 2
12-10 11:37:00.053 E/mm-camera( 330): be_stats_counter 1
12-10 11:37:00.053 E/mm-camera( 330): module_faceproc_client_handle_buffer:1809] count 1
12-10 11:37:00.053 D/DMCFaceEngine( 722): caIF_RunEyeDetection_MCT_IRS : caIF_RunEyeDetection_MCT_IRS END
12-10 11:37:00.053 D/DMCFaceEngine( 722): caSmartDP_SmartStay : caIF_FindEyes_IRS time 186453
12-10 11:37:00.053 D/DMCFaceEngine( 722): caSmartDP_SmartStay : Single Eye Detection Fail dir 1
12-10 11:37:00.053 D/DMCFaceEngine( 722): caSmartDP_SmartStay : loop End ED dir 1 with nResult -1
12-10 11:37:00.053 D/DMCFaceEngine( 722): caSmartDP_SmartStay : single eye detection loop start _ dir 1
12-10 11:37:00.053 D/DMCFaceEngine( 722): caIF_RunEyeDetection_MCT_IRS : caIF_RunEyeDetection_MCT_IRS START
12-10 11:37:00.053 D/DMCFaceEngine( 722): caIF_RunEyeDetection_MCT_IRS : Width 320, Height 240
12-10 11:37:00.053 E/mm-camera( 330): awb_process: E gains(r=1.387203,g=1.050000,b=1.710355), color_temp=4804
12-10 11:37:00.053 E/mm-camera-intf( 311): mm_stream_read_msm_frame: VIDIOC_DQBUF buf_index 5, frame_idx 14, stream type 1, time stamp 441325 501531000
12-10 11:37:00.053 V/SecCameraCoreManager( 311): __data_cb
12-10 11:37:00.053 E/ShotSingle( 311): <=== Exception : metadata is NULL ===>
12-10 11:37:00.053 D/ShotSingle( 311): CAMERA_MSG_PREVIEW_FRAME E
12-10 11:37:00.053 D/ShotSingle( 311): CAMERA_MSG_PREVIEW_FRAME X
12-10 11:37:00.053 V/SecCamera-JNI-Cpp( 722): dataCallback(16, 0x864c9850)
12-10 11:37:00.053 V/SecCamera-JNI-Cpp( 722): Using callback buffer from queue of length 1
12-10 11:37:00.053 V/SecCamera-JNI-Cpp( 722): Out of buffers, clearing callback!
12-10 11:37:00.053 D/SecCameraCoreManager( 311): disableMsgType: 0x10
12-10 11:37:00.053 W/QCamera2HWI( 311): disable_msg_type : E, msg type 16
12-10 11:37:00.053 W/QCamera2HWI( 311): disable_msg_type : X
12-10 11:37:00.053 D/SecCamera-JNI-Java( 722): handleMessage: 16
12-10 11:37:00.053 V/SecCamera-JNI-Cpp( 722): addCallbackBuffer: 0x10
12-10 11:37:00.053 D/SecCameraCoreManager( 311): enableMsgType: 0x10
12-10 11:37:00.053 W/QCamera2HWI( 311): enable_msg_type : E, msg type 16
12-10 11:37:00.053 W/QCamera2HWI( 311): enable_msg_type : X
12-10 11:37:00.053 E/SmartFaceService( 722): Orientation: 0
12-10 11:37:00.053 E/SmartFaceService( 722): Calling onPreviewFrame: Thread[Scroll/Pause Worker,5,main]/441325504
12-10 11:37:00.053 E/SmartFaceService( 722): Calling onPreviewFrame: Thread[Stay/Rotation Worker,5,main]/441325505
12-10 11:37:00.073 D/STATUSBAR-IconMerger( 1133): checkOverflow(216), More:false, Req:false Child:3
12-10 11:37:00.083 V/StagefrightPlayer( 311): getCurrentPosition
12-10 11:37:00.093 D/InputReader( 722): Input event: value=0 when=441325540052000
12-10 11:37:00.093 I/InputReader( 722): Touch event's action (Hover) is 0xa (deviceType=0) [pCnt=1, s=] when=441325540053000
12-10 11:37:00.093 I/InputDispatcher( 722): Delivering touch to: action: 0xa
12-10 11:37:00.093 V/AudioSessionOutALSA( 311): Timestamp returned = 195139000
12-10 11:37:00.093 V/MediaPlayer-JNI(22137): getCurrentPosition: 195139 (msec)
12-10 11:37:00.093 D/ProgressBar(22137): setProgress = 1951
12-10 11:37:00.093 D/ProgressBar(22137): setProgress = 1951, fromUser = false
12-10 11:37:00.093 D/ProgressBar(22137): mProgress = 1950mIndeterminate = false, mMin = 0, mMax = 2750
12-10 11:37:00.093 V/StagefrightPlayer( 311): getCurrentPosition
12-10 11:37:00.113 V/AudioSessionOutALSA( 311): Timestamp returned = 195149666
12-10 11:37:00.113 V/MediaPlayer-JNI(22137): getCurrentPosition: 195150 (msec)
12-10 11:37:00.163 E/mm-camera( 330): cpp_module_handle_sof_notify_event:574, sending bus msg, session_id=3, R1=5, R2=5
12-10 11:37:00.163 E/mm-camera( 330): cpp_hw_params_update_wnr_params:3088 Update WNR
12-10 11:37:00.163 E/mm-camera-intf( 311): mm_stream_read_msm_frame: VIDIOC_DQBUF buf_index 14, frame_idx 15, stream type 6, time stamp 1386693420 165663000
12-10 11:37:00.163 D/STATUSBAR-NetworkController( 1133): onSignalStrengthsChanged signalStrength=SignalStrength: 99 99 -102 -190 -112 -135 2 99 2147483647 2147483647 2147483647 -1 2147483647 cdma 0x210 level=2
12-10 11:37:00.173 D/DMCFaceEngine( 722): caIF_RunEyeDetection_MCT_IRS : caIF_RunEyeDetection_MCT_IRS END
12-10 11:37:00.173 D/DMCFaceEngine( 722): caSmartDP_SmartStay : caIF_FindEyes_IRS time 118306
12-10 11:37:00.173 D/DMCFaceEngine( 722): caSmartDP_SmartStay : Single Eye Detection Fail dir 0
12-10 11:37:00.173 D/DMCFaceEngine( 722): caSmartDP_SmartStay : loop End ED dir 0 with nResult -1
12-10 11:37:00.173 D/DMCFaceEngine( 722): caSmartDP_SmartStay : single eye detection loop start _ dir 0
12-10 11:37:00.173 D/DMCFaceEngine( 722): caIF_RunEyeDetection_MCT_IRS : caIF_RunEyeDetection_MCT_IRS START
12-10 11:37:00.173 D/DMCFaceEngine( 722): caIF_RunEyeDetection_MCT_IRS : Width 240, Height 320
12-10 11:37:00.173 D/STATUSBAR-NetworkController( 1133): onSignalStrengthsChanged signalStrength=SignalStrength: 99 99 -102 -190 -112 -135 2 99 2147483647 2147483647 2147483647 -1 2147483647 cdma 0x210 level=2
12-10 11:37:00.193 E/mm-camera( 330): cpp_module_handle_buf_divert_event:58, iden=0x30002, frame_id:15
12-10 11:37:00.193 E/mm-camera( 330): cpp_module_put_new_ack_in_list: __dbg: channel_id = 2
12-10 11:37:00.193 E/mm-camera( 330): be_stats_counter 1
12-10 11:37:00.193 E/mm-camera( 330): module_faceproc_client_handle_buffer:1809] count 0
12-10 11:37:00.193 E/mm-camera( 330): module_faceproc_client_send_info:1751] active index 1 face_cnt 0
12-10 11:37:00.193 E/mm-camera( 330): module_faceproc_client_send_info:1763] face_cnt 0
12-10 11:37:00.193 E/mm-camera( 330): module_faceproc_client_send_faceinfo:692] 1.000000 1.000000 0 0 out scale 1.000000 1.000000
12-10 11:37:00.193 E/mm-camera( 330): module_faceproc_client_send_faceinfo:694] Num face detected 0
12-10 11:37:00.193 E/mm-camera( 330): module_faceproc_faces_stabilization:586] GJ Invalid input no faces
12-10 11:37:00.193 E/mm-camera( 330): [FD_ZOOM_DBG] FD_Imglib Num face detected 0
12-10 11:37:00.193 E/mm-camera( 330): module_faceproc_client_send_faceinfo:735] session id 3 mct_mod 0xb7822320
12-10 11:37:00.193 E/mm-camera( 330): module_faceproc_client_handle_buffer:1827] img_idx 2
12-10 11:37:00.193 E/mm-camera( 330): module_faceproc_client_handle_buffer:1840] buffer 1 0xb7949728 0xb1ccb000
12-10 11:37:00.193 E/mm-camera-img( 330): faceproc_comp_queue_buffer:655] q_count 1
12-10 11:37:00.193 E/mm-camera-img( 330): img_q_wait:225] after wait count 1
12-10 11:37:00.193 E/mm-camera-img( 330): img_q_wait:229] data 0xb78b4408
12-10 11:37:00.193 E/mm-camera-img( 330): faceproc_fd_execute:1142] E
12-10 11:37:00.193 E/mm-camera-img( 330): faceproc_fd_execute:1174] no faces detected X
12-10 11:37:00.193 E/mm-camera-img( 330): face_proc_thread_loop:420] state 2 abort 0
12-10 11:37:00.193 E/mm-camera( 330): module_faceproc_client_event_handler:1120] buffer idx 2
12-10 11:37:00.193 E/mm-camera-img( 330): face_proc_thread_loop:428] send event
12-10 11:37:00.193 E/mm-camera-img( 330): img_comp_get_param:163] param 514
12-10 11:37:00.193 E/mm-camera-img( 330): faceproc_fd_output:848] num_faces 0
12-10 11:37:00.193 E/mm-camera-img( 330): face_proc_thread_loop:430] send event
12-10 11:37:00.193 E/mm-camera-img( 330): img_q_wait: before wait
12-10 11:37:00.193 E/mm-camera( 330): awb_process: E gains(r=1.387203,g=1.050000,b=1.710355), color_temp=4804
12-10 11:37:00.193 E/mm-camera-intf( 311): mm_stream_read_msm_frame: VIDIOC_DQBUF buf_index 3, frame_idx 15, stream type 1, time stamp 441325 643204000
12-10 11:37:00.193 V/SecCameraCoreManager( 311): __data_cb
12-10 11:37:00.193 E/ShotSingle( 311): <=== Exception : metadata is NULL ===>
12-10 11:37:00.193 D/ShotSingle( 311): CAMERA_MSG_PREVIEW_FRAME E
12-10 11:37:00.193 D/ShotSingle( 311): CAMERA_MSG_PREVIEW_FRAME X
12-10 11:37:00.193 V/SecCamera-JNI-Cpp( 722): dataCallback(16, 0x733957b8)
12-10 11:37:00.193 V/StagefrightPlayer( 311): getCurrentPosition
12-10 11:37:00.193 V/SecCamera-JNI-Cpp( 722): Using callback buffer from queue of length 1
12-10 11:37:00.193 V/SecCamera-JNI-Cpp( 722): Out of buffers, clearing callback!
12-10 11:37:00.193 D/SecCameraCoreManager( 311): disableMsgType: 0x10
12-10 11:37:00.193 W/QCamera2HWI( 311): disable_msg_type : E, msg type 16
12-10 11:37:00.193 W/QCamera2HWI( 311): disable_msg_type : X
12-10 11:37:00.193 D/SecCamera-JNI-Java( 722): handleMessage: 16
12-10 11:37:00.193 V/SecCamera-JNI-Cpp( 722): addCallbackBuffer: 0x10
12-10 11:37:00.193 D/SecCameraCoreManager( 311): enableMsgType: 0x10
12-10 11:37:00.193 W/QCamera2HWI( 311): enable_msg_type : E, msg type 16
12-10 11:37:00.193 W/QCamera2HWI( 311): enable_msg_type : X
12-10 11:37:00.193 E/SmartFaceService( 722): Orientation: 0
12-10 11:37:00.193 E/SmartFaceService( 722): Calling onPreviewFrame: Thread[Scroll/Pause Worker,5,main]/441325646
12-10 11:37:00.193 E/SmartFaceService( 722): Calling onPreviewFrame: Thread[Stay/Rotation Worker,5,main]/441325646
12-10 11:37:00.203 V/AudioSessionOutALSA( 311): Timestamp returned = 195245666
12-10 11:37:00.203 V/MediaPlayer-JNI(22137): getCurrentPosition: 195246 (msec)
12-10 11:37:00.203 D/ProgressBar(22137): setProgress = 1952
12-10 11:37:00.203 D/ProgressBar(22137): setProgress = 1952, fromUser = false
12-10 11:37:00.203 D/ProgressBar(22137): mProgress = 1951mIndeterminate = false, mMin = 0, mMax = 2750
12-10 11:37:00.203 V/StagefrightPlayer( 311): getCurrentPosition
12-10 11:37:00.213 V/AudioSessionOutALSA( 311): Timestamp returned = 195256333
12-10 11:37:00.213 V/MediaPlayer-JNI(22137): getCurrentPosition: 195256 (msec)
12-10 11:37:00.263 D/DMCFaceEngine( 722): caIF_RunEyeDetection_MCT_IRS : caIF_RunEyeDetection_MCT_IRS END
12-10 11:37:00.263 D/DMCFaceEngine( 722): caSmartDP_SmartStay : caIF_FindEyes_IRS time 89160
12-10 11:37:00.263 D/DMCFaceEngine( 722): caSmartDP_SmartStay : Single Eye Detection Fail dir 2
12-10 11:37:00.263 D/DMCFaceEngine( 722): caSmartDP_SmartStay : loop End ED dir 2 with nResult -1
12-10 11:37:00.263 D/DMCFaceEngine( 722): caSmartDP_SmartStay : single eye detection loop start _ dir 2
12-10 11:37:00.263 D/DMCFaceEngine( 722): caIF_RunEyeDetection_MCT_IRS : caIF_RunEyeDetection_MCT_IRS START
12-10 11:37:00.263 D/DMCFaceEngine( 722): caIF_RunEyeDetection_MCT_IRS : Width 320, Height 240
12-10 11:37:00.303 E/mm-camera( 330): cpp_hw_params_update_wnr_params:3088 Update WNR
12-10 11:37:00.303 E/mm-camera( 330): cpp_module_handle_sof_notify_event:574, sending bus msg, session_id=3, R1=5, R2=5
12-10 11:37:00.303 E/mm-camera-intf( 311): mm_stream_read_msm_frame: VIDIOC_DQBUF buf_index 15, frame_idx 16, stream type 6, time stamp 1386693420 307359000
12-10 11:37:00.303 V/StagefrightPlayer( 311): getCurrentPosition
12-10 11:37:00.313 E/MP-Decision( 1904): Action to bring core 3 offline
12-10 11:37:00.323 E/SmartFaceManager( 722): No Callback!
12-10 11:37:00.323 E/MP-Decision( 1904): Action to bring core 2 offline
12-10 11:37:00.323 V/AudioSessionOutALSA( 311): Timestamp returned = 195352333
12-10 11:37:00.323 V/SecCamera-JNI-Cpp( 722): setHasPreviewCallback: installed:0, manualBuffer:0
12-10 11:37:00.323 V/SecCamera-JNI-Cpp( 722): get_native_camera: context=0x7e3b2ad8, camera=0x7c576468
12-10 11:37:00.323 D/SecCameraCoreManager( 311): disableMsgType: 0x10
12-10 11:37:00.323 W/QCamera2HWI( 311): disable_msg_type : E, msg type 16
12-10 11:37:00.323 W/QCamera2HWI( 311): disable_msg_type : X
12-10 11:37:00.323 V/SecCamera-JNI-Cpp( 722): Clearing callback buffers, 1 remained
12-10 11:37:00.323 V/SecCamera-JNI-Cpp( 722): stopPreview
12-10 11:37:00.323 V/SecCamera-JNI-Cpp( 722): get_native_camera: context=0x7e3b2ad8, camera=0x7c576468
12-10 11:37:00.323 D/SecCameraCoreManager( 311): disableMsgType: 0x10
12-10 11:37:00.323 W/QCamera2HWI( 311): disable_msg_type : E, msg type 16
12-10 11:37:00.323 W/QCamera2HWI( 311): disable_msg_type : X
12-10 11:37:00.323 D/SecCameraCoreManager( 311): stopPreview
12-10 11:37:00.323 D/SecCameraCoreManager( 311): virtual void android::SecCameraCoreManager::stopPreview():stop IT Policy checking thread
12-10 11:37:00.323 V/MediaPlayer-JNI(22137): getCurrentPosition: 195352 (msec)
12-10 11:37:00.323 D/ProgressBar(22137): setProgress = 1953
12-10 11:37:00.323 E/SmartFaceService( 722): unregister:441325770
12-10 11:37:00.323 E/SmartFaceService( 722): unregister
12-10 11:37:00.323 E/SmartFaceService( 722): unregister client found. pid 722 servicetype: 100 AppName: system
12-10 11:37:00.323 E/SmartFaceService( 722): send LastServiecTypeFromClient to scroll pause worker: 1
12-10 11:37:00.323 E/SmartFaceService( 722): mLightIntensityEnough: true mLux: 0.0
12-10 11:37:00.323 D/Scroll/Pause Worker( 722): updateClientsDone.
12-10 11:37:00.323 D/Stay/Rotation Worker( 722): updateClientsDone. def. do nothing.
12-10 11:37:00.323 E/SmartFaceService( 722): Service Type to Worker: 0
12-10 11:37:00.323 E/SmartFaceService( 722): Last Active clients:1 Current Active clients: 0
12-10 11:37:00.323 E/SmartFaceService( 722): Last Smart Pause clients: 0 Current Smart Pause clients: 0
12-10 11:37:00.323 E/SmartFaceService( 722): No active clients. close camera
12-10 11:37:00.323 E/CameraController( 722): closeCamera S
12-10 11:37:00.323 E/CameraController( 722): sendMessageAndWait, lock.lock before
12-10 11:37:00.323 E/CameraController( 722): sendMessageAndWait, lock.lock after
12-10 11:37:00.323 E/CameraController( 722): Wait for 0
12-10 11:37:00.323 E/CameraController( 722): waitHere, condition var. will be used. related lock release and re-acquired after await done.
12-10 11:37:00.323 E/CameraController( 722): handleMessage(0) before lock{ what=0 when=0 }
12-10 11:37:00.323 E/CameraController( 722): handleMessage, lock.lock after
12-10 11:37:00.323 E/CameraController( 722): handleMessage(0) after lock{ what=0 when=-1ms }
12-10 11:37:00.333 D/ProgressBar(22137): setProgress = 1953, fromUser = false
12-10 11:37:00.333 D/ProgressBar(22137): mProgress = 1952mIndeterminate = false, mMin = 0, mMax = 2750
12-10 11:37:00.333 E/mm-camera( 330): cpp_module_handle_buf_divert_event:58, iden=0x30002, frame_id:16
12-10 11:37:00.333 E/mm-camera( 330): cpp_module_put_new_ack_in_list: __dbg: channel_id = 2
12-10 11:37:00.333 E/mm-camera( 330): be_stats_counter 1
12-10 11:37:00.333 E/mm-camera( 330): module_faceproc_client_handle_buffer:1809] count 1
12-10 11:37:00.333 E/mm-camera( 330): awb_process: E gains(r=1.387203,g=1.050000,b=1.710355), color_temp=4804
12-10 11:37:00.333 E/mm-camera-intf( 311): mm_stream_read_msm_frame: VIDIOC_DQBUF buf_index 4, frame_idx 16, stream type 1, time stamp 441325 784878000
12-10 11:37:00.343 V/StagefrightPlayer( 311): getCurrentPosition
12-10 11:37:00.353 D/DMCFaceEngine( 722): caIF_RunEyeDetection_MCT_IRS : caIF_RunEyeDetection_MCT_IRS END
12-10 11:37:00.353 D/DMCFaceEngine( 722): caSmartDP_SmartStay : caIF_FindEyes_IRS time 91399
12-10 11:37:00.353 D/DMCFaceEngine( 722): caSmartDP_SmartStay : Single Eye Detection Fail dir 3
12-10 11:37:00.353 D/DMCFaceEngine( 722): caSmartDP_SmartStay : loop End ED dir 3 with nResult -1
12-10 11:37:00.353 D/DMCFaceEngine( 722): caSmartDP_SmartStay : SINGLE EYE DETECTION LOOP END with nResult -1
12-10 11:37:00.353 D/DMCFaceEngine( 722): caSmartDP_SmartStay : DETECT HUMAN FAIL
12-10 11:37:00.353 D/DMCFaceEngine( 722): caSmartDP_SmartStay result [-1] - [5.000000] : dump [0]
12-10 11:37:00.353 D/DMCFaceEngine( 722): caSmartDP_DetermineFixedDevice : TmpFile exists /data/smart_stay_hash.dmc
12-10 11:37:00.353 D/DMCFaceEngine( 722): caSmartDP_DetermineFixedDevice : FIXED OR NOT : difference 87.898125
12-10 11:37:00.353 D/DMCFaceEngine( 722): caSmartDP_DetermineFixedDevice : TmpFile making start /data/smart_stay_hash.dmc
12-10 11:37:00.353 D/DMCFaceEngine( 722): caSmartDP_DetermineFixedDevice : TmpFile making end /data/smart_stay_hash.dmc
12-10 11:37:00.353 D/DMCFaceEngine( 722): face : X[0] Y[0] W[0] H[0]
12-10 11:37:00.353 D/DMCFaceEngine( 722): eye : LX[0] LY[0] RX[0] RY[0]
12-10 11:37:00.353 D/DMCFaceEngine( 722): [0] determine result [-1]
12-10 11:37:00.353 E/SmartScreen_JNI( 722): processImage end : function time [ 700990 ]
12-10 11:37:00.353 V/AudioSessionOutALSA( 311): Timestamp returned = 195395000
12-10 11:37:00.353 E/Stay/Rotation Worker( 722): processSmartStay[701ms], ret: -1 needToStay: 0 mFrameCount: 0 mFixed: false
12-10 11:37:00.363 V/MediaPlayer-JNI(22137): getCurrentPosition: 195395 (msec)
12-10 11:37:00.383 D/ShotSingle( 311): stopPreview
12-10 11:37:00.383 W/QCamera2HWI( 311): disable_msg_type : E, msg type 962
12-10 11:37:00.383 W/QCamera2HWI( 311): disable_msg_type : X
12-10 11:37:00.383 V/ShotSingle( 311): stopPreview(1)
12-10 11:37:00.383 W/QCamera2HWI( 311): [KPI Perf] stop_preview: E
12-10 11:37:00.383 W/QCamera2HWI( 311): stopPreview: E mCameraId=1
12-10 11:37:00.383 I/ ( 311): [DBG] int32_t qcamera::QCameraCmdThread::exit(): Before thread join
12-10 11:37:00.383 I/ ( 311): [DBG] int32_t qcamera::QCameraCmdThread::exit(): After thread join
12-10 11:37:00.383 I/ ( 311): [DBG] int32_t qcamera::QCameraCmdThread::exit(): Before thread join
12-10 11:37:00.383 I/ ( 311): [DBG] int32_t qcamera::QCameraCmdThread::exit(): After thread join
12-10 11:37:00.383 E/mm-camera-intf( 311): mm_stream_streamoff: E, my_handle = 0x69601, fd = 110, state = 6
12-10 11:37:00.383 E/mm-camera( 330): server_process_hal_event:__DBG__ E event id=3
12-10 11:37:00.383 E/mm-camera( 330): server_process_hal_event:__DBG__ X sucess event id=3
12-10 11:37:00.383 E/mm-camera( 330): mct_pipeline_process_set:command=8000009
12-10 11:37:00.383 E/mm-camera( 330): mct_pipeline_process_set: stream_type = 1
12-10 11:37:00.383 E/mm-camera-sensor( 330): module_sensor_module_process_event:3489 ide 30002 MCT_EVENT_CONTROL_STREAMOFF
12-10 11:37:00.383 E/mm-camera-sensor( 330): module_sensor_module_process_event:3492 E STATEDBG MCT_EVENT_CONTROL_STREAMOFF
12-10 11:37:00.383 E/mm-camera-sensor( 330): sensor_util_change_state:1116 STATEDBG Enter
12-10 11:37:00.383 E/mm-camera-sensor( 330): sensor_util_change_state:1123 STATEDBG Enter cur state 0 new state 4
12-10 11:37:00.383 E/mm-camera-sensor( 330): sensor_util_change_state:1162 STATEDBG Exit cur state 4 new state 4
12-10 11:37:00.383 E/mm-camera-sensor( 330): sensor_util_change_state:1166 STATEDBG Exit
12-10 11:37:00.383 E/mm-camera-sensor( 330): module_sensor_stream_off:3061 ide 30002 MCT_EVENT_CONTROL_STREAMOFF
12-10 11:37:00.383 E/mm-camera( 330): port_isp_mct_ctrl_cmd: type=2
12-10 11:37:00.383 E/mm-camera( 330): port_isp_mct_ctrl_cmd: E, identity = 0x30002, STREAMOFF
12-10 11:37:00.383 E/mm-camera( 330): cpp_module_handle_streamoff_event:1873, info: doing stream-off for identity 0x30002
12-10 11:37:00.383 E/mm-camera-img( 330): faceproc_comp_abort:549] state 2
12-10 11:37:00.383 E/mm-camera-img( 330): faceproc_comp_abort:562] thread id -1215782904
12-10 11:37:00.383 E/mm-camera-img( 330): img_q_wait:225] after wait count 0
12-10 11:37:00.383 E/mm-camera-img( 330): img_q_wait:229] data 0x0
12-10 11:37:00.383 E/mm-camera-img( 330): face_proc_thread_loop:434] state 3 abort 0
12-10 11:37:00.383 E/mm-camera-img( 330): face_proc_thread_loop:438] send event
12-10 11:37:00.383 E/mm-camera-img( 330): faceproc_comp_eng_destroy:1856] faceproc engine clean
12-10 11:37:00.383 E/mm-camera-img( 330): faceproc_comp_eng_reset:1880]
12-10 11:37:00.383 E/mm-camera-img( 330): Free Wmemory 0
12-10 11:37:00.383 E/mm-camera-img( 330): faceproc_comp_abort:576] X
12-10 11:37:00.383 E/mm-camera( 330): cpp_module_handle_streamoff_event:1919] iden:0x30002, linked_params:0x0
12-10 11:37:00.383 E/mm-camera( 330): cpp_hardware_process_streamoff:502] skip_iden:0x0, duplicate_stream_status:0x0
12-10 11:37:00.383 E/mm-camera( 330): cpp_module_handle_streamoff_event:1930, info: stream-off done for identity 0x30002
12-10 11:37:00.383 E/mm-camera( 330): port_isp_mct_ctrl_cmd: E, identity = 0x30002, isp_streamoff
12-10 11:37:00.383 E/mm-camera( 330): isp_streamoff: E, session_id = 3
12-10 11:37:00.383 E/mm-camera( 330): isp_proc_async_command: E ISP_ASYNC_COMMAND_STREAMOFF = 3
12-10 11:37:00.383 E/mm-camera( 330): isp_proc_streamoff: E, session_id = 3, stream_id = 2, stream_type = 1
12-10 11:37:00.383 E/mm-camera( 330): isp_hw_subscribe_one_v4l2_event: event_type = 0x8000200, is_subscribe = 0
12-10 11:37:00.383 E/mm-camera( 330): isp_hw_subscribe_one_v4l2_event: event_type = 0x8000201, is_subscribe = 0
12-10 11:37:00.383 E/mm-camera( 330): isp_hw_subscribe_one_v4l2_event: event_type = 0x8000202, is_subscribe = 0
12-10 11:37:00.383 E/mm-camera( 330): isp_hw_subscribe_one_v4l2_event: event_type = 0x8000203, is_subscribe = 0
12-10 11:37:00.383 E/mm-camera( 330): isp_hw_subscribe_one_v4l2_event: event_type = 0x8000204, is_subscribe = 0
12-10 11:37:00.383 E/mm-camera( 330): isp_hw_subscribe_one_v4l2_event: event_type = 0x8000205, is_subscribe = 0
12-10 11:37:00.383 E/mm-camera( 330): isp_hw_subscribe_one_v4l2_event: event_type = 0x8000206, is_subscribe = 0
12-10 11:37:00.383 E/mm-camera( 330): isp_hw_subscribe_one_v4l2_event: event_type = 0x8000207, is_subscribe = 0
12-10 11:37:00.383 E/mm-camera( 330): isp_hw_subscribe_one_v4l2_event: event_type = 0x8000208, is_subscribe = 0
12-10 11:37:00.383 E/mm-camera( 330): isp_hw_subscribe_one_v4l2_event: event_type = 0x8000209, is_subscribe = 0
12-10 11:37:00.383 E/mm-camera( 330): isp_hw_subscribe_one_v4l2_event: event_type = 0x800020a, is_subscribe = 0
12-10 11:37:00.383 E/mm-camera( 330): isp_hw_subscribe_one_v4l2_event: event_type = 0x800020b, is_subscribe = 0
12-10 11:37:00.383 E/mm-camera( 330): isp_hw_subscribe_one_v4l2_event: event_type = 0x8000009, is_subscribe = 0
12-10 11:37:00.383 E/mm-camera( 330): isp_hw_subscribe_one_v4l2_event: event_type = 0x8000007, is_subscribe = 0
12-10 11:37:00.383 E/mm-camera( 330): isp_axi_util_subscribe_v4l2_event: event_type = 0x8000100, is_subscribe = 0
12-10 11:37:00.443 V/StagefrightPlayer( 311): getCurrentPosition
12-10 11:37:00.453 V/AudioSessionOutALSA( 311): Timestamp returned = 195491000
12-10 11:37:00.463 V/MediaPlayer-JNI(22137): getCurrentPosition: 195491 (msec)
12-10 11:37:00.463 D/ProgressBar(22137): setProgress = 1954
12-10 11:37:00.463 D/ProgressBar(22137): setProgress = 1954, fromUser = false
12-10 11:37:00.463 D/ProgressBar(22137): mProgress = 1953mIndeterminate = false, mMin = 0, mMax = 2750
12-10 11:37:00.473 D/lights ( 722): button : 0 +
12-10 11:37:00.473 V/StagefrightPlayer( 311): getCurrentPosition
12-10 11:37:00.473 D/PowerManagerService( 722): [s] UserActivityState : 1 -> 0
12-10 11:37:00.473 I/PowerManagerService( 722): [ps] Screen__Off(2) : timeout (0x4)
