12-10 11:34:29.423 V/StagefrightPlayer( 311): getCurrentPosition
12-10 11:34:29.443 V/AudioSessionOutALSA( 311): Timestamp returned = 44472333
12-10 11:34:29.443 V/MediaPlayer-JNI(22137): getCurrentPosition: 44472 (msec)
12-10 11:34:29.443 D/ProgressBar(22137): setProgress = 444
12-10 11:34:29.443 D/ProgressBar(22137): setProgress = 444, fromUser = false
12-10 11:34:29.443 D/ProgressBar(22137): mProgress = 443mIndeterminate = false, mMin = 0, mMax = 2750
12-10 11:34:29.443 V/StagefrightPlayer( 311): getCurrentPosition
12-10 11:34:29.453 V/AudioSessionOutALSA( 311): Timestamp returned = 44493666
12-10 11:34:29.453 V/MediaPlayer-JNI(22137): getCurrentPosition: 44494 (msec)
12-10 11:34:29.543 V/StagefrightPlayer( 311): getCurrentPosition
12-10 11:34:29.553 V/AudioSessionOutALSA( 311): Timestamp returned = 44600333
12-10 11:34:29.553 V/MediaPlayer-JNI(22137): getCurrentPosition: 44600 (msec)
12-10 11:34:29.553 D/ProgressBar(22137): setProgress = 445
12-10 11:34:29.553 D/ProgressBar(22137): setProgress = 445, fromUser = false
12-10 11:34:29.553 D/ProgressBar(22137): mProgress = 444mIndeterminate = false, mMin = 0, mMax = 2750
12-10 11:34:29.553 V/StagefrightPlayer( 311): getCurrentPosition
12-10 11:34:29.573 V/AudioSessionOutALSA( 311): Timestamp returned = 44611000
12-10 11:34:29.573 V/MediaPlayer-JNI(22137): getCurrentPosition: 44611 (msec)
12-10 11:34:29.653 V/StagefrightPlayer( 311): getCurrentPosition
12-10 11:34:29.673 V/AudioSessionOutALSA( 311): Timestamp returned = 44707000
12-10 11:34:29.673 V/MediaPlayer-JNI(22137): getCurrentPosition: 44707 (msec)
12-10 11:34:29.673 V/StagefrightPlayer( 311): getCurrentPosition
12-10 11:34:29.683 V/AudioSessionOutALSA( 311): Timestamp returned = 44717666
12-10 11:34:29.683 V/MediaPlayer-JNI(22137): getCurrentPosition: 44718 (msec)
12-10 11:34:29.683 D/ProgressBar(22137): setProgress = 447
12-10 11:34:29.683 D/ProgressBar(22137): setProgress = 447, fromUser = false
12-10 11:34:29.683 D/ProgressBar(22137): mProgress = 445mIndeterminate = false, mMin = 0, mMax = 2750
12-10 11:34:29.683 V/StagefrightPlayer( 311): getCurrentPosition
12-10 11:34:29.693 V/AudioSessionOutALSA( 311): Timestamp returned = 44739000
12-10 11:34:29.693 V/MediaPlayer-JNI(22137): getCurrentPosition: 44739 (msec)
12-10 11:34:29.783 V/StagefrightPlayer( 311): getCurrentPosition
12-10 11:34:29.793 V/AudioSessionOutALSA( 311): Timestamp returned = 44835000
12-10 11:34:29.793 V/MediaPlayer-JNI(22137): getCurrentPosition: 44835 (msec)
12-10 11:34:29.793 V/StagefrightPlayer( 311): getCurrentPosition
12-10 11:34:29.813 V/AudioSessionOutALSA( 311): Timestamp returned = 44845666
12-10 11:34:29.813 V/MediaPlayer-JNI(22137): getCurrentPosition: 44846 (msec)
12-10 11:34:29.813 D/ProgressBar(22137): setProgress = 448
12-10 11:34:29.813 D/ProgressBar(22137): setProgress = 448, fromUser = false
12-10 11:34:29.813 D/ProgressBar(22137): mProgress = 447mIndeterminate = false, mMin = 0, mMax = 2750
12-10 11:34:29.813 V/StagefrightPlayer( 311): getCurrentPosition
12-10 11:34:29.823 V/AudioSessionOutALSA( 311): Timestamp returned = 44867000
12-10 11:34:29.823 V/MediaPlayer-JNI(22137): getCurrentPosition: 44867 (msec)
12-10 11:34:29.913 V/StagefrightPlayer( 311): getCurrentPosition
12-10 11:34:29.923 V/AudioSessionOutALSA( 311): Timestamp returned = 44963000
12-10 11:34:29.923 V/MediaPlayer-JNI(22137): getCurrentPosition: 44963 (msec)
12-10 11:34:29.923 D/ProgressBar(22137): setProgress = 449
12-10 11:34:29.923 D/ProgressBar(22137): setProgress = 449, fromUser = false
12-10 11:34:29.923 D/ProgressBar(22137): mProgress = 448mIndeterminate = false, mMin = 0, mMax = 2750
12-10 11:34:29.923 V/StagefrightPlayer( 311): getCurrentPosition
12-10 11:34:29.943 V/AudioSessionOutALSA( 311): Timestamp returned = 44973666
12-10 11:34:29.943 V/MediaPlayer-JNI(22137): getCurrentPosition: 44974 (msec)
12-10 11:34:30.023 V/StagefrightPlayer( 311): getCurrentPosition
12-10 11:34:30.043 V/AudioSessionOutALSA( 311): Timestamp returned = 45080333
12-10 11:34:30.043 V/MediaPlayer-JNI(22137): getCurrentPosition: 45080 (msec)
12-10 11:34:30.043 D/ProgressBar(22137): setProgress = 450
12-10 11:34:30.043 D/ProgressBar(22137): setProgress = 450, fromUser = false
12-10 11:34:30.043 D/ProgressBar(22137): mProgress = 449mIndeterminate = false, mMin = 0, mMax = 2750
12-10 11:34:30.043 V/StagefrightPlayer( 311): getCurrentPosition
12-10 11:34:30.053 V/AudioSessionOutALSA( 311): Timestamp returned = 45091000
12-10 11:34:30.053 V/MediaPlayer-JNI(22137): getCurrentPosition: 45091 (msec)
12-10 11:34:30.143 V/StagefrightPlayer( 311): getCurrentPosition
12-10 11:34:30.153 V/AudioSessionOutALSA( 311): Timestamp returned = 45197666
12-10 11:34:30.153 V/MediaPlayer-JNI(22137): getCurrentPosition: 45198 (msec)
12-10 11:34:30.153 D/ProgressBar(22137): setProgress = 451
12-10 11:34:30.153 D/ProgressBar(22137): setProgress = 451, fromUser = false
12-10 11:34:30.153 D/ProgressBar(22137): mProgress = 450mIndeterminate = false, mMin = 0, mMax = 2750
12-10 11:34:30.153 V/StagefrightPlayer( 311): getCurrentPosition
12-10 11:34:30.173 V/AudioSessionOutALSA( 311): Timestamp returned = 45208333
12-10 11:34:30.173 V/MediaPlayer-JNI(22137): getCurrentPosition: 45208 (msec)
12-10 11:34:30.253 V/StagefrightPlayer( 311): getCurrentPosition
12-10 11:34:30.273 V/AudioSessionOutALSA( 311): Timestamp returned = 45304333
12-10 11:34:30.273 V/MediaPlayer-JNI(22137): getCurrentPosition: 45304 (msec)
12-10 11:34:30.273 D/ProgressBar(22137): setProgress = 453
12-10 11:34:30.273 D/ProgressBar(22137): setProgress = 453, fromUser = false
12-10 11:34:30.273 D/ProgressBar(22137): mProgress = 451mIndeterminate = false, mMin = 0, mMax = 2750
12-10 11:34:30.273 V/StagefrightPlayer( 311): getCurrentPosition
12-10 11:34:30.283 V/AudioSessionOutALSA( 311): Timestamp returned = 45325666
12-10 11:34:30.283 V/MediaPlayer-JNI(22137): getCurrentPosition: 45326 (msec)
12-10 11:34:30.373 V/StagefrightPlayer( 311): getCurrentPosition
12-10 11:34:30.383 V/AudioSessionOutALSA( 311): Timestamp returned = 45421666
12-10 11:34:30.383 V/MediaPlayer-JNI(22137): getCurrentPosition: 45422 (msec)
12-10 11:34:30.383 D/ProgressBar(22137): setProgress = 454
12-10 11:34:30.383 D/ProgressBar(22137): setProgress = 454, fromUser = false
12-10 11:34:30.383 D/ProgressBar(22137): mProgress = 453mIndeterminate = false, mMin = 0, mMax = 2750
12-10 11:34:30.383 V/StagefrightPlayer( 311): getCurrentPosition
12-10 11:34:30.403 V/AudioSessionOutALSA( 311): Timestamp returned = 45432333
12-10 11:34:30.403 V/MediaPlayer-JNI(22137): getCurrentPosition: 45432 (msec)
12-10 11:34:30.493 V/StagefrightPlayer( 311): getCurrentPosition
12-10 11:34:30.503 V/AudioSessionOutALSA( 311): Timestamp returned = 45539000
12-10 11:34:30.503 V/MediaPlayer-JNI(22137): getCurrentPosition: 45539 (msec)
12-10 11:34:30.503 D/ProgressBar(22137): setProgress = 455
12-10 11:34:30.503 D/ProgressBar(22137): setProgress = 455, fromUser = false
12-10 11:34:30.503 D/ProgressBar(22137): mProgress = 454mIndeterminate = false, mMin = 0, mMax = 2750
12-10 11:34:30.503 V/StagefrightPlayer( 311): getCurrentPosition
12-10 11:34:30.513 V/AudioSessionOutALSA( 311): Timestamp returned = 45560333
12-10 11:34:30.513 V/MediaPlayer-JNI(22137): getCurrentPosition: 45560 (msec)
12-10 11:34:30.603 V/StagefrightPlayer( 311): getCurrentPosition
12-10 11:34:30.613 V/AudioSessionOutALSA( 311): Timestamp returned = 45656333
12-10 11:34:30.613 V/MediaPlayer-JNI(22137): getCurrentPosition: 45656 (msec)
12-10 11:34:30.613 D/ProgressBar(22137): setProgress = 456
12-10 11:34:30.613 D/ProgressBar(22137): setProgress = 456, fromUser = false
12-10 11:34:30.613 D/ProgressBar(22137): mProgress = 455mIndeterminate = false, mMin = 0, mMax = 2750
12-10 11:34:30.623 V/StagefrightPlayer( 311): getCurrentPosition
12-10 11:34:30.633 V/AudioSessionOutALSA( 311): Timestamp returned = 45667000
12-10 11:34:30.633 V/MediaPlayer-JNI(22137): getCurrentPosition: 45667 (msec)
12-10 11:34:30.673 V/StagefrightPlayer( 311): getCurrentPosition
12-10 11:34:30.683 V/AudioSessionOutALSA( 311): Timestamp returned = 45720333
12-10 11:34:30.683 V/MediaPlayer-JNI(22137): getCurrentPosition: 45720 (msec)
12-10 11:34:30.723 V/StagefrightPlayer( 311): getCurrentPosition
12-10 11:34:30.733 V/AudioSessionOutALSA( 311): Timestamp returned = 45763000
12-10 11:34:30.733 V/MediaPlayer-JNI(22137): getCurrentPosition: 45763 (msec)
12-10 11:34:30.733 D/ProgressBar(22137): setProgress = 457
12-10 11:34:30.733 D/ProgressBar(22137): setProgress = 457, fromUser = false
12-10 11:34:30.733 D/ProgressBar(22137): mProgress = 456mIndeterminate = false, mMin = 0, mMax = 2750
12-10 11:34:30.733 V/StagefrightPlayer( 311): getCurrentPosition
12-10 11:34:30.743 V/AudioSessionOutALSA( 311): Timestamp returned = 45784333
12-10 11:34:30.743 V/MediaPlayer-JNI(22137): getCurrentPosition: 45784 (msec)
12-10 11:34:30.793 V/StagefrightPlayer( 311): getCurrentPosition
12-10 11:34:30.813 V/AudioSessionOutALSA( 311): Timestamp returned = 45848333
12-10 11:34:30.813 V/MediaPlayer-JNI(22137): getCurrentPosition: 45848 (msec)
12-10 11:34:30.833 V/StagefrightPlayer( 311): getCurrentPosition
12-10 11:34:30.843 V/AudioSessionOutALSA( 311): Timestamp returned = 45891000
12-10 11:34:30.843 V/MediaPlayer-JNI(22137): getCurrentPosition: 45891 (msec)
12-10 11:34:30.843 D/ProgressBar(22137): setProgress = 458
12-10 11:34:30.843 D/ProgressBar(22137): setProgress = 458, fromUser = false
12-10 11:34:30.843 D/ProgressBar(22137): mProgress = 457mIndeterminate = false, mMin = 0, mMax = 2750
12-10 11:34:30.853 V/StagefrightPlayer( 311): getCurrentPosition
12-10 11:34:30.863 V/AudioSessionOutALSA( 311): Timestamp returned = 45891000
12-10 11:34:30.863 V/MediaPlayer-JNI(22137): getCurrentPosition: 45891 (msec)
12-10 11:34:30.953 V/StagefrightPlayer( 311): getCurrentPosition
12-10 11:34:30.963 V/AudioSessionOutALSA( 311): Timestamp returned = 46008333
12-10 11:34:30.963 V/MediaPlayer-JNI(22137): getCurrentPosition: 46008 (msec)
12-10 11:34:30.963 D/ProgressBar(22137): setProgress = 460
12-10 11:34:30.963 D/ProgressBar(22137): setProgress = 460, fromUser = false
12-10 11:34:30.963 D/ProgressBar(22137): mProgress = 458mIndeterminate = false, mMin = 0, mMax = 2750
12-10 11:34:30.963 V/StagefrightPlayer( 311): getCurrentPosition
12-10 11:34:30.983 V/AudioSessionOutALSA( 311): Timestamp returned = 46019000
12-10 11:34:30.983 V/MediaPlayer-JNI(22137): getCurrentPosition: 46019 (msec)
12-10 11:34:31.063 V/StagefrightPlayer( 311): getCurrentPosition
12-10 11:34:31.083 V/AudioSessionOutALSA( 311): Timestamp returned = 46115000
12-10 11:34:31.083 V/MediaPlayer-JNI(22137): getCurrentPosition: 46115 (msec)
12-10 11:34:31.083 D/ProgressBar(22137): setProgress = 461
12-10 11:34:31.083 D/ProgressBar(22137): setProgress = 461, fromUser = false
12-10 11:34:31.083 D/ProgressBar(22137): mProgress = 460mIndeterminate = false, mMin = 0, mMax = 2750
12-10 11:34:31.083 V/StagefrightPlayer( 311): getCurrentPosition
12-10 11:34:31.093 V/AudioSessionOutALSA( 311): Timestamp returned = 46136333
12-10 11:34:31.093 V/MediaPlayer-JNI(22137): getCurrentPosition: 46136 (msec)
12-10 11:34:31.183 V/StagefrightPlayer( 311): getCurrentPosition
12-10 11:34:31.193 V/AudioSessionOutALSA( 311): Timestamp returned = 46232333
12-10 11:34:31.193 V/MediaPlayer-JNI(22137): getCurrentPosition: 46232 (msec)
12-10 11:34:31.193 D/ProgressBar(22137): setProgress = 462
12-10 11:34:31.193 D/ProgressBar(22137): setProgress = 462, fromUser = false
12-10 11:34:31.193 D/ProgressBar(22137): mProgress = 461mIndeterminate = false, mMin = 0, mMax = 2750
12-10 11:34:31.193 V/StagefrightPlayer( 311): getCurrentPosition
12-10 11:34:31.203 V/AudioSessionOutALSA( 311): Timestamp returned = 46243000
12-10 11:34:31.203 V/MediaPlayer-JNI(22137): getCurrentPosition: 46243 (msec)
12-10 11:34:31.293 V/StagefrightPlayer( 311): getCurrentPosition
12-10 11:34:31.303 V/AudioSessionOutALSA( 311): Timestamp returned = 46349666
12-10 11:34:31.303 V/MediaPlayer-JNI(22137): getCurrentPosition: 46350 (msec)
12-10 11:34:31.303 D/ProgressBar(22137): setProgress = 463
12-10 11:34:31.303 D/ProgressBar(22137): setProgress = 463, fromUser = false
12-10 11:34:31.313 D/ProgressBar(22137): mProgress = 462mIndeterminate = false, mMin = 0, mMax = 2750
12-10 11:34:31.313 V/StagefrightPlayer( 311): getCurrentPosition
12-10 11:34:31.323 V/AudioSessionOutALSA( 311): Timestamp returned = 46371000
12-10 11:34:31.323 V/MediaPlayer-JNI(22137): getCurrentPosition: 46371 (msec)
12-10 11:34:31.413 V/StagefrightPlayer( 311): getCurrentPosition
12-10 11:34:31.423 V/AudioSessionOutALSA( 311): Timestamp returned = 46467000
12-10 11:34:31.423 V/MediaPlayer-JNI(22137): getCurrentPosition: 46467 (msec)
12-10 11:34:31.423 D/ProgressBar(22137): setProgress = 464
12-10 11:34:31.423 D/ProgressBar(22137): setProgress = 464, fromUser = false
12-10 11:34:31.423 D/ProgressBar(22137): mProgress = 463mIndeterminate = false, mMin = 0, mMax = 2750
12-10 11:34:31.423 V/StagefrightPlayer( 311): getCurrentPosition
12-10 11:34:31.433 V/AudioSessionOutALSA( 311): Timestamp returned = 46477666
12-10 11:34:31.433 V/MediaPlayer-JNI(22137): getCurrentPosition: 46478 (msec)
12-10 11:34:31.523 V/StagefrightPlayer( 311): getCurrentPosition
12-10 11:34:31.543 V/AudioSessionOutALSA( 311): Timestamp returned = 46573666
12-10 11:34:31.543 V/MediaPlayer-JNI(22137): getCurrentPosition: 46574 (msec)
12-10 11:34:31.543 D/ProgressBar(22137): setProgress = 465
12-10 11:34:31.543 D/ProgressBar(22137): setProgress = 465, fromUser = false
12-10 11:34:31.543 D/ProgressBar(22137): mProgress = 464mIndeterminate = false, mMin = 0, mMax = 2750
12-10 11:34:31.543 V/StagefrightPlayer( 311): getCurrentPosition
12-10 11:34:31.553 V/AudioSessionOutALSA( 311): Timestamp returned = 46595000
12-10 11:34:31.553 V/MediaPlayer-JNI(22137): getCurrentPosition: 46595 (msec)
12-10 11:34:31.643 V/StagefrightPlayer( 311): getCurrentPosition
12-10 11:34:31.653 V/AudioSessionOutALSA( 311): Timestamp returned = 46691000
12-10 11:34:31.653 V/MediaPlayer-JNI(22137): getCurrentPosition: 46691 (msec)
12-10 11:34:31.653 D/ProgressBar(22137): setProgress = 466
12-10 11:34:31.653 D/ProgressBar(22137): setProgress = 466, fromUser = false
12-10 11:34:31.653 D/ProgressBar(22137): mProgress = 465mIndeterminate = false, mMin = 0, mMax = 2750
12-10 11:34:31.653 V/StagefrightPlayer( 311): getCurrentPosition
12-10 11:34:31.673 V/AudioSessionOutALSA( 311): Timestamp returned = 46701666
12-10 11:34:31.673 V/MediaPlayer-JNI(22137): getCurrentPosition: 46702 (msec)
12-10 11:34:31.683 V/StagefrightPlayer( 311): getCurrentPosition
12-10 11:34:31.693 V/AudioSessionOutALSA( 311): Timestamp returned = 46733666
12-10 11:34:31.693 V/MediaPlayer-JNI(22137): getCurrentPosition: 46734 (msec)
12-10 11:34:31.753 V/StagefrightPlayer( 311): getCurrentPosition
12-10 11:34:31.773 V/AudioSessionOutALSA( 311): Timestamp returned = 46808333
12-10 11:34:31.773 V/MediaPlayer-JNI(22137): getCurrentPosition: 46808 (msec)
12-10 11:34:31.773 D/ProgressBar(22137): setProgress = 468
12-10 11:34:31.773 D/ProgressBar(22137): setProgress = 468, fromUser = false
12-10 11:34:31.773 D/ProgressBar(22137): mProgress = 466mIndeterminate = false, mMin = 0, mMax = 2750
12-10 11:34:31.773 V/StagefrightPlayer( 311): getCurrentPosition
12-10 11:34:31.783 V/AudioSessionOutALSA( 311): Timestamp returned = 46829666
12-10 11:34:31.783 V/MediaPlayer-JNI(22137): getCurrentPosition: 46830 (msec)
12-10 11:34:31.813 V/StagefrightPlayer( 311): getCurrentPosition
12-10 11:34:31.823 V/AudioSessionOutALSA( 311): Timestamp returned = 46861666
12-10 11:34:31.823 V/MediaPlayer-JNI(22137): getCurrentPosition: 46862 (msec)
12-10 11:34:31.873 V/StagefrightPlayer( 311): getCurrentPosition
12-10 11:34:31.883 V/AudioSessionOutALSA( 311): Timestamp returned = 46925666
12-10 11:34:31.883 V/MediaPlayer-JNI(22137): getCurrentPosition: 46926 (msec)
12-10 11:34:31.883 D/ProgressBar(22137): setProgress = 469
12-10 11:34:31.883 D/ProgressBar(22137): setProgress = 469, fromUser = false
12-10 11:34:31.883 D/ProgressBar(22137): mProgress = 468mIndeterminate = false, mMin = 0, mMax = 2750
12-10 11:34:31.883 V/StagefrightPlayer( 311): getCurrentPosition
12-10 11:34:31.903 V/AudioSessionOutALSA( 311): Timestamp returned = 46936333
12-10 11:34:31.903 V/MediaPlayer-JNI(22137): getCurrentPosition: 46936 (msec)
12-10 11:34:31.983 V/StagefrightPlayer( 311): getCurrentPosition
12-10 11:34:32.003 V/AudioSessionOutALSA( 311): Timestamp returned = 47032333
12-10 11:34:32.003 V/MediaPlayer-JNI(22137): getCurrentPosition: 47032 (msec)
12-10 11:34:32.003 D/ProgressBar(22137): setProgress = 470
12-10 11:34:32.003 D/ProgressBar(22137): setProgress = 470, fromUser = false
12-10 11:34:32.003 D/ProgressBar(22137): mProgress = 469mIndeterminate = false, mMin = 0, mMax = 2750
12-10 11:34:32.003 V/StagefrightPlayer( 311): getCurrentPosition
12-10 11:34:32.013 V/AudioSessionOutALSA( 311): Timestamp returned = 47053666
12-10 11:34:32.013 V/MediaPlayer-JNI(22137): getCurrentPosition: 47054 (msec)
12-10 11:34:32.103 V/StagefrightPlayer( 311): getCurrentPosition
12-10 11:34:32.113 V/AudioSessionOutALSA( 311): Timestamp returned = 47160333
12-10 11:34:32.113 V/MediaPlayer-JNI(22137): getCurrentPosition: 47160 (msec)
12-10 11:34:32.113 D/ProgressBar(22137): setProgress = 471
12-10 11:34:32.113 D/ProgressBar(22137): setProgress = 471, fromUser = false
12-10 11:34:32.113 D/ProgressBar(22137): mProgress = 470mIndeterminate = false, mMin = 0, mMax = 2750
12-10 11:34:32.113 V/StagefrightPlayer( 311): getCurrentPosition
12-10 11:34:32.133 V/AudioSessionOutALSA( 311): Timestamp returned = 47171000
12-10 11:34:32.133 V/MediaPlayer-JNI(22137): getCurrentPosition: 47171 (msec)
12-10 11:34:32.173 I/Monitor ( 722): SIOP:: Current AP = 260, CP = 0
12-10 11:34:32.213 V/StagefrightPlayer( 311): getCurrentPosition
12-10 11:34:32.233 V/AudioSessionOutALSA( 311): Timestamp returned = 47267000
12-10 11:34:32.233 V/MediaPlayer-JNI(22137): getCurrentPosition: 47267 (msec)
12-10 11:34:32.233 D/ProgressBar(22137): setProgress = 472
12-10 11:34:32.233 D/ProgressBar(22137): setProgress = 472, fromUser = false
12-10 11:34:32.233 D/ProgressBar(22137): mProgress = 471mIndeterminate = false, mMin = 0, mMax = 2750
12-10 11:34:32.233 V/StagefrightPlayer( 311): getCurrentPosition
12-10 11:34:32.243 V/AudioSessionOutALSA( 311): Timestamp returned = 47288333
12-10 11:34:32.243 V/MediaPlayer-JNI(22137): getCurrentPosition: 47288 (msec)
12-10 11:34:32.333 V/StagefrightPlayer( 311): getCurrentPosition
12-10 11:34:32.343 V/AudioSessionOutALSA( 311): Timestamp returned = 47384333
12-10 11:34:32.343 V/MediaPlayer-JNI(22137): getCurrentPosition: 47384 (msec)
12-10 11:34:32.343 D/ProgressBar(22137): setProgress = 473
12-10 11:34:32.343 D/ProgressBar(22137): setProgress = 473, fromUser = false
12-10 11:34:32.343 D/ProgressBar(22137): mProgress = 472mIndeterminate = false, mMin = 0, mMax = 2750
12-10 11:34:32.343 V/StagefrightPlayer( 311): getCurrentPosition
12-10 11:34:32.363 V/AudioSessionOutALSA( 311): Timestamp returned = 47395000
12-10 11:34:32.363 V/MediaPlayer-JNI(22137): getCurrentPosition: 47395 (msec)
12-10 11:34:32.443 V/StagefrightPlayer( 311): getCurrentPosition
12-10 11:34:32.463 V/AudioSessionOutALSA( 311): Timestamp returned = 47491000
12-10 11:34:32.463 V/MediaPlayer-JNI(22137): getCurrentPosition: 47491 (msec)
12-10 11:34:32.463 D/ProgressBar(22137): setProgress = 474
12-10 11:34:32.463 D/ProgressBar(22137): setProgress = 474, fromUser = false
12-10 11:34:32.463 D/ProgressBar(22137): mProgress = 473mIndeterminate = false, mMin = 0, mMax = 2750
12-10 11:34:32.463 V/StagefrightPlayer( 311): getCurrentPosition
12-10 11:34:32.473 V/AudioSessionOutALSA( 311): Timestamp returned = 47512333
12-10 11:34:32.473 V/MediaPlayer-JNI(22137): getCurrentPosition: 47512 (msec)
12-10 11:34:32.563 V/StagefrightPlayer( 311): getCurrentPosition
12-10 11:34:32.573 V/AudioSessionOutALSA( 311): Timestamp returned = 47619000
12-10 11:34:32.573 V/MediaPlayer-JNI(22137): getCurrentPosition: 47619 (msec)
12-10 11:34:32.573 D/ProgressBar(22137): setProgress = 476
12-10 11:34:32.573 D/ProgressBar(22137): setProgress = 476, fromUser = false
12-10 11:34:32.573 D/ProgressBar(22137): mProgress = 474mIndeterminate = false, mMin = 0, mMax = 2750
12-10 11:34:32.573 V/StagefrightPlayer( 311): getCurrentPosition
12-10 11:34:32.593 V/AudioSessionOutALSA( 311): Timestamp returned = 47629666
12-10 11:34:32.593 V/MediaPlayer-JNI(22137): getCurrentPosition: 47630 (msec)
12-10 11:34:32.683 V/StagefrightPlayer( 311): getCurrentPosition
12-10 11:34:32.693 V/AudioSessionOutALSA( 311): Timestamp returned = 47736333
12-10 11:34:32.693 V/MediaPlayer-JNI(22137): getCurrentPosition: 47736 (msec)
12-10 11:34:32.693 D/ProgressBar(22137): setProgress = 477
12-10 11:34:32.693 D/ProgressBar(22137): setProgress = 477, fromUser = false
12-10 11:34:32.693 D/ProgressBar(22137): mProgress = 476mIndeterminate = false, mMin = 0, mMax = 2750
12-10 11:34:32.703 V/StagefrightPlayer( 311): getCurrentPosition
12-10 11:34:32.713 V/AudioSessionOutALSA( 311): Timestamp returned = 47757666
12-10 11:34:32.713 V/MediaPlayer-JNI(22137): getCurrentPosition: 47758 (msec)
12-10 11:34:32.713 V/StagefrightPlayer( 311): getCurrentPosition
12-10 11:34:32.723 V/AudioSessionOutALSA( 311): Timestamp returned = 47768333
12-10 11:34:32.723 V/MediaPlayer-JNI(22137): getCurrentPosition: 47768 (msec)
12-10 11:34:32.803 V/StagefrightPlayer( 311): getCurrentPosition
12-10 11:34:32.813 V/AudioSessionOutALSA( 311): Timestamp returned = 47853666
12-10 11:34:32.813 V/MediaPlayer-JNI(22137): getCurrentPosition: 47854 (msec)
12-10 11:34:32.813 D/ProgressBar(22137): setProgress = 478
12-10 11:34:32.813 D/ProgressBar(22137): setProgress = 478, fromUser = false
12-10 11:34:32.813 D/ProgressBar(22137): mProgress = 477mIndeterminate = false, mMin = 0, mMax = 2750
12-10 11:34:32.813 V/StagefrightPlayer( 311): getCurrentPosition
12-10 11:34:32.833 V/AudioSessionOutALSA( 311): Timestamp returned = 47864333
12-10 11:34:32.833 V/StagefrightPlayer( 311): getCurrentPosition
12-10 11:34:32.833 V/MediaPlayer-JNI(22137): getCurrentPosition: 47864 (msec)
12-10 11:34:32.843 V/AudioSessionOutALSA( 311): Timestamp returned = 47875000
12-10 11:34:32.843 V/MediaPlayer-JNI(22137): getCurrentPosition: 47875 (msec)
12-10 11:34:32.923 V/StagefrightPlayer( 311): getCurrentPosition
12-10 11:34:32.933 V/AudioSessionOutALSA( 311): Timestamp returned = 47971000
12-10 11:34:32.933 V/MediaPlayer-JNI(22137): getCurrentPosition: 47971 (msec)
12-10 11:34:32.933 D/ProgressBar(22137): setProgress = 479
12-10 11:34:32.933 D/ProgressBar(22137): setProgress = 479, fromUser = false
12-10 11:34:32.933 D/ProgressBar(22137): mProgress = 478mIndeterminate = false, mMin = 0, mMax = 2750
12-10 11:34:32.933 V/StagefrightPlayer( 311): getCurrentPosition
12-10 11:34:32.943 V/AudioSessionOutALSA( 311): Timestamp returned = 47981666
12-10 11:34:32.943 V/MediaPlayer-JNI(22137): getCurrentPosition: 47982 (msec)
12-10 11:34:33.033 V/StagefrightPlayer( 311): getCurrentPosition
12-10 11:34:33.043 V/AudioSessionOutALSA( 311): Timestamp returned = 48088333
12-10 11:34:33.043 V/MediaPlayer-JNI(22137): getCurrentPosition: 48088 (msec)
12-10 11:34:33.043 D/ProgressBar(22137): setProgress = 480
12-10 11:34:33.043 D/ProgressBar(22137): setProgress = 480, fromUser = false
12-10 11:34:33.043 D/ProgressBar(22137): mProgress = 479mIndeterminate = false, mMin = 0, mMax = 2750
12-10 11:34:33.053 V/StagefrightPlayer( 311): getCurrentPosition
12-10 11:34:33.063 V/AudioSessionOutALSA( 311): Timestamp returned = 48099000
12-10 11:34:33.063 V/MediaPlayer-JNI(22137): getCurrentPosition: 48099 (msec)
12-10 11:34:33.153 V/StagefrightPlayer( 311): getCurrentPosition
12-10 11:34:33.163 V/AudioSessionOutALSA( 311): Timestamp returned = 48195000
12-10 11:34:33.163 V/MediaPlayer-JNI(22137): getCurrentPosition: 48195 (msec)
12-10 11:34:33.163 D/ProgressBar(22137): setProgress = 481
12-10 11:34:33.163 D/ProgressBar(22137): setProgress = 481, fromUser = false
12-10 11:34:33.163 D/ProgressBar(22137): mProgress = 480mIndeterminate = false, mMin = 0, mMax = 2750
12-10 11:34:33.163 V/StagefrightPlayer( 311): getCurrentPosition
12-10 11:34:33.173 V/AudioSessionOutALSA( 311): Timestamp returned = 48216333
12-10 11:34:33.173 V/MediaPlayer-JNI(22137): getCurrentPosition: 48216 (msec)
12-10 11:34:33.263 V/StagefrightPlayer( 311): getCurrentPosition
12-10 11:34:33.273 V/AudioSessionOutALSA( 311): Timestamp returned = 48312333
12-10 11:34:33.273 V/MediaPlayer-JNI(22137): getCurrentPosition: 48312 (msec)
12-10 11:34:33.273 D/ProgressBar(22137): setProgress = 483
12-10 11:34:33.273 D/ProgressBar(22137): setProgress = 483, fromUser = false
12-10 11:34:33.273 D/ProgressBar(22137): mProgress = 481mIndeterminate = false, mMin = 0, mMax = 2750
12-10 11:34:33.283 V/StagefrightPlayer( 311): getCurrentPosition
12-10 11:34:33.293 V/AudioSessionOutALSA( 311): Timestamp returned = 48333666
12-10 11:34:33.293 V/MediaPlayer-JNI(22137): getCurrentPosition: 48334 (msec)
12-10 11:34:33.383 V/StagefrightPlayer( 311): getCurrentPosition
12-10 11:34:33.393 V/AudioSessionOutALSA( 311): Timestamp returned = 48440333
12-10 11:34:33.393 V/MediaPlayer-JNI(22137): getCurrentPosition: 48440 (msec)
12-10 11:34:33.393 D/ProgressBar(22137): setProgress = 484
12-10 11:34:33.393 D/ProgressBar(22137): setProgress = 484, fromUser = false
12-10 11:34:33.393 D/ProgressBar(22137): mProgress = 483mIndeterminate = false, mMin = 0, mMax = 2750
12-10 11:34:33.393 V/StagefrightPlayer( 311): getCurrentPosition
12-10 11:34:33.403 V/AudioSessionOutALSA( 311): Timestamp returned = 48451000
12-10 11:34:33.403 V/MediaPlayer-JNI(22137): getCurrentPosition: 48451 (msec)
12-10 11:34:33.483 V/AudioSessionOutALSA( 311): pfd[0].revents =1
12-10 11:34:33.483 V/AudioSessionOutALSA( 311): pfd[1].revents =0
12-10 11:34:33.483 V/AudioSessionOutALSA( 311): mAlsaHandle->handle = 0xb77af230
12-10 11:34:33.483 V/AudioSessionOutALSA( 311): After an event occurs
12-10 11:34:33.483 V/AudioSessionOutALSA( 311): mFilledQueue 3
12-10 11:34:33.483 V/AudioSessionOutALSA( 311): Reset mSkipwrite in eventthread entry
12-10 11:34:33.483 V/AudioSessionOutALSA( 311): isBufferAvailable: received a signal to wake up
12-10 11:34:33.483 V/AudioSessionOutALSA( 311): write Empty Queue size() = 1, Filled Queue size() = 3 mReached EOS 0, mEosEventReceived 0 bytes 262080
12-10 11:34:33.483 V/AudioSessionOutALSA( 311): not skipping buffer in write since mSkipWrite = 0, mEmptyQueuesize 1, skip flag -166066003
12-10 11:34:33.483 D/AudioSessionOutALSA( 311): bytes = 262080 , mAlsaHandle->handle->period_size = 262144
12-10 11:34:33.483 D/AudioSessionOutALSA( 311): Copy Metadata = 64, bytes = 262080
12-10 11:34:33.483 V/AudioSessionOutALSA( 311): PCM write before memcpy start
12-10 11:34:33.483 V/AudioSessionOutALSA( 311): PCM write start
12-10 11:34:33.483 V/AudioSessionOutALSA( 311): PCM write complete
12-10 11:34:33.483 D/TunnelPlayer( 311): Fillbuffer after write and seek flag 0
12-10 11:34:33.483 D/TunnelPlayer( 311): FillBuffer: MemBuffer size 262080
12-10 11:34:33.533 V/StagefrightPlayer( 311): getCurrentPosition
12-10 11:34:33.543 V/AudioSessionOutALSA( 311): Timestamp returned = 48579000
12-10 11:34:33.543 V/MediaPlayer-JNI(22137): getCurrentPosition: 48579 (msec)
12-10 11:34:33.543 D/ProgressBar(22137): setProgress = 485
12-10 11:34:33.543 D/ProgressBar(22137): setProgress = 485, fromUser = false
12-10 11:34:33.543 D/ProgressBar(22137): mProgress = 484mIndeterminate = false, mMin = 0, mMax = 2750
12-10 11:34:33.553 D/TunnelPlayer( 311): FillBuffer completed bytesToWrite 262080
12-10 11:34:33.553 V/AudioSessionOutALSA( 311): acquiring mDecoderLock in isBufferAvailable()
12-10 11:34:33.553 V/AudioSessionOutALSA( 311): isBufferAvailable Empty Queue size() = 0, Filled Queue size() = 4
12-10 11:34:33.553 V/AudioSessionOutALSA( 311): Write: waiting on mWriteCv
12-10 11:34:33.553 V/StagefrightPlayer( 311): getCurrentPosition
12-10 11:34:33.563 V/AudioSessionOutALSA( 311): Timestamp returned = 48600333
12-10 11:34:33.563 V/MediaPlayer-JNI(22137): getCurrentPosition: 48600 (msec)
12-10 11:34:33.653 V/StagefrightPlayer( 311): getCurrentPosition
12-10 11:34:33.663 V/AudioSessionOutALSA( 311): Timestamp returned = 48707000
12-10 11:34:33.663 V/MediaPlayer-JNI(22137): getCurrentPosition: 48707 (msec)
12-10 11:34:33.663 D/ProgressBar(22137): setProgress = 487
12-10 11:34:33.663 D/ProgressBar(22137): setProgress = 487, fromUser = false
12-10 11:34:33.663 D/ProgressBar(22137): mProgress = 485mIndeterminate = false, mMin = 0, mMax = 2750
12-10 11:34:33.663 V/StagefrightPlayer( 311): getCurrentPosition
12-10 11:34:33.673 V/AudioSessionOutALSA( 311): Timestamp returned = 48717666
12-10 11:34:33.673 V/MediaPlayer-JNI(22137): getCurrentPosition: 48718 (msec)
12-10 11:34:33.713 V/StagefrightPlayer( 311): getCurrentPosition
12-10 11:34:33.723 V/AudioSessionOutALSA( 311): Timestamp returned = 48771000
12-10 11:34:33.723 V/MediaPlayer-JNI(22137): getCurrentPosition: 48771 (msec)
12-10 11:34:33.763 V/StagefrightPlayer( 311): getCurrentPosition
12-10 11:34:33.783 V/AudioSessionOutALSA( 311): Timestamp returned = 48813666
12-10 11:34:33.783 V/MediaPlayer-JNI(22137): getCurrentPosition: 48814 (msec)
12-10 11:34:33.783 D/ProgressBar(22137): setProgress = 488
12-10 11:34:33.783 D/ProgressBar(22137): setProgress = 488, fromUser = false
12-10 11:34:33.783 D/ProgressBar(22137): mProgress = 487mIndeterminate = false, mMin = 0, mMax = 2750
12-10 11:34:33.783 V/StagefrightPlayer( 311): getCurrentPosition
12-10 11:34:33.793 V/AudioSessionOutALSA( 311): Timestamp returned = 48835000
12-10 11:34:33.793 V/MediaPlayer-JNI(22137): getCurrentPosition: 48835 (msec)
12-10 11:34:33.843 V/StagefrightPlayer( 311): getCurrentPosition
12-10 11:34:33.853 V/AudioSessionOutALSA( 311): Timestamp returned = 48899000
12-10 11:34:33.853 V/MediaPlayer-JNI(22137): getCurrentPosition: 48899 (msec)
12-10 11:34:33.883 V/StagefrightPlayer( 311): getCurrentPosition
12-10 11:34:33.893 V/AudioSessionOutALSA( 311): Timestamp returned = 48931000
12-10 11:34:33.893 V/MediaPlayer-JNI(22137): getCurrentPosition: 48931 (msec)
12-10 11:34:33.893 D/ProgressBar(22137): setProgress = 489
12-10 11:34:33.893 D/ProgressBar(22137): setProgress = 489, fromUser = false
12-10 11:34:33.893 D/ProgressBar(22137): mProgress = 488mIndeterminate = false, mMin = 0, mMax = 2750
12-10 11:34:33.893 V/StagefrightPlayer( 311): getCurrentPosition
12-10 11:34:33.913 V/AudioSessionOutALSA( 311): Timestamp returned = 48941666
12-10 11:34:33.913 V/MediaPlayer-JNI(22137): getCurrentPosition: 48942 (msec)
12-10 11:34:33.993 V/StagefrightPlayer( 311): getCurrentPosition
12-10 11:34:34.013 V/AudioSessionOutALSA( 311): Timestamp returned = 49048333
12-10 11:34:34.013 V/MediaPlayer-JNI(22137): getCurrentPosition: 49048 (msec)
12-10 11:34:34.013 D/ProgressBar(22137): setProgress = 490
12-10 11:34:34.013 D/ProgressBar(22137): setProgress = 490, fromUser = false
12-10 11:34:34.013 D/ProgressBar(22137): mProgress = 489mIndeterminate = false, mMin = 0, mMax = 2750
12-10 11:34:34.013 V/StagefrightPlayer( 311): getCurrentPosition
12-10 11:34:34.023 V/AudioSessionOutALSA( 311): Timestamp returned = 49069666
12-10 11:34:34.023 V/MediaPlayer-JNI(22137): getCurrentPosition: 49070 (msec)
12-10 11:34:34.113 V/StagefrightPlayer( 311): getCurrentPosition
12-10 11:34:34.123 V/AudioSessionOutALSA( 311): Timestamp returned = 49165666
12-10 11:34:34.123 V/MediaPlayer-JNI(22137): getCurrentPosition: 49166 (msec)
12-10 11:34:34.123 D/ProgressBar(22137): setProgress = 491
12-10 11:34:34.123 D/ProgressBar(22137): setProgress = 491, fromUser = false
12-10 11:34:34.123 D/ProgressBar(22137): mProgress = 490mIndeterminate = false, mMin = 0, mMax = 2750
12-10 11:34:34.123 V/StagefrightPlayer( 311): getCurrentPosition
12-10 11:34:34.143 V/AudioSessionOutALSA( 311): Timestamp returned = 49176333
12-10 11:34:34.143 V/MediaPlayer-JNI(22137): getCurrentPosition: 49176 (msec)
12-10 11:34:34.223 V/StagefrightPlayer( 311): getCurrentPosition
12-10 11:34:34.243 V/AudioSessionOutALSA( 311): Timestamp returned = 49272333
12-10 11:34:34.243 V/MediaPlayer-JNI(22137): getCurrentPosition: 49272 (msec)
12-10 11:34:34.243 D/ProgressBar(22137): setProgress = 492
12-10 11:34:34.243 D/ProgressBar(22137): setProgress = 492, fromUser = false
12-10 11:34:34.243 D/ProgressBar(22137): mProgress = 491mIndeterminate = false, mMin = 0, mMax = 2750
12-10 11:34:34.243 V/StagefrightPlayer( 311): getCurrentPosition
12-10 11:34:34.253 V/AudioSessionOutALSA( 311): Timestamp returned = 49293666
12-10 11:34:34.253 V/MediaPlayer-JNI(22137): getCurrentPosition: 49294 (msec)
12-10 11:34:34.343 V/StagefrightPlayer( 311): getCurrentPosition
12-10 11:34:34.353 V/AudioSessionOutALSA( 311): Timestamp returned = 49400333
12-10 11:34:34.353 V/MediaPlayer-JNI(22137): getCurrentPosition: 49400 (msec)
12-10 11:34:34.353 D/ProgressBar(22137): setProgress = 494
12-10 11:34:34.353 D/ProgressBar(22137): setProgress = 494, fromUser = false
12-10 11:34:34.353 D/ProgressBar(22137): mProgress = 492mIndeterminate = false, mMin = 0, mMax = 2750
12-10 11:34:34.353 V/StagefrightPlayer( 311): getCurrentPosition
12-10 11:34:34.373 V/AudioSessionOutALSA( 311): Timestamp returned = 49411000
12-10 11:34:34.373 V/MediaPlayer-JNI(22137): getCurrentPosition: 49411 (msec)
12-10 11:34:34.453 V/StagefrightPlayer( 311): getCurrentPosition
12-10 11:34:34.473 V/AudioSessionOutALSA( 311): Timestamp returned = 49507000
12-10 11:34:34.473 V/MediaPlayer-JNI(22137): getCurrentPosition: 49507 (msec)
12-10 11:34:34.473 D/ProgressBar(22137): setProgress = 495
12-10 11:34:34.473 D/ProgressBar(22137): setProgress = 495, fromUser = false
12-10 11:34:34.473 D/ProgressBar(22137): mProgress = 494mIndeterminate = false, mMin = 0, mMax = 2750
12-10 11:34:34.473 V/StagefrightPlayer( 311): getCurrentPosition
12-10 11:34:34.483 V/AudioSessionOutALSA( 311): Timestamp returned = 49528333
12-10 11:34:34.483 V/MediaPlayer-JNI(22137): getCurrentPosition: 49528 (msec)
12-10 11:34:34.573 V/StagefrightPlayer( 311): getCurrentPosition
12-10 11:34:34.583 V/AudioSessionOutALSA( 311): Timestamp returned = 49624333
12-10 11:34:34.583 V/MediaPlayer-JNI(22137): getCurrentPosition: 49624 (msec)
12-10 11:34:34.583 D/ProgressBar(22137): setProgress = 496
12-10 11:34:34.583 D/ProgressBar(22137): setProgress = 496, fromUser = false
12-10 11:34:34.583 D/ProgressBar(22137): mProgress = 495mIndeterminate = false, mMin = 0, mMax = 2750
12-10 11:34:34.583 V/StagefrightPlayer( 311): getCurrentPosition
12-10 11:34:34.603 V/AudioSessionOutALSA( 311): Timestamp returned = 49635000
12-10 11:34:34.603 V/MediaPlayer-JNI(22137): getCurrentPosition: 49635 (msec)
12-10 11:34:34.683 V/StagefrightPlayer( 311): getCurrentPosition
12-10 11:34:34.703 V/AudioSessionOutALSA( 311): Timestamp returned = 49731000
12-10 11:34:34.703 V/MediaPlayer-JNI(22137): getCurrentPosition: 49731 (msec)
12-10 11:34:34.703 D/ProgressBar(22137): setProgress = 497
12-10 11:34:34.703 D/ProgressBar(22137): setProgress = 497, fromUser = false
12-10 11:34:34.703 D/ProgressBar(22137): mProgress = 496mIndeterminate = false, mMin = 0, mMax = 2750
12-10 11:34:34.703 V/StagefrightPlayer( 311): getCurrentPosition
12-10 11:34:34.713 V/AudioSessionOutALSA( 311): Timestamp returned = 49752333
12-10 11:34:34.713 V/MediaPlayer-JNI(22137): getCurrentPosition: 49752 (msec)
12-10 11:34:34.723 V/StagefrightPlayer( 311): getCurrentPosition
12-10 11:34:34.743 V/AudioSessionOutALSA( 311): Timestamp returned = 49773666
12-10 11:34:34.743 V/MediaPlayer-JNI(22137): getCurrentPosition: 49774 (msec)
12-10 11:34:34.803 V/StagefrightPlayer( 311): getCurrentPosition
12-10 11:34:34.813 V/AudioSessionOutALSA( 311): Timestamp returned = 49859000
12-10 11:34:34.813 V/MediaPlayer-JNI(22137): getCurrentPosition: 49859 (msec)
12-10 11:34:34.813 D/ProgressBar(22137): setProgress = 498
12-10 11:34:34.813 D/ProgressBar(22137): setProgress = 498, fromUser = false
12-10 11:34:34.813 D/ProgressBar(22137): mProgress = 497mIndeterminate = false, mMin = 0, mMax = 2750
12-10 11:34:34.813 V/StagefrightPlayer( 311): getCurrentPosition
12-10 11:34:34.833 V/AudioSessionOutALSA( 311): Timestamp returned = 49869666
12-10 11:34:34.833 V/MediaPlayer-JNI(22137): getCurrentPosition: 49870 (msec)
12-10 11:34:34.853 V/StagefrightPlayer( 311): getCurrentPosition
12-10 11:34:34.863 V/AudioSessionOutALSA( 311): Timestamp returned = 49901666
12-10 11:34:34.863 V/MediaPlayer-JNI(22137): getCurrentPosition: 49902 (msec)
12-10 11:34:34.913 V/StagefrightPlayer( 311): getCurrentPosition
12-10 11:34:34.933 V/AudioSessionOutALSA( 311): Timestamp returned = 49965666
12-10 11:34:34.933 V/MediaPlayer-JNI(22137): getCurrentPosition: 49966 (msec)
12-10 11:34:34.933 D/ProgressBar(22137): setProgress = 499
12-10 11:34:34.933 D/ProgressBar(22137): setProgress = 499, fromUser = false
12-10 11:34:34.933 D/ProgressBar(22137): mProgress = 498mIndeterminate = false, mMin = 0, mMax = 2750
12-10 11:34:34.933 V/StagefrightPlayer( 311): getCurrentPosition
12-10 11:34:34.943 V/AudioSessionOutALSA( 311): Timestamp returned = 49987000
12-10 11:34:34.943 V/MediaPlayer-JNI(22137): getCurrentPosition: 49987 (msec)
12-10 11:34:35.033 V/StagefrightPlayer( 311): getCurrentPosition
12-10 11:34:35.043 V/AudioSessionOutALSA( 311): Timestamp returned = 50083000
12-10 11:34:35.043 V/MediaPlayer-JNI(22137): getCurrentPosition: 50083 (msec)
12-10 11:34:35.043 D/ProgressBar(22137): setProgress = 500
12-10 11:34:35.043 D/ProgressBar(22137): setProgress = 500, fromUser = false
12-10 11:34:35.043 D/ProgressBar(22137): mProgress = 499mIndeterminate = false, mMin = 0, mMax = 2750
12-10 11:34:35.043 V/StagefrightPlayer( 311): getCurrentPosition
12-10 11:34:35.053 V/AudioSessionOutALSA( 311): Timestamp returned = 50093666
12-10 11:34:35.053 V/MediaPlayer-JNI(22137): getCurrentPosition: 50094 (msec)
12-10 11:34:35.143 V/StagefrightPlayer( 311): getCurrentPosition
12-10 11:34:35.153 V/AudioSessionOutALSA( 311): Timestamp returned = 50200333
12-10 11:34:35.153 V/MediaPlayer-JNI(22137): getCurrentPosition: 50200 (msec)
12-10 11:34:35.153 D/ProgressBar(22137): setProgress = 502
12-10 11:34:35.153 D/ProgressBar(22137): setProgress = 502, fromUser = false
12-10 11:34:35.153 D/ProgressBar(22137): mProgress = 500mIndeterminate = false, mMin = 0, mMax = 2750
12-10 11:34:35.163 V/StagefrightPlayer( 311): getCurrentPosition
12-10 11:34:35.173 V/AudioSessionOutALSA( 311): Timestamp returned = 50211000
12-10 11:34:35.173 V/MediaPlayer-JNI(22137): getCurrentPosition: 50211 (msec)
12-10 11:34:35.263 V/StagefrightPlayer( 311): getCurrentPosition
12-10 11:34:35.273 V/AudioSessionOutALSA( 311): Timestamp returned = 50317666
12-10 11:34:35.273 V/MediaPlayer-JNI(22137): getCurrentPosition: 50318 (msec)
12-10 11:34:35.273 D/ProgressBar(22137): setProgress = 503
12-10 11:34:35.273 D/ProgressBar(22137): setProgress = 503, fromUser = false
12-10 11:34:35.273 D/ProgressBar(22137): mProgress = 502mIndeterminate = false, mMin = 0, mMax = 2750
12-10 11:34:35.273 V/StagefrightPlayer( 311): getCurrentPosition
12-10 11:34:35.293 V/AudioSessionOutALSA( 311): Timestamp returned = 50328333
12-10 11:34:35.293 V/MediaPlayer-JNI(22137): getCurrentPosition: 50328 (msec)
12-10 11:34:35.373 V/StagefrightPlayer( 311): getCurrentPosition
12-10 11:34:35.393 V/AudioSessionOutALSA( 311): Timestamp returned = 50424333
12-10 11:34:35.393 V/MediaPlayer-JNI(22137): getCurrentPosition: 50424 (msec)
12-10 11:34:35.393 D/ProgressBar(22137): setProgress = 504
12-10 11:34:35.393 D/ProgressBar(22137): setProgress = 504, fromUser = false
12-10 11:34:35.393 D/ProgressBar(22137): mProgress = 503mIndeterminate = false, mMin = 0, mMax = 2750
12-10 11:34:35.393 V/StagefrightPlayer( 311): getCurrentPosition
12-10 11:34:35.403 V/AudioSessionOutALSA( 311): Timestamp returned = 50445666
12-10 11:34:35.403 V/MediaPlayer-JNI(22137): getCurrentPosition: 50446 (msec)
12-10 11:34:35.493 V/StagefrightPlayer( 311): getCurrentPosition
12-10 11:34:35.503 V/AudioSessionOutALSA( 311): Timestamp returned = 50541666
12-10 11:34:35.503 V/MediaPlayer-JNI(22137): getCurrentPosition: 50542 (msec)
12-10 11:34:35.503 D/ProgressBar(22137): setProgress = 505
12-10 11:34:35.503 D/ProgressBar(22137): setProgress = 505, fromUser = false
12-10 11:34:35.503 D/ProgressBar(22137): mProgress = 504mIndeterminate = false, mMin = 0, mMax = 2750
12-10 11:34:35.503 V/StagefrightPlayer( 311): getCurrentPosition
12-10 11:34:35.523 V/AudioSessionOutALSA( 311): Timestamp returned = 50552333
12-10 11:34:35.523 V/MediaPlayer-JNI(22137): getCurrentPosition: 50552 (msec)
12-10 11:34:35.603 V/StagefrightPlayer( 311): getCurrentPosition
12-10 11:34:35.613 V/AudioSessionOutALSA( 311): Timestamp returned = 50659000
12-10 11:34:35.613 V/MediaPlayer-JNI(22137): getCurrentPosition: 50659 (msec)
12-10 11:34:35.613 D/ProgressBar(22137): setProgress = 506
12-10 11:34:35.613 D/ProgressBar(22137): setProgress = 506, fromUser = false
12-10 11:34:35.613 D/ProgressBar(22137): mProgress = 505mIndeterminate = false, mMin = 0, mMax = 2750
12-10 11:34:35.623 V/StagefrightPlayer( 311): getCurrentPosition
12-10 11:34:35.633 V/AudioSessionOutALSA( 311): Timestamp returned = 50680333
12-10 11:34:35.633 V/MediaPlayer-JNI(22137): getCurrentPosition: 50680 (msec)
12-10 11:34:35.723 V/StagefrightPlayer( 311): getCurrentPosition
12-10 11:34:35.733 V/AudioSessionOutALSA( 311): Timestamp returned = 50776333
12-10 11:34:35.733 V/MediaPlayer-JNI(22137): getCurrentPosition: 50776 (msec)
12-10 11:34:35.733 D/ProgressBar(22137): setProgress = 507
12-10 11:34:35.733 D/ProgressBar(22137): setProgress = 507, fromUser = false
12-10 11:34:35.733 D/ProgressBar(22137): mProgress = 506mIndeterminate = false, mMin = 0, mMax = 2750
12-10 11:34:35.733 V/StagefrightPlayer( 311): getCurrentPosition
12-10 11:34:35.743 V/AudioSessionOutALSA( 311): Timestamp returned = 50787000
12-10 11:34:35.743 V/StagefrightPlayer( 311): getCurrentPosition
12-10 11:34:35.743 V/MediaPlayer-JNI(22137): getCurrentPosition: 50787 (msec)
12-10 11:34:35.763 V/AudioSessionOutALSA( 311): Timestamp returned = 50797666
12-10 11:34:35.763 V/MediaPlayer-JNI(22137): getCurrentPosition: 50798 (msec)
12-10 11:34:35.833 V/StagefrightPlayer( 311): getCurrentPosition
12-10 11:34:35.843 V/AudioSessionOutALSA( 311): Timestamp returned = 50883000
12-10 11:34:35.843 V/MediaPlayer-JNI(22137): getCurrentPosition: 50883 (msec)
12-10 11:34:35.843 D/ProgressBar(22137): setProgress = 508
12-10 11:34:35.853 D/ProgressBar(22137): setProgress = 508, fromUser = false
12-10 11:34:35.853 D/ProgressBar(22137): mProgress = 507mIndeterminate = false, mMin = 0, mMax = 2750
12-10 11:34:35.853 V/StagefrightPlayer( 311): getCurrentPosition
12-10 11:34:35.863 V/AudioSessionOutALSA( 311): Timestamp returned = 50904333
12-10 11:34:35.863 V/MediaPlayer-JNI(22137): getCurrentPosition: 50904 (msec)
12-10 11:34:35.873 V/StagefrightPlayer( 311): getCurrentPosition
12-10 11:34:35.883 V/AudioSessionOutALSA( 311): Timestamp returned = 50915000
12-10 11:34:35.883 V/MediaPlayer-JNI(22137): getCurrentPosition: 50915 (msec)
12-10 11:34:35.953 V/StagefrightPlayer( 311): getCurrentPosition
12-10 11:34:35.963 V/AudioSessionOutALSA( 311): Timestamp returned = 51011000
12-10 11:34:35.963 V/MediaPlayer-JNI(22137): getCurrentPosition: 51011 (msec)
12-10 11:34:35.963 D/ProgressBar(22137): setProgress = 510
12-10 11:34:35.963 D/ProgressBar(22137): setProgress = 510, fromUser = false
12-10 11:34:35.963 D/ProgressBar(22137): mProgress = 508mIndeterminate = false, mMin = 0, mMax = 2750
12-10 11:34:35.963 V/StagefrightPlayer( 311): getCurrentPosition
12-10 11:34:35.973 V/AudioSessionOutALSA( 311): Timestamp returned = 51011000
12-10 11:34:35.973 V/MediaPlayer-JNI(22137): getCurrentPosition: 51011 (msec)
12-10 11:34:36.063 V/StagefrightPlayer( 311): getCurrentPosition
12-10 11:34:36.083 V/AudioSessionOutALSA( 311): Timestamp returned = 51117666
12-10 11:34:36.083 V/MediaPlayer-JNI(22137): getCurrentPosition: 51118 (msec)
12-10 11:34:36.083 D/ProgressBar(22137): setProgress = 511
12-10 11:34:36.083 D/ProgressBar(22137): setProgress = 511, fromUser = false
12-10 11:34:36.083 D/ProgressBar(22137): mProgress = 510mIndeterminate = false, mMin = 0, mMax = 2750
12-10 11:34:36.083 V/StagefrightPlayer( 311): getCurrentPosition
12-10 11:34:36.093 V/AudioSessionOutALSA( 311): Timestamp returned = 51139000
12-10 11:34:36.093 V/MediaPlayer-JNI(22137): getCurrentPosition: 51139 (msec)
12-10 11:34:36.183 V/StagefrightPlayer( 311): getCurrentPosition
12-10 11:34:36.193 V/AudioSessionOutALSA( 311): Timestamp returned = 51235000
12-10 11:34:36.193 V/MediaPlayer-JNI(22137): getCurrentPosition: 51235 (msec)
12-10 11:34:36.193 D/ProgressBar(22137): setProgress = 512
12-10 11:34:36.193 D/ProgressBar(22137): setProgress = 512, fromUser = false
12-10 11:34:36.193 D/ProgressBar(22137): mProgress = 511mIndeterminate = false, mMin = 0, mMax = 2750
12-10 11:34:36.203 V/StagefrightPlayer( 311): getCurrentPosition
12-10 11:34:36.213 V/AudioSessionOutALSA( 311): Timestamp returned = 51245666
12-10 11:34:36.213 V/MediaPlayer-JNI(22137): getCurrentPosition: 51246 (msec)
12-10 11:34:36.303 V/StagefrightPlayer( 311): getCurrentPosition
12-10 11:34:36.313 V/AudioSessionOutALSA( 311): Timestamp returned = 51341666
12-10 11:34:36.313 V/MediaPlayer-JNI(22137): getCurrentPosition: 51342 (msec)
12-10 11:34:36.313 D/ProgressBar(22137): setProgress = 513
12-10 11:34:36.313 D/ProgressBar(22137): setProgress = 513, fromUser = false
12-10 11:34:36.313 D/ProgressBar(22137): mProgress = 512mIndeterminate = false, mMin = 0, mMax = 2750
12-10 11:34:36.313 V/StagefrightPlayer( 311): getCurrentPosition
12-10 11:34:36.323 V/AudioSessionOutALSA( 311): Timestamp returned = 51363000
12-10 11:34:36.323 V/MediaPlayer-JNI(22137): getCurrentPosition: 51363 (msec)
12-10 11:34:36.413 V/StagefrightPlayer( 311): getCurrentPosition
12-10 11:34:36.423 V/AudioSessionOutALSA( 311): Timestamp returned = 51469666
12-10 11:34:36.423 V/MediaPlayer-JNI(22137): getCurrentPosition: 51470 (msec)
12-10 11:34:36.423 D/ProgressBar(22137): setProgress = 514
12-10 11:34:36.423 D/ProgressBar(22137): setProgress = 514, fromUser = false
12-10 11:34:36.423 D/ProgressBar(22137): mProgress = 513mIndeterminate = false, mMin = 0, mMax = 2750
12-10 11:34:36.433 V/StagefrightPlayer( 311): getCurrentPosition
12-10 11:34:36.443 V/AudioSessionOutALSA( 311): Timestamp returned = 51491000
12-10 11:34:36.443 V/MediaPlayer-JNI(22137): getCurrentPosition: 51491 (msec)
12-10 11:34:36.533 V/StagefrightPlayer( 311): getCurrentPosition
12-10 11:34:36.543 V/AudioSessionOutALSA( 311): Timestamp returned = 51587000
12-10 11:34:36.543 V/MediaPlayer-JNI(22137): getCurrentPosition: 51587 (msec)
12-10 11:34:36.543 D/ProgressBar(22137): setProgress = 515
12-10 11:34:36.543 D/ProgressBar(22137): setProgress = 515, fromUser = false
12-10 11:34:36.543 D/ProgressBar(22137): mProgress = 514mIndeterminate = false, mMin = 0, mMax = 2750
12-10 11:34:36.543 V/StagefrightPlayer( 311): getCurrentPosition
12-10 11:34:36.563 V/AudioSessionOutALSA( 311): Timestamp returned = 51597666
12-10 11:34:36.563 V/MediaPlayer-JNI(22137): getCurrentPosition: 51598 (msec)
12-10 11:34:36.643 V/StagefrightPlayer( 311): getCurrentPosition
12-10 11:34:36.663 V/AudioSessionOutALSA( 311): Timestamp returned = 51693666
12-10 11:34:36.663 V/MediaPlayer-JNI(22137): getCurrentPosition: 51694 (msec)
12-10 11:34:36.663 D/ProgressBar(22137): setProgress = 516
12-10 11:34:36.663 D/ProgressBar(22137): setProgress = 516, fromUser = false
12-10 11:34:36.663 D/ProgressBar(22137): mProgress = 515mIndeterminate = false, mMin = 0, mMax = 2750
12-10 11:34:36.663 V/StagefrightPlayer( 311): getCurrentPosition
12-10 11:34:36.673 V/AudioSessionOutALSA( 311): Timestamp returned = 51715000
12-10 11:34:36.673 V/MediaPlayer-JNI(22137): getCurrentPosition: 51715 (msec)
12-10 11:34:36.763 V/StagefrightPlayer( 311): getCurrentPosition
12-10 11:34:36.773 V/AudioSessionOutALSA( 311): Timestamp returned = 51811000
12-10 11:34:36.773 V/MediaPlayer-JNI(22137): getCurrentPosition: 51811 (msec)
12-10 11:34:36.773 V/StagefrightPlayer( 311): getCurrentPosition
12-10 11:34:36.783 V/AudioSessionOutALSA( 311): Timestamp returned = 51821666
12-10 11:34:36.783 V/MediaPlayer-JNI(22137): getCurrentPosition: 51822 (msec)
12-10 11:34:36.783 D/ProgressBar(22137): setProgress = 518
12-10 11:34:36.783 D/ProgressBar(22137): setProgress = 518, fromUser = false
12-10 11:34:36.783 D/ProgressBar(22137): mProgress = 516mIndeterminate = false, mMin = 0, mMax = 2750
12-10 11:34:36.783 V/StagefrightPlayer( 311): getCurrentPosition
12-10 11:34:36.803 V/AudioSessionOutALSA( 311): Timestamp returned = 51832333
12-10 11:34:36.803 V/MediaPlayer-JNI(22137): getCurrentPosition: 51832 (msec)
12-10 11:34:36.883 V/StagefrightPlayer( 311): getCurrentPosition
12-10 11:34:36.893 V/AudioSessionOutALSA( 311): Timestamp returned = 51939000
12-10 11:34:36.893 V/MediaPlayer-JNI(22137): getCurrentPosition: 51939 (msec)
12-10 11:34:36.893 V/StagefrightPlayer( 311): getCurrentPosition
12-10 11:34:36.903 V/AudioSessionOutALSA( 311): Timestamp returned = 51949666
12-10 11:34:36.903 V/MediaPlayer-JNI(22137): getCurrentPosition: 51950 (msec)
12-10 11:34:36.903 D/ProgressBar(22137): setProgress = 519
12-10 11:34:36.903 D/ProgressBar(22137): setProgress = 519, fromUser = false
12-10 11:34:36.903 D/ProgressBar(22137): mProgress = 518mIndeterminate = false, mMin = 0, mMax = 2750
12-10 11:34:36.913 V/StagefrightPlayer( 311): getCurrentPosition
12-10 11:34:36.923 V/AudioSessionOutALSA( 311): Timestamp returned = 51960333
12-10 11:34:36.923 V/MediaPlayer-JNI(22137): getCurrentPosition: 51960 (msec)
12-10 11:34:37.013 V/StagefrightPlayer( 311): getCurrentPosition
12-10 11:34:37.023 V/AudioSessionOutALSA( 311): Timestamp returned = 52056333
12-10 11:34:37.023 V/MediaPlayer-JNI(22137): getCurrentPosition: 52056 (msec)
12-10 11:34:37.023 D/ProgressBar(22137): setProgress = 520
12-10 11:34:37.023 D/ProgressBar(22137): setProgress = 520, fromUser = false
