12-10 11:26:22.362 E/CameraController( 722): Wait for 1
12-10 11:26:22.362 E/CameraController( 722): waitHere, condition var. will be used. related lock release and re-acquired after await done.
12-10 11:26:22.362 E/CameraController( 722): handleMessage, lock.lock after
12-10 11:26:22.362 E/CameraController( 722): handleMessage(1) after lock{ what=1 when=-1ms arg1=4 }
12-10 11:26:22.362 E/CameraController( 722): isCameraAllowed: true
12-10 11:26:22.362 E/CameraController( 722): open() as 100
12-10 11:26:22.562 E/CameraController( 722): open() x
12-10 11:26:22.562 E/CameraController( 722): Preview need to be rotated counter clock-wise 90 degree.
12-10 11:26:22.562 E/CameraController( 722): setCamreaParameter with mode: 1 service_type: 100
12-10 11:26:22.562 E/CameraController( 722): Preview Size Is Not Supported (maybe auto-mode). Auto-Select
12-10 11:26:22.562 E/CameraController( 722): Front Camera Support 320, 240 preview
12-10 11:26:22.572 E/CameraController( 722): StartPreview()
12-10 11:26:22.632 E/CameraController( 722): StartPreview() X
12-10 11:26:22.632 E/CameraController( 722): handleMessage signal: 1
12-10 11:26:22.632 E/CameraController( 722): handleMessage(1) before let go!{ what=1 when=-264ms arg1=4 }
12-10 11:26:22.632 E/CameraController( 722): handleMessage(1) after let go!{ what=1 when=-264ms arg1=4 }
12-10 11:26:22.632 E/CameraController( 722): handleMessage, lock.unlock before
12-10 11:26:22.632 E/CameraController( 722): handleMessage(1) after unlock{ what=1 when=-265ms arg1=4 }
12-10 11:26:22.632 E/CameraController( 722): waitHere, 265ms
12-10 11:26:22.632 E/CameraController( 722): Wait for 1 DONE!
12-10 11:26:22.632 E/CameraController( 722): sendMessageAndWait, lock.unlock before
12-10 11:26:22.632 E/CameraController( 722): sendMessageAndWait, lock.unlock after
12-10 11:26:22.632 E/CameraController( 722): openCamera E
12-10 11:26:22.972 D/STATUSBAR-NetworkController( 1133): refreshSignalCluster: data=2 bt=false
12-10 11:26:22.992 D/STATUSBAR-IconMerger( 1133): checkOverflow(72), More:true, Req:true Child:2
12-10 11:26:23.172 E/SmartFaceService( 722): Orientation: 0
12-10 11:26:23.172 E/SmartFaceService( 722): Calling onPreviewFrame: Thread[Scroll/Pause Worker,5,main]/440688537
12-10 11:26:23.172 E/SmartFaceService( 722): Calling onPreviewFrame: Thread[Stay/Rotation Worker,5,main]/440688537
12-10 11:26:23.172 D/Stay/Rotation Worker( 722): handleMessage: 1
12-10 11:26:23.222 E/SmartFaceService( 722): Orientation: 0
12-10 11:26:23.222 E/SmartFaceService( 722): Calling onPreviewFrame: Thread[Scroll/Pause Worker,5,main]/440688582
12-10 11:26:23.222 E/SmartFaceService( 722): Calling onPreviewFrame: Thread[Stay/Rotation Worker,5,main]/440688582
12-10 11:26:23.262 E/SmartFaceService( 722): Orientation: 0
12-10 11:26:23.262 E/SmartFaceService( 722): Calling onPreviewFrame: Thread[Scroll/Pause Worker,5,main]/440688626
12-10 11:26:23.262 E/SmartFaceService( 722): Calling onPreviewFrame: Thread[Stay/Rotation Worker,5,main]/440688626
12-10 11:26:23.312 E/SmartFaceService( 722): Orientation: 0
12-10 11:26:23.312 E/SmartFaceService( 722): Calling onPreviewFrame: Thread[Scroll/Pause Worker,5,main]/440688676
12-10 11:26:23.312 E/SmartFaceService( 722): Calling onPreviewFrame: Thread[Stay/Rotation Worker,5,main]/440688676
12-10 11:26:23.362 E/SmartFaceService( 722): Orientation: 0
12-10 11:26:23.362 E/SmartFaceService( 722): Calling onPreviewFrame: Thread[Scroll/Pause Worker,5,main]/440688727
12-10 11:26:23.362 E/SmartFaceService( 722): Calling onPreviewFrame: Thread[Stay/Rotation Worker,5,main]/440688727
12-10 11:26:23.412 E/SmartFaceService( 722): Orientation: 0
12-10 11:26:23.412 E/SmartFaceService( 722): Calling onPreviewFrame: Thread[Scroll/Pause Worker,5,main]/440688777
12-10 11:26:23.412 E/SmartFaceService( 722): Calling onPreviewFrame: Thread[Stay/Rotation Worker,5,main]/440688777
12-10 11:26:23.462 E/SmartFaceService( 722): Orientation: 0
12-10 11:26:23.462 E/SmartFaceService( 722): Calling onPreviewFrame: Thread[Scroll/Pause Worker,5,main]/440688828
12-10 11:26:23.462 E/SmartFaceService( 722): Calling onPreviewFrame: Thread[Stay/Rotation Worker,5,main]/440688828
12-10 11:26:23.512 E/SmartFaceService( 722): Orientation: 0
12-10 11:26:23.512 E/SmartFaceService( 722): Calling onPreviewFrame: Thread[Scroll/Pause Worker,5,main]/440688879
12-10 11:26:23.522 E/SmartFaceService( 722): Calling onPreviewFrame: Thread[Stay/Rotation Worker,5,main]/440688879
12-10 11:26:23.562 E/SmartFaceService( 722): Orientation: 0
12-10 11:26:23.572 E/SmartFaceService( 722): Calling onPreviewFrame: Thread[Scroll/Pause Worker,5,main]/440688930
12-10 11:26:23.572 E/SmartFaceService( 722): Calling onPreviewFrame: Thread[Stay/Rotation Worker,5,main]/440688930
12-10 11:26:23.622 E/SmartFaceService( 722): Orientation: 0
12-10 11:26:23.622 E/SmartFaceService( 722): Calling onPreviewFrame: Thread[Scroll/Pause Worker,5,main]/440688980
12-10 11:26:23.622 E/SmartFaceService( 722): Calling onPreviewFrame: Thread[Stay/Rotation Worker,5,main]/440688981
12-10 11:26:23.662 E/SmartFaceService( 722): Orientation: 0
12-10 11:26:23.662 E/SmartFaceService( 722): Calling onPreviewFrame: Thread[Scroll/Pause Worker,5,main]/440689028
12-10 11:26:23.662 E/SmartFaceService( 722): Calling onPreviewFrame: Thread[Stay/Rotation Worker,5,main]/440689028
12-10 11:26:23.722 E/SmartFaceService( 722): Orientation: 0
12-10 11:26:23.722 E/SmartFaceService( 722): Calling onPreviewFrame: Thread[Scroll/Pause Worker,5,main]/440689080
12-10 11:26:23.722 E/SmartFaceService( 722): Calling onPreviewFrame: Thread[Stay/Rotation Worker,5,main]/440689080
12-10 11:26:23.742 D/STATUSBAR-NetworkController( 1133): onSignalStrengthsChanged signalStrength=SignalStrength: 99 99 -102 -120 -107 -60 1 99 2147483647 2147483647 2147483647 -1 2147483647 cdma 0x210 level=2
12-10 11:26:23.762 E/SmartFaceService( 722): Orientation: 0
12-10 11:26:23.762 E/SmartFaceService( 722): Calling onPreviewFrame: Thread[Scroll/Pause Worker,5,main]/440689127
12-10 11:26:23.762 E/SmartFaceService( 722): Calling onPreviewFrame: Thread[Stay/Rotation Worker,5,main]/440689127
12-10 11:26:23.812 E/SmartFaceService( 722): Orientation: 0
12-10 11:26:23.812 E/SmartFaceService( 722): Calling onPreviewFrame: Thread[Scroll/Pause Worker,5,main]/440689178
12-10 11:26:23.812 E/SmartFaceService( 722): Calling onPreviewFrame: Thread[Stay/Rotation Worker,5,main]/440689179
12-10 11:26:23.862 E/SmartFaceService( 722): Orientation: 0
12-10 11:26:23.862 E/SmartFaceService( 722): Calling onPreviewFrame: Thread[Scroll/Pause Worker,5,main]/440689229
12-10 11:26:23.862 E/SmartFaceService( 722): Calling onPreviewFrame: Thread[Stay/Rotation Worker,5,main]/440689229
12-10 11:26:23.912 E/SmartFaceService( 722): Orientation: 0
12-10 11:26:23.912 E/SmartFaceService( 722): Calling onPreviewFrame: Thread[Scroll/Pause Worker,5,main]/440689277
12-10 11:26:23.912 E/SmartFaceService( 722): Calling onPreviewFrame: Thread[Stay/Rotation Worker,5,main]/440689277
12-10 11:26:23.962 E/SmartFaceService( 722): Orientation: 0
12-10 11:26:23.962 E/SmartFaceService( 722): Calling onPreviewFrame: Thread[Scroll/Pause Worker,5,main]/440689328
12-10 11:26:23.962 E/SmartFaceService( 722): Calling onPreviewFrame: Thread[Stay/Rotation Worker,5,main]/440689328
12-10 11:26:23.992 D/STATUSBAR-NetworkController( 1133): refreshSignalCluster: data=2 bt=false
12-10 11:26:23.992 D/STATUSBAR-IconMerger( 1133): checkOverflow(72), More:true, Req:true Child:2
12-10 11:26:24.012 E/SmartFaceService( 722): Orientation: 0
12-10 11:26:24.012 E/SmartFaceService( 722): Calling onPreviewFrame: Thread[Scroll/Pause Worker,5,main]/440689379
12-10 11:26:24.012 E/SmartFaceService( 722): Calling onPreviewFrame: Thread[Stay/Rotation Worker,5,main]/440689379
12-10 11:26:24.032 D/STATUSBAR-NetworkController( 1133): onSignalStrengthsChanged signalStrength=SignalStrength: 99 99 -102 -120 -109 -315 1 99 2147483647 2147483647 2147483647 -1 2147483647 cdma 0x210 level=2
12-10 11:26:24.062 E/SmartFaceService( 722): Orientation: 0
12-10 11:26:24.062 E/SmartFaceService( 722): Calling onPreviewFrame: Thread[Scroll/Pause Worker,5,main]/440689428
12-10 11:26:24.062 E/SmartFaceService( 722): Calling onPreviewFrame: Thread[Stay/Rotation Worker,5,main]/440689428
12-10 11:26:24.082 D/STATUSBAR-NetworkController( 1133): onSignalStrengthsChanged signalStrength=SignalStrength: 99 99 -102 -120 -113 -185 1 99 2147483647 2147483647 2147483647 -1 2147483647 cdma 0x210 level=2
12-10 11:26:24.112 E/Stay/Rotation Worker( 722): processSmartStay[934ms], ret: -1 needToStay: 0 mFrameCount: 0 mFixed: false
12-10 11:26:24.112 D/Stay/Rotation Worker( 722): handleMessage: 1
12-10 11:26:24.112 E/SmartFaceService( 722): unregister:440689473
12-10 11:26:24.112 E/SmartFaceService( 722): unregister
12-10 11:26:24.112 E/SmartFaceService( 722): unregister client found. pid 722 servicetype: 100 AppName: system
12-10 11:26:24.112 E/SmartFaceService( 722): send LastServiecTypeFromClient to scroll pause worker: 1
12-10 11:26:24.112 E/SmartFaceService( 722): mLightIntensityEnough: true mLux: 0.0
12-10 11:26:24.112 D/Scroll/Pause Worker( 722): updateClientsDone.
12-10 11:26:24.112 D/Stay/Rotation Worker( 722): updateClientsDone. def. do nothing.
12-10 11:26:24.112 E/SmartFaceService( 722): Service Type to Worker: 0
12-10 11:26:24.112 E/SmartFaceService( 722): Last Active clients:1 Current Active clients: 0
12-10 11:26:24.112 E/SmartFaceService( 722): Last Smart Pause clients: 0 Current Smart Pause clients: 0
12-10 11:26:24.112 E/SmartFaceService( 722): No active clients. close camera
12-10 11:26:24.112 E/CameraController( 722): closeCamera S
12-10 11:26:24.112 E/CameraController( 722): sendMessageAndWait, lock.lock before
12-10 11:26:24.112 E/CameraController( 722): sendMessageAndWait, lock.lock after
12-10 11:26:24.112 E/CameraController( 722): Wait for 0
12-10 11:26:24.112 E/CameraController( 722): waitHere, condition var. will be used. related lock release and re-acquired after await done.
12-10 11:26:24.112 E/CameraController( 722): handleMessage(0) before lock{ what=0 when=-1ms }
12-10 11:26:24.112 E/CameraController( 722): handleMessage, lock.lock after
12-10 11:26:24.112 E/CameraController( 722): handleMessage(0) after lock{ what=0 when=-1ms }
12-10 11:26:24.302 D/PowerManagerService( 722): [s] UserActivityState : 1 -> 2
12-10 11:26:24.302 D/DisplayPowerController( 722): animation target = 20 (PSM:false, AB limit:(-1 ~ -1) MB Limit:(-1 ~ -1) MAdj:(0, (0, 255)))
12-10 11:26:24.302 D/PowerManagerService( 722): [s] mDisplayPowerControllerCallbacks : onStateChanged()
12-10 11:26:24.342 E/SmartFaceService( 722): Clear worker messages
12-10 11:26:24.372 D/STATUSBAR-NetworkController( 1133): onSignalStrengthsChanged signalStrength=SignalStrength: 99 99 -101 -120 -113 -185 1 99 2147483647 2147483647 2147483647 -1 2147483647 cdma 0x210 level=2
12-10 11:26:24.372 D/RampAnimator( 722): Light Animator Finished currentValue=20
12-10 11:26:24.472 E/CameraController( 722): handleMessage signal: 0
12-10 11:26:24.472 E/CameraController( 722): handleMessage(0) before let go!{ what=0 when=-360ms }
12-10 11:26:24.472 E/CameraController( 722): handleMessage(0) after let go!{ what=0 when=-360ms }
12-10 11:26:24.472 E/CameraController( 722): handleMessage, lock.unlock before
12-10 11:26:24.472 E/CameraController( 722): handleMessage(0) after unlock{ what=0 when=-360ms }
12-10 11:26:24.472 E/CameraController( 722): waitHere, 360ms
12-10 11:26:24.472 E/CameraController( 722): Wait for 0 DONE!
12-10 11:26:24.472 E/CameraController( 722): sendMessageAndWait, lock.unlock before
12-10 11:26:24.472 E/CameraController( 722): sendMessageAndWait, lock.unlock after
12-10 11:26:24.472 E/CameraController( 722): closeCamera E
12-10 11:26:24.472 D/SmartFaceIndicator( 722): dimmed icon
12-10 11:26:24.472 E/SmartFaceService( 722): mWakeLock.release() in FD
12-10 11:26:24.472 D/PowerManagerService( 722): [smart stay] faceDetect : bFaceDetected : false
12-10 11:26:24.472 D/PowerManagerService( 722): [smart stay] handleSmartStay : mFaceDetected : false
12-10 11:26:24.632 E/Stay/Rotation Worker( 722): processSmartStay[524ms], ret: -1 needToStay: 0 mFrameCount: 1 mFixed: false
12-10 11:26:26.332 D/STATUSBAR-NetworkController( 1133): onSignalStrengthsChanged signalStrength=SignalStrength: 99 99 -100 -200 -113 -60 1 99 2147483647 2147483647 2147483647 -1 2147483647 cdma 0x210 level=2
12-10 11:26:27.042 D/STATUSBAR-NetworkController( 1133): onSignalStrengthsChanged signalStrength=SignalStrength: 99 99 -100 -180 -113 -60 1 99 2147483647 2147483647 2147483647 -1 2147483647 cdma 0x210 level=2
12-10 11:26:28.012 D/STATUSBAR-NetworkController( 1133): refreshSignalCluster: data=2 bt=false
12-10 11:26:28.032 D/STATUSBAR-IconMerger( 1133): checkOverflow(72), More:true, Req:true Child:2
12-10 11:26:28.572 D/STATUSBAR-NetworkController( 1133): onSignalStrengthsChanged signalStrength=SignalStrength: 99 99 -100 -190 -110 -70 1 99 2147483647 2147483647 2147483647 -1 2147483647 cdma 0x210 level=2
12-10 11:26:29.052 D/STATUSBAR-NetworkController( 1133): refreshSignalCluster: data=2 bt=false
12-10 11:26:29.072 D/STATUSBAR-IconMerger( 1133): checkOverflow(72), More:true, Req:true Child:2
12-10 11:26:30.042 D/STATUSBAR-NetworkController( 1133): onSignalStrengthsChanged signalStrength=SignalStrength: 99 99 -99 -180 -109 -50 1 99 2147483647 2147483647 2147483647 -1 2147483647 cdma 0x210 level=2
12-10 11:26:30.822 D/STATUSBAR-NetworkController( 1133): onSignalStrengthsChanged signalStrength=SignalStrength: 99 99 -99 -180 -109 -50 1 99 2147483647 2147483647 2147483647 -1 2147483647 cdma 0x210 level=2
12-10 11:26:31.302 D/PowerManagerService( 722): [s] UserActivityState : 2 -> 0
12-10 11:26:31.302 I/PowerManagerService( 722): [ps] Screen__Off(2) : timeout (0x4)
12-10 11:26:31.302 I/PowerManagerService( 722): Going to sleep due to screen timeout...
12-10 11:26:31.302 D/PowerManagerService( 722): [s] WAKEFULNESS_ASLEEP
12-10 11:26:31.302 D/DisplayPowerController( 722): [DAB] setLightSensorEnabled : unregisterListener mLightSensor
12-10 11:26:31.332 I/DisplayPowerController( 722): [DAB] fileWriteInt : /sys/class/backlight/panel/auto_brightness value : 0
12-10 11:26:31.342 D/PowerManagerService( 722): [s] mDisplayPowerControllerCallbacks : onStateChanged()
12-10 11:26:31.342 D/PowerManagerService( 722): [PWL] sb acquire: PowerManagerService.Broadcasts
12-10 11:26:31.362 D/PowerManagerService( 722): [s] blankAllDisplays() : blankAllDisplaysFromPowerManage
12-10 11:26:31.532 D/PowerManagerService( 722): Excessive delay in mDisplayManagerService.blankAllDisplaysFromPowerManager(): 169ms
12-10 11:26:31.532 D/PowerManagerService( 722): SecHardwareInterface.setBatteryADC : false
12-10 11:26:31.532 I/PowerManagerService( 722): [PWL] Off : 0s ago
12-10 11:26:31.532 I/PowerManagerService( 722): [PWL] PowerManagerService.WakeLocks: ref count=1
12-10 11:26:31.532 I/PowerManagerService( 722): [PWL] PowerManagerService.Broadcasts: ref count=1
12-10 11:26:31.532 I/PowerManagerService( 722): [PWL] mWakeLockSummary : 0x1
12-10 11:26:31.532 I/PowerManagerService( 722): [PWL] PARTIAL_WAKE_LOCK 'android.media.MediaPlayer' (uid=10015, pid=22137, ws=null) (elapsedTime=149004)
12-10 11:26:31.532 I/PowerManagerService( 722): [PWL] PARTIAL_WAKE_LOCK 'DirectTrack' (uid=1013, pid=311, ws=null) (elapsedTime=148867)
12-10 11:26:31.532 I/PowerManagerService( 722): [PWL] PARTIAL_WAKE_LOCK 'ActivityManager-Sleep' (uid=1000, pid=722, ws=null) (elapsedTime=84)
12-10 11:26:31.572 V/SmartFaceService - 3rd party pause( 722): onReceive [android.intent.action.ACTIVITY_STATE/com.amazon.mp3/pause]
12-10 11:26:31.702 D/STATUSBAR-NotificationService( 722): ACTION_SCREEN_OFF
12-10 11:26:31.702 D/LightsService( 722): [api] [SvcLED] turnOff:: id = 4 (uid: 1000 pid: 722)
12-10 11:26:31.702 D/LightsService( 722): [SvcLED] setSvcLedStateLocked:: SvcLEDState : 0x0 -> 0x0 | SvcLED(id=4) set Off
12-10 11:26:31.702 D/LightsService( 722): [SvcLED] Lux failed to be updated in 700ms. -> handleForcedSvcLEDTasK
12-10 11:26:31.702 D/LightsService( 722): [SvcLED] setSvcLedLightLocked :: Current SvcLED(id=4) maintains its priority right
12-10 11:26:31.732 D/SViewCoverPagerNavigation( 722): Navigation visibility is no VISIBLE, will not update !
12-10 11:26:31.732 D/WifiDisplayAdapter( 722): onGetScreenState : 0
12-10 11:26:31.742 D/STATUSBAR-PhoneStatusBar( 1133): makeExpandedInvisible
12-10 11:26:31.742 D/PhoneStatusBarView( 1133): marqueeStatusBar:18-5, mClearCover:0
12-10 11:26:31.762 D/STATUSBAR-IconMerger( 1133): checkOverflow(72), More:true, Req:true Child:2
12-10 11:26:31.782 D/STATUSBAR-IconMerger( 1133): checkOverflow(144), More:true, Req:false Child:2
12-10 11:26:31.792 D/STATUSBAR-NetworkController( 1133): onSignalStrengthsChanged signalStrength=SignalStrength: 99 99 -99 -180 -109 -50 1 99 2147483647 2147483647 2147483647 -1 2147483647 cdma 0x210 level=2
12-10 11:26:31.802 D/STATUSBAR-IconMerger( 1133): checkOverflow(216), More:false, Req:false Child:3
12-10 11:26:31.822 V/AlarmManager( 722): waitForAlarm result :2
12-10 11:26:31.852 I/Monitor ( 722): fileWriteInt : /sys/class/power_supply/battery/siop_level value : 100
12-10 11:26:32.132 D/PowerManagerService( 722): [PWL] sb release: PowerManagerService.Broadcasts
12-10 11:26:36.362 V/AlarmManager( 722): waitForAlarm result :4
12-10 11:26:36.372 V/AlarmManager( 722): trigger ELAPSED_REALTIME_WAKEUP or RTC_WAKEUP
12-10 11:26:36.532 I/PowerManagerService( 722): [PWL] Off : 5s ago
12-10 11:26:36.532 I/PowerManagerService( 722): [PWL] PowerManagerService.WakeLocks: ref count=1
12-10 11:26:36.532 I/PowerManagerService( 722): [PWL] mWakeLockSummary : 0x1
12-10 11:26:36.532 I/PowerManagerService( 722): [PWL] PARTIAL_WAKE_LOCK 'android.media.MediaPlayer' (uid=10015, pid=22137, ws=null) (elapsedTime=154008)
12-10 11:26:36.532 I/PowerManagerService( 722): [PWL] PARTIAL_WAKE_LOCK 'DirectTrack' (uid=1013, pid=311, ws=null) (elapsedTime=153872)
12-10 11:26:36.532 I/PowerManagerService( 722): [PWL] PARTIAL_WAKE_LOCK 'show keyguard' (uid=1000, pid=722, ws=null) (elapsedTime=122)
12-10 11:26:36.782 D/KeyguardClockWidgetProvider(11126): onReceive action=android.appwidget.action.APPWIDGET_DELETED
12-10 11:26:36.872 D/KeyguardClockWidgetProvider(11126): onReceive action=android.appwidget.action.APPWIDGET_DISABLED
12-10 11:26:37.232 D/KeyguardClockWidgetProvider(11126): onReceive action=android.appwidget.action.APPWIDGET_ENABLED
12-10 11:26:37.252 V/WindowManager( 722): Window{43d87888 u0 Keyguard}mOrientationRequetedFromKeyguard=false
12-10 11:26:37.282 D/STATUSBAR-StatusBarManagerService( 722): manageDisableList what=0x1090000 pkg=android
12-10 11:26:37.302 D/PowerManagerService( 722): [api] [s] userActivity : event: 3 flags: 0 (uid: 1000 pid: 722)
12-10 11:26:37.302 D/PhoneStatusBar( 1133): disable: < EXPAND* icons alerts TICKER* system_info back home RECENT* clock search brightness
> 12-10 11:26:37.302 D/STATUSBAR-PhoneStatusBar( 1133): animateCollapsePanels
12-10 11:26:37.312 V/Scroll/Pause Worker( 722): onReceive: android.intent.action.CLOSE_SYSTEM_DIALOGS
12-10 11:26:37.312 V/WindowManager( 722): Window{43d87888 u0 Keyguard}mOrientationRequetedFromKeyguard=false
12-10 11:26:37.352 D/STATUSBAR-PhoneStatusBar( 1133): animateCollapsePanels
12-10 11:26:37.362 D/STATUSBAR-AirplaneModeQuickSettingButton( 1133): onReceive : android.intent.action.CLOSE_SYSTEM_DIALOGS
12-10 11:26:37.362 V/WindowManager( 722): Window{43d87888 u0 Keyguard}mOrientationRequetedFromKeyguard=true
12-10 11:26:37.362 V/WindowManager( 722): rotationForOrientationLw(orient=1, last=0); user=0 sensorRotation=-1 isCoverOpen=true mLidState=-1 mDockMode=0 mHdmiPlugged=false mAccelerometerDefault=false
12-10 11:26:37.362 D/KeyguardClockWidgetProvider(11126): onReceive action=android.appwidget.action.APPWIDGET_UPDATE
12-10 11:26:37.362 V/WindowManager( 722): Application requested orientation 1, got rotation 0 which has compatible metrics
12-10 11:26:37.362 D/PowerManagerService( 722): [api] setUserActivityTimeoutOverrideFromWindowManagerInternal: timeoutMillis: 5000
12-10 11:26:37.362 D/PowerManagerService( 722): [api] setScreenDimDurationOverrideFromWindowManagerInternal: timeoutMillis: 0
12-10 11:26:37.362 D/PowerManagerService( 722): [api] setButtonTimeoutOverrideFromWindowManagerInternal: timeoutMillis: 5000
12-10 11:26:37.372 D/KeyguardClockWidgetProvider(11126): refreshSingleClock :{Home} Hour = 11, Min = 26
12-10 11:26:37.372 V/WindowManager( 722): Window{43d87888 u0 Keyguard}mOrientationRequetedFromKeyguard=true
12-10 11:26:37.382 D/KeyguardClockWidgetProvider(11126): desc Message = It is 11:26 AM
12-10 11:26:37.392 V/WindowManager( 722): Window{43d87888 u0 Keyguard}mOrientationRequetedFromKeyguard=true
12-10 11:26:37.402 D/STATUSBAR-StatusBarManagerService( 722): manageDisableList what=0x600000 pkg=WindowManager.LayoutParams
12-10 11:26:37.412 D/PhoneStatusBar( 1133): disable: < EXPAND icons alerts TICKER system_info BACK* HOME* RECENT clock search brightness
> 12-10 11:26:37.412 V/WindowManager( 722): Window{43d87888 u0 Keyguard}mOrientationRequetedFromKeyguard=true
12-10 11:26:37.422 D/KeyguardClockWidgetProvider(11126): onReceive action=android.appwidget.action.APPWIDGET_UPDATE_OPTIONS
12-10 11:26:37.902 V/WindowManager( 722): Window{43d87888 u0 Keyguard}mOrientationRequetedFromKeyguard=true
12-10 11:26:38.022 D/KeyguardClockWidgetProvider(11126): refreshSingleClock :{Home} Hour = 11, Min = 26
12-10 11:26:38.032 D/KeyguardClockWidgetProvider(11126): desc Message = It is 11:26 AM
12-10 11:26:38.072 V/WindowManager( 722): Window{43d87888 u0 Keyguard}mOrientationRequetedFromKeyguard=true
12-10 11:26:41.372 V/AlarmManager( 722): waitForAlarm result :4
12-10 11:26:41.372 V/AlarmManager( 722): trigger ELAPSED_REALTIME_WAKEUP or RTC_WAKEUP
12-10 11:26:46.542 I/PowerManagerService( 722): [PWL] Off : 15s ago
12-10 11:26:46.542 I/PowerManagerService( 722): [PWL] PowerManagerService.WakeLocks: ref count=1
12-10 11:26:46.542 I/PowerManagerService( 722): [PWL] mWakeLockSummary : 0x1
12-10 11:26:46.542 I/PowerManagerService( 722): [PWL] PARTIAL_WAKE_LOCK 'android.media.MediaPlayer' (uid=10015, pid=22137, ws=null) (elapsedTime=164013)
12-10 11:26:46.542 I/PowerManagerService( 722): [PWL] PARTIAL_WAKE_LOCK 'DirectTrack' (uid=1013, pid=311, ws=null) (elapsedTime=163876)
12-10 11:26:49.092 E/Watchdog( 722): !@Sync 14658
12-10 11:26:55.062 V/AlarmManager( 722): waitForAlarm result :8
12-10 11:26:59.982 V/AlarmManager( 722): waitForAlarm result :8
12-10 11:27:00.002 D/KeyguardClockWidgetService(11126): onReceive action=android.intent.action.TIME_TICK
12-10 11:27:00.012 V/AlarmManager( 722): ClockReceiver onReceive() ACTION_TIME_TICK
12-10 11:27:00.092 D/STATUSBAR-IconMerger( 1133): checkOverflow(216), More:false, Req:false Child:3
12-10 11:27:01.542 I/PowerManagerService( 722): [PWL] Off : 30s ago
12-10 11:27:01.542 I/PowerManagerService( 722): [PWL] PowerManagerService.WakeLocks: ref count=1
12-10 11:27:01.542 I/PowerManagerService( 722): [PWL] mWakeLockSummary : 0x1
12-10 11:27:01.542 I/PowerManagerService( 722): [PWL] PARTIAL_WAKE_LOCK 'android.media.MediaPlayer' (uid=10015, pid=22137, ws=null) (elapsedTime=179017)
12-10 11:27:01.542 I/PowerManagerService( 722): [PWL] PARTIAL_WAKE_LOCK 'DirectTrack' (uid=1013, pid=311, ws=null) (elapsedTime=178880)
12-10 11:27:01.892 V/AlarmManager( 722): waitForAlarm result :4
12-10 11:27:01.902 V/AlarmManager( 722): trigger ELAPSED_REALTIME_WAKEUP or RTC_WAKEUP
12-10 11:27:01.902 V/AlarmManager( 722): waitForAlarm result :4
12-10 11:27:01.902 V/AlarmManager( 722): trigger ELAPSED_REALTIME_WAKEUP or RTC_WAKEUP
12-10 11:27:01.932 D/BatteryService( 722): update start
12-10 11:27:01.932 D/BatteryService( 722): level:83, scale:100, status:3, health:2, present:true, voltage: 4067, temperature: 248, technology: Li-ion, AC powered:false, USB powered:false, Wireless powered:false, icon:17303549, invalid charger:0, online:1, charge type:0, current avg:450
12-10 11:27:01.932 D/BatteryService( 722): Sending ACTION_BATTERY_CHANGED.
12-10 11:27:01.962 D/STATUSBAR-BatteryController( 1133): onReceive() - ACTION_BATTERY_CHANGED
12-10 11:27:01.962 D/STATUSBAR-BatteryController( 1133): onReceive() - BATTERY_STATUS_DISCHARGING: tw_stat_sys_battery
12-10 11:27:01.982 D/STATUSBAR-IconMerger( 1133): checkOverflow(216), More:false, Req:false Child:3
12-10 11:27:01.982 D/STATUSBAR-PhoneStatusBar( 1133): mBrightnessEnablebySettings = true mBrightnessEnablebyBattery = true mBrightnessEnablebyDisableFlag = true
12-10 11:27:13.582 V/AlarmManager( 722): waitForAlarm result :2
12-10 11:27:17.602 D/TimaService( 722): TIMA: TimaService scheduler is intialized.
12-10 11:27:17.602 D/TimaService( 722): TIMA: checkEvent, operation: 50000 subject: 10000
12-10 11:27:17.602 D/TimaService( 722): TimaServiceHandler.handleMessage what =1
12-10 11:27:19.092 E/Watchdog( 722): !@Sync 14659
12-10 11:27:19.832 D/TimaService( 722): TIMA MEASUREMENT Result: TIMA_STATUS=0;MSG=Kernel Verification Success;
12-10 11:27:19.842 D/TimaService( 722): TIMA MEASUREMENT success status: TIMA_STATUS=0;MSG=Kernel Verification Success;
12-10 11:27:21.552 I/PowerManagerService( 722): [PWL] Off : 50s ago
12-10 11:27:21.552 I/PowerManagerService( 722): [PWL] PowerManagerService.WakeLocks: ref count=1
12-10 11:27:21.552 I/PowerManagerService( 722): [PWL] mWakeLockSummary : 0x1
12-10 11:27:21.552 I/PowerManagerService( 722): [PWL] PARTIAL_WAKE_LOCK 'android.media.MediaPlayer' (uid=10015, pid=22137, ws=null) (elapsedTime=199019)
12-10 11:27:21.552 I/PowerManagerService( 722): [PWL] PARTIAL_WAKE_LOCK 'DirectTrack' (uid=1013, pid=311, ws=null) (elapsedTime=198883)
12-10 11:27:31.972 D/BatteryService( 722): update start
12-10 11:27:31.982 D/BatteryService( 722): level:83, scale:100, status:3, health:2, present:true, voltage: 4068, temperature: 248, technology: Li-ion, AC powered:false, USB powered:false, Wireless powered:false, icon:17303549, invalid charger:0, online:1, charge type:0, current avg:450
12-10 11:27:31.982 D/BatteryService( 722): Sending ACTION_BATTERY_CHANGED.
12-10 11:27:32.002 D/STATUSBAR-BatteryController( 1133): onReceive() - ACTION_BATTERY_CHANGED
12-10 11:27:32.002 D/STATUSBAR-BatteryController( 1133): onReceive() - BATTERY_STATUS_DISCHARGING: tw_stat_sys_battery
12-10 11:27:32.022 D/STATUSBAR-IconMerger( 1133): checkOverflow(216), More:false, Req:false Child:3
12-10 11:27:32.022 D/STATUSBAR-PhoneStatusBar( 1133): mBrightnessEnablebySettings = true mBrightnessEnablebyBattery = true mBrightnessEnablebyDisableFlag = true
12-10 11:27:46.562 I/PowerManagerService( 722): [PWL] Off : 75s ago
12-10 11:27:46.562 I/PowerManagerService( 722): [PWL] PowerManagerService.WakeLocks: ref count=1
12-10 11:27:46.562 I/PowerManagerService( 722): [PWL] mWakeLockSummary : 0x1
12-10 11:27:46.562 I/PowerManagerService( 722): [PWL] PARTIAL_WAKE_LOCK 'android.media.MediaPlayer' (uid=10015, pid=22137, ws=null) (elapsedTime=224033)
12-10 11:27:46.562 I/PowerManagerService( 722): [PWL] PARTIAL_WAKE_LOCK 'DirectTrack' (uid=1013, pid=311, ws=null) (elapsedTime=223897)
12-10 11:27:49.092 E/Watchdog( 722): !@Sync 14660
12-10 11:27:59.992 V/AlarmManager( 722): waitForAlarm result :8
12-10 11:28:00.002 D/KeyguardClockWidgetService(11126): onReceive action=android.intent.action.TIME_TICK
12-10 11:28:00.022 V/AlarmManager( 722): ClockReceiver onReceive() ACTION_TIME_TICK
12-10 11:28:00.102 D/STATUSBAR-IconMerger( 1133): checkOverflow(216), More:false, Req:false Child:3
12-10 11:28:02.042 D/BatteryService( 722): update start
12-10 11:28:12.232 V/AlarmManager( 722): waitForAlarm result :1
12-10 11:28:12.252 V/AlarmManager( 722): trigger ELAPSED_REALTIME_WAKEUP or RTC_WAKEUP
12-10 11:28:13.692 V/AlarmManager( 722): waitForAlarm result :2
12-10 11:28:16.562 I/PowerManagerService( 722): [PWL] Off : 105s ago
12-10 11:28:16.562 I/PowerManagerService( 722): [PWL] PowerManagerService.WakeLocks: ref count=1
12-10 11:28:16.562 I/PowerManagerService( 722): [PWL] mWakeLockSummary : 0x1
12-10 11:28:16.562 I/PowerManagerService( 722): [PWL] PARTIAL_WAKE_LOCK 'android.media.MediaPlayer' (uid=10015, pid=22137, ws=null) (elapsedTime=254038)
12-10 11:28:16.562 I/PowerManagerService( 722): [PWL] PARTIAL_WAKE_LOCK 'DirectTrack' (uid=1013, pid=311, ws=null) (elapsedTime=253901)
12-10 11:28:19.102 E/Watchdog( 722): !@Sync 14661
12-10 11:28:31.602 V/AlarmManager( 722): waitForAlarm result :4
12-10 11:28:31.622 V/AlarmManager( 722): trigger ELAPSED_REALTIME_WAKEUP or RTC_WAKEUP
12-10 11:28:32.122 D/BatteryService( 722): update start
12-10 11:28:32.122 D/BatteryService( 722): level:83, scale:100, status:3, health:2, present:true, voltage: 4071, temperature: 248, technology: Li-ion, AC powered:false, USB powered:false, Wireless powered:false, icon:17303549, invalid charger:0, online:1, charge type:0, current avg:450
12-10 11:28:32.122 D/BatteryService( 722): Sending ACTION_BATTERY_CHANGED.
12-10 11:28:32.142 D/STATUSBAR-BatteryController( 1133): onReceive() - ACTION_BATTERY_CHANGED
12-10 11:28:32.142 D/STATUSBAR-BatteryController( 1133): onReceive() - BATTERY_STATUS_DISCHARGING: tw_stat_sys_battery
12-10 11:28:32.162 D/STATUSBAR-IconMerger( 1133): checkOverflow(216), More:false, Req:false Child:3
12-10 11:28:32.162 D/STATUSBAR-PhoneStatusBar( 1133): mBrightnessEnablebySettings = true mBrightnessEnablebyBattery = true mBrightnessEnablebyDisableFlag = true
12-10 11:28:43.024 V/AlarmManager( 722): waitForAlarm result :65536
12-10 11:28:43.094 D/KeyguardClockWidgetService(11126): onReceive action=android.intent.action.TIME_SET
12-10 11:28:43.164 D/STATUSBAR-StatusBarManagerService( 722): manageDisableList what=0x0 pkg=com.android.systemui
12-10 11:28:43.214 D/STATUSBAR-NotificationService( 722): received android.intent.action.DORMANT_MODE_OFF
12-10 11:28:43.214 D/LightsService( 722): [api] [SvcLED] turnOff:: id = 4 (uid: 1000 pid: 722)
12-10 11:28:43.214 D/LightsService( 722): [SvcLED] setSvcLedStateLocked:: SvcLEDState : 0x0 -> 0x0 | SvcLED(id=4) set Off
12-10 11:28:43.214 D/LightsService( 722): [SvcLED] Lux failed to be updated in 700ms. -> handleForcedSvcLEDTasK
12-10 11:28:43.214 D/LightsService( 722): [SvcLED] setSvcLedLightLocked :: Current SvcLED(id=4) maintains its priority right
12-10 11:28:43.224 D/STATUSBAR-IconMerger( 1133): checkOverflow(216), More:false, Req:false Child:3
12-10 11:28:43.354 D/KeyguardClockWidgetProvider(11126): refreshSingleClock :{Home} Hour = 11, Min = 28
12-10 11:28:43.504 D/KeyguardClockWidgetProvider(11126): desc Message = It is 11:28 AM
12-10 11:28:44.344 D/KeyguardClockWidgetProvider(11126): onReceive action=android.intent.action.TIME_SET
12-10 11:28:44.344 D/KeyguardClockWidgetProvider(11126): refreshSingleClock :{Home} Hour = 11, Min = 28
12-10 11:28:44.354 D/KeyguardClockWidgetProvider(11126): desc Message = It is 11:28 AM
12-10 11:28:44.394 W/BackupManagerService( 722): dataChanged but no participant pkg='com.android.providers.settings' uid=10120
12-10 11:28:44.404 W/BackupManagerService( 722): dataChanged but no participant pkg='com.android.providers.settings' uid=10120
12-10 11:28:44.414 W/BackupManagerService( 722): dataChanged but no participant pkg='com.android.providers.settings' uid=10120
12-10 11:28:48.353 V/AlarmManager( 722): waitForAlarm result :4
12-10 11:28:48.373 V/AlarmManager( 722): trigger ELAPSED_REALTIME_WAKEUP or RTC_WAKEUP
12-10 11:28:48.513 V/AlarmManager( 722): waitForAlarm result :1
12-10 11:28:48.533 V/AlarmManager( 722): trigger ELAPSED_REALTIME_WAKEUP or RTC_WAKEUP
12-10 11:28:49.013 E/Watchdog( 722): !@Sync 14662
12-10 11:28:51.483 I/PowerManagerService( 722): [PWL] Off : 140s ago
12-10 11:28:51.483 I/PowerManagerService( 722): [PWL] PowerManagerService.WakeLocks: ref count=1
12-10 11:28:51.483 I/PowerManagerService( 722): [PWL] mWakeLockSummary : 0x1
12-10 11:28:51.483 I/PowerManagerService( 722): [PWL] PARTIAL_WAKE_LOCK 'android.media.MediaPlayer' (uid=10015, pid=22137, ws=null) (elapsedTime=289043)
12-10 11:28:51.483 I/PowerManagerService( 722): [PWL] PARTIAL_WAKE_LOCK 'DirectTrack' (uid=1013, pid=311, ws=null) (elapsedTime=288907)
12-10 11:28:59.993 V/AlarmManager( 722): waitForAlarm result :8
12-10 11:29:00.013 D/KeyguardClockWidgetService(11126): onReceive action=android.intent.action.TIME_TICK
12-10 11:29:00.023 V/AlarmManager( 722): ClockReceiver onReceive() ACTION_TIME_TICK
12-10 11:29:00.113 D/STATUSBAR-IconMerger( 1133): checkOverflow(216), More:false, Req:false Child:3
12-10 11:29:06.513 V/AlarmManager( 722): waitForAlarm result :4
12-10 11:29:06.533 V/AlarmManager( 722): trigger ELAPSED_REALTIME_WAKEUP or RTC_WAKEUP
12-10 11:29:06.553 D/BatteryService( 722): update start
12-10 11:29:06.563 D/BatteryService( 722): level:83, scale:100, status:3, health:2, present:true, voltage: 4072, temperature: 247, technology: Li-ion, AC powered:false, USB powered:false, Wireless powered:false, icon:17303549, invalid charger:0, online:1, charge type:0, current avg:450
12-10 11:29:06.563 D/BatteryService( 722): Sending ACTION_BATTERY_CHANGED.
12-10 11:29:06.583 D/STATUSBAR-BatteryController( 1133): onReceive() - ACTION_BATTERY_CHANGED
12-10 11:29:06.583 D/STATUSBAR-BatteryController( 1133): onReceive() - BATTERY_STATUS_DISCHARGING: tw_stat_sys_battery
12-10 11:29:06.603 D/STATUSBAR-IconMerger( 1133): checkOverflow(216), More:false, Req:false Child:3
12-10 11:29:06.603 D/STATUSBAR-PhoneStatusBar( 1133): mBrightnessEnablebySettings = true mBrightnessEnablebyBattery = true mBrightnessEnablebyDisableFlag = true
12-10 11:29:09.693 D/ConnectivityService( 722): handleInetConditionHoldEnd: net=1, condition=0, published condition=0
12-10 11:29:09.693 D/ConnectivityService( 722): sendStickyBroadcast: action=android.net.conn.INET_CONDITION_ACTION
12-10 11:29:09.703 D/STATUSBAR-NetworkController( 1133): onReceive() - CONNECTIVITY_ACTION, INET_CONDITION_ACTION
12-10 11:29:09.703 D/STATUSBAR-NetworkController( 1133): isCdma(), !isCdmaEri(), mRoamingIconId = 0
12-10 11:29:09.713 D/STATUSBAR-NetworkController( 1133): isCdmaLTE - mSimStateUNKNOWN
12-10 11:29:13.823 V/AlarmManager( 722): waitForAlarm result :2
12-10 11:29:15.903 D/STATUSBAR-StatusBarManagerService( 722): sendNotification(2) - 1337
12-10 11:29:15.963 D/STATUSBAR-StatusBarManagerService( 722): sendNotification(2) - 1337
12-10 11:29:16.583 D/STATUSBAR-StatusBarManagerService( 722): sendNotification(2) - 1337
12-10 11:29:16.613 D/STATUSBAR-StatusBarManagerService( 722): sendNotification(2) - 1337
12-10 11:29:16.643 D/STATUSBAR-StatusBarManagerService( 722): sendNotification(2) - 1337
12-10 11:29:16.663 D/STATUSBAR-StatusBarManagerService( 722): sendNotification(2) - 1337
12-10 11:29:18.743 D/MobileDataStateTracker( 722): default: setPolicyDataEnable(enabled=true)
12-10 11:29:18.913 D/CustomFrequencyManagerService( 722): acquireDVFSLockLocked : type : DVFS_MIN_LIMIT frequency : 883200 uid : 1000 pid : 722 pkgName : android@2
12-10 11:29:19.013 E/Watchdog( 722): !@Sync 14663
12-10 11:29:19.813 D/MobileDataStateTracker( 722): default: setPolicyDataEnable(enabled=true)
12-10 11:29:19.913 D/CustomFrequencyManagerService( 722): releaseDVFSLockLocked : Getting Lock type frm List : DVFS_MIN_LIMIT frequency : 883200 uid : 1000 pid : 722 tag : android@2
12-10 11:29:19.913 D/CustomFrequencyManagerService( 722): acquireDVFSLockLocked : type : DVFS_MIN_LIMIT frequency : 883200 uid : 1000 pid : 722 pkgName : android@2
12-10 11:29:21.913 D/CustomFrequencyManagerService( 722): releaseDVFSLockLocked : Getting Lock type frm List : DVFS_MIN_LIMIT frequency : 883200 uid : 1000 pid : 722 tag : android@2
12-10 11:29:27.713 V/AlarmManager( 722): waitForAlarm result :4
12-10 11:29:27.813 V/AlarmManager( 722): trigger ELAPSED_REALTIME_WAKEUP or RTC_WAKEUP
12-10 11:29:27.813 V/AlarmManager( 722): waitForAlarm result :1
12-10 11:29:27.853 V/AlarmManager( 722): trigger ELAPSED_REALTIME_WAKEUP or RTC_WAKEUP
12-10 11:29:28.463 W/ActivityThread(24068): ClassLoader.getResourceAsStream: The class loader returned by Thread.getContextClassLoader() may fail for processes that host multiple applications. You should explicitly specify a context class loader. For example: Thread.setContextClassLoader(getClass().getClassLoader());
12-10 11:29:31.483 I/PowerManagerService( 722): [PWL] Off : 180s ago
12-10 11:29:31.483 I/PowerManagerService( 722): [PWL] PowerManagerService.WakeLocks: ref count=1
12-10 11:29:31.483 I/PowerManagerService( 722): [PWL] mWakeLockSummary : 0x1
12-10 11:29:31.483 I/PowerManagerService( 722): [PWL] PARTIAL_WAKE_LOCK 'android.media.MediaPlayer' (uid=10015, pid=22137, ws=null) (elapsedTime=15118)
12-10 11:29:31.483 I/PowerManagerService( 722): [PWL] PARTIAL_WAKE_LOCK 'DirectTrack' (uid=1013, pid=311, ws=null) (elapsedTime=15009)
12-10 11:29:33.283 V/AlarmManager( 722): waitForAlarm result :8
12-10 11:29:33.323 V/AlarmManager( 722): waitForAlarm result :4
12-10 11:29:33.333 V/AlarmManager( 722): trigger ELAPSED_REALTIME_WAKEUP or RTC_WAKEUP
12-10 11:29:36.603 D/BatteryService( 722): update start
12-10 11:29:36.613 D/BatteryService( 722): level:83, scale:100, status:3, health:2, present:true, voltage: 4071, temperature: 247, technology: Li-ion, AC powered:false, USB powered:false, Wireless powered:false, icon:17303549, invalid charger:0, online:1, charge type:0, current avg:450
12-10 11:29:36.613 D/BatteryService( 722): Sending ACTION_BATTERY_CHANGED.
12-10 11:29:36.623 D/STATUSBAR-BatteryController( 1133): onReceive() - ACTION_BATTERY_CHANGED
12-10 11:29:36.623 D/STATUSBAR-BatteryController( 1133): onReceive() - BATTERY_STATUS_DISCHARGING: tw_stat_sys_battery
12-10 11:29:36.653 D/STATUSBAR-IconMerger( 1133): checkOverflow(216), More:false, Req:false Child:3
12-10 11:29:36.653 D/STATUSBAR-PhoneStatusBar( 1133): mBrightnessEnablebySettings = true mBrightnessEnablebyBattery = true mBrightnessEnablebyDisableFlag = true
12-10 11:29:49.013 E/Watchdog( 722): !@Sync 14664
12-10 11:29:59.993 V/AlarmManager( 722): waitForAlarm result :8
12-10 11:30:00.013 D/KeyguardClockWidgetService(11126): onReceive action=android.intent.action.TIME_TICK
12-10 11:30:00.023 V/AlarmManager( 722): ClockReceiver onReceive() ACTION_TIME_TICK
12-10 11:30:00.123 D/STATUSBAR-IconMerger( 1133): checkOverflow(216), More:false, Req:false Child:3
12-10 11:30:06.663 D/BatteryService( 722): update start
12-10 11:30:13.953 V/AlarmManager( 722): waitForAlarm result :2
12-10 11:30:16.483 I/PowerManagerService( 722): [PWL] Off : 225s ago
12-10 11:30:16.483 I/PowerManagerService( 722): [PWL] PowerManagerService.WakeLocks: ref count=1
12-10 11:30:16.483 I/PowerManagerService( 722): [PWL] mWakeLockSummary : 0x1
12-10 11:30:16.483 I/PowerManagerService( 722): [PWL] PARTIAL_WAKE_LOCK 'android.media.MediaPlayer' (uid=10015, pid=22137, ws=null) (elapsedTime=60123)
12-10 11:30:16.483 I/PowerManagerService( 722): [PWL] PARTIAL_WAKE_LOCK 'DirectTrack' (uid=1013, pid=311, ws=null) (elapsedTime=60013)
12-10 11:30:19.013 E/Watchdog( 722): !@Sync 14665
12-10 11:30:36.713 D/BatteryService( 722): update start
12-10 11:30:36.723 D/BatteryService( 722): level:83, scale:100, status:3, health:2, present:true, voltage: 4072, temperature: 246, technology: Li-ion, AC powered:false, USB powered:false, Wireless powered:false, icon:17303549, invalid charger:0, online:1, charge type:0, current avg:450
12-10 11:30:36.723 D/BatteryService( 722): Sending ACTION_BATTERY_CHANGED.
12-10 11:30:36.733 D/STATUSBAR-BatteryController( 1133): onReceive() - ACTION_BATTERY_CHANGED
12-10 11:30:36.733 D/STATUSBAR-BatteryController( 1133): onReceive() - BATTERY_STATUS_DISCHARGING: tw_stat_sys_battery
12-10 11:30:36.763 D/STATUSBAR-IconMerger( 1133): checkOverflow(216), More:false, Req:false Child:3
12-10 11:30:36.773 D/STATUSBAR-PhoneStatusBar( 1133): mBrightnessEnablebySettings = true mBrightnessEnablebyBattery = true mBrightnessEnablebyDisableFlag = true
12-10 11:30:49.013 E/Watchdog( 722): !@Sync 14666
12-10 11:30:59.993 V/AlarmManager( 722): waitForAlarm result :8
12-10 11:31:00.013 D/KeyguardClockWidgetService(11126): onReceive action=android.intent.action.TIME_TICK
12-10 11:31:00.023 V/AlarmManager( 722): ClockReceiver onReceive() ACTION_TIME_TICK
12-10 11:31:00.123 D/STATUSBAR-IconMerger( 1133): checkOverflow(216), More:false, Req:false Child:3
12-10 11:31:06.493 I/PowerManagerService( 722): [PWL] Off : 275s ago
12-10 11:31:06.493 I/PowerManagerService( 722): [PWL] PowerManagerService.WakeLocks: ref count=1
12-10 11:31:06.493 I/PowerManagerService( 722): [PWL] mWakeLockSummary : 0x1
12-10 11:31:06.493 I/PowerManagerService( 722): [PWL] PARTIAL_WAKE_LOCK 'android.media.MediaPlayer' (uid=10015, pid=22137, ws=null) (elapsedTime=110126)
12-10 11:31:06.493 I/PowerManagerService( 722): [PWL] PARTIAL_WAKE_LOCK 'DirectTrack' (uid=1013, pid=311, ws=null) (elapsedTime=110016)
12-10 11:31:06.773 D/BatteryService( 722): update start
12-10 11:31:06.773 D/BatteryService( 722): level:82, scale:100, status:3, health:2, present:true, voltage: 4071, temperature: 246, technology: Li-ion, AC powered:false, USB powered:false, Wireless powered:false, icon:17303549, invalid charger:0, online:1, charge type:0, current avg:450
12-10 11:31:06.783 D/BatteryService( 722): Sending ACTION_BATTERY_CHANGED.
12-10 11:31:06.793 D/STATUSBAR-BatteryController( 1133): onReceive() - ACTION_BATTERY_CHANGED
12-10 11:31:06.793 D/STATUSBAR-BatteryController( 1133): onReceive() - BATTERY_STATUS_DISCHARGING: tw_stat_sys_battery
12-10 11:31:06.813 D/STATUSBAR-IconMerger( 1133): checkOverflow(216), More:false, Req:false Child:3
12-10 11:31:06.823 D/STATUSBAR-PhoneStatusBar( 1133): mBrightnessEnablebySettings = true mBrightnessEnablebyBattery = true mBrightnessEnablebyDisableFlag = true
12-10 11:31:14.073 V/AlarmManager( 722): waitForAlarm result :2
12-10 11:31:19.013 E/Watchdog( 722): !@Sync 14667
12-10 11:31:36.833 D/BatteryService( 722): update start
12-10 11:31:36.833 D/BatteryService( 722): level:82, scale:100, status:3, health:2, present:true, voltage: 4073, temperature: 245, technology: Li-ion, AC powered:false, USB powered:false, Wireless powered:false, icon:17303549, invalid charger:0, online:1, charge type:0, current avg:450
12-10 11:31:36.833 D/BatteryService( 722): Sending ACTION_BATTERY_CHANGED.
12-10 11:31:36.853 D/STATUSBAR-BatteryController( 1133): onReceive() - ACTION_BATTERY_CHANGED
12-10 11:31:36.853 D/STATUSBAR-BatteryController( 1133): onReceive() - BATTERY_STATUS_DISCHARGING: tw_stat_sys_battery
12-10 11:31:36.883 D/STATUSBAR-IconMerger( 1133): checkOverflow(216), More:false, Req:false Child:3
12-10 11:31:36.883 D/STATUSBAR-PhoneStatusBar( 1133): mBrightnessEnablebySettings = true mBrightnessEnablebyBattery = true mBrightnessEnablebyDisableFlag = true
12-10 11:31:49.013 E/Watchdog( 722): !@Sync 14668
12-10 11:31:59.993 V/AlarmManager( 722): waitForAlarm result :8
12-10 11:32:00.033 D/KeyguardClockWidgetService(11126): onReceive action=android.intent.action.TIME_TICK
12-10 11:32:00.043 V/AlarmManager( 722): ClockReceiver onReceive() ACTION_TIME_TICK
12-10 11:32:00.083 D/STATUSBAR-IconMerger( 1133): checkOverflow(216), More:false, Req:false Child:3
12-10 11:32:01.493 I/PowerManagerService( 722): [PWL] Off : 330s ago
12-10 11:32:01.493 I/PowerManagerService( 722): [PWL] PowerManagerService.WakeLocks: ref count=1
12-10 11:32:01.493 I/PowerManagerService( 722): [PWL] mWakeLockSummary : 0x1
12-10 11:32:01.493 I/PowerManagerService( 722): [PWL] PARTIAL_WAKE_LOCK 'android.media.MediaPlayer' (uid=10015, pid=22137, ws=null) (elapsedTime=165130)
12-10 11:32:01.493 I/PowerManagerService( 722): [PWL] PARTIAL_WAKE_LOCK 'DirectTrack' (uid=1013, pid=311, ws=null) (elapsedTime=165021)
12-10 11:32:06.893 D/BatteryService( 722): update start
12-10 11:32:06.893 D/BatteryService( 722): level:82, scale:100, status:3, health:2, present:true, voltage: 4070, temperature: 245, technology: Li-ion, AC powered:false, USB powered:false, Wireless powered:false, icon:17303549, invalid charger:0, online:1, charge type:0, current avg:450
12-10 11:32:06.893 D/BatteryService( 722): Sending ACTION_BATTERY_CHANGED.
12-10 11:32:06.913 D/STATUSBAR-BatteryController( 1133): onReceive() - ACTION_BATTERY_CHANGED
12-10 11:32:06.913 D/STATUSBAR-BatteryController( 1133): onReceive() - BATTERY_STATUS_DISCHARGING: tw_stat_sys_battery
12-10 11:32:06.933 D/STATUSBAR-IconMerger( 1133): checkOverflow(216), More:false, Req:false Child:3
12-10 11:32:06.933 D/STATUSBAR-PhoneStatusBar( 1133): mBrightnessEnablebySettings = true mBrightnessEnablebyBattery = true mBrightnessEnablebyDisableFlag = true
12-10 11:32:14.183 V/AlarmManager( 722): waitForAlarm result :2
12-10 11:32:17.603 D/TimaService( 722): TIMA: TimaService scheduler is intialized.
12-10 11:32:17.603 D/TimaService( 722): TIMA: checkEvent, operation: 50000 subject: 10000
12-10 11:32:17.613 D/TimaService( 722): TimaServiceHandler.handleMessage what =1
12-10 11:32:19.013 E/Watchdog( 722): !@Sync 14669
12-10 11:32:19.023 D/TimaService( 722): TIMA MEASUREMENT Result: TIMA_STATUS=0;MSG=Kernel Verification Success;
12-10 11:32:19.033 D/TimaService( 722): TIMA MEASUREMENT success status: TIMA_STATUS=0;MSG=Kernel Verification Success;
12-10 11:32:31.703 V/AlarmManager( 722): waitForAlarm result :8
12-10 11:32:36.953 D/BatteryService( 722): update start
12-10 11:32:36.953 D/BatteryService( 722): level:82, scale:100, status:3, health:2, present:true, voltage: 4063, temperature: 245, technology: Li-ion, AC powered:false, USB powered:false, Wireless powered:false, icon:17303549, invalid charger:0, online:1, charge type:0, current avg:450
12-10 11:32:36.953 D/BatteryService( 722): Sending ACTION_BATTERY_CHANGED.
12-10 11:32:36.963 D/STATUSBAR-BatteryController( 1133): onReceive() - ACTION_BATTERY_CHANGED
12-10 11:32:36.963 D/STATUSBAR-BatteryController( 1133): onReceive() - BATTERY_STATUS_DISCHARGING: tw_stat_sys_battery
12-10 11:32:36.983 D/STATUSBAR-IconMerger( 1133): checkOverflow(216), More:false, Req:false Child:3
12-10 11:32:36.983 D/STATUSBAR-PhoneStatusBar( 1133): mBrightnessEnablebySettings = true mBrightnessEnablebyBattery = true mBrightnessEnablebyDisableFlag = true
12-10 11:32:49.013 E/Watchdog( 722): !@Sync 14670
12-10 11:32:59.993 V/AlarmManager( 722): waitForAlarm result :8
12-10 11:33:00.013 D/KeyguardClockWidgetService(11126): onReceive action=android.intent.action.TIME_TICK
12-10 11:33:00.033 V/AlarmManager( 722): ClockReceiver onReceive() ACTION_TIME_TICK
12-10 11:33:00.103 D/STATUSBAR-IconMerger( 1133): checkOverflow(216), More:false, Req:false Child:3
12-10 11:33:01.493 I/PowerManagerService( 722): [PWL] Off : 390s ago
12-10 11:33:01.493 I/PowerManagerService( 722): [PWL] PowerManagerService.WakeLocks: ref count=1
12-10 11:33:01.493 I/PowerManagerService( 722): [PWL] mWakeLockSummary : 0x1
12-10 11:33:01.503 I/PowerManagerService( 722): [PWL] PARTIAL_WAKE_LOCK 'android.media.MediaPlayer' (uid=10015, pid=22137, ws=null) (elapsedTime=225134)
12-10 11:33:01.503 I/PowerManagerService( 722): [PWL] PARTIAL_WAKE_LOCK 'DirectTrack' (uid=1013, pid=311, ws=null) (elapsedTime=225026)
12-10 11:33:07.013 D/BatteryService( 722): update start
12-10 11:33:07.023 D/BatteryService( 722): level:82, scale:100, status:3, health:2, present:true, voltage: 4071, temperature: 244, technology: Li-ion, AC powered:false, USB powered:false, Wireless powered:false, icon:17303549, invalid charger:0, online:1, charge type:0, current avg:450
12-10 11:33:07.023 D/BatteryService( 722): Sending ACTION_BATTERY_CHANGED.
12-10 11:33:07.033 D/STATUSBAR-BatteryController( 1133): onReceive() - ACTION_BATTERY_CHANGED
12-10 11:33:07.033 D/STATUSBAR-BatteryController( 1133): onReceive() - BATTERY_STATUS_DISCHARGING: tw_stat_sys_battery
12-10 11:33:07.053 D/STATUSBAR-IconMerger( 1133): checkOverflow(216), More:false, Req:false Child:3
12-10 11:33:07.053 D/STATUSBAR-PhoneStatusBar( 1133): mBrightnessEnablebySettings = true mBrightnessEnablebyBattery = true mBrightnessEnablebyDisableFlag = true
12-10 11:33:14.303 V/AlarmManager( 722): waitForAlarm result :2
12-10 11:33:19.013 E/Watchdog( 722): !@Sync 14671
12-10 11:33:37.073 D/BatteryService( 722): update start
12-10 11:33:37.083 D/BatteryService( 722): level:82, scale:100, status:3, health:2, present:true, voltage: 4072, temperature: 244, technology: Li-ion, AC powered:false, USB powered:false, Wireless powered:false, icon:17303549, invalid charger:0, online:1, charge type:0, current avg:450
12-10 11:33:37.083 D/BatteryService( 722): Sending ACTION_BATTERY_CHANGED.
12-10 11:33:37.093 D/STATUSBAR-BatteryController( 1133): onReceive() - ACTION_BATTERY_CHANGED
12-10 11:33:37.093 D/STATUSBAR-BatteryController( 1133): onReceive() - BATTERY_STATUS_DISCHARGING: tw_stat_sys_battery
12-10 11:33:37.123 D/STATUSBAR-IconMerger( 1133): checkOverflow(216), More:false, Req:false Child:3
12-10 11:33:37.123 D/STATUSBAR-PhoneStatusBar( 1133): mBrightnessEnablebySettings = true mBrightnessEnablebyBattery = true mBrightnessEnablebyDisableFlag = true
12-10 11:33:44.433 D/STATUSBAR-StatusBarManagerService( 722): sendNotification(2) - 1337
12-10 11:33:44.503 D/STATUSBAR-StatusBarManagerService( 722): sendNotification(2) - 1337 --------- beginning of /dev/log/main
12-10 11:33:44.913 V/AudioSessionOutALSA( 311): Buffer pointer 0xaf5b5000
12-10 11:33:44.913 V/AudioSessionOutALSA( 311): The MEM that is allocated - buffer is af5b5000
12-10 11:33:44.913 V/AudioSessionOutALSA( 311): Creating Event Thread
12-10 11:33:44.913 V/AudioSessionOutALSA( 311): Event Thread created
12-10 11:33:44.913 D/AudioPolicyManagerBase( 311): addOutput(3013)
12-10 11:33:44.913 D/AudioPolicyManagerBase( 311): applyStreamVolumes for tunnel create
12-10 11:33:44.913 V/AudioSessionOutALSA( 311): Setting stream volume to 21430599 (available range is 0 to 0x2000)
12-10 11:33:44.913 D/AudioSessionOutALSA( 311): setCompressedVolume(21430599)
12-10 11:33:44.913 D/AudioSessionOutALSA( 311): Setting Compressed volume to 21430599 (available range is 0 to 100)
12-10 11:33:44.923 V/AudioSessionOutALSA( 311): Allocating poll fd
12-10 11:33:44.923 W/AudioPolicyManagerBase( 311): stream type [13], return media strategy
12-10 11:33:44.923 W/AudioPolicyManagerBase( 311): stream type [13], return media strategy
