12-10 11:36:55.343 D/daemonapp( 3822): [MSC_Accu_Daemon]>>> AWDS:557 [0:0] [ASO][CT] = 12/10/2013 11:36 AM
12-10 11:36:55.343 I/KeyguardBackgroundView( 722): *** KeyguardEffectView getInstance ***
12-10 11:36:55.343 D/WaterColor_WaterBrushView( 722): handleTouchEventForPatternLock event : 2
12-10 11:36:55.343 D/WaterColor_WaterColorRenderer( 722): onTouchEventForPatternLock action = 2
12-10 11:36:55.343 D/WaterColor_WaterColorRenderer( 722): ievent.getX() = 777.0
12-10 11:36:55.343 D/WaterColor_WaterColorRenderer( 722): ievent.getY() = 1581.0
12-10 11:36:55.343 D/WaterColor_WaterColorRenderer( 722): ACTION_MOVE => ACTION_HOVER_MOVE
12-10 11:36:55.343 D/LockPatternUtils( 722): isPcwEnable = 10
12-10 11:36:55.343 I/InputReader( 722): Touch event's action (MT) is 0x205 (deviceType=0) [pCnt=4, s=0.11741 1.11742 2.11745 3.11744 ] when=441320797875000
12-10 11:36:55.343 I/InputDispatcher( 722): Delivering touch to: action: 0x205
12-10 11:36:55.343 I/KeyguardBackgroundView( 722): *** KeyguardEffectView getInstance ***
12-10 11:36:55.343 D/WaterColor_WaterBrushView( 722): handleTouchEventForPatternLock event : 518
12-10 11:36:55.343 D/WaterColor_WaterColorRenderer( 722): onTouchEventForPatternLock action = 518
12-10 11:36:55.343 D/WaterColor_WaterColorRenderer( 722): ievent.getX() = 813.0
12-10 11:36:55.343 D/WaterColor_WaterColorRenderer( 722): ievent.getY() = 1656.0
12-10 11:36:55.343 D/LockPatternUtils( 722): isPcwEnable = 10
12-10 11:36:55.353 I/KeyguardBackgroundView( 722): *** KeyguardEffectView getInstance ***
12-10 11:36:55.353 V/AudioSessionOutALSA( 311): Timestamp returned = 190381666
12-10 11:36:55.353 V/MediaPlayer-JNI(22137): getCurrentPosition: 190382 (msec)
12-10 11:36:55.353 D/ProgressBar(22137): setProgress = 1903
12-10 11:36:55.353 D/ProgressBar(22137): setProgress = 1903, fromUser = false
12-10 11:36:55.353 D/ProgressBar(22137): mProgress = 1902mIndeterminate = false, mMin = 0, mMax = 2750
12-10 11:36:55.353 D/WaterColor_WaterColorRenderer( 722): mJniWaterColor is Empty
12-10 11:36:55.353 D/WaterColor_WaterColorRenderer( 722): Drity Mode
12-10 11:36:55.353 V/StagefrightPlayer( 311): getCurrentPosition
12-10 11:36:55.353 D/WaterColor_WaterBrushView( 722): handleTouchEventForPatternLock event : 2
12-10 11:36:55.353 D/WaterColor_WaterColorRenderer( 722): onTouchEventForPatternLock action = 2
12-10 11:36:55.353 D/WaterColor_WaterColorRenderer( 722): ievent.getX() = 813.0
12-10 11:36:55.353 D/WaterColor_WaterColorRenderer( 722): ievent.getY() = 1656.0
12-10 11:36:55.353 D/WaterColor_WaterColorRenderer( 722): ACTION_MOVE => ACTION_HOVER_MOVE
12-10 11:36:55.353 D/LockPatternUtils( 722): isPcwEnable = 10
12-10 11:36:55.353 I/KeyguardBackgroundView( 722): *** KeyguardEffectView getInstance ***
12-10 11:36:55.353 D/WaterColor_WaterBrushView( 722): handleTouchEventForPatternLock event : 2
12-10 11:36:55.353 D/WaterColor_WaterColorRenderer( 722): onTouchEventForPatternLock action = 2
12-10 11:36:55.353 D/WaterColor_WaterColorRenderer( 722): ievent.getX() = 815.0
12-10 11:36:55.353 D/WaterColor_WaterColorRenderer( 722): ievent.getY() = 1667.0
12-10 11:36:55.353 D/WaterColor_WaterColorRenderer( 722): ACTION_MOVE => ACTION_HOVER_MOVE
12-10 11:36:55.353 D/LockPatternUtils( 722): isPcwEnable = 10
12-10 11:36:55.363 I/KeyguardBackgroundView( 722): *** KeyguardEffectView getInstance ***
12-10 11:36:55.363 D/WaterColor_WaterBrushView( 722): handleTouchEventForPatternLock event : 517
12-10 11:36:55.363 D/WaterColor_WaterColorRenderer( 722): onTouchEventForPatternLock action = 517
12-10 11:36:55.363 D/WaterColor_WaterColorRenderer( 722): ievent.getX() = 815.0
12-10 11:36:55.363 D/WaterColor_WaterColorRenderer( 722): ievent.getY() = 1667.0
12-10 11:36:55.363 D/LockPatternUtils( 722): isPcwEnable = 10
12-10 11:36:55.363 V/AudioSessionOutALSA( 311): Timestamp returned = 190403000
12-10 11:36:55.363 V/MediaPlayer-JNI(22137): getCurrentPosition: 190403 (msec)
12-10 11:36:55.363 I/KeyguardBackgroundView( 722): *** KeyguardEffectView getInstance ***
12-10 11:36:55.363 D/WaterColor_WaterBrushView( 722): handleTouchEventForPatternLock event : 517
12-10 11:36:55.363 D/WaterColor_WaterColorRenderer( 722): onTouchEventForPatternLock action = 517
12-10 11:36:55.363 D/WaterColor_WaterColorRenderer( 722): ievent.getX() = 815.0
12-10 11:36:55.363 D/WaterColor_WaterColorRenderer( 722): ievent.getY() = 1667.0
12-10 11:36:55.363 D/PowerManagerService( 722): [api] [s] userActivity : event: 3 flags: 0 (uid: 1000 pid: 722)
12-10 11:36:55.363 D/PowerManagerService( 722): [api] [s] userActivity : event: 3 flags: 0 (uid: 1000 pid: 722)
12-10 11:36:55.373 D/LockPatternUtils( 722): isPcwEnable = 10
12-10 11:36:55.373 I/KeyguardBackgroundView( 722): *** KeyguardEffectView getInstance ***
12-10 11:36:55.373 D/WaterColor_WaterBrushView( 722): handleTouchEventForPatternLock event : 2
12-10 11:36:55.373 D/WaterColor_WaterColorRenderer( 722): onTouchEventForPatternLock action = 2
12-10 11:36:55.373 D/WaterColor_WaterColorRenderer( 722): ievent.getX() = 817.4351
12-10 11:36:55.373 D/WaterColor_WaterColorRenderer( 722): ievent.getY() = 1698.6569
12-10 11:36:55.373 D/WaterColor_WaterColorRenderer( 722): ACTION_MOVE => ACTION_HOVER_MOVE
12-10 11:36:55.373 I/InputReader( 722): Touch event's action (MT) is 0x106 (deviceType=0) [pCnt=4, s=0.11741 2.11745 3.11744 ] when=441320824883000
12-10 11:36:55.373 I/InputDispatcher( 722): Delivering touch to: action: 0x106
12-10 11:36:55.373 V/WindowManager( 722): Window{43d87888 u0 Keyguard}mOrientationRequetedFromKeyguard=true
12-10 11:36:55.383 D/LockPatternUtils( 722): isPcwEnable = 10
12-10 11:36:55.383 I/InputReader( 722): Touch event's action (MT) is 0x105 (deviceType=0) [pCnt=4, s=0.11741 1.11746 2.11745 3.11744 ] when=441320839071000
12-10 11:36:55.383 I/InputDispatcher( 722): Delivering touch to: action: 0x105
12-10 11:36:55.393 I/KeyguardBackgroundView( 722): *** KeyguardEffectView getInstance ***
12-10 11:36:55.393 D/WaterColor_WaterBrushView( 722): handleTouchEventForPatternLock event : 262
12-10 11:36:55.393 D/WaterColor_WaterColorRenderer( 722): onTouchEventForPatternLock action = 262
12-10 11:36:55.393 D/WaterColor_WaterColorRenderer( 722): ievent.getX() = 817.4351
12-10 11:36:55.393 D/WaterColor_WaterColorRenderer( 722): ievent.getY() = 1698.6569
12-10 11:36:55.393 D/LockPatternUtils( 722): isPcwEnable = 10
12-10 11:36:55.393 D/accuweather(11286): [Accuweather J]>>> SWW:66 [0:0] =============== BR act = androidintentactionSCREEN_ON
12-10 11:36:55.393 D/accuweather(11286): [Accuweather J]>>> SWW:69 [0:0] =============== androidintentactionSCREEN_ON instance : [0]1
12-10 11:36:55.393 I/KeyguardBackgroundView( 722): *** KeyguardEffectView getInstance ***
12-10 11:36:55.393 D/WaterColor_WaterBrushView( 722): handleTouchEventForPatternLock event : 2
12-10 11:36:55.393 D/WaterColor_WaterColorRenderer( 722): onTouchEventForPatternLock action = 2
12-10 11:36:55.393 D/WaterColor_WaterColorRenderer( 722): ievent.getX() = 817.4351
12-10 11:36:55.393 D/WaterColor_WaterColorRenderer( 722): ievent.getY() = 1698.6569
12-10 11:36:55.393 D/WaterColor_WaterColorRenderer( 722): ACTION_MOVE => ACTION_HOVER_MOVE
12-10 11:36:55.393 D/LockPatternUtils( 722): isPcwEnable = 10
12-10 11:36:55.393 I/KeyguardBackgroundView( 722): *** KeyguardEffectView getInstance ***
12-10 11:36:55.393 D/WaterColor_WaterBrushView( 722): handleTouchEventForPatternLock event : 2
12-10 11:36:55.393 D/WaterColor_WaterColorRenderer( 722): onTouchEventForPatternLock action = 2
12-10 11:36:55.393 D/WaterColor_WaterColorRenderer( 722): ievent.getX() = 806.0
12-10 11:36:55.393 D/WaterColor_WaterColorRenderer( 722): ievent.getY() = 1743.0
12-10 11:36:55.393 D/WaterColor_WaterColorRenderer( 722): ACTION_MOVE => ACTION_HOVER_MOVE
12-10 11:36:55.393 D/LockPatternUtils( 722): isPcwEnable = 10
12-10 11:36:55.403 I/KeyguardBackgroundView( 722): *** KeyguardEffectView getInstance ***
12-10 11:36:55.403 D/WaterColor_WaterBrushView( 722): handleTouchEventForPatternLock event : 261
12-10 11:36:55.403 D/WaterColor_WaterColorRenderer( 722): onTouchEventForPatternLock action = 261
12-10 11:36:55.403 D/WaterColor_WaterColorRenderer( 722): ievent.getX() = 806.0
12-10 11:36:55.403 D/WaterColor_WaterColorRenderer( 722): ievent.getY() = 1743.0
12-10 11:36:55.403 D/LockPatternUtils( 722): isPcwEnable = 10
12-10 11:36:55.403 I/KeyguardBackgroundView( 722): *** KeyguardEffectView getInstance ***
12-10 11:36:55.403 D/WaterColor_WaterBrushView( 722): handleTouchEventForPatternLock event : 261
12-10 11:36:55.403 D/WaterColor_WaterColorRenderer( 722): onTouchEventForPatternLock action = 261
12-10 11:36:55.403 D/WaterColor_WaterColorRenderer( 722): ievent.getX() = 806.0
12-10 11:36:55.403 D/WaterColor_WaterColorRenderer( 722): ievent.getY() = 1743.0
12-10 11:36:55.403 D/PowerManagerService( 722): [api] [s] userActivity : event: 3 flags: 0 (uid: 1000 pid: 722)
12-10 11:36:55.403 D/PowerManagerService( 722): [api] [s] userActivity : event: 3 flags: 0 (uid: 1000 pid: 722)
12-10 11:36:55.413 D/LockPatternUtils( 722): isPcwEnable = 10
12-10 11:36:55.413 I/KeyguardBackgroundView( 722): *** KeyguardEffectView getInstance ***
12-10 11:36:55.413 D/WaterColor_WaterBrushView( 722): handleTouchEventForPatternLock event : 2
12-10 11:36:55.413 D/WaterColor_WaterColorRenderer( 722): onTouchEventForPatternLock action = 2
12-10 11:36:55.413 D/WaterColor_WaterColorRenderer( 722): ievent.getX() = 793.66486
12-10 11:36:55.413 D/WaterColor_WaterColorRenderer( 722): ievent.getY() = 1775.0714
12-10 11:36:55.413 D/WaterColor_WaterColorRenderer( 722): ACTION_MOVE => ACTION_HOVER_MOVE
12-10 11:36:55.413 I/InputReader( 722): Touch event's action (MT) is 0x106 (deviceType=0) [pCnt=4, s=0.11741 2.11745 3.11744 4.11747 ] when=441320865139000
12-10 11:36:55.413 I/InputReader( 722): Touch event's action (MT) is 0x305 (deviceType=0) [pCnt=4, s=0.11741 2.11745 3.11744 4.11747 ] when=441320865139000
12-10 11:36:55.413 I/InputDispatcher( 722): Delivering touch to: action: 0x106
12-10 11:36:55.413 I/InputDispatcher( 722): Delivering touch to: action: 0x305
12-10 11:36:55.413 V/WindowManager( 722): Window{43d87888 u0 Keyguard}mOrientationRequetedFromKeyguard=true
12-10 11:36:55.423 D/LockPatternUtils( 722): isPcwEnable = 10
12-10 11:36:55.423 I/InputReader( 722): Touch event's action (MT) is 0x6 (deviceType=0) [pCnt=4, s=1.11748 2.11745 ] when=441320878558000
12-10 11:36:55.423 I/InputReader( 722): Touch event's action (MT) is 0x106 (deviceType=0) [pCnt=3, s=1.11748 2.11745 ] when=441320878558000
12-10 11:36:55.423 I/InputReader( 722): Touch event's action (MT) is 0x106 (deviceType=0) [pCnt=2, s=1.11748 2.11745 ] when=441320878558000
12-10 11:36:55.423 I/InputReader( 722): Touch event's action (MT) is 0x5 (deviceType=0) [pCnt=2, s=1.11748 2.11745 ] when=441320878558000
12-10 11:36:55.423 I/InputDispatcher( 722): Delivering touch to: action: 0x6
12-10 11:36:55.423 I/KeyguardBackgroundView( 722): *** KeyguardEffectView getInstance ***
12-10 11:36:55.423 D/WaterColor_WaterBrushView( 722): handleTouchEventForPatternLock event : 262
12-10 11:36:55.423 I/InputDispatcher( 722): Delivering touch to: action: 0x106
12-10 11:36:55.423 D/WaterColor_WaterColorRenderer( 722): onTouchEventForPatternLock action = 262
12-10 11:36:55.423 D/WaterColor_WaterColorRenderer( 722): ievent.getX() = 793.66486
12-10 11:36:55.423 I/InputDispatcher( 722): Delivering touch to: action: 0x106
12-10 11:36:55.423 D/WaterColor_WaterColorRenderer( 722): ievent.getY() = 1775.0714
12-10 11:36:55.423 D/LockPatternUtils( 722): isPcwEnable = 10
12-10 11:36:55.423 I/InputDispatcher( 722): Delivering touch to: action: 0x5
12-10 11:36:55.433 I/KeyguardBackgroundView( 722): *** KeyguardEffectView getInstance ***
12-10 11:36:55.433 D/WaterColor_WaterBrushView( 722): handleTouchEventForPatternLock event : 2
12-10 11:36:55.433 D/WaterColor_WaterColorRenderer( 722): onTouchEventForPatternLock action = 2
12-10 11:36:55.433 D/WaterColor_WaterColorRenderer( 722): ievent.getX() = 793.66486
12-10 11:36:55.433 D/WaterColor_WaterColorRenderer( 722): ievent.getY() = 1775.0714
12-10 11:36:55.433 D/WaterColor_WaterColorRenderer( 722): ACTION_MOVE => ACTION_HOVER_MOVE
12-10 11:36:55.433 D/LockPatternUtils( 722): isPcwEnable = 10
12-10 11:36:55.433 I/KeyguardBackgroundView( 722): *** KeyguardEffectView getInstance ***
12-10 11:36:55.433 D/WaterColor_WaterBrushView( 722): handleTouchEventForPatternLock event : 2
12-10 11:36:55.433 D/WaterColor_WaterColorRenderer( 722): onTouchEventForPatternLock action = 2
12-10 11:36:55.433 D/WaterColor_WaterColorRenderer( 722): ievent.getX() = 763.0
12-10 11:36:55.433 D/WaterColor_WaterColorRenderer( 722): ievent.getY() = 1912.0
12-10 11:36:55.433 D/WaterColor_WaterColorRenderer( 722): ACTION_MOVE => ACTION_HOVER_MOVE
12-10 11:36:55.433 D/LockPatternUtils( 722): isPcwEnable = 10
12-10 11:36:55.443 I/KeyguardBackgroundView( 722): *** KeyguardEffectView getInstance ***
12-10 11:36:55.443 D/WaterColor_WaterBrushView( 722): handleTouchEventForPatternLock event : 2
12-10 11:36:55.443 D/WaterColor_WaterColorRenderer( 722): onTouchEventForPatternLock action = 2
12-10 11:36:55.443 D/WaterColor_WaterColorRenderer( 722): ievent.getX() = 763.0
12-10 11:36:55.443 D/WaterColor_WaterColorRenderer( 722): ievent.getY() = 1912.0
12-10 11:36:55.443 D/WaterColor_WaterColorRenderer( 722): ACTION_MOVE => ACTION_HOVER_MOVE
12-10 11:36:55.443 D/LockPatternUtils( 722): isPcwEnable = 10
12-10 11:36:55.443 I/KeyguardBackgroundView( 722): *** KeyguardEffectView getInstance ***
12-10 11:36:55.443 D/WaterColor_WaterBrushView( 722): handleTouchEventForPatternLock event : 6
12-10 11:36:55.443 D/WaterColor_WaterColorRenderer( 722): onTouchEventForPatternLock action = 6
12-10 11:36:55.443 D/WaterColor_WaterColorRenderer( 722): ievent.getX() = 763.0
12-10 11:36:55.443 D/WaterColor_WaterColorRenderer( 722): ievent.getY() = 1912.0
12-10 11:36:55.443 D/LockPatternUtils( 722): isPcwEnable = 10
12-10 11:36:55.453 I/KeyguardBackgroundView( 722): *** KeyguardEffectView getInstance ***
12-10 11:36:55.453 D/WaterColor_WaterBrushView( 722): handleTouchEventForPatternLock event : 262
12-10 11:36:55.453 D/WaterColor_WaterColorRenderer( 722): onTouchEventForPatternLock action = 262
12-10 11:36:55.453 D/WaterColor_WaterColorRenderer( 722): ievent.getX() = 127.0
12-10 11:36:55.453 D/WaterColor_WaterColorRenderer( 722): ievent.getY() = 52.0
12-10 11:36:55.453 D/LockPatternUtils( 722): isPcwEnable = 10
12-10 11:36:55.453 V/StagefrightPlayer( 311): getCurrentPosition
12-10 11:36:55.453 I/KeyguardBackgroundView( 722): *** KeyguardEffectView getInstance ***
12-10 11:36:55.453 D/WaterColor_WaterBrushView( 722): handleTouchEventForPatternLock event : 2
12-10 11:36:55.453 D/WaterColor_WaterColorRenderer( 722): onTouchEventForPatternLock action = 2
12-10 11:36:55.453 D/WaterColor_WaterColorRenderer( 722): ievent.getX() = 127.0
12-10 11:36:55.453 D/WaterColor_WaterColorRenderer( 722): ievent.getY() = 52.0
12-10 11:36:55.453 D/WaterColor_WaterColorRenderer( 722): ACTION_MOVE => ACTION_HOVER_MOVE
12-10 11:36:55.453 D/LockPatternUtils( 722): isPcwEnable = 10
12-10 11:36:55.453 I/KeyguardBackgroundView( 722): *** KeyguardEffectView getInstance ***
12-10 11:36:55.453 D/WaterColor_WaterBrushView( 722): handleTouchEventForPatternLock event : 2
12-10 11:36:55.453 D/YouTube MDX( 5430): Recieved intent android.intent.action.SCREEN_ON
12-10 11:36:55.453 D/WaterColor_WaterColorRenderer( 722): onTouchEventForPatternLock action = 2
12-10 11:36:55.453 D/WaterColor_WaterColorRenderer( 722): ievent.getX() = 127.0
12-10 11:36:55.453 D/WaterColor_WaterColorRenderer( 722): ievent.getY() = 52.0
12-10 11:36:55.453 D/WaterColor_WaterColorRenderer( 722): ACTION_MOVE => ACTION_HOVER_MOVE
12-10 11:36:55.463 D/LockPatternUtils( 722): isPcwEnable = 10
12-10 11:36:55.463 V/AudioSessionOutALSA( 311): Timestamp returned = 190509666
12-10 11:36:55.463 V/MediaPlayer-JNI(22137): getCurrentPosition: 190510 (msec)
12-10 11:36:55.463 D/ProgressBar(22137): setProgress = 1905
12-10 11:36:55.463 D/ProgressBar(22137): setProgress = 1905, fromUser = false
12-10 11:36:55.463 D/ProgressBar(22137): mProgress = 1903mIndeterminate = false, mMin = 0, mMax = 2750
12-10 11:36:55.463 I/KeyguardBackgroundView( 722): *** KeyguardEffectView getInstance ***
12-10 11:36:55.463 D/WaterColor_WaterBrushView( 722): handleTouchEventForPatternLock event : 5
12-10 11:36:55.463 D/WaterColor_WaterColorRenderer( 722): onTouchEventForPatternLock action = 5
12-10 11:36:55.463 D/WaterColor_WaterColorRenderer( 722): ievent.getX() = 366.0
12-10 11:36:55.463 D/WaterColor_WaterColorRenderer( 722): ievent.getY() = 56.0
12-10 11:36:55.463 D/LockPatternUtils( 722): isPcwEnable = 10
12-10 11:36:55.463 D/PowerManagerService( 722): [api] [s] userActivity : event: 3 flags: 0 (uid: 1000 pid: 722)
12-10 11:36:55.473 I/KeyguardBackgroundView( 722): *** KeyguardEffectView getInstance ***
12-10 11:36:55.473 D/WaterColor_WaterBrushView( 722): handleTouchEventForPatternLock event : 2
12-10 11:36:55.473 D/WaterColor_WaterColorRenderer( 722): onTouchEventForPatternLock action = 2
12-10 11:36:55.473 D/WaterColor_WaterColorRenderer( 722): ievent.getX() = 367.5
12-10 11:36:55.473 D/WaterColor_WaterColorRenderer( 722): ievent.getY() = 60.5
12-10 11:36:55.473 D/WaterColor_WaterColorRenderer( 722): ACTION_MOVE => ACTION_HOVER_MOVE
12-10 11:36:55.473 V/WindowManager( 722): Window{43d87888 u0 Keyguard}mOrientationRequetedFromKeyguard=true
12-10 11:36:55.483 D/PowerManagerService-JNI( 722): Excessive delay in setInteractive(true) while turning screen on: 342ms
12-10 11:36:55.483 I/SecHardwareInterface( 722): setBatteryADC path = /sys/class/power_supply/battery/lcd, (true)
12-10 11:36:55.483 V/StagefrightPlayer( 311): getCurrentPosition
12-10 11:36:55.483 I/InputReader( 722): Touch event's action (MT) is 0x106 (deviceType=0) [pCnt=2, s=1.11748 ] when=441320932833000
12-10 11:36:55.483 I/InputDispatcher( 722): Delivering touch to: action: 0x106
12-10 11:36:55.483 D/PowerManagerService( 722): Excessive delay in nativeSetInteractive(true): 343ms
12-10 11:36:55.483 D/PowerManagerService( 722): SecHardwareInterface.setBatteryADC : true
12-10 11:36:55.483 D/DisplayPowerController( 722): SSTEMP : mIsLockZone = true
12-10 11:36:55.493 D/LockPatternUtils( 722): isPcwEnable = 10
12-10 11:36:55.493 V/AudioSessionOutALSA( 311): Timestamp returned = 190531000
12-10 11:36:55.493 V/MediaPlayer-JNI(22137): getCurrentPosition: 190531 (msec)
12-10 11:36:55.493 I/KeyguardBackgroundView( 722): *** KeyguardEffectView getInstance ***
12-10 11:36:55.493 D/WaterColor_WaterBrushView( 722): handleTouchEventForPatternLock event : 2
12-10 11:36:55.493 D/WaterColor_WaterColorRenderer( 722): onTouchEventForPatternLock action = 2
12-10 11:36:55.493 D/WaterColor_WaterColorRenderer( 722): ievent.getX() = 367.0
12-10 11:36:55.493 D/WaterColor_WaterColorRenderer( 722): ievent.getY() = 61.0
12-10 11:36:55.493 D/WaterColor_WaterColorRenderer( 722): ACTION_MOVE => ACTION_HOVER_MOVE
12-10 11:36:55.493 D/LockPatternUtils( 722): isPcwEnable = 10
12-10 11:36:55.493 D/InputReader( 722): Input event: value=0 when=441320945766000
12-10 11:36:55.493 I/InputReader( 722): Touch event's action is 0x1 (deviceType=0) [pCnt=1, s=] when=441320945767000
12-10 11:36:55.493 I/InputDispatcher( 722): Delivering touch to: action: 0x1
12-10 11:36:55.493 I/KeyguardBackgroundView( 722): *** KeyguardEffectView getInstance ***
12-10 11:36:55.493 D/WaterColor_WaterBrushView( 722): handleTouchEventForPatternLock event : 262
12-10 11:36:55.493 D/WaterColor_WaterColorRenderer( 722): onTouchEventForPatternLock action = 262
12-10 11:36:55.493 D/WaterColor_WaterColorRenderer( 722): ievent.getX() = 257.0
12-10 11:36:55.493 D/WaterColor_WaterColorRenderer( 722): ievent.getY() = 37.0
12-10 11:36:55.493 D/LockPatternUtils( 722): isPcwEnable = 10
12-10 11:36:55.493 D/STATUSBAR-NetworkController( 1133): refreshSignalCluster: data=2 bt=false
12-10 11:36:55.503 E/MP-Decision( 1904): Action to bring core 3 online
12-10 11:36:55.503 I/KeyguardBackgroundView( 722): *** KeyguardEffectView getInstance ***
12-10 11:36:55.503 D/WaterColor_WaterBrushView( 722): handleTouchEventForPatternLock event : 2
12-10 11:36:55.503 D/WaterColor_WaterColorRenderer( 722): onTouchEventForPatternLock action = 2
12-10 11:36:55.503 D/WaterColor_WaterColorRenderer( 722): ievent.getX() = 257.0
12-10 11:36:55.503 D/WaterColor_WaterColorRenderer( 722): ievent.getY() = 37.0
12-10 11:36:55.503 D/WaterColor_WaterColorRenderer( 722): ACTION_MOVE => ACTION_HOVER_MOVE
12-10 11:36:55.503 D/GestureDetector( 722): [Surface Touch Event] Palm touch UP
12-10 11:36:55.503 D/ViewRootImpl( 722): [Surface Touch Event] Palm Touch Up
12-10 11:36:55.503 D/STATUSBAR-IconMerger( 1133): checkOverflow(216), More:false, Req:false Child:3
12-10 11:36:55.523 D/LockPatternUtils( 722): isPcwEnable = 10
12-10 11:36:55.523 I/KeyguardBackgroundView( 722): *** KeyguardEffectView getInstance ***
12-10 11:36:55.523 D/WaterColor_WaterBrushView( 722): handleTouchEventForPatternLock event : 1
12-10 11:36:55.523 D/WaterColor_WaterColorRenderer( 722): onTouchEventForPatternLock action = 1
12-10 11:36:55.523 D/WaterColor_WaterColorRenderer( 722): ievent.getX() = 257.0
12-10 11:36:55.523 D/WaterColor_WaterColorRenderer( 722): ievent.getY() = 37.0
12-10 11:36:55.523 D/WaterColor_WaterColorRenderer( 722): ACTION_UP
12-10 11:36:55.523 D/WaterColor_WaterColorRenderer( 722): LONG PRESS, ACTION_UP => ACTION_HOVER_EXIT
12-10 11:36:55.523 D/LockPatternView( 722): LockPatternView onTouchEvent: ACTION_UP
12-10 11:36:55.523 W/Choreographer( 722): Already have a pending vsync event. There should only be one at a time.
12-10 11:36:55.543 D/SPenKeeper(27355): received broadcast android.intent.action.SCREEN_ON
12-10 11:36:55.543 D/PowerManagerService( 722): [PWL] sb release: PowerManagerService.Broadcasts
12-10 11:36:55.553 D/InputReader( 722): Input event: value=1 when=441321000870000
12-10 11:36:55.553 I/InputReader( 722): Touch event's action is 0x0 (deviceType=0) [pCnt=1, s=0.11749 1.11750 ] when=441321000969000
12-10 11:36:55.553 I/InputReader( 722): Touch event's action (MT) is 0x105 (deviceType=0) [pCnt=2, s=0.11749 1.11750 ] when=441321000969000
12-10 11:36:55.553 I/InputDispatcher( 722): Delivering touch to: action: 0x0
12-10 11:36:55.553 I/InputDispatcher( 722): Delivering touch to: action: 0x105
12-10 11:36:55.553 D/LockPatternUtils( 722): isPcwEnable = 10
12-10 11:36:55.553 I/KeyguardBackgroundView( 722): *** KeyguardEffectView getInstance ***
12-10 11:36:55.553 D/WaterColor_WaterBrushView( 722): handleTouchEventForPatternLock event : 0
12-10 11:36:55.553 D/WaterColor_WaterColorRenderer( 722): onTouchEventForPatternLock action = 0
12-10 11:36:55.553 D/WaterColor_WaterColorRenderer( 722): ievent.getX() = 707.0
12-10 11:36:55.553 D/WaterColor_WaterColorRenderer( 722): ievent.getY() = 1894.0
12-10 11:36:55.553 D/WaterColor_WaterColorRenderer( 722): ACTION_DOWN => ACTION_HOVER_ENTER
12-10 11:36:55.553 I/KeyguardBackgroundView( 722): *** KeyguardEffectView getInstance ***
12-10 11:36:55.553 D/WaterColor_WaterBrushView( 722): handleTouchEventForPatternLock event : 0
12-10 11:36:55.553 D/WaterColor_WaterColorRenderer( 722): onTouchEventForPatternLock action = 0
12-10 11:36:55.553 D/WaterColor_WaterColorRenderer( 722): ievent.getX() = 707.0
12-10 11:36:55.553 D/WaterColor_WaterColorRenderer( 722): ievent.getY() = 1894.0
12-10 11:36:55.553 D/WaterColor_WaterColorRenderer( 722): ACTION_DOWN => ACTION_HOVER_ENTER
12-10 11:36:55.553 D/LockPatternView( 722): LockPatternView onTouchEvent: ACTION_DOWN
12-10 11:36:55.553 D/LockPatternUtils( 722): isPcwEnable = 10
12-10 11:36:55.563 I/KeyguardBackgroundView( 722): *** KeyguardEffectView getInstance ***
12-10 11:36:55.563 D/WaterColor_WaterBrushView( 722): handleTouchEventForPatternLock event : 261
12-10 11:36:55.563 D/WaterColor_WaterColorRenderer( 722): onTouchEventForPatternLock action = 261
12-10 11:36:55.563 D/WaterColor_WaterColorRenderer( 722): ievent.getX() = 707.0
12-10 11:36:55.563 D/WaterColor_WaterColorRenderer( 722): ievent.getY() = 1894.0
12-10 11:36:55.563 I/KeyguardBackgroundView( 722): *** KeyguardEffectView getInstance ***
12-10 11:36:55.563 D/WaterColor_WaterBrushView( 722): handleTouchEventForPatternLock event : 261
12-10 11:36:55.563 D/WaterColor_WaterColorRenderer( 722): onTouchEventForPatternLock action = 261
12-10 11:36:55.563 D/WaterColor_WaterColorRenderer( 722): ievent.getX() = 707.0
12-10 11:36:55.563 D/WaterColor_WaterColorRenderer( 722): ievent.getY() = 1894.0
12-10 11:36:55.563 D/LockPatternUtils( 722): isPcwEnable = 10
12-10 11:36:55.563 I/KeyguardBackgroundView( 722): *** KeyguardEffectView getInstance ***
12-10 11:36:55.563 D/WaterColor_WaterBrushView( 722): handleTouchEventForPatternLock event : 261
12-10 11:36:55.563 D/WaterColor_WaterColorRenderer( 722): onTouchEventForPatternLock action = 261
12-10 11:36:55.563 D/WaterColor_WaterColorRenderer( 722): ievent.getX() = 707.0
12-10 11:36:55.563 D/WaterColor_WaterColorRenderer( 722): ievent.getY() = 1894.0
12-10 11:36:55.563 I/KeyguardBackgroundView( 722): *** KeyguardEffectView getInstance ***
12-10 11:36:55.563 D/WaterColor_WaterBrushView( 722): handleTouchEventForPatternLock event : 261
12-10 11:36:55.563 D/WaterColor_WaterColorRenderer( 722): onTouchEventForPatternLock action = 261
12-10 11:36:55.563 D/WaterColor_WaterColorRenderer( 722): ievent.getX() = 707.0
12-10 11:36:55.563 D/WaterColor_WaterColorRenderer( 722): ievent.getY() = 1894.0
12-10 11:36:55.573 D/LockPatternUtils( 722): isPcwEnable = 10
12-10 11:36:55.573 I/KeyguardBackgroundView( 722): *** KeyguardEffectView getInstance ***
12-10 11:36:55.573 D/WaterColor_WaterBrushView( 722): handleTouchEventForPatternLock event : 2
12-10 11:36:55.573 D/WaterColor_WaterColorRenderer( 722): onTouchEventForPatternLock action = 2
12-10 11:36:55.573 D/WaterColor_WaterColorRenderer( 722): ievent.getX() = 695.8566
12-10 11:36:55.573 D/WaterColor_WaterColorRenderer( 722): ievent.getY() = 1891.9739
12-10 11:36:55.573 D/WaterColor_WaterColorRenderer( 722): ACTION_MOVE => ACTION_HOVER_MOVE
12-10 11:36:55.573 I/KeyguardBackgroundView( 722): *** KeyguardEffectView getInstance ***
12-10 11:36:55.573 D/WaterColor_WaterBrushView( 722): handleTouchEventForPatternLock event : 2
12-10 11:36:55.573 D/WaterColor_WaterColorRenderer( 722): onTouchEventForPatternLock action = 2
12-10 11:36:55.573 D/WaterColor_WaterColorRenderer( 722): ievent.getX() = 695.8566
12-10 11:36:55.573 D/WaterColor_WaterColorRenderer( 722): ievent.getY() = 1891.9739
12-10 11:36:55.573 D/WaterColor_WaterColorRenderer( 722): ACTION_MOVE => ACTION_HOVER_MOVE
12-10 11:36:55.573 V/StagefrightPlayer( 311): getCurrentPosition
12-10 11:36:55.583 V/AudioSessionOutALSA( 311): Timestamp returned = 190627000
12-10 11:36:55.583 V/MediaPlayer-JNI(22137): getCurrentPosition: 190627 (msec)
12-10 11:36:55.583 D/ProgressBar(22137): setProgress = 1906
12-10 11:36:55.583 D/ProgressBar(22137): setProgress = 1906, fromUser = false
12-10 11:36:55.583 D/ProgressBar(22137): mProgress = 1905mIndeterminate = false, mMin = 0, mMax = 2750
12-10 11:36:55.583 V/StagefrightPlayer( 311): getCurrentPosition
12-10 11:36:55.593 D/LockPatternUtils( 722): isPcwEnable = 10
12-10 11:36:55.593 I/KeyguardBackgroundView( 722): *** KeyguardEffectView getInstance ***
12-10 11:36:55.593 D/WaterColor_WaterBrushView( 722): handleTouchEventForPatternLock event : 2
12-10 11:36:55.593 D/WaterColor_WaterColorRenderer( 722): onTouchEventForPatternLock action = 2
12-10 11:36:55.593 D/WaterColor_WaterColorRenderer( 722): ievent.getX() = 674.83936
12-10 11:36:55.593 D/WaterColor_WaterColorRenderer( 722): ievent.getY() = 1876.0795
12-10 11:36:55.593 D/WaterColor_WaterColorRenderer( 722): ACTION_MOVE => ACTION_HOVER_MOVE
12-10 11:36:55.593 I/KeyguardBackgroundView( 722): *** KeyguardEffectView getInstance ***
12-10 11:36:55.593 D/WaterColor_WaterBrushView( 722): handleTouchEventForPatternLock event : 2
12-10 11:36:55.593 D/WaterColor_WaterColorRenderer( 722): onTouchEventForPatternLock action = 2
12-10 11:36:55.593 D/WaterColor_WaterColorRenderer( 722): ievent.getX() = 674.83936
12-10 11:36:55.593 D/WaterColor_WaterColorRenderer( 722): ievent.getY() = 1876.0795
12-10 11:36:55.593 D/WaterColor_WaterColorRenderer( 722): ACTION_MOVE => ACTION_HOVER_MOVE
12-10 11:36:55.593 V/AudioSessionOutALSA( 311): Timestamp returned = 190637666
12-10 11:36:55.593 V/MediaPlayer-JNI(22137): getCurrentPosition: 190638 (msec)
12-10 11:36:55.603 D/LockPatternUtils( 722): isPcwEnable = 10
12-10 11:36:55.603 I/KeyguardBackgroundView( 722): *** KeyguardEffectView getInstance ***
12-10 11:36:55.603 D/WaterColor_WaterBrushView( 722): handleTouchEventForPatternLock event : 2
12-10 11:36:55.603 D/WaterColor_WaterColorRenderer( 722): onTouchEventForPatternLock action = 2
12-10 11:36:55.603 D/WaterColor_WaterColorRenderer( 722): ievent.getX() = 648.9645
12-10 11:36:55.603 D/WaterColor_WaterColorRenderer( 722): ievent.getY() = 1862.6787
12-10 11:36:55.603 D/WaterColor_WaterColorRenderer( 722): ACTION_MOVE => ACTION_HOVER_MOVE
12-10 11:36:55.603 I/KeyguardBackgroundView( 722): *** KeyguardEffectView getInstance ***
12-10 11:36:55.603 D/WaterColor_WaterBrushView( 722): handleTouchEventForPatternLock event : 2
12-10 11:36:55.603 D/WaterColor_WaterColorRenderer( 722): onTouchEventForPatternLock action = 2
12-10 11:36:55.603 D/WaterColor_WaterColorRenderer( 722): ievent.getX() = 648.9645
12-10 11:36:55.603 D/WaterColor_WaterColorRenderer( 722): ievent.getY() = 1862.6787
12-10 11:36:55.603 D/WaterColor_WaterColorRenderer( 722): ACTION_MOVE => ACTION_HOVER_MOVE
12-10 11:36:55.623 D/LockPatternUtils( 722): isPcwEnable = 10
12-10 11:36:55.623 I/KeyguardBackgroundView( 722): *** KeyguardEffectView getInstance ***
12-10 11:36:55.623 D/WaterColor_WaterBrushView( 722): handleTouchEventForPatternLock event : 2
12-10 11:36:55.623 D/WaterColor_WaterColorRenderer( 722): onTouchEventForPatternLock action = 2
12-10 11:36:55.623 D/WaterColor_WaterColorRenderer( 722): ievent.getX() = 622.7031
12-10 11:36:55.623 D/WaterColor_WaterColorRenderer( 722): ievent.getY() = 1844.3213
12-10 11:36:55.623 D/WaterColor_WaterColorRenderer( 722): ACTION_MOVE => ACTION_HOVER_MOVE
12-10 11:36:55.623 I/KeyguardBackgroundView( 722): *** KeyguardEffectView getInstance ***
12-10 11:36:55.623 D/WaterColor_WaterBrushView( 722): handleTouchEventForPatternLock event : 2
12-10 11:36:55.623 D/WaterColor_WaterColorRenderer( 722): onTouchEventForPatternLock action = 2
12-10 11:36:55.623 D/WaterColor_WaterColorRenderer( 722): ievent.getX() = 622.7031
12-10 11:36:55.623 D/WaterColor_WaterColorRenderer( 722): ievent.getY() = 1844.3213
12-10 11:36:55.623 D/WaterColor_WaterColorRenderer( 722): ACTION_MOVE => ACTION_HOVER_MOVE
12-10 11:36:55.633 D/LockPatternUtils( 722): isPcwEnable = 10
12-10 11:36:55.643 I/KeyguardBackgroundView( 722): *** KeyguardEffectView getInstance ***
12-10 11:36:55.643 D/WaterColor_WaterBrushView( 722): handleTouchEventForPatternLock event : 2
12-10 11:36:55.643 D/WaterColor_WaterColorRenderer( 722): onTouchEventForPatternLock action = 2
12-10 11:36:55.643 D/WaterColor_WaterColorRenderer( 722): ievent.getX() = 578.915
12-10 11:36:55.643 D/WaterColor_WaterColorRenderer( 722): ievent.getY() = 1828.0
12-10 11:36:55.643 D/WaterColor_WaterColorRenderer( 722): ACTION_MOVE => ACTION_HOVER_MOVE
12-10 11:36:55.643 I/KeyguardBackgroundView( 722): *** KeyguardEffectView getInstance ***
12-10 11:36:55.643 D/WaterColor_WaterBrushView( 722): handleTouchEventForPatternLock event : 2
12-10 11:36:55.643 D/WaterColor_WaterColorRenderer( 722): onTouchEventForPatternLock action = 2
12-10 11:36:55.643 D/WaterColor_WaterColorRenderer( 722): ievent.getX() = 578.915
12-10 11:36:55.643 D/WaterColor_WaterColorRenderer( 722): ievent.getY() = 1828.0
12-10 11:36:55.643 D/WaterColor_WaterColorRenderer( 722): ACTION_MOVE => ACTION_HOVER_MOVE
12-10 11:36:55.653 D/LockPatternUtils( 722): isPcwEnable = 10
12-10 11:36:55.653 I/KeyguardBackgroundView( 722): *** KeyguardEffectView getInstance ***
12-10 11:36:55.653 D/WaterColor_WaterBrushView( 722): handleTouchEventForPatternLock event : 2
12-10 11:36:55.653 D/WaterColor_WaterColorRenderer( 722): onTouchEventForPatternLock action = 2
12-10 11:36:55.653 D/WaterColor_WaterColorRenderer( 722): ievent.getX() = 555.66205
12-10 11:36:55.653 D/WaterColor_WaterColorRenderer( 722): ievent.getY() = 1819.1766
12-10 11:36:55.653 D/WaterColor_WaterColorRenderer( 722): ACTION_MOVE => ACTION_HOVER_MOVE
12-10 11:36:55.653 I/KeyguardBackgroundView( 722): *** KeyguardEffectView getInstance ***
12-10 11:36:55.653 D/WaterColor_WaterBrushView( 722): handleTouchEventForPatternLock event : 2
12-10 11:36:55.653 D/WaterColor_WaterColorRenderer( 722): onTouchEventForPatternLock action = 2
12-10 11:36:55.653 D/WaterColor_WaterColorRenderer( 722): ievent.getX() = 555.66205
12-10 11:36:55.653 D/WaterColor_WaterColorRenderer( 722): ievent.getY() = 1819.1766
12-10 11:36:55.653 D/WaterColor_WaterColorRenderer( 722): ACTION_MOVE => ACTION_HOVER_MOVE
12-10 11:36:55.653 I/InputReader( 722): Touch event's action (MT) is 0x106 (deviceType=0) [pCnt=2, s=0.11749 ] when=441321108559000
12-10 11:36:55.653 I/InputDispatcher( 722): Delivering touch to: action: 0x106
12-10 11:36:55.663 D/LockPatternUtils( 722): isPcwEnable = 10
12-10 11:36:55.663 I/KeyguardBackgroundView( 722): *** KeyguardEffectView getInstance ***
12-10 11:36:55.663 D/WaterColor_WaterBrushView( 722): handleTouchEventForPatternLock event : 262
12-10 11:36:55.663 D/WaterColor_WaterColorRenderer( 722): onTouchEventForPatternLock action = 262
12-10 11:36:55.663 D/WaterColor_WaterColorRenderer( 722): ievent.getX() = 555.66205
12-10 11:36:55.663 D/WaterColor_WaterColorRenderer( 722): ievent.getY() = 1819.1766
12-10 11:36:55.663 I/KeyguardBackgroundView( 722): *** KeyguardEffectView getInstance ***
12-10 11:36:55.663 D/WaterColor_WaterBrushView( 722): handleTouchEventForPatternLock event : 262
12-10 11:36:55.663 D/WaterColor_WaterColorRenderer( 722): onTouchEventForPatternLock action = 262
12-10 11:36:55.663 D/WaterColor_WaterColorRenderer( 722): ievent.getX() = 555.66205
12-10 11:36:55.663 D/WaterColor_WaterColorRenderer( 722): ievent.getY() = 1819.1766
12-10 11:36:55.663 D/LockPatternUtils( 722): isPcwEnable = 10
12-10 11:36:55.663 I/KeyguardBackgroundView( 722): *** KeyguardEffectView getInstance ***
12-10 11:36:55.663 D/WaterColor_WaterBrushView( 722): handleTouchEventForPatternLock event : 2
12-10 11:36:55.663 D/WaterColor_WaterColorRenderer( 722): onTouchEventForPatternLock action = 2
12-10 11:36:55.663 D/WaterColor_WaterColorRenderer( 722): ievent.getX() = 555.66205
12-10 11:36:55.663 D/WaterColor_WaterColorRenderer( 722): ievent.getY() = 1819.1766
12-10 11:36:55.663 D/WaterColor_WaterColorRenderer( 722): ACTION_MOVE => ACTION_HOVER_MOVE
12-10 11:36:55.663 I/KeyguardBackgroundView( 722): *** KeyguardEffectView getInstance ***
12-10 11:36:55.663 D/WaterColor_WaterBrushView( 722): handleTouchEventForPatternLock event : 2
12-10 11:36:55.663 D/WaterColor_WaterColorRenderer( 722): onTouchEventForPatternLock action = 2
12-10 11:36:55.663 D/WaterColor_WaterColorRenderer( 722): ievent.getX() = 555.66205
12-10 11:36:55.663 D/WaterColor_WaterColorRenderer( 722): ievent.getY() = 1819.1766
12-10 11:36:55.663 D/WaterColor_WaterColorRenderer( 722): ACTION_MOVE => ACTION_HOVER_MOVE
12-10 11:36:55.673 D/LockPatternUtils( 722): isPcwEnable = 10
12-10 11:36:55.673 I/KeyguardBackgroundView( 722): *** KeyguardEffectView getInstance ***
12-10 11:36:55.673 D/WaterColor_WaterBrushView( 722): handleTouchEventForPatternLock event : 2
12-10 11:36:55.673 D/WaterColor_WaterColorRenderer( 722): onTouchEventForPatternLock action = 2
12-10 11:36:55.673 D/WaterColor_WaterColorRenderer( 722): ievent.getX() = 495.5
12-10 11:36:55.673 D/WaterColor_WaterColorRenderer( 722): ievent.getY() = 1757.0
12-10 11:36:55.673 D/WaterColor_WaterColorRenderer( 722): ACTION_MOVE => ACTION_HOVER_MOVE
12-10 11:36:55.673 I/KeyguardBackgroundView( 722): *** KeyguardEffectView getInstance ***
12-10 11:36:55.673 D/WaterColor_WaterBrushView( 722): handleTouchEventForPatternLock event : 2
12-10 11:36:55.673 D/WaterColor_WaterColorRenderer( 722): onTouchEventForPatternLock action = 2
12-10 11:36:55.673 D/WaterColor_WaterColorRenderer( 722): ievent.getX() = 495.5
12-10 11:36:55.673 D/WaterColor_WaterColorRenderer( 722): ievent.getY() = 1757.0
12-10 11:36:55.673 D/WaterColor_WaterColorRenderer( 722): ACTION_MOVE => ACTION_HOVER_MOVE
12-10 11:36:55.683 D/LockPatternUtils( 722): isPcwEnable = 10
12-10 11:36:55.683 V/StagefrightPlayer( 311): getCurrentPosition
12-10 11:36:55.683 D/STATUSBAR-NetworkController( 1133): onSignalStrengthsChanged signalStrength=SignalStrength: 99 99 -102 -130 -107 -70 3 99 2147483647 2147483647 2147483647 -1 2147483647 cdma 0x210 level=2
12-10 11:36:55.693 I/KeyguardBackgroundView( 722): *** KeyguardEffectView getInstance ***
12-10 11:36:55.693 D/WaterColor_WaterBrushView( 722): handleTouchEventForPatternLock event : 2
12-10 11:36:55.693 D/WaterColor_WaterColorRenderer( 722): onTouchEventForPatternLock action = 2
12-10 11:36:55.693 D/WaterColor_WaterColorRenderer( 722): ievent.getX() = 308.2987
12-10 11:36:55.693 D/WaterColor_WaterColorRenderer( 722): ievent.getY() = 1620.1991
12-10 11:36:55.693 D/WaterColor_WaterColorRenderer( 722): ACTION_MOVE => ACTION_HOVER_MOVE
12-10 11:36:55.693 I/KeyguardBackgroundView( 722): *** KeyguardEffectView getInstance ***
12-10 11:36:55.693 D/WaterColor_WaterBrushView( 722): handleTouchEventForPatternLock event : 2
12-10 11:36:55.693 D/WaterColor_WaterColorRenderer( 722): onTouchEventForPatternLock action = 2
12-10 11:36:55.693 D/WaterColor_WaterColorRenderer( 722): ievent.getX() = 308.2987
12-10 11:36:55.693 D/WaterColor_WaterColorRenderer( 722): ievent.getY() = 1620.1991
12-10 11:36:55.693 D/WaterColor_WaterColorRenderer( 722): ACTION_MOVE => ACTION_HOVER_MOVE
12-10 11:36:55.693 V/AudioSessionOutALSA( 311): Timestamp returned = 190733666
12-10 11:36:55.693 V/MediaPlayer-JNI(22137): getCurrentPosition: 190734 (msec)
12-10 11:36:55.693 D/ProgressBar(22137): setProgress = 1907
12-10 11:36:55.693 D/ProgressBar(22137): setProgress = 1907, fromUser = false
12-10 11:36:55.693 D/ProgressBar(22137): mProgress = 1906mIndeterminate = false, mMin = 0, mMax = 2750
12-10 11:36:55.693 V/StagefrightPlayer( 311): getCurrentPosition
12-10 11:36:55.703 D/LockPatternUtils( 722): isPcwEnable = 10
12-10 11:36:55.703 D/InputReader( 722): Input event: value=0 when=441321155551000
12-10 11:36:55.703 I/InputReader( 722): Touch event's action is 0x1 (deviceType=0) [pCnt=1, s=] when=441321155552000
12-10 11:36:55.703 I/InputDispatcher( 722): Delivering touch to: action: 0x1
12-10 11:36:55.703 I/KeyguardBackgroundView( 722): *** KeyguardEffectView getInstance ***
12-10 11:36:55.703 D/WaterColor_WaterBrushView( 722): handleTouchEventForPatternLock event : 2
12-10 11:36:55.703 D/WaterColor_WaterColorRenderer( 722): onTouchEventForPatternLock action = 2
12-10 11:36:55.703 D/WaterColor_WaterColorRenderer( 722): ievent.getX() = 82.93567
12-10 11:36:55.703 D/WaterColor_WaterColorRenderer( 722): ievent.getY() = 1380.2979
12-10 11:36:55.703 D/WaterColor_WaterColorRenderer( 722): ACTION_MOVE => ACTION_HOVER_MOVE
12-10 11:36:55.703 I/KeyguardBackgroundView( 722): *** KeyguardEffectView getInstance ***
12-10 11:36:55.703 D/WaterColor_WaterBrushView( 722): handleTouchEventForPatternLock event : 2
12-10 11:36:55.703 D/WaterColor_WaterColorRenderer( 722): onTouchEventForPatternLock action = 2
12-10 11:36:55.703 D/WaterColor_WaterColorRenderer( 722): ievent.getX() = 82.93567
12-10 11:36:55.703 D/WaterColor_WaterColorRenderer( 722): ievent.getY() = 1380.2979
12-10 11:36:55.703 D/WaterColor_WaterColorRenderer( 722): ACTION_MOVE => ACTION_HOVER_MOVE
12-10 11:36:55.703 V/AudioSessionOutALSA( 311): Timestamp returned = 190744333
12-10 11:36:55.713 V/MediaPlayer-JNI(22137): getCurrentPosition: 190744 (msec)
12-10 11:36:55.713 D/LockPatternUtils( 722): isPcwEnable = 10
12-10 11:36:55.713 I/KeyguardBackgroundView( 722): *** KeyguardEffectView getInstance ***
12-10 11:36:55.713 D/WaterColor_WaterBrushView( 722): handleTouchEventForPatternLock event : 1
12-10 11:36:55.713 D/WaterColor_WaterColorRenderer( 722): onTouchEventForPatternLock action = 1
12-10 11:36:55.713 D/WaterColor_WaterColorRenderer( 722): ievent.getX() = 82.93567
12-10 11:36:55.713 D/WaterColor_WaterColorRenderer( 722): ievent.getY() = 1380.2979
12-10 11:36:55.713 D/WaterColor_WaterColorRenderer( 722): ACTION_UP
12-10 11:36:55.713 D/WaterColor_WaterColorRenderer( 722): LONG PRESS, ACTION_UP => ACTION_HOVER_EXIT
12-10 11:36:55.713 I/KeyguardBackgroundView( 722): *** KeyguardEffectView getInstance ***
12-10 11:36:55.713 D/WaterColor_WaterBrushView( 722): handleTouchEventForPatternLock event : 1
12-10 11:36:55.713 D/WaterColor_WaterColorRenderer( 722): onTouchEventForPatternLock action = 1
12-10 11:36:55.713 D/WaterColor_WaterColorRenderer( 722): ievent.getX() = 82.93567
12-10 11:36:55.713 D/WaterColor_WaterColorRenderer( 722): ievent.getY() = 1380.2979
12-10 11:36:55.713 D/WaterColor_WaterColorRenderer( 722): ACTION_UP
12-10 11:36:55.713 D/WaterColor_WaterColorRenderer( 722): LONG PRESS, ACTION_UP => ACTION_HOVER_EXIT
12-10 11:36:55.713 D/LockPatternView( 722): LockPatternView onTouchEvent: ACTION_UP
12-10 11:36:55.753 E/MP-Decision( 1904): Action to bring core 3 offline
12-10 11:36:55.793 V/StagefrightPlayer( 311): getCurrentPosition
12-10 11:36:55.803 V/AudioSessionOutALSA( 311): Timestamp returned = 190851000
12-10 11:36:55.803 V/MediaPlayer-JNI(22137): getCurrentPosition: 190851 (msec)
12-10 11:36:55.803 D/ProgressBar(22137): setProgress = 1908
12-10 11:36:55.803 D/ProgressBar(22137): setProgress = 1908, fromUser = false
12-10 11:36:55.813 D/ProgressBar(22137): mProgress = 1907mIndeterminate = false, mMin = 0, mMax = 2750
12-10 11:36:55.813 V/StagefrightPlayer( 311): getCurrentPosition
12-10 11:36:55.823 V/AudioSessionOutALSA( 311): Timestamp returned = 190851000
12-10 11:36:55.823 V/MediaPlayer-JNI(22137): getCurrentPosition: 190851 (msec)
12-10 11:36:55.823 D/InputReader( 722): Input event: value=1 when=441321275620000
12-10 11:36:55.823 I/InputReader( 722): Touch event's action is 0x0 (deviceType=0) [pCnt=1, s=0.11751 ] when=441321275692000
12-10 11:36:55.823 I/InputDispatcher( 722): Delivering touch to: action: 0x0
12-10 11:36:55.833 V/StagefrightPlayer( 311): getCurrentPosition
12-10 11:36:55.843 V/AudioSessionOutALSA( 311): Timestamp returned = 190872333
12-10 11:36:55.843 V/MediaPlayer-JNI(22137): getCurrentPosition: 190872 (msec)
12-10 11:36:55.853 E/MP-Decision( 1904): Action to bring core 2 offline
12-10 11:36:55.873 V/StagefrightPlayer( 311): getCurrentPosition
12-10 11:36:55.883 V/AudioSessionOutALSA( 311): Timestamp returned = 190925666
12-10 11:36:55.883 V/MediaPlayer-JNI(22137): getCurrentPosition: 190926 (msec)
12-10 11:36:55.913 V/StagefrightPlayer( 311): getCurrentPosition
12-10 11:36:55.913 D/InputReader( 722): Input event: value=0 when=441321366971000
12-10 11:36:55.913 I/InputReader( 722): Touch event's action is 0x1 (deviceType=0) [pCnt=1, s=] when=441321366972000
12-10 11:36:55.913 I/InputDispatcher( 722): Delivering touch to: action: 0x1
12-10 11:36:55.923 V/AudioSessionOutALSA( 311): Timestamp returned = 190957666
12-10 11:36:55.923 V/MediaPlayer-JNI(22137): getCurrentPosition: 190958 (msec)
12-10 11:36:55.923 D/ProgressBar(22137): setProgress = 1909
12-10 11:36:55.923 D/ProgressBar(22137): setProgress = 1909, fromUser = false
12-10 11:36:55.923 D/ProgressBar(22137): mProgress = 1908mIndeterminate = false, mMin = 0, mMax = 2750
12-10 11:36:55.923 V/StagefrightPlayer( 311): getCurrentPosition
12-10 11:36:55.933 V/AudioSessionOutALSA( 311): Timestamp returned = 190979000
12-10 11:36:55.933 V/MediaPlayer-JNI(22137): getCurrentPosition: 190979 (msec)
12-10 11:36:55.963 D/WaterColor_WaterColorRenderer( 722): fps = 44
12-10 11:36:56.023 V/StagefrightPlayer( 311): getCurrentPosition
12-10 11:36:56.033 V/AudioSessionOutALSA( 311): Timestamp returned = 191075000
12-10 11:36:56.033 V/MediaPlayer-JNI(22137): getCurrentPosition: 191075 (msec)
12-10 11:36:56.033 D/ProgressBar(22137): setProgress = 1910
12-10 11:36:56.033 D/ProgressBar(22137): setProgress = 1910, fromUser = false
12-10 11:36:56.033 D/ProgressBar(22137): mProgress = 1909mIndeterminate = false, mMin = 0, mMax = 2750
12-10 11:36:56.033 V/StagefrightPlayer( 311): getCurrentPosition
12-10 11:36:56.043 V/AudioSessionOutALSA( 311): Timestamp returned = 191085666
12-10 11:36:56.043 V/MediaPlayer-JNI(22137): getCurrentPosition: 191086 (msec)
12-10 11:36:56.133 V/StagefrightPlayer( 311): getCurrentPosition
12-10 11:36:56.143 V/AudioSessionOutALSA( 311): Timestamp returned = 191181666
12-10 11:36:56.143 V/MediaPlayer-JNI(22137): getCurrentPosition: 191182 (msec)
12-10 11:36:56.143 D/ProgressBar(22137): setProgress = 1911
12-10 11:36:56.143 D/ProgressBar(22137): setProgress = 1911, fromUser = false
12-10 11:36:56.143 D/ProgressBar(22137): mProgress = 1910mIndeterminate = false, mMin = 0, mMax = 2750
12-10 11:36:56.143 V/StagefrightPlayer( 311): getCurrentPosition
12-10 11:36:56.143 D/Sensorhubs( 320): readContextData: 1, 1, 7, 0
12-10 11:36:56.143 D/SensorHubManager( 722): onGetSensorHubDataLocked: library = 1, 1, 7, 0
12-10 11:36:56.143 D/CAE ( 722): onGetSensorHubData(SensorHubParserProvider.java:66) - onGetSensorHubData Event [event buffer len :4]
12-10 11:36:56.143 I/CAE ( 722): parse(SensorHubParserProvider.java:136) - buffer size = 4
12-10 11:36:56.143 I/CAE ( 722): parse(SensorHubParserProvider.java:147) - 1, 1, 7, 0,
12-10 11:36:56.153 D/CAE ( 722): display(ContextProvider.java:553) - ================= AUTO_ROTATION =================
12-10 11:36:56.153 I/CAE ( 722): display(ContextProvider.java:569) - Angle=[0]
12-10 11:36:56.153 D/SContextService( 722): updateSContext() : event = Auto Rotation
12-10 11:36:56.153 V/WindowOrientationListener( 722): mSContextAutoRotationListener.onSContextChanged, Rotation: 0
12-10 11:36:56.153 V/AudioSessionOutALSA( 311): Timestamp returned = 191192333
12-10 11:36:56.153 V/MediaPlayer-JNI(22137): getCurrentPosition: 191192 (msec)
12-10 11:36:56.243 V/StagefrightPlayer( 311): getCurrentPosition
12-10 11:36:56.253 V/AudioSessionOutALSA( 311): Timestamp returned = 191299000
12-10 11:36:56.253 V/MediaPlayer-JNI(22137): getCurrentPosition: 191299 (msec)
12-10 11:36:56.253 D/ProgressBar(22137): setProgress = 1912
12-10 11:36:56.253 D/ProgressBar(22137): setProgress = 1912, fromUser = false
12-10 11:36:56.253 D/ProgressBar(22137): mProgress = 1911mIndeterminate = false, mMin = 0, mMax = 2750
12-10 11:36:56.253 V/StagefrightPlayer( 311): getCurrentPosition
12-10 11:36:56.263 V/AudioSessionOutALSA( 311): Timestamp returned = 191309666
12-10 11:36:56.263 V/MediaPlayer-JNI(22137): getCurrentPosition: 191310 (msec)
12-10 11:36:56.353 V/StagefrightPlayer( 311): getCurrentPosition
12-10 11:36:56.363 V/AudioSessionOutALSA( 311): Timestamp returned = 191405666
12-10 11:36:56.363 V/MediaPlayer-JNI(22137): getCurrentPosition: 191406 (msec)
12-10 11:36:56.363 D/ProgressBar(22137): setProgress = 1914
12-10 11:36:56.363 D/ProgressBar(22137): setProgress = 1914, fromUser = false
12-10 11:36:56.363 D/ProgressBar(22137): mProgress = 1912mIndeterminate = false, mMin = 0, mMax = 2750
12-10 11:36:56.373 V/StagefrightPlayer( 311): getCurrentPosition
12-10 11:36:56.383 V/AudioSessionOutALSA( 311): Timestamp returned = 191416333
12-10 11:36:56.383 V/MediaPlayer-JNI(22137): getCurrentPosition: 191416 (msec)
12-10 11:36:56.473 V/StagefrightPlayer( 311): getCurrentPosition
12-10 11:36:56.483 V/AudioSessionOutALSA( 311): Timestamp returned = 191512333
12-10 11:36:56.483 V/MediaPlayer-JNI(22137): getCurrentPosition: 191512 (msec)
12-10 11:36:56.483 D/ProgressBar(22137): setProgress = 1915
12-10 11:36:56.483 D/ProgressBar(22137): setProgress = 1915, fromUser = false
12-10 11:36:56.483 D/ProgressBar(22137): mProgress = 1914mIndeterminate = false, mMin = 0, mMax = 2750
12-10 11:36:56.483 V/StagefrightPlayer( 311): getCurrentPosition
12-10 11:36:56.493 V/AudioSessionOutALSA( 311): Timestamp returned = 191533666
12-10 11:36:56.493 V/MediaPlayer-JNI(22137): getCurrentPosition: 191534 (msec)
12-10 11:36:56.583 V/StagefrightPlayer( 311): getCurrentPosition
12-10 11:36:56.593 V/AudioSessionOutALSA( 311): Timestamp returned = 191640333
12-10 11:36:56.593 V/MediaPlayer-JNI(22137): getCurrentPosition: 191640 (msec)
12-10 11:36:56.593 D/ProgressBar(22137): setProgress = 1916
12-10 11:36:56.593 D/ProgressBar(22137): setProgress = 1916, fromUser = false
12-10 11:36:56.593 D/ProgressBar(22137): mProgress = 1915mIndeterminate = false, mMin = 0, mMax = 2750
12-10 11:36:56.593 V/StagefrightPlayer( 311): getCurrentPosition
12-10 11:36:56.603 D/WaterColor_WaterColorRenderer( 722): mJniWaterColor is not Empty
12-10 11:36:56.603 V/AudioSessionOutALSA( 311): Timestamp returned = 191651000
12-10 11:36:56.603 V/MediaPlayer-JNI(22137): getCurrentPosition: 191651 (msec)
12-10 11:36:56.693 V/StagefrightPlayer( 311): getCurrentPosition
12-10 11:36:56.703 V/AudioSessionOutALSA( 311): Timestamp returned = 191747000
12-10 11:36:56.703 V/MediaPlayer-JNI(22137): getCurrentPosition: 191747 (msec)
12-10 11:36:56.703 D/ProgressBar(22137): setProgress = 1917
12-10 11:36:56.703 D/ProgressBar(22137): setProgress = 1917, fromUser = false
12-10 11:36:56.703 D/ProgressBar(22137): mProgress = 1916mIndeterminate = false, mMin = 0, mMax = 2750
12-10 11:36:56.713 V/StagefrightPlayer( 311): getCurrentPosition
12-10 11:36:56.723 V/AudioSessionOutALSA( 311): Timestamp returned = 191768333
12-10 11:36:56.723 V/MediaPlayer-JNI(22137): getCurrentPosition: 191768 (msec)
12-10 11:36:56.753 E/MP-Decision( 1904): Action to bring core 1 offline
12-10 11:36:56.813 V/StagefrightPlayer( 311): getCurrentPosition
12-10 11:36:56.823 V/AudioSessionOutALSA( 311): Timestamp returned = 191864333
12-10 11:36:56.823 V/MediaPlayer-JNI(22137): getCurrentPosition: 191864 (msec)
12-10 11:36:56.823 D/ProgressBar(22137): setProgress = 1918
